I20260601 13:37:21.188835  1938 raft_consensus.cc:2955] T d675263f880c4058860b291ca5a3600a P 50c59c03a9e14d2988921575dd21e698 [term 1 LEADER]: Committing config change with OpId 1.28: config changed from index -1 to 28, NON_VOTER 942e7eac73764eb3a21bdd36418d644f (127.28.225.70) added. New config: { opid_index: 28 OBSOLETE_local: false peers { permanent_uuid: "50c59c03a9e14d2988921575dd21e698" member_type: VOTER last_known_addr { host: "127.28.225.65" port: 44485 } } peers { permanent_uuid: "7bbccdcae0d747af91ac9bfd1bf9e717" member_type: VOTER last_known_addr { host: "127.28.225.66" port: 45221 } attrs { replace: true } } peers { permanent_uuid: "3ff5b8a0dace4395be7a417a0cd25700" member_type: VOTER last_known_addr { host: "127.28.225.67" port: 38395 } } peers { permanent_uuid: "942e7eac73764eb3a21bdd36418d644f" member_type: NON_VOTER last_known_addr { host: "127.28.225.70" port: 44475 } attrs { promote: true } } }
I20260601 13:37:21.191434  1708 raft_consensus.cc:2955] T d675263f880c4058860b291ca5a3600a P 7bbccdcae0d747af91ac9bfd1bf9e717 [term 1 FOLLOWER]: Committing config change with OpId 1.28: config changed from index -1 to 28, NON_VOTER 942e7eac73764eb3a21bdd36418d644f (127.28.225.70) added. New config: { opid_index: 28 OBSOLETE_local: false peers { permanent_uuid: "50c59c03a9e14d2988921575dd21e698" member_type: VOTER last_known_addr { host: "127.28.225.65" port: 44485 } } peers { permanent_uuid: "7bbccdcae0d747af91ac9bfd1bf9e717" member_type: VOTER last_known_addr { host: "127.28.225.66" port: 45221 } attrs { replace: true } } peers { permanent_uuid: "3ff5b8a0dace4395be7a417a0cd25700" member_type: VOTER last_known_addr { host: "127.28.225.67" port: 38395 } } peers { permanent_uuid: "942e7eac73764eb3a21bdd36418d644f" member_type: NON_VOTER last_known_addr { host: "127.28.225.70" port: 44475 } attrs { promote: true } } }
W20260601 13:37:21.191834  1596 consensus_peers.cc:597] T d675263f880c4058860b291ca5a3600a P 50c59c03a9e14d2988921575dd21e698 -> Peer 942e7eac73764eb3a21bdd36418d644f (127.28.225.70:44475): Couldn't send request to peer 942e7eac73764eb3a21bdd36418d644f. Error code: TABLET_NOT_FOUND (6). Status: Not found: Tablet not found: d675263f880c4058860b291ca5a3600a. This is attempt 1: this message will repeat every 5th retry.
I20260601 13:37:21.191895  1777 raft_consensus.cc:2955] T d675263f880c4058860b291ca5a3600a P 3ff5b8a0dace4395be7a417a0cd25700 [term 1 FOLLOWER]: Committing config change with OpId 1.28: config changed from index -1 to 28, NON_VOTER 942e7eac73764eb3a21bdd36418d644f (127.28.225.70) added. New config: { opid_index: 28 OBSOLETE_local: false peers { permanent_uuid: "50c59c03a9e14d2988921575dd21e698" member_type: VOTER last_known_addr { host: "127.28.225.65" port: 44485 } } peers { permanent_uuid: "7bbccdcae0d747af91ac9bfd1bf9e717" member_type: VOTER last_known_addr { host: "127.28.225.66" port: 45221 } attrs { replace: true } } peers { permanent_uuid: "3ff5b8a0dace4395be7a417a0cd25700" member_type: VOTER last_known_addr { host: "127.28.225.67" port: 38395 } } peers { permanent_uuid: "942e7eac73764eb3a21bdd36418d644f" member_type: NON_VOTER last_known_addr { host: "127.28.225.70" port: 44475 } attrs { promote: true } } }
I20260601 13:37:21.192554  1523 catalog_manager.cc:5696] T d675263f880c4058860b291ca5a3600a P 50c59c03a9e14d2988921575dd21e698 reported cstate change: config changed from index -1 to 28, NON_VOTER 942e7eac73764eb3a21bdd36418d644f (127.28.225.70) added. New cstate: current_term: 1 leader_uuid: "50c59c03a9e14d2988921575dd21e698" committed_config { opid_index: 28 OBSOLETE_local: false peers { permanent_uuid: "50c59c03a9e14d2988921575dd21e698" member_type: VOTER last_known_addr { host: "127.28.225.65" port: 44485 } health_report { overall_health: HEALTHY } } peers { permanent_uuid: "7bbccdcae0d747af91ac9bfd1bf9e717" member_type: VOTER last_known_addr { host: "127.28.225.66" port: 45221 } attrs { replace: true } health_report { overall_health: HEALTHY } } peers { permanent_uuid: "3ff5b8a0dace4395be7a417a0cd25700" member_type: VOTER last_known_addr { host: "127.28.225.67" port: 38395 } health_report { overall_health: UNKNOWN } } peers { permanent_uuid: "942e7eac73764eb3a21bdd36418d644f" member_type: NON_VOTER last_known_addr { host: "127.28.225.70" port: 44475 } attrs { promote: true } health_report { overall_health: UNKNOWN } } }
I20260601 13:37:21.197436  1708 consensus_queue.cc:237] T 764b36cb158e41e5ac81f085a67faf32 P 7bbccdcae0d747af91ac9bfd1bf9e717 [LEADER]: Queue going to LEADER mode. State: All replicated index: 0, Majority replicated index: 27, Committed index: 27, Last appended: 1.27, Last appended by leader: 0, Current term: 1, Majority size: 2, State: 0, Mode: LEADER, active raft config: opid_index: 28 OBSOLETE_local: false peers { permanent_uuid: "50c59c03a9e14d2988921575dd21e698" member_type: VOTER last_known_addr { host: "127.28.225.65" port: 44485 } attrs { replace: true } } peers { permanent_uuid: "7bbccdcae0d747af91ac9bfd1bf9e717" member_type: VOTER last_known_addr { host: "127.28.225.66" port: 45221 } } peers { permanent_uuid: "3ff5b8a0dace4395be7a417a0cd25700" member_type: VOTER last_known_addr { host: "127.28.225.67" port: 38395 } } peers { permanent_uuid: "67e8524e58ae4b978346da08b3aa7018" member_type: NON_VOTER last_known_addr { host: "127.28.225.68" port: 38701 } attrs { promote: true } }
I20260601 13:37:21.198894  1627 raft_consensus.cc:1275] T 764b36cb158e41e5ac81f085a67faf32 P 50c59c03a9e14d2988921575dd21e698 [term 1 FOLLOWER]: Refusing update from remote peer 7bbccdcae0d747af91ac9bfd1bf9e717: Log matching property violated. Preceding OpId in replica: term: 1 index: 27. Preceding OpId from leader: term: 1 index: 28. (index mismatch)
I20260601 13:37:21.198930  1777 raft_consensus.cc:1275] T 764b36cb158e41e5ac81f085a67faf32 P 3ff5b8a0dace4395be7a417a0cd25700 [term 1 FOLLOWER]: Refusing update from remote peer 7bbccdcae0d747af91ac9bfd1bf9e717: Log matching property violated. Preceding OpId in replica: term: 1 index: 27. Preceding OpId from leader: term: 1 index: 28. (index mismatch)
I20260601 13:37:21.199254  1877 consensus_queue.cc:1048] T 764b36cb158e41e5ac81f085a67faf32 P 7bbccdcae0d747af91ac9bfd1bf9e717 [LEADER]: Connected to new peer: Peer: permanent_uuid: "3ff5b8a0dace4395be7a417a0cd25700" member_type: VOTER last_known_addr { host: "127.28.225.67" port: 38395 }, Status: LMP_MISMATCH, Last received: 0.0, Next index: 28, Last known committed idx: 27, Time since last communication: 0.000s
I20260601 13:37:21.199446  2230 consensus_queue.cc:1048] T 764b36cb158e41e5ac81f085a67faf32 P 7bbccdcae0d747af91ac9bfd1bf9e717 [LEADER]: Connected to new peer: Peer: permanent_uuid: "50c59c03a9e14d2988921575dd21e698" member_type: VOTER last_known_addr { host: "127.28.225.65" port: 44485 } attrs { replace: true }, Status: LMP_MISMATCH, Last received: 0.0, Next index: 28, Last known committed idx: 27, Time since last communication: 0.000s
I20260601 13:37:21.200917  2229 raft_consensus.cc:2955] T 764b36cb158e41e5ac81f085a67faf32 P 7bbccdcae0d747af91ac9bfd1bf9e717 [term 1 LEADER]: Committing config change with OpId 1.28: config changed from index -1 to 28, NON_VOTER 67e8524e58ae4b978346da08b3aa7018 (127.28.225.68) added. New config: { opid_index: 28 OBSOLETE_local: false peers { permanent_uuid: "50c59c03a9e14d2988921575dd21e698" member_type: VOTER last_known_addr { host: "127.28.225.65" port: 44485 } attrs { replace: true } } peers { permanent_uuid: "7bbccdcae0d747af91ac9bfd1bf9e717" member_type: VOTER last_known_addr { host: "127.28.225.66" port: 45221 } } peers { permanent_uuid: "3ff5b8a0dace4395be7a417a0cd25700" member_type: VOTER last_known_addr { host: "127.28.225.67" port: 38395 } } peers { permanent_uuid: "67e8524e58ae4b978346da08b3aa7018" member_type: NON_VOTER last_known_addr { host: "127.28.225.68" port: 38701 } attrs { promote: true } } }
I20260601 13:37:21.201289  1627 raft_consensus.cc:2955] T 764b36cb158e41e5ac81f085a67faf32 P 50c59c03a9e14d2988921575dd21e698 [term 1 FOLLOWER]: Committing config change with OpId 1.28: config changed from index -1 to 28, NON_VOTER 67e8524e58ae4b978346da08b3aa7018 (127.28.225.68) added. New config: { opid_index: 28 OBSOLETE_local: false peers { permanent_uuid: "50c59c03a9e14d2988921575dd21e698" member_type: VOTER last_known_addr { host: "127.28.225.65" port: 44485 } attrs { replace: true } } peers { permanent_uuid: "7bbccdcae0d747af91ac9bfd1bf9e717" member_type: VOTER last_known_addr { host: "127.28.225.66" port: 45221 } } peers { permanent_uuid: "3ff5b8a0dace4395be7a417a0cd25700" member_type: VOTER last_known_addr { host: "127.28.225.67" port: 38395 } } peers { permanent_uuid: "67e8524e58ae4b978346da08b3aa7018" member_type: NON_VOTER last_known_addr { host: "127.28.225.68" port: 38701 } attrs { promote: true } } }
I20260601 13:37:21.202860  1777 raft_consensus.cc:2955] T 764b36cb158e41e5ac81f085a67faf32 P 3ff5b8a0dace4395be7a417a0cd25700 [term 1 FOLLOWER]: Committing config change with OpId 1.28: config changed from index -1 to 28, NON_VOTER 67e8524e58ae4b978346da08b3aa7018 (127.28.225.68) added. New config: { opid_index: 28 OBSOLETE_local: false peers { permanent_uuid: "50c59c03a9e14d2988921575dd21e698" member_type: VOTER last_known_addr { host: "127.28.225.65" port: 44485 } attrs { replace: true } } peers { permanent_uuid: "7bbccdcae0d747af91ac9bfd1bf9e717" member_type: VOTER last_known_addr { host: "127.28.225.66" port: 45221 } } peers { permanent_uuid: "3ff5b8a0dace4395be7a417a0cd25700" member_type: VOTER last_known_addr { host: "127.28.225.67" port: 38395 } } peers { permanent_uuid: "67e8524e58ae4b978346da08b3aa7018" member_type: NON_VOTER last_known_addr { host: "127.28.225.68" port: 38701 } attrs { promote: true } } }
I20260601 13:37:21.203187  1526 catalog_manager.cc:5696] T 764b36cb158e41e5ac81f085a67faf32 P 7bbccdcae0d747af91ac9bfd1bf9e717 reported cstate change: config changed from index -1 to 28, NON_VOTER 67e8524e58ae4b978346da08b3aa7018 (127.28.225.68) added. New cstate: current_term: 1 leader_uuid: "7bbccdcae0d747af91ac9bfd1bf9e717" committed_config { opid_index: 28 OBSOLETE_local: false peers { permanent_uuid: "50c59c03a9e14d2988921575dd21e698" member_type: VOTER last_known_addr { host: "127.28.225.65" port: 44485 } attrs { replace: true } health_report { overall_health: HEALTHY } } peers { permanent_uuid: "7bbccdcae0d747af91ac9bfd1bf9e717" member_type: VOTER last_known_addr { host: "127.28.225.66" port: 45221 } health_report { overall_health: HEALTHY } } peers { permanent_uuid: "3ff5b8a0dace4395be7a417a0cd25700" member_type: VOTER last_known_addr { host: "127.28.225.67" port: 38395 } health_report { overall_health: HEALTHY } } peers { permanent_uuid: "67e8524e58ae4b978346da08b3aa7018" member_type: NON_VOTER last_known_addr { host: "127.28.225.68" port: 38701 } attrs { promote: true } health_report { overall_health: UNKNOWN } } }
I20260601 13:37:21.203564  1627 consensus_queue.cc:237] T b0d4e4b328f2432197f776f7254d8bf8 P 50c59c03a9e14d2988921575dd21e698 [LEADER]: Queue going to LEADER mode. State: All replicated index: 0, Majority replicated index: 27, Committed index: 27, Last appended: 1.27, Last appended by leader: 0, Current term: 1, Majority size: 2, State: 0, Mode: LEADER, active raft config: opid_index: 28 OBSOLETE_local: false peers { permanent_uuid: "50c59c03a9e14d2988921575dd21e698" member_type: VOTER last_known_addr { host: "127.28.225.65" port: 44485 } } peers { permanent_uuid: "7bbccdcae0d747af91ac9bfd1bf9e717" member_type: VOTER last_known_addr { host: "127.28.225.66" port: 45221 } } peers { permanent_uuid: "3ff5b8a0dace4395be7a417a0cd25700" member_type: VOTER last_known_addr { host: "127.28.225.67" port: 38395 } attrs { replace: true } } peers { permanent_uuid: "942e7eac73764eb3a21bdd36418d644f" member_type: NON_VOTER last_known_addr { host: "127.28.225.70" port: 44475 } attrs { promote: true } }
W20260601 13:37:21.205184  1674 consensus_peers.cc:597] T 764b36cb158e41e5ac81f085a67faf32 P 7bbccdcae0d747af91ac9bfd1bf9e717 -> Peer 67e8524e58ae4b978346da08b3aa7018 (127.28.225.68:38701): Couldn't send request to peer 67e8524e58ae4b978346da08b3aa7018. Error code: TABLET_NOT_FOUND (6). Status: Not found: Tablet not found: 764b36cb158e41e5ac81f085a67faf32. This is attempt 1: this message will repeat every 5th retry.
W20260601 13:37:21.205185  1596 consensus_peers.cc:597] T b0d4e4b328f2432197f776f7254d8bf8 P 50c59c03a9e14d2988921575dd21e698 -> Peer 942e7eac73764eb3a21bdd36418d644f (127.28.225.70:44475): Couldn't send request to peer 942e7eac73764eb3a21bdd36418d644f. Error code: TABLET_NOT_FOUND (6). Status: Not found: Tablet not found: b0d4e4b328f2432197f776f7254d8bf8. This is attempt 1: this message will repeat every 5th retry.
I20260601 13:37:21.205255  1708 raft_consensus.cc:1275] T b0d4e4b328f2432197f776f7254d8bf8 P 7bbccdcae0d747af91ac9bfd1bf9e717 [term 1 FOLLOWER]: Refusing update from remote peer 50c59c03a9e14d2988921575dd21e698: Log matching property violated. Preceding OpId in replica: term: 1 index: 27. Preceding OpId from leader: term: 1 index: 28. (index mismatch)
I20260601 13:37:21.205538  1777 raft_consensus.cc:1275] T b0d4e4b328f2432197f776f7254d8bf8 P 3ff5b8a0dace4395be7a417a0cd25700 [term 1 FOLLOWER]: Refusing update from remote peer 50c59c03a9e14d2988921575dd21e698: Log matching property violated. Preceding OpId in replica: term: 1 index: 27. Preceding OpId from leader: term: 1 index: 28. (index mismatch)
I20260601 13:37:21.205793  2219 consensus_queue.cc:1048] T b0d4e4b328f2432197f776f7254d8bf8 P 50c59c03a9e14d2988921575dd21e698 [LEADER]: Connected to new peer: Peer: permanent_uuid: "7bbccdcae0d747af91ac9bfd1bf9e717" member_type: VOTER last_known_addr { host: "127.28.225.66" port: 45221 }, Status: LMP_MISMATCH, Last received: 0.0, Next index: 28, Last known committed idx: 27, Time since last communication: 0.000s
I20260601 13:37:21.206288  2219 consensus_queue.cc:1048] T b0d4e4b328f2432197f776f7254d8bf8 P 50c59c03a9e14d2988921575dd21e698 [LEADER]: Connected to new peer: Peer: permanent_uuid: "3ff5b8a0dace4395be7a417a0cd25700" member_type: VOTER last_known_addr { host: "127.28.225.67" port: 38395 } attrs { replace: true }, Status: LMP_MISMATCH, Last received: 0.0, Next index: 28, Last known committed idx: 27, Time since last communication: 0.000s
I20260601 13:37:21.207525  2218 raft_consensus.cc:2955] T b0d4e4b328f2432197f776f7254d8bf8 P 50c59c03a9e14d2988921575dd21e698 [term 1 LEADER]: Committing config change with OpId 1.28: config changed from index -1 to 28, NON_VOTER 942e7eac73764eb3a21bdd36418d644f (127.28.225.70) added. New config: { opid_index: 28 OBSOLETE_local: false peers { permanent_uuid: "50c59c03a9e14d2988921575dd21e698" member_type: VOTER last_known_addr { host: "127.28.225.65" port: 44485 } } peers { permanent_uuid: "7bbccdcae0d747af91ac9bfd1bf9e717" member_type: VOTER last_known_addr { host: "127.28.225.66" port: 45221 } } peers { permanent_uuid: "3ff5b8a0dace4395be7a417a0cd25700" member_type: VOTER last_known_addr { host: "127.28.225.67" port: 38395 } attrs { replace: true } } peers { permanent_uuid: "942e7eac73764eb3a21bdd36418d644f" member_type: NON_VOTER last_known_addr { host: "127.28.225.70" port: 44475 } attrs { promote: true } } }
I20260601 13:37:21.208447  1777 raft_consensus.cc:2955] T b0d4e4b328f2432197f776f7254d8bf8 P 3ff5b8a0dace4395be7a417a0cd25700 [term 1 FOLLOWER]: Committing config change with OpId 1.28: config changed from index -1 to 28, NON_VOTER 942e7eac73764eb3a21bdd36418d644f (127.28.225.70) added. New config: { opid_index: 28 OBSOLETE_local: false peers { permanent_uuid: "50c59c03a9e14d2988921575dd21e698" member_type: VOTER last_known_addr { host: "127.28.225.65" port: 44485 } } peers { permanent_uuid: "7bbccdcae0d747af91ac9bfd1bf9e717" member_type: VOTER last_known_addr { host: "127.28.225.66" port: 45221 } } peers { permanent_uuid: "3ff5b8a0dace4395be7a417a0cd25700" member_type: VOTER last_known_addr { host: "127.28.225.67" port: 38395 } attrs { replace: true } } peers { permanent_uuid: "942e7eac73764eb3a21bdd36418d644f" member_type: NON_VOTER last_known_addr { host: "127.28.225.70" port: 44475 } attrs { promote: true } } }
I20260601 13:37:21.208997  1708 raft_consensus.cc:2955] T b0d4e4b328f2432197f776f7254d8bf8 P 7bbccdcae0d747af91ac9bfd1bf9e717 [term 1 FOLLOWER]: Committing config change with OpId 1.28: config changed from index -1 to 28, NON_VOTER 942e7eac73764eb3a21bdd36418d644f (127.28.225.70) added. New config: { opid_index: 28 OBSOLETE_local: false peers { permanent_uuid: "50c59c03a9e14d2988921575dd21e698" member_type: VOTER last_known_addr { host: "127.28.225.65" port: 44485 } } peers { permanent_uuid: "7bbccdcae0d747af91ac9bfd1bf9e717" member_type: VOTER last_known_addr { host: "127.28.225.66" port: 45221 } } peers { permanent_uuid: "3ff5b8a0dace4395be7a417a0cd25700" member_type: VOTER last_known_addr { host: "127.28.225.67" port: 38395 } attrs { replace: true } } peers { permanent_uuid: "942e7eac73764eb3a21bdd36418d644f" member_type: NON_VOTER last_known_addr { host: "127.28.225.70" port: 44475 } attrs { promote: true } } }
I20260601 13:37:21.210184  1627 consensus_queue.cc:237] T d7bd2e02c36a450fa12246bd8783113f P 50c59c03a9e14d2988921575dd21e698 [LEADER]: Queue going to LEADER mode. State: All replicated index: 0, Majority replicated index: 27, Committed index: 27, Last appended: 1.27, Last appended by leader: 0, Current term: 1, Majority size: 2, State: 0, Mode: LEADER, active raft config: opid_index: 28 OBSOLETE_local: false peers { permanent_uuid: "50c59c03a9e14d2988921575dd21e698" member_type: VOTER last_known_addr { host: "127.28.225.65" port: 44485 } } peers { permanent_uuid: "7bbccdcae0d747af91ac9bfd1bf9e717" member_type: VOTER last_known_addr { host: "127.28.225.66" port: 45221 } attrs { replace: true } } peers { permanent_uuid: "3ff5b8a0dace4395be7a417a0cd25700" member_type: VOTER last_known_addr { host: "127.28.225.67" port: 38395 } } peers { permanent_uuid: "f6bae5d3a18a47d89ae85905f0d494a2" member_type: NON_VOTER last_known_addr { host: "127.28.225.69" port: 42355 } attrs { promote: true } }
I20260601 13:37:21.210240  1518 catalog_manager.cc:5696] T b0d4e4b328f2432197f776f7254d8bf8 P 50c59c03a9e14d2988921575dd21e698 reported cstate change: config changed from index -1 to 28, NON_VOTER 942e7eac73764eb3a21bdd36418d644f (127.28.225.70) added. New cstate: current_term: 1 leader_uuid: "50c59c03a9e14d2988921575dd21e698" committed_config { opid_index: 28 OBSOLETE_local: false peers { permanent_uuid: "50c59c03a9e14d2988921575dd21e698" member_type: VOTER last_known_addr { host: "127.28.225.65" port: 44485 } health_report { overall_health: HEALTHY } } peers { permanent_uuid: "7bbccdcae0d747af91ac9bfd1bf9e717" member_type: VOTER last_known_addr { host: "127.28.225.66" port: 45221 } health_report { overall_health: HEALTHY } } peers { permanent_uuid: "3ff5b8a0dace4395be7a417a0cd25700" member_type: VOTER last_known_addr { host: "127.28.225.67" port: 38395 } attrs { replace: true } health_report { overall_health: HEALTHY } } peers { permanent_uuid: "942e7eac73764eb3a21bdd36418d644f" member_type: NON_VOTER last_known_addr { host: "127.28.225.70" port: 44475 } attrs { promote: true } health_report { overall_health: UNKNOWN } } }
I20260601 13:37:21.211470  1777 raft_consensus.cc:1275] T d7bd2e02c36a450fa12246bd8783113f P 3ff5b8a0dace4395be7a417a0cd25700 [term 1 FOLLOWER]: Refusing update from remote peer 50c59c03a9e14d2988921575dd21e698: Log matching property violated. Preceding OpId in replica: term: 1 index: 27. Preceding OpId from leader: term: 1 index: 28. (index mismatch)
I20260601 13:37:21.211531  1708 raft_consensus.cc:1275] T d7bd2e02c36a450fa12246bd8783113f P 7bbccdcae0d747af91ac9bfd1bf9e717 [term 1 FOLLOWER]: Refusing update from remote peer 50c59c03a9e14d2988921575dd21e698: Log matching property violated. Preceding OpId in replica: term: 1 index: 27. Preceding OpId from leader: term: 1 index: 28. (index mismatch)
W20260601 13:37:21.211736  1594 consensus_peers.cc:597] T d7bd2e02c36a450fa12246bd8783113f P 50c59c03a9e14d2988921575dd21e698 -> Peer f6bae5d3a18a47d89ae85905f0d494a2 (127.28.225.69:42355): Couldn't send request to peer f6bae5d3a18a47d89ae85905f0d494a2. Error code: TABLET_NOT_FOUND (6). Status: Not found: Tablet not found: d7bd2e02c36a450fa12246bd8783113f. This is attempt 1: this message will repeat every 5th retry.
I20260601 13:37:21.212350  1938 consensus_queue.cc:1048] T d7bd2e02c36a450fa12246bd8783113f P 50c59c03a9e14d2988921575dd21e698 [LEADER]: Connected to new peer: Peer: permanent_uuid: "3ff5b8a0dace4395be7a417a0cd25700" member_type: VOTER last_known_addr { host: "127.28.225.67" port: 38395 }, Status: LMP_MISMATCH, Last received: 0.0, Next index: 28, Last known committed idx: 27, Time since last communication: 0.000s
I20260601 13:37:21.212576  2219 consensus_queue.cc:1048] T d7bd2e02c36a450fa12246bd8783113f P 50c59c03a9e14d2988921575dd21e698 [LEADER]: Connected to new peer: Peer: permanent_uuid: "7bbccdcae0d747af91ac9bfd1bf9e717" member_type: VOTER last_known_addr { host: "127.28.225.66" port: 45221 } attrs { replace: true }, Status: LMP_MISMATCH, Last received: 0.0, Next index: 28, Last known committed idx: 27, Time since last communication: 0.000s
I20260601 13:37:21.214179  1938 raft_consensus.cc:2955] T d7bd2e02c36a450fa12246bd8783113f P 50c59c03a9e14d2988921575dd21e698 [term 1 LEADER]: Committing config change with OpId 1.28: config changed from index -1 to 28, NON_VOTER f6bae5d3a18a47d89ae85905f0d494a2 (127.28.225.69) added. New config: { opid_index: 28 OBSOLETE_local: false peers { permanent_uuid: "50c59c03a9e14d2988921575dd21e698" member_type: VOTER last_known_addr { host: "127.28.225.65" port: 44485 } } peers { permanent_uuid: "7bbccdcae0d747af91ac9bfd1bf9e717" member_type: VOTER last_known_addr { host: "127.28.225.66" port: 45221 } attrs { replace: true } } peers { permanent_uuid: "3ff5b8a0dace4395be7a417a0cd25700" member_type: VOTER last_known_addr { host: "127.28.225.67" port: 38395 } } peers { permanent_uuid: "f6bae5d3a18a47d89ae85905f0d494a2" member_type: NON_VOTER last_known_addr { host: "127.28.225.69" port: 42355 } attrs { promote: true } } }
I20260601 13:37:21.214640  1777 raft_consensus.cc:2955] T d7bd2e02c36a450fa12246bd8783113f P 3ff5b8a0dace4395be7a417a0cd25700 [term 1 FOLLOWER]: Committing config change with OpId 1.28: config changed from index -1 to 28, NON_VOTER f6bae5d3a18a47d89ae85905f0d494a2 (127.28.225.69) added. New config: { opid_index: 28 OBSOLETE_local: false peers { permanent_uuid: "50c59c03a9e14d2988921575dd21e698" member_type: VOTER last_known_addr { host: "127.28.225.65" port: 44485 } } peers { permanent_uuid: "7bbccdcae0d747af91ac9bfd1bf9e717" member_type: VOTER last_known_addr { host: "127.28.225.66" port: 45221 } attrs { replace: true } } peers { permanent_uuid: "3ff5b8a0dace4395be7a417a0cd25700" member_type: VOTER last_known_addr { host: "127.28.225.67" port: 38395 } } peers { permanent_uuid: "f6bae5d3a18a47d89ae85905f0d494a2" member_type: NON_VOTER last_known_addr { host: "127.28.225.69" port: 42355 } attrs { promote: true } } }
I20260601 13:37:21.215466  1708 raft_consensus.cc:2955] T d7bd2e02c36a450fa12246bd8783113f P 7bbccdcae0d747af91ac9bfd1bf9e717 [term 1 FOLLOWER]: Committing config change with OpId 1.28: config changed from index -1 to 28, NON_VOTER f6bae5d3a18a47d89ae85905f0d494a2 (127.28.225.69) added. New config: { opid_index: 28 OBSOLETE_local: false peers { permanent_uuid: "50c59c03a9e14d2988921575dd21e698" member_type: VOTER last_known_addr { host: "127.28.225.65" port: 44485 } } peers { permanent_uuid: "7bbccdcae0d747af91ac9bfd1bf9e717" member_type: VOTER last_known_addr { host: "127.28.225.66" port: 45221 } attrs { replace: true } } peers { permanent_uuid: "3ff5b8a0dace4395be7a417a0cd25700" member_type: VOTER last_known_addr { host: "127.28.225.67" port: 38395 } } peers { permanent_uuid: "f6bae5d3a18a47d89ae85905f0d494a2" member_type: NON_VOTER last_known_addr { host: "127.28.225.69" port: 42355 } attrs { promote: true } } }
I20260601 13:37:21.216934  1523 catalog_manager.cc:5696] T d7bd2e02c36a450fa12246bd8783113f P 50c59c03a9e14d2988921575dd21e698 reported cstate change: config changed from index -1 to 28, NON_VOTER f6bae5d3a18a47d89ae85905f0d494a2 (127.28.225.69) added. New cstate: current_term: 1 leader_uuid: "50c59c03a9e14d2988921575dd21e698" committed_config { opid_index: 28 OBSOLETE_local: false peers { permanent_uuid: "50c59c03a9e14d2988921575dd21e698" member_type: VOTER last_known_addr { host: "127.28.225.65" port: 44485 } health_report { overall_health: HEALTHY } } peers { permanent_uuid: "7bbccdcae0d747af91ac9bfd1bf9e717" member_type: VOTER last_known_addr { host: "127.28.225.66" port: 45221 } attrs { replace: true } health_report { overall_health: HEALTHY } } peers { permanent_uuid: "3ff5b8a0dace4395be7a417a0cd25700" member_type: VOTER last_known_addr { host: "127.28.225.67" port: 38395 } health_report { overall_health: HEALTHY } } peers { permanent_uuid: "f6bae5d3a18a47d89ae85905f0d494a2" member_type: NON_VOTER last_known_addr { host: "127.28.225.69" port: 42355 } attrs { promote: true } health_report { overall_health: UNKNOWN } } }
I20260601 13:37:21.220502  1777 consensus_queue.cc:237] T 77cd7f197f0641dbac69440eb91e2784 P 3ff5b8a0dace4395be7a417a0cd25700 [LEADER]: Queue going to LEADER mode. State: All replicated index: 0, Majority replicated index: 27, Committed index: 27, Last appended: 1.27, Last appended by leader: 0, Current term: 1, Majority size: 2, State: 0, Mode: LEADER, active raft config: opid_index: 28 OBSOLETE_local: false peers { permanent_uuid: "50c59c03a9e14d2988921575dd21e698" member_type: VOTER last_known_addr { host: "127.28.225.65" port: 44485 } attrs { replace: true } } peers { permanent_uuid: "7bbccdcae0d747af91ac9bfd1bf9e717" member_type: VOTER last_known_addr { host: "127.28.225.66" port: 45221 } } peers { permanent_uuid: "3ff5b8a0dace4395be7a417a0cd25700" member_type: VOTER last_known_addr { host: "127.28.225.67" port: 38395 } } peers { permanent_uuid: "67e8524e58ae4b978346da08b3aa7018" member_type: NON_VOTER last_known_addr { host: "127.28.225.68" port: 38701 } attrs { promote: true } }
I20260601 13:37:21.221855  1708 raft_consensus.cc:1275] T 77cd7f197f0641dbac69440eb91e2784 P 7bbccdcae0d747af91ac9bfd1bf9e717 [term 1 FOLLOWER]: Refusing update from remote peer 3ff5b8a0dace4395be7a417a0cd25700: Log matching property violated. Preceding OpId in replica: term: 1 index: 27. Preceding OpId from leader: term: 1 index: 28. (index mismatch)
I20260601 13:37:21.221980  1627 raft_consensus.cc:1275] T 77cd7f197f0641dbac69440eb91e2784 P 50c59c03a9e14d2988921575dd21e698 [term 1 FOLLOWER]: Refusing update from remote peer 3ff5b8a0dace4395be7a417a0cd25700: Log matching property violated. Preceding OpId in replica: term: 1 index: 27. Preceding OpId from leader: term: 1 index: 28. (index mismatch)
I20260601 13:37:21.222352  1839 consensus_queue.cc:1048] T 77cd7f197f0641dbac69440eb91e2784 P 3ff5b8a0dace4395be7a417a0cd25700 [LEADER]: Connected to new peer: Peer: permanent_uuid: "7bbccdcae0d747af91ac9bfd1bf9e717" member_type: VOTER last_known_addr { host: "127.28.225.66" port: 45221 }, Status: LMP_MISMATCH, Last received: 0.0, Next index: 28, Last known committed idx: 27, Time since last communication: 0.000s
I20260601 13:37:21.222592  2234 consensus_queue.cc:1048] T 77cd7f197f0641dbac69440eb91e2784 P 3ff5b8a0dace4395be7a417a0cd25700 [LEADER]: Connected to new peer: Peer: permanent_uuid: "50c59c03a9e14d2988921575dd21e698" member_type: VOTER last_known_addr { host: "127.28.225.65" port: 44485 } attrs { replace: true }, Status: LMP_MISMATCH, Last received: 0.0, Next index: 28, Last known committed idx: 27, Time since last communication: 0.000s
I20260601 13:37:21.224112  2234 raft_consensus.cc:2955] T 77cd7f197f0641dbac69440eb91e2784 P 3ff5b8a0dace4395be7a417a0cd25700 [term 1 LEADER]: Committing config change with OpId 1.28: config changed from index -1 to 28, NON_VOTER 67e8524e58ae4b978346da08b3aa7018 (127.28.225.68) added. New config: { opid_index: 28 OBSOLETE_local: false peers { permanent_uuid: "50c59c03a9e14d2988921575dd21e698" member_type: VOTER last_known_addr { host: "127.28.225.65" port: 44485 } attrs { replace: true } } peers { permanent_uuid: "7bbccdcae0d747af91ac9bfd1bf9e717" member_type: VOTER last_known_addr { host: "127.28.225.66" port: 45221 } } peers { permanent_uuid: "3ff5b8a0dace4395be7a417a0cd25700" member_type: VOTER last_known_addr { host: "127.28.225.67" port: 38395 } } peers { permanent_uuid: "67e8524e58ae4b978346da08b3aa7018" member_type: NON_VOTER last_known_addr { host: "127.28.225.68" port: 38701 } attrs { promote: true } } }
I20260601 13:37:21.224431  1708 raft_consensus.cc:2955] T 77cd7f197f0641dbac69440eb91e2784 P 7bbccdcae0d747af91ac9bfd1bf9e717 [term 1 FOLLOWER]: Committing config change with OpId 1.28: config changed from index -1 to 28, NON_VOTER 67e8524e58ae4b978346da08b3aa7018 (127.28.225.68) added. New config: { opid_index: 28 OBSOLETE_local: false peers { permanent_uuid: "50c59c03a9e14d2988921575dd21e698" member_type: VOTER last_known_addr { host: "127.28.225.65" port: 44485 } attrs { replace: true } } peers { permanent_uuid: "7bbccdcae0d747af91ac9bfd1bf9e717" member_type: VOTER last_known_addr { host: "127.28.225.66" port: 45221 } } peers { permanent_uuid: "3ff5b8a0dace4395be7a417a0cd25700" member_type: VOTER last_known_addr { host: "127.28.225.67" port: 38395 } } peers { permanent_uuid: "67e8524e58ae4b978346da08b3aa7018" member_type: NON_VOTER last_known_addr { host: "127.28.225.68" port: 38701 } attrs { promote: true } } }
I20260601 13:37:21.224505  1627 raft_consensus.cc:2955] T 77cd7f197f0641dbac69440eb91e2784 P 50c59c03a9e14d2988921575dd21e698 [term 1 FOLLOWER]: Committing config change with OpId 1.28: config changed from index -1 to 28, NON_VOTER 67e8524e58ae4b978346da08b3aa7018 (127.28.225.68) added. New config: { opid_index: 28 OBSOLETE_local: false peers { permanent_uuid: "50c59c03a9e14d2988921575dd21e698" member_type: VOTER last_known_addr { host: "127.28.225.65" port: 44485 } attrs { replace: true } } peers { permanent_uuid: "7bbccdcae0d747af91ac9bfd1bf9e717" member_type: VOTER last_known_addr { host: "127.28.225.66" port: 45221 } } peers { permanent_uuid: "3ff5b8a0dace4395be7a417a0cd25700" member_type: VOTER last_known_addr { host: "127.28.225.67" port: 38395 } } peers { permanent_uuid: "67e8524e58ae4b978346da08b3aa7018" member_type: NON_VOTER last_known_addr { host: "127.28.225.68" port: 38701 } attrs { promote: true } } }
W20260601 13:37:21.226366  1750 consensus_peers.cc:597] T 77cd7f197f0641dbac69440eb91e2784 P 3ff5b8a0dace4395be7a417a0cd25700 -> Peer 67e8524e58ae4b978346da08b3aa7018 (127.28.225.68:38701): Couldn't send request to peer 67e8524e58ae4b978346da08b3aa7018. Error code: TABLET_NOT_FOUND (6). Status: Not found: Tablet not found: 77cd7f197f0641dbac69440eb91e2784. This is attempt 1: this message will repeat every 5th retry.
I20260601 13:37:21.230487  1526 catalog_manager.cc:5696] T 77cd7f197f0641dbac69440eb91e2784 P 50c59c03a9e14d2988921575dd21e698 reported cstate change: config changed from index -1 to 28, NON_VOTER 67e8524e58ae4b978346da08b3aa7018 (127.28.225.68) added. New cstate: current_term: 1 leader_uuid: "3ff5b8a0dace4395be7a417a0cd25700" committed_config { opid_index: 28 OBSOLETE_local: false peers { permanent_uuid: "50c59c03a9e14d2988921575dd21e698" member_type: VOTER last_known_addr { host: "127.28.225.65" port: 44485 } attrs { replace: true } } peers { permanent_uuid: "7bbccdcae0d747af91ac9bfd1bf9e717" member_type: VOTER last_known_addr { host: "127.28.225.66" port: 45221 } } peers { permanent_uuid: "3ff5b8a0dace4395be7a417a0cd25700" member_type: VOTER last_known_addr { host: "127.28.225.67" port: 38395 } } peers { permanent_uuid: "67e8524e58ae4b978346da08b3aa7018" member_type: NON_VOTER last_known_addr { host: "127.28.225.68" port: 38701 } attrs { promote: true } } }
I20260601 13:37:21.347393  2059 heartbeater.cc:499] Master 127.28.225.126:36343 was elected leader, sending a full tablet report...
I20260601 13:37:21.372813  2138 heartbeater.cc:499] Master 127.28.225.126:36343 was elected leader, sending a full tablet report...
I20260601 13:37:21.403811  2213 heartbeater.cc:499] Master 127.28.225.126:36343 was elected leader, sending a full tablet report...
I20260601 13:37:21.602758  2238 ts_tablet_manager.cc:933] T d7bd2e02c36a450fa12246bd8783113f P f6bae5d3a18a47d89ae85905f0d494a2: Initiating tablet copy from peer 50c59c03a9e14d2988921575dd21e698 (127.28.225.65:44485)
I20260601 13:37:21.603149  2238 tablet_copy_client.cc:323] T d7bd2e02c36a450fa12246bd8783113f P f6bae5d3a18a47d89ae85905f0d494a2: tablet copy: Beginning tablet copy session from remote peer at address 127.28.225.65:44485
I20260601 13:37:21.607501  1641 tablet_copy_service.cc:140] P 50c59c03a9e14d2988921575dd21e698: Received BeginTabletCopySession request for tablet d7bd2e02c36a450fa12246bd8783113f from peer f6bae5d3a18a47d89ae85905f0d494a2 ({username='slave'} at 127.0.0.1:34054)
I20260601 13:37:21.607642  1641 tablet_copy_service.cc:161] P 50c59c03a9e14d2988921575dd21e698: Beginning new tablet copy session on tablet d7bd2e02c36a450fa12246bd8783113f from peer f6bae5d3a18a47d89ae85905f0d494a2 at {username='slave'} at 127.0.0.1:34054: session id = f6bae5d3a18a47d89ae85905f0d494a2-d7bd2e02c36a450fa12246bd8783113f
I20260601 13:37:21.608647  1641 tablet_copy_source_session.cc:215] T d7bd2e02c36a450fa12246bd8783113f P 50c59c03a9e14d2988921575dd21e698: Tablet Copy: opened 0 blocks and 1 log segments
I20260601 13:37:21.609584  2238 data_dirs.cc:400] Could only allocate 1 dirs of requested 3 for tablet d7bd2e02c36a450fa12246bd8783113f. 1 dirs total, 0 dirs full, 0 dirs failed
I20260601 13:37:21.611479  2238 tablet_copy_client.cc:806] T d7bd2e02c36a450fa12246bd8783113f P f6bae5d3a18a47d89ae85905f0d494a2: tablet copy: Starting download of 0 data blocks...
I20260601 13:37:21.611670  2238 tablet_copy_client.cc:670] T d7bd2e02c36a450fa12246bd8783113f P f6bae5d3a18a47d89ae85905f0d494a2: tablet copy: Starting download of 1 WAL segments...
I20260601 13:37:21.612645  2239 tablet_copy_client.cc:1025] T d7bd2e02c36a450fa12246bd8783113f P f6bae5d3a18a47d89ae85905f0d494a2: tablet copy: Injecting latency into file download: 2000
I20260601 13:37:21.704270  2241 ts_tablet_manager.cc:933] T f38cffe96cec4940ada8a41db95c17b4 P f6bae5d3a18a47d89ae85905f0d494a2: Initiating tablet copy from peer 50c59c03a9e14d2988921575dd21e698 (127.28.225.65:44485)
I20260601 13:37:21.704722  2241 tablet_copy_client.cc:323] T f38cffe96cec4940ada8a41db95c17b4 P f6bae5d3a18a47d89ae85905f0d494a2: tablet copy: Beginning tablet copy session from remote peer at address 127.28.225.65:44485
I20260601 13:37:21.705240  1641 tablet_copy_service.cc:140] P 50c59c03a9e14d2988921575dd21e698: Received BeginTabletCopySession request for tablet f38cffe96cec4940ada8a41db95c17b4 from peer f6bae5d3a18a47d89ae85905f0d494a2 ({username='slave'} at 127.0.0.1:34054)
I20260601 13:37:21.705358  1641 tablet_copy_service.cc:161] P 50c59c03a9e14d2988921575dd21e698: Beginning new tablet copy session on tablet f38cffe96cec4940ada8a41db95c17b4 from peer f6bae5d3a18a47d89ae85905f0d494a2 at {username='slave'} at 127.0.0.1:34054: session id = f6bae5d3a18a47d89ae85905f0d494a2-f38cffe96cec4940ada8a41db95c17b4
I20260601 13:37:21.706240  1641 tablet_copy_source_session.cc:215] T f38cffe96cec4940ada8a41db95c17b4 P 50c59c03a9e14d2988921575dd21e698: Tablet Copy: opened 0 blocks and 1 log segments
I20260601 13:37:21.707154  2241 data_dirs.cc:400] Could only allocate 1 dirs of requested 3 for tablet f38cffe96cec4940ada8a41db95c17b4. 1 dirs total, 0 dirs full, 0 dirs failed
I20260601 13:37:21.709172  2241 tablet_copy_client.cc:806] T f38cffe96cec4940ada8a41db95c17b4 P f6bae5d3a18a47d89ae85905f0d494a2: tablet copy: Starting download of 0 data blocks...
I20260601 13:37:21.709335  2241 tablet_copy_client.cc:670] T f38cffe96cec4940ada8a41db95c17b4 P f6bae5d3a18a47d89ae85905f0d494a2: tablet copy: Starting download of 1 WAL segments...
I20260601 13:37:21.710446  2242 tablet_copy_client.cc:1025] T f38cffe96cec4940ada8a41db95c17b4 P f6bae5d3a18a47d89ae85905f0d494a2: tablet copy: Injecting latency into file download: 2000
I20260601 13:37:21.712332  2243 ts_tablet_manager.cc:933] T 764b36cb158e41e5ac81f085a67faf32 P 67e8524e58ae4b978346da08b3aa7018: Initiating tablet copy from peer 7bbccdcae0d747af91ac9bfd1bf9e717 (127.28.225.66:45221)
I20260601 13:37:21.712641  2243 tablet_copy_client.cc:323] T 764b36cb158e41e5ac81f085a67faf32 P 67e8524e58ae4b978346da08b3aa7018: tablet copy: Beginning tablet copy session from remote peer at address 127.28.225.66:45221
I20260601 13:37:21.716596  1719 tablet_copy_service.cc:140] P 7bbccdcae0d747af91ac9bfd1bf9e717: Received BeginTabletCopySession request for tablet 764b36cb158e41e5ac81f085a67faf32 from peer 67e8524e58ae4b978346da08b3aa7018 ({username='slave'} at 127.0.0.1:40046)
I20260601 13:37:21.716701  1719 tablet_copy_service.cc:161] P 7bbccdcae0d747af91ac9bfd1bf9e717: Beginning new tablet copy session on tablet 764b36cb158e41e5ac81f085a67faf32 from peer 67e8524e58ae4b978346da08b3aa7018 at {username='slave'} at 127.0.0.1:40046: session id = 67e8524e58ae4b978346da08b3aa7018-764b36cb158e41e5ac81f085a67faf32
I20260601 13:37:21.718161  1719 tablet_copy_source_session.cc:215] T 764b36cb158e41e5ac81f085a67faf32 P 7bbccdcae0d747af91ac9bfd1bf9e717: Tablet Copy: opened 0 blocks and 1 log segments
I20260601 13:37:21.718976  2243 data_dirs.cc:400] Could only allocate 1 dirs of requested 3 for tablet 764b36cb158e41e5ac81f085a67faf32. 1 dirs total, 0 dirs full, 0 dirs failed
I20260601 13:37:21.720800  2243 tablet_copy_client.cc:806] T 764b36cb158e41e5ac81f085a67faf32 P 67e8524e58ae4b978346da08b3aa7018: tablet copy: Starting download of 0 data blocks...
I20260601 13:37:21.720999  2243 tablet_copy_client.cc:670] T 764b36cb158e41e5ac81f085a67faf32 P 67e8524e58ae4b978346da08b3aa7018: tablet copy: Starting download of 1 WAL segments...
I20260601 13:37:21.722106  2244 tablet_copy_client.cc:1025] T 764b36cb158e41e5ac81f085a67faf32 P 67e8524e58ae4b978346da08b3aa7018: tablet copy: Injecting latency into file download: 2000
I20260601 13:37:21.723511  2247 ts_tablet_manager.cc:933] T d675263f880c4058860b291ca5a3600a P 942e7eac73764eb3a21bdd36418d644f: Initiating tablet copy from peer 50c59c03a9e14d2988921575dd21e698 (127.28.225.65:44485)
I20260601 13:37:21.723829  2247 tablet_copy_client.cc:323] T d675263f880c4058860b291ca5a3600a P 942e7eac73764eb3a21bdd36418d644f: tablet copy: Beginning tablet copy session from remote peer at address 127.28.225.65:44485
I20260601 13:37:21.727279  1641 tablet_copy_service.cc:140] P 50c59c03a9e14d2988921575dd21e698: Received BeginTabletCopySession request for tablet d675263f880c4058860b291ca5a3600a from peer 942e7eac73764eb3a21bdd36418d644f ({username='slave'} at 127.0.0.1:34058)
I20260601 13:37:21.727401  1641 tablet_copy_service.cc:161] P 50c59c03a9e14d2988921575dd21e698: Beginning new tablet copy session on tablet d675263f880c4058860b291ca5a3600a from peer 942e7eac73764eb3a21bdd36418d644f at {username='slave'} at 127.0.0.1:34058: session id = 942e7eac73764eb3a21bdd36418d644f-d675263f880c4058860b291ca5a3600a
I20260601 13:37:21.728163  1641 tablet_copy_source_session.cc:215] T d675263f880c4058860b291ca5a3600a P 50c59c03a9e14d2988921575dd21e698: Tablet Copy: opened 0 blocks and 1 log segments
I20260601 13:37:21.729012  2247 data_dirs.cc:400] Could only allocate 1 dirs of requested 3 for tablet d675263f880c4058860b291ca5a3600a. 1 dirs total, 0 dirs full, 0 dirs failed
I20260601 13:37:21.731365  2247 tablet_copy_client.cc:806] T d675263f880c4058860b291ca5a3600a P 942e7eac73764eb3a21bdd36418d644f: tablet copy: Starting download of 0 data blocks...
I20260601 13:37:21.731520  2247 tablet_copy_client.cc:670] T d675263f880c4058860b291ca5a3600a P 942e7eac73764eb3a21bdd36418d644f: tablet copy: Starting download of 1 WAL segments...
I20260601 13:37:21.732785  2248 tablet_copy_client.cc:1025] T d675263f880c4058860b291ca5a3600a P 942e7eac73764eb3a21bdd36418d644f: tablet copy: Injecting latency into file download: 2000
I20260601 13:37:21.771028  2251 ts_tablet_manager.cc:933] T b0d4e4b328f2432197f776f7254d8bf8 P 942e7eac73764eb3a21bdd36418d644f: Initiating tablet copy from peer 50c59c03a9e14d2988921575dd21e698 (127.28.225.65:44485)
I20260601 13:37:21.771416  2251 tablet_copy_client.cc:323] T b0d4e4b328f2432197f776f7254d8bf8 P 942e7eac73764eb3a21bdd36418d644f: tablet copy: Beginning tablet copy session from remote peer at address 127.28.225.65:44485
I20260601 13:37:21.771971  1641 tablet_copy_service.cc:140] P 50c59c03a9e14d2988921575dd21e698: Received BeginTabletCopySession request for tablet b0d4e4b328f2432197f776f7254d8bf8 from peer 942e7eac73764eb3a21bdd36418d644f ({username='slave'} at 127.0.0.1:34058)
I20260601 13:37:21.772107  1641 tablet_copy_service.cc:161] P 50c59c03a9e14d2988921575dd21e698: Beginning new tablet copy session on tablet b0d4e4b328f2432197f776f7254d8bf8 from peer 942e7eac73764eb3a21bdd36418d644f at {username='slave'} at 127.0.0.1:34058: session id = 942e7eac73764eb3a21bdd36418d644f-b0d4e4b328f2432197f776f7254d8bf8
I20260601 13:37:21.772930  1641 tablet_copy_source_session.cc:215] T b0d4e4b328f2432197f776f7254d8bf8 P 50c59c03a9e14d2988921575dd21e698: Tablet Copy: opened 0 blocks and 1 log segments
I20260601 13:37:21.773782  2251 data_dirs.cc:400] Could only allocate 1 dirs of requested 3 for tablet b0d4e4b328f2432197f776f7254d8bf8. 1 dirs total, 0 dirs full, 0 dirs failed
I20260601 13:37:21.775811  2251 tablet_copy_client.cc:806] T b0d4e4b328f2432197f776f7254d8bf8 P 942e7eac73764eb3a21bdd36418d644f: tablet copy: Starting download of 0 data blocks...
I20260601 13:37:21.776086  2251 tablet_copy_client.cc:670] T b0d4e4b328f2432197f776f7254d8bf8 P 942e7eac73764eb3a21bdd36418d644f: tablet copy: Starting download of 1 WAL segments...
I20260601 13:37:21.777165  2252 tablet_copy_client.cc:1025] T b0d4e4b328f2432197f776f7254d8bf8 P 942e7eac73764eb3a21bdd36418d644f: tablet copy: Injecting latency into file download: 2000
I20260601 13:37:21.794481  2253 ts_tablet_manager.cc:933] T 77cd7f197f0641dbac69440eb91e2784 P 67e8524e58ae4b978346da08b3aa7018: Initiating tablet copy from peer 3ff5b8a0dace4395be7a417a0cd25700 (127.28.225.67:38395)
I20260601 13:37:21.794875  2253 tablet_copy_client.cc:323] T 77cd7f197f0641dbac69440eb91e2784 P 67e8524e58ae4b978346da08b3aa7018: tablet copy: Beginning tablet copy session from remote peer at address 127.28.225.67:38395
I20260601 13:37:21.798856  1794 tablet_copy_service.cc:140] P 3ff5b8a0dace4395be7a417a0cd25700: Received BeginTabletCopySession request for tablet 77cd7f197f0641dbac69440eb91e2784 from peer 67e8524e58ae4b978346da08b3aa7018 ({username='slave'} at 127.0.0.1:54816)
I20260601 13:37:21.798972  1794 tablet_copy_service.cc:161] P 3ff5b8a0dace4395be7a417a0cd25700: Beginning new tablet copy session on tablet 77cd7f197f0641dbac69440eb91e2784 from peer 67e8524e58ae4b978346da08b3aa7018 at {username='slave'} at 127.0.0.1:54816: session id = 67e8524e58ae4b978346da08b3aa7018-77cd7f197f0641dbac69440eb91e2784
I20260601 13:37:21.799973  1794 tablet_copy_source_session.cc:215] T 77cd7f197f0641dbac69440eb91e2784 P 3ff5b8a0dace4395be7a417a0cd25700: Tablet Copy: opened 0 blocks and 1 log segments
I20260601 13:37:21.800720  2253 data_dirs.cc:400] Could only allocate 1 dirs of requested 3 for tablet 77cd7f197f0641dbac69440eb91e2784. 1 dirs total, 0 dirs full, 0 dirs failed
I20260601 13:37:21.802534  2253 tablet_copy_client.cc:806] T 77cd7f197f0641dbac69440eb91e2784 P 67e8524e58ae4b978346da08b3aa7018: tablet copy: Starting download of 0 data blocks...
I20260601 13:37:21.802711  2253 tablet_copy_client.cc:670] T 77cd7f197f0641dbac69440eb91e2784 P 67e8524e58ae4b978346da08b3aa7018: tablet copy: Starting download of 1 WAL segments...
I20260601 13:37:21.803921  2254 tablet_copy_client.cc:1025] T 77cd7f197f0641dbac69440eb91e2784 P 67e8524e58ae4b978346da08b3aa7018: tablet copy: Injecting latency into file download: 2000
I20260601 13:37:23.613003  2238 tablet_copy_client.cc:538] T d7bd2e02c36a450fa12246bd8783113f P f6bae5d3a18a47d89ae85905f0d494a2: tablet copy: Tablet Copy complete. Replacing tablet superblock.
I20260601 13:37:23.614357  2238 tablet_bootstrap.cc:492] T d7bd2e02c36a450fa12246bd8783113f P f6bae5d3a18a47d89ae85905f0d494a2: Bootstrap starting.
I20260601 13:37:23.634251  2238 tablet_bootstrap.cc:492] T d7bd2e02c36a450fa12246bd8783113f P f6bae5d3a18a47d89ae85905f0d494a2: Bootstrap replayed 1/1 log segments. Stats: ops{read=28 overwritten=0 applied=28 ignored=0} inserts{seen=106 ignored=0} mutations{seen=0 ignored=0} orphaned_commits=0. Pending: 0 replicates
I20260601 13:37:23.634609  2238 tablet_bootstrap.cc:492] T d7bd2e02c36a450fa12246bd8783113f P f6bae5d3a18a47d89ae85905f0d494a2: Bootstrap complete.
I20260601 13:37:23.634829  2238 ts_tablet_manager.cc:1403] T d7bd2e02c36a450fa12246bd8783113f P f6bae5d3a18a47d89ae85905f0d494a2: Time spent bootstrapping tablet: real 0.021s	user 0.017s	sys 0.004s
I20260601 13:37:23.635313  2238 raft_consensus.cc:359] T d7bd2e02c36a450fa12246bd8783113f P f6bae5d3a18a47d89ae85905f0d494a2 [term 1 LEARNER]: Replica starting. Triggering 0 pending ops. Active config: opid_index: 28 OBSOLETE_local: false peers { permanent_uuid: "50c59c03a9e14d2988921575dd21e698" member_type: VOTER last_known_addr { host: "127.28.225.65" port: 44485 } } peers { permanent_uuid: "7bbccdcae0d747af91ac9bfd1bf9e717" member_type: VOTER last_known_addr { host: "127.28.225.66" port: 45221 } attrs { replace: true } } peers { permanent_uuid: "3ff5b8a0dace4395be7a417a0cd25700" member_type: VOTER last_known_addr { host: "127.28.225.67" port: 38395 } } peers { permanent_uuid: "f6bae5d3a18a47d89ae85905f0d494a2" member_type: NON_VOTER last_known_addr { host: "127.28.225.69" port: 42355 } attrs { promote: true } }
I20260601 13:37:23.635457  2238 raft_consensus.cc:740] T d7bd2e02c36a450fa12246bd8783113f P f6bae5d3a18a47d89ae85905f0d494a2 [term 1 LEARNER]: Becoming Follower/Learner. State: Replica: f6bae5d3a18a47d89ae85905f0d494a2, State: Initialized, Role: LEARNER
I20260601 13:37:23.635610  2238 consensus_queue.cc:260] T d7bd2e02c36a450fa12246bd8783113f P f6bae5d3a18a47d89ae85905f0d494a2 [NON_LEADER]: Queue going to NON_LEADER mode. State: All replicated index: 0, Majority replicated index: 0, Committed index: 28, Last appended: 1.28, Last appended by leader: 28, Current term: 0, Majority size: -1, State: 0, Mode: NON_LEADER, active raft config: opid_index: 28 OBSOLETE_local: false peers { permanent_uuid: "50c59c03a9e14d2988921575dd21e698" member_type: VOTER last_known_addr { host: "127.28.225.65" port: 44485 } } peers { permanent_uuid: "7bbccdcae0d747af91ac9bfd1bf9e717" member_type: VOTER last_known_addr { host: "127.28.225.66" port: 45221 } attrs { replace: true } } peers { permanent_uuid: "3ff5b8a0dace4395be7a417a0cd25700" member_type: VOTER last_known_addr { host: "127.28.225.67" port: 38395 } } peers { permanent_uuid: "f6bae5d3a18a47d89ae85905f0d494a2" member_type: NON_VOTER last_known_addr { host: "127.28.225.69" port: 42355 } attrs { promote: true } }
I20260601 13:37:23.636003  2238 ts_tablet_manager.cc:1434] T d7bd2e02c36a450fa12246bd8783113f P f6bae5d3a18a47d89ae85905f0d494a2: Time spent starting tablet: real 0.001s	user 0.001s	sys 0.000s
I20260601 13:37:23.637300  1641 tablet_copy_service.cc:342] P 50c59c03a9e14d2988921575dd21e698: Request end of tablet copy session f6bae5d3a18a47d89ae85905f0d494a2-d7bd2e02c36a450fa12246bd8783113f received from {username='slave'} at 127.0.0.1:34054
I20260601 13:37:23.637387  1641 tablet_copy_service.cc:434] P 50c59c03a9e14d2988921575dd21e698: ending tablet copy session f6bae5d3a18a47d89ae85905f0d494a2-d7bd2e02c36a450fa12246bd8783113f on tablet d7bd2e02c36a450fa12246bd8783113f with peer f6bae5d3a18a47d89ae85905f0d494a2
I20260601 13:37:23.710680  2241 tablet_copy_client.cc:538] T f38cffe96cec4940ada8a41db95c17b4 P f6bae5d3a18a47d89ae85905f0d494a2: tablet copy: Tablet Copy complete. Replacing tablet superblock.
I20260601 13:37:23.712100  2241 tablet_bootstrap.cc:492] T f38cffe96cec4940ada8a41db95c17b4 P f6bae5d3a18a47d89ae85905f0d494a2: Bootstrap starting.
I20260601 13:37:23.720890  2111 raft_consensus.cc:1217] T d7bd2e02c36a450fa12246bd8783113f P f6bae5d3a18a47d89ae85905f0d494a2 [term 1 LEARNER]: Deduplicated request from leader. Original: 1.27->[1.28-1.28]   Dedup: 1.28->[]
I20260601 13:37:23.722355  2243 tablet_copy_client.cc:538] T 764b36cb158e41e5ac81f085a67faf32 P 67e8524e58ae4b978346da08b3aa7018: tablet copy: Tablet Copy complete. Replacing tablet superblock.
I20260601 13:37:23.723819  2243 tablet_bootstrap.cc:492] T 764b36cb158e41e5ac81f085a67faf32 P 67e8524e58ae4b978346da08b3aa7018: Bootstrap starting.
I20260601 13:37:23.733090  2247 tablet_copy_client.cc:538] T d675263f880c4058860b291ca5a3600a P 942e7eac73764eb3a21bdd36418d644f: tablet copy: Tablet Copy complete. Replacing tablet superblock.
I20260601 13:37:23.733994  2241 tablet_bootstrap.cc:492] T f38cffe96cec4940ada8a41db95c17b4 P f6bae5d3a18a47d89ae85905f0d494a2: Bootstrap replayed 1/1 log segments. Stats: ops{read=27 overwritten=0 applied=27 ignored=0} inserts{seen=114 ignored=0} mutations{seen=0 ignored=0} orphaned_commits=0. Pending: 0 replicates
I20260601 13:37:23.734252  2241 tablet_bootstrap.cc:492] T f38cffe96cec4940ada8a41db95c17b4 P f6bae5d3a18a47d89ae85905f0d494a2: Bootstrap complete.
I20260601 13:37:23.734472  2247 tablet_bootstrap.cc:492] T d675263f880c4058860b291ca5a3600a P 942e7eac73764eb3a21bdd36418d644f: Bootstrap starting.
I20260601 13:37:23.734498  2241 ts_tablet_manager.cc:1403] T f38cffe96cec4940ada8a41db95c17b4 P f6bae5d3a18a47d89ae85905f0d494a2: Time spent bootstrapping tablet: real 0.022s	user 0.016s	sys 0.008s
