I20260601 13:35:51.434237 31433 raft_consensus.cc:2468] T b03cb5335f4f4453813ce3e1b5358389 P 580c49b809ac4207be95b28cbd27b949 [term 0 FOLLOWER]: Leader pre-election vote request: Granting yes vote for candidate 9af6a9134fcf48e180494090f251108c in term 0.
I20260601 13:35:51.434276 31562 raft_consensus.cc:2804] T b03cb5335f4f4453813ce3e1b5358389 P 9af6a9134fcf48e180494090f251108c [term 0 FOLLOWER]: Leader pre-election won for term 1
I20260601 13:35:51.434350 31562 raft_consensus.cc:493] T b03cb5335f4f4453813ce3e1b5358389 P 9af6a9134fcf48e180494090f251108c [term 0 FOLLOWER]: Starting leader election (no leader contacted us within the election timeout)
I20260601 13:35:51.434389 31562 raft_consensus.cc:3060] T b03cb5335f4f4453813ce3e1b5358389 P 9af6a9134fcf48e180494090f251108c [term 0 FOLLOWER]: Advancing to term 1
I20260601 13:35:51.434635 31251 catalog_manager.cc:5696] T d8c99725650d4dc0b13b83280be8fe01 P ad6c0fd129df43e49b240241fc64e53b reported cstate change: term changed from 0 to 1, leader changed from <none> to ad6c0fd129df43e49b240241fc64e53b (127.28.225.67). New cstate: current_term: 1 leader_uuid: "ad6c0fd129df43e49b240241fc64e53b" committed_config { opid_index: -1 OBSOLETE_local: false peers { permanent_uuid: "9af6a9134fcf48e180494090f251108c" member_type: VOTER last_known_addr { host: "127.28.225.65" port: 44561 } health_report { overall_health: UNKNOWN } } peers { permanent_uuid: "580c49b809ac4207be95b28cbd27b949" member_type: VOTER last_known_addr { host: "127.28.225.66" port: 41803 } health_report { overall_health: UNKNOWN } } peers { permanent_uuid: "ad6c0fd129df43e49b240241fc64e53b" member_type: VOTER last_known_addr { host: "127.28.225.67" port: 33251 } health_report { overall_health: HEALTHY } } }
I20260601 13:35:51.435076 31562 raft_consensus.cc:515] T b03cb5335f4f4453813ce3e1b5358389 P 9af6a9134fcf48e180494090f251108c [term 1 FOLLOWER]: Starting leader election with config: opid_index: -1 OBSOLETE_local: false peers { permanent_uuid: "9af6a9134fcf48e180494090f251108c" member_type: VOTER last_known_addr { host: "127.28.225.65" port: 44561 } } peers { permanent_uuid: "580c49b809ac4207be95b28cbd27b949" member_type: VOTER last_known_addr { host: "127.28.225.66" port: 41803 } } peers { permanent_uuid: "ad6c0fd129df43e49b240241fc64e53b" member_type: VOTER last_known_addr { host: "127.28.225.67" port: 33251 } }
I20260601 13:35:51.435407 31562 leader_election.cc:290] T b03cb5335f4f4453813ce3e1b5358389 P 9af6a9134fcf48e180494090f251108c [CANDIDATE]: Term 1 election: Requested vote from peers 580c49b809ac4207be95b28cbd27b949 (127.28.225.66:41803), ad6c0fd129df43e49b240241fc64e53b (127.28.225.67:33251)
I20260601 13:35:51.435724 31433 tablet_service.cc:1917] Received RequestConsensusVote() RPC: tablet_id: "b03cb5335f4f4453813ce3e1b5358389" candidate_uuid: "9af6a9134fcf48e180494090f251108c" candidate_term: 1 candidate_status { last_received { term: 0 index: 0 } } ignore_live_leader: false dest_uuid: "580c49b809ac4207be95b28cbd27b949"
I20260601 13:35:51.435808 31509 tablet_service.cc:1917] Received RequestConsensusVote() RPC: tablet_id: "b03cb5335f4f4453813ce3e1b5358389" candidate_uuid: "9af6a9134fcf48e180494090f251108c" candidate_term: 1 candidate_status { last_received { term: 0 index: 0 } } ignore_live_leader: false dest_uuid: "ad6c0fd129df43e49b240241fc64e53b"
I20260601 13:35:51.435825 31433 raft_consensus.cc:3060] T b03cb5335f4f4453813ce3e1b5358389 P 580c49b809ac4207be95b28cbd27b949 [term 0 FOLLOWER]: Advancing to term 1
I20260601 13:35:51.435940 31509 raft_consensus.cc:3060] T b03cb5335f4f4453813ce3e1b5358389 P ad6c0fd129df43e49b240241fc64e53b [term 0 FOLLOWER]: Advancing to term 1
I20260601 13:35:51.436590 31433 raft_consensus.cc:2468] T b03cb5335f4f4453813ce3e1b5358389 P 580c49b809ac4207be95b28cbd27b949 [term 1 FOLLOWER]: Leader election vote request: Granting yes vote for candidate 9af6a9134fcf48e180494090f251108c in term 1.
I20260601 13:35:51.436650 31509 raft_consensus.cc:2468] T b03cb5335f4f4453813ce3e1b5358389 P ad6c0fd129df43e49b240241fc64e53b [term 1 FOLLOWER]: Leader election vote request: Granting yes vote for candidate 9af6a9134fcf48e180494090f251108c in term 1.
I20260601 13:35:51.436884 31322 leader_election.cc:304] T b03cb5335f4f4453813ce3e1b5358389 P 9af6a9134fcf48e180494090f251108c [CANDIDATE]: Term 1 election: Election decided. Result: candidate won. Election summary: received 2 responses out of 3 voters: 2 yes votes; 0 no votes. yes voters: 580c49b809ac4207be95b28cbd27b949, 9af6a9134fcf48e180494090f251108c; no voters: 
I20260601 13:35:51.437665 31562 raft_consensus.cc:2804] T b03cb5335f4f4453813ce3e1b5358389 P 9af6a9134fcf48e180494090f251108c [term 1 FOLLOWER]: Leader election won for term 1
I20260601 13:35:51.437894 31562 raft_consensus.cc:697] T b03cb5335f4f4453813ce3e1b5358389 P 9af6a9134fcf48e180494090f251108c [term 1 LEADER]: Becoming Leader. State: Replica: 9af6a9134fcf48e180494090f251108c, State: Running, Role: LEADER
I20260601 13:35:51.438045 31562 consensus_queue.cc:237] T b03cb5335f4f4453813ce3e1b5358389 P 9af6a9134fcf48e180494090f251108c [LEADER]: Queue going to LEADER mode. State: All replicated index: 0, Majority replicated index: 0, Committed index: 0, Last appended: 0.0, Last appended by leader: 0, Current term: 1, Majority size: 2, State: 0, Mode: LEADER, active raft config: opid_index: -1 OBSOLETE_local: false peers { permanent_uuid: "9af6a9134fcf48e180494090f251108c" member_type: VOTER last_known_addr { host: "127.28.225.65" port: 44561 } } peers { permanent_uuid: "580c49b809ac4207be95b28cbd27b949" member_type: VOTER last_known_addr { host: "127.28.225.66" port: 41803 } } peers { permanent_uuid: "ad6c0fd129df43e49b240241fc64e53b" member_type: VOTER last_known_addr { host: "127.28.225.67" port: 33251 } }
I20260601 13:35:51.439462 31251 catalog_manager.cc:5696] T b03cb5335f4f4453813ce3e1b5358389 P 9af6a9134fcf48e180494090f251108c reported cstate change: term changed from 0 to 1, leader changed from <none> to 9af6a9134fcf48e180494090f251108c (127.28.225.65). New cstate: current_term: 1 leader_uuid: "9af6a9134fcf48e180494090f251108c" committed_config { opid_index: -1 OBSOLETE_local: false peers { permanent_uuid: "9af6a9134fcf48e180494090f251108c" member_type: VOTER last_known_addr { host: "127.28.225.65" port: 44561 } health_report { overall_health: HEALTHY } } peers { permanent_uuid: "580c49b809ac4207be95b28cbd27b949" member_type: VOTER last_known_addr { host: "127.28.225.66" port: 41803 } health_report { overall_health: UNKNOWN } } peers { permanent_uuid: "ad6c0fd129df43e49b240241fc64e53b" member_type: VOTER last_known_addr { host: "127.28.225.67" port: 33251 } health_report { overall_health: UNKNOWN } } }
I20260601 13:35:51.901979 31562 consensus_queue.cc:1048] T b03cb5335f4f4453813ce3e1b5358389 P 9af6a9134fcf48e180494090f251108c [LEADER]: Connected to new peer: Peer: permanent_uuid: "580c49b809ac4207be95b28cbd27b949" member_type: VOTER last_known_addr { host: "127.28.225.66" port: 41803 }, Status: LMP_MISMATCH, Last received: 0.0, Next index: 1, Last known committed idx: 0, Time since last communication: 0.000s
I20260601 13:35:51.905578 31562 consensus_queue.cc:1048] T b03cb5335f4f4453813ce3e1b5358389 P 9af6a9134fcf48e180494090f251108c [LEADER]: Connected to new peer: Peer: permanent_uuid: "ad6c0fd129df43e49b240241fc64e53b" member_type: VOTER last_known_addr { host: "127.28.225.67" port: 33251 }, Status: LMP_MISMATCH, Last received: 0.0, Next index: 1, Last known committed idx: 0, Time since last communication: 0.000s
I20260601 13:35:51.963780 31565 consensus_queue.cc:1048] T d8c99725650d4dc0b13b83280be8fe01 P ad6c0fd129df43e49b240241fc64e53b [LEADER]: Connected to new peer: Peer: permanent_uuid: "580c49b809ac4207be95b28cbd27b949" member_type: VOTER last_known_addr { host: "127.28.225.66" port: 41803 }, Status: LMP_MISMATCH, Last received: 0.0, Next index: 1, Last known committed idx: 0, Time since last communication: 0.000s
I20260601 13:35:51.966908 31584 consensus_queue.cc:1048] T d8c99725650d4dc0b13b83280be8fe01 P ad6c0fd129df43e49b240241fc64e53b [LEADER]: Connected to new peer: Peer: permanent_uuid: "9af6a9134fcf48e180494090f251108c" member_type: VOTER last_known_addr { host: "127.28.225.65" port: 44561 }, Status: LMP_MISMATCH, Last received: 0.0, Next index: 1, Last known committed idx: 0, Time since last communication: 0.000s
I20260601 13:35:52.151754 31306 auto_leader_rebalancer.cc:140] leader rebalance for table test-workload
I20260601 13:35:52.152174 31306 auto_leader_rebalancer.cc:388] table: test-workload, leader rebalance finish, leader transfer count: 0
I20260601 13:35:52.152241 31306 auto_leader_rebalancer.cc:451] All tables' leader rebalancing finished this round
I20260601 13:35:54.152549 31306 auto_leader_rebalancer.cc:140] leader rebalance for table test-workload
I20260601 13:35:54.153054 31306 auto_leader_rebalancer.cc:388] table: test-workload, leader rebalance finish, leader transfer count: 0
I20260601 13:35:54.153121 31306 auto_leader_rebalancer.cc:451] All tables' leader rebalancing finished this round
I20260601 13:35:56.153401 31306 auto_leader_rebalancer.cc:140] leader rebalance for table test-workload
I20260601 13:35:56.153869 31306 auto_leader_rebalancer.cc:388] table: test-workload, leader rebalance finish, leader transfer count: 0
I20260601 13:35:56.153935 31306 auto_leader_rebalancer.cc:451] All tables' leader rebalancing finished this round
I20260601 13:35:58.154268 31306 auto_leader_rebalancer.cc:140] leader rebalance for table test-workload
I20260601 13:35:58.154762 31306 auto_leader_rebalancer.cc:388] table: test-workload, leader rebalance finish, leader transfer count: 0
I20260601 13:35:58.154832 31306 auto_leader_rebalancer.cc:451] All tables' leader rebalancing finished this round
I20260601 13:36:00.155150 31306 auto_leader_rebalancer.cc:140] leader rebalance for table test-workload
I20260601 13:36:00.155591 31306 auto_leader_rebalancer.cc:388] table: test-workload, leader rebalance finish, leader transfer count: 0
I20260601 13:36:00.155656 31306 auto_leader_rebalancer.cc:451] All tables' leader rebalancing finished this round
I20260601 13:36:02.156080 31306 auto_leader_rebalancer.cc:140] leader rebalance for table test-workload
I20260601 13:36:02.156495 31306 auto_leader_rebalancer.cc:388] table: test-workload, leader rebalance finish, leader transfer count: 0
I20260601 13:36:02.156579 31306 auto_leader_rebalancer.cc:451] All tables' leader rebalancing finished this round
I20260601 13:36:02.509049 29573 file_cache.cc:492] Constructed file cache file cache with capacity 419430
W20260601 13:36:02.510977 31594 instance_detector.cc:116] could not retrieve AWS instance metadata: Network error: curl error: HTTP response code said error: The requested URL returned error: 404
W20260601 13:36:02.511072 31595 instance_detector.cc:116] could not retrieve Azure instance metadata: Network error: curl error: HTTP response code said error: The requested URL returned error: 404
W20260601 13:36:02.511070 31597 instance_detector.cc:116] could not retrieve OpenStack instance metadata: Network error: curl error: HTTP response code said error: The requested URL returned error: 404
I20260601 13:36:02.511328 29573 server_base.cc:1061] running on GCE node
I20260601 13:36:02.511540 29573 hybrid_clock.cc:584] initializing the hybrid clock with 'system_unsync' time source
W20260601 13:36:02.511580 29573 system_unsync_time.cc:38] NTP support is disabled. Clock error bounds will not be accurate. This configuration is not suitable for distributed clusters.
I20260601 13:36:02.511596 29573 hybrid_clock.cc:648] HybridClock initialized: now 1780320962511596 us; error 0 us; skew 500 ppm
I20260601 13:36:02.512583 29573 webserver.cc:533] Webserver started at http://127.28.225.68:46519/ using document root <none> and password file <none>
I20260601 13:36:02.512755 29573 fs_manager.cc:362] Metadata directory not provided
I20260601 13:36:02.512801 29573 fs_manager.cc:368] Using write-ahead log directory (fs_wal_dir) as metadata directory
I20260601 13:36:02.512925 29573 server_base.cc:909] This appears to be a new deployment of Kudu; creating new FS layout
I20260601 13:36:02.513314 29573 fs_manager.cc:1068] Generated new instance metadata in path /tmp/dist-test-taskgC2OoD/test-tmp/auto_rebalancer-test.0.AutoRebalancerTest.MovesScheduledIfAddTserver.1780320933571783-29573-0/minicluster-data/ts-3-root/instance:
uuid: "3948c90ca66d48a2baa5cc3addb2c36c"
format_stamp: "Formatted at 2026-06-01 13:36:02 on dist-test-slave-1x08"
I20260601 13:36:02.514827 29573 fs_manager.cc:696] Time spent creating directory manager: real 0.001s	user 0.002s	sys 0.000s
I20260601 13:36:02.515707 31602 log_block_manager.cc:4031] Time spent loading block containers with low live blocks: real 0.000s	user 0.000s	sys 0.000s
I20260601 13:36:02.515992 29573 fs_manager.cc:730] Time spent opening block manager: real 0.001s	user 0.001s	sys 0.000s
I20260601 13:36:02.516078 29573 fs_manager.cc:647] Opened local filesystem: /tmp/dist-test-taskgC2OoD/test-tmp/auto_rebalancer-test.0.AutoRebalancerTest.MovesScheduledIfAddTserver.1780320933571783-29573-0/minicluster-data/ts-3-root
uuid: "3948c90ca66d48a2baa5cc3addb2c36c"
format_stamp: "Formatted at 2026-06-01 13:36:02 on dist-test-slave-1x08"
I20260601 13:36:02.516161 29573 fs_report.cc:389] FS layout report
--------------------
wal directory: /tmp/dist-test-taskgC2OoD/test-tmp/auto_rebalancer-test.0.AutoRebalancerTest.MovesScheduledIfAddTserver.1780320933571783-29573-0/minicluster-data/ts-3-root
metadata directory: /tmp/dist-test-taskgC2OoD/test-tmp/auto_rebalancer-test.0.AutoRebalancerTest.MovesScheduledIfAddTserver.1780320933571783-29573-0/minicluster-data/ts-3-root
1 data directories: /tmp/dist-test-taskgC2OoD/test-tmp/auto_rebalancer-test.0.AutoRebalancerTest.MovesScheduledIfAddTserver.1780320933571783-29573-0/minicluster-data/ts-3-root/data
Total live blocks: 0
Total live bytes: 0
Total live bytes (after alignment): 0
Total number of LBM containers: 0 (0 full)
Did not check for missing blocks
Did not check for orphaned blocks
Total full LBM containers with extra space: 0 (0 repaired)
Total full LBM container extra space in bytes: 0 (0 repaired)
Total incomplete LBM containers: 0 (0 repaired)
Total LBM partial records: 0 (0 repaired)
Total corrupted LBM metadata records in RocksDB: 0 (0 repaired)
I20260601 13:36:02.534474 29573 rpc_server.cc:225] running with OpenSSL 1.1.1  11 Sep 2018
I20260601 13:36:02.534890 29573 kserver.cc:163] Server-wide thread pool size limit: 3276
I20260601 13:36:02.535205 29573 txn_system_client.cc:432] TxnSystemClient initialization is disabled...
I20260601 13:36:02.535693 29573 ts_tablet_manager.cc:585] Loaded tablet metadata (0 total tablets, 0 live tablets)
I20260601 13:36:02.535754 29573 ts_tablet_manager.cc:531] Time spent load tablet metadata: real 0.000s	user 0.000s	sys 0.000s
I20260601 13:36:02.535811 29573 ts_tablet_manager.cc:616] Registered 0 tablets
I20260601 13:36:02.535857 29573 ts_tablet_manager.cc:595] Time spent register tablets: real 0.000s	user 0.000s	sys 0.000s
I20260601 13:36:02.540503 29573 rpc_server.cc:307] RPC server started. Bound to: 127.28.225.68:41321
I20260601 13:36:02.540531 31668 acceptor_pool.cc:272] collecting diagnostics on the listening RPC socket 127.28.225.68:41321 every 8 connection(s)
I20260601 13:36:02.549466 31669 heartbeater.cc:344] Connected to a master server at 127.28.225.126:37481
I20260601 13:36:02.549566 31669 heartbeater.cc:461] Registering TS with master...
I20260601 13:36:02.549762 31669 heartbeater.cc:507] Master 127.28.225.126:37481 requested a full tablet report, sending...
I20260601 13:36:02.550420 31251 ts_manager.cc:194] Registered new tserver with Master: 3948c90ca66d48a2baa5cc3addb2c36c (127.28.225.68:41321)
I20260601 13:36:02.550998 31251 master_service.cc:502] Signed X509 certificate for tserver {username='slave'} at 127.0.0.1:58154
I20260601 13:36:03.166692 31509 consensus_queue.cc:237] T d8c99725650d4dc0b13b83280be8fe01 P ad6c0fd129df43e49b240241fc64e53b [LEADER]: Queue going to LEADER mode. State: All replicated index: 0, Majority replicated index: 1, Committed index: 1, Last appended: 1.1, Last appended by leader: 0, Current term: 1, Majority size: 2, State: 0, Mode: LEADER, active raft config: opid_index: 2 OBSOLETE_local: false peers { permanent_uuid: "9af6a9134fcf48e180494090f251108c" member_type: VOTER last_known_addr { host: "127.28.225.65" port: 44561 } attrs { replace: true } } peers { permanent_uuid: "580c49b809ac4207be95b28cbd27b949" member_type: VOTER last_known_addr { host: "127.28.225.66" port: 41803 } } peers { permanent_uuid: "ad6c0fd129df43e49b240241fc64e53b" member_type: VOTER last_known_addr { host: "127.28.225.67" port: 33251 } } peers { permanent_uuid: "3948c90ca66d48a2baa5cc3addb2c36c" member_type: NON_VOTER last_known_addr { host: "127.28.225.68" port: 41321 } attrs { promote: true } }
I20260601 13:36:03.168891 31433 raft_consensus.cc:1275] T d8c99725650d4dc0b13b83280be8fe01 P 580c49b809ac4207be95b28cbd27b949 [term 1 FOLLOWER]: Refusing update from remote peer ad6c0fd129df43e49b240241fc64e53b: Log matching property violated. Preceding OpId in replica: term: 1 index: 1. Preceding OpId from leader: term: 1 index: 2. (index mismatch)
I20260601 13:36:03.168924 31356 raft_consensus.cc:1275] T d8c99725650d4dc0b13b83280be8fe01 P 9af6a9134fcf48e180494090f251108c [term 1 FOLLOWER]: Refusing update from remote peer ad6c0fd129df43e49b240241fc64e53b: Log matching property violated. Preceding OpId in replica: term: 1 index: 1. Preceding OpId from leader: term: 1 index: 2. (index mismatch)
I20260601 13:36:03.169265 31677 consensus_queue.cc:1048] T d8c99725650d4dc0b13b83280be8fe01 P ad6c0fd129df43e49b240241fc64e53b [LEADER]: Connected to new peer: Peer: permanent_uuid: "580c49b809ac4207be95b28cbd27b949" member_type: VOTER last_known_addr { host: "127.28.225.66" port: 41803 }, Status: LMP_MISMATCH, Last received: 0.0, Next index: 2, Last known committed idx: 1, Time since last communication: 0.000s
I20260601 13:36:03.169508 31676 consensus_queue.cc:1048] T d8c99725650d4dc0b13b83280be8fe01 P ad6c0fd129df43e49b240241fc64e53b [LEADER]: Connected to new peer: Peer: permanent_uuid: "9af6a9134fcf48e180494090f251108c" member_type: VOTER last_known_addr { host: "127.28.225.65" port: 44561 } attrs { replace: true }, Status: LMP_MISMATCH, Last received: 0.0, Next index: 2, Last known committed idx: 1, Time since last communication: 0.000s
I20260601 13:36:03.171162 31677 raft_consensus.cc:2955] T d8c99725650d4dc0b13b83280be8fe01 P ad6c0fd129df43e49b240241fc64e53b [term 1 LEADER]: Committing config change with OpId 1.2: config changed from index -1 to 2, NON_VOTER 3948c90ca66d48a2baa5cc3addb2c36c (127.28.225.68) added. New config: { opid_index: 2 OBSOLETE_local: false peers { permanent_uuid: "9af6a9134fcf48e180494090f251108c" member_type: VOTER last_known_addr { host: "127.28.225.65" port: 44561 } attrs { replace: true } } peers { permanent_uuid: "580c49b809ac4207be95b28cbd27b949" member_type: VOTER last_known_addr { host: "127.28.225.66" port: 41803 } } peers { permanent_uuid: "ad6c0fd129df43e49b240241fc64e53b" member_type: VOTER last_known_addr { host: "127.28.225.67" port: 33251 } } peers { permanent_uuid: "3948c90ca66d48a2baa5cc3addb2c36c" member_type: NON_VOTER last_known_addr { host: "127.28.225.68" port: 41321 } attrs { promote: true } } }
I20260601 13:36:03.171617 31433 raft_consensus.cc:2955] T d8c99725650d4dc0b13b83280be8fe01 P 580c49b809ac4207be95b28cbd27b949 [term 1 FOLLOWER]: Committing config change with OpId 1.2: config changed from index -1 to 2, NON_VOTER 3948c90ca66d48a2baa5cc3addb2c36c (127.28.225.68) added. New config: { opid_index: 2 OBSOLETE_local: false peers { permanent_uuid: "9af6a9134fcf48e180494090f251108c" member_type: VOTER last_known_addr { host: "127.28.225.65" port: 44561 } attrs { replace: true } } peers { permanent_uuid: "580c49b809ac4207be95b28cbd27b949" member_type: VOTER last_known_addr { host: "127.28.225.66" port: 41803 } } peers { permanent_uuid: "ad6c0fd129df43e49b240241fc64e53b" member_type: VOTER last_known_addr { host: "127.28.225.67" port: 33251 } } peers { permanent_uuid: "3948c90ca66d48a2baa5cc3addb2c36c" member_type: NON_VOTER last_known_addr { host: "127.28.225.68" port: 41321 } attrs { promote: true } } }
W20260601 13:36:03.173619 31475 consensus_peers.cc:597] T d8c99725650d4dc0b13b83280be8fe01 P ad6c0fd129df43e49b240241fc64e53b -> Peer 3948c90ca66d48a2baa5cc3addb2c36c (127.28.225.68:41321): Couldn't send request to peer 3948c90ca66d48a2baa5cc3addb2c36c. Error code: TABLET_NOT_FOUND (6). Status: Not found: Tablet not found: d8c99725650d4dc0b13b83280be8fe01. This is attempt 1: this message will repeat every 5th retry.
I20260601 13:36:03.173938 31251 catalog_manager.cc:5696] T d8c99725650d4dc0b13b83280be8fe01 P ad6c0fd129df43e49b240241fc64e53b reported cstate change: config changed from index -1 to 2, NON_VOTER 3948c90ca66d48a2baa5cc3addb2c36c (127.28.225.68) added. New cstate: current_term: 1 leader_uuid: "ad6c0fd129df43e49b240241fc64e53b" committed_config { opid_index: 2 OBSOLETE_local: false peers { permanent_uuid: "9af6a9134fcf48e180494090f251108c" member_type: VOTER last_known_addr { host: "127.28.225.65" port: 44561 } attrs { replace: true } health_report { overall_health: UNKNOWN } } peers { permanent_uuid: "580c49b809ac4207be95b28cbd27b949" member_type: VOTER last_known_addr { host: "127.28.225.66" port: 41803 } health_report { overall_health: HEALTHY } } peers { permanent_uuid: "ad6c0fd129df43e49b240241fc64e53b" member_type: VOTER last_known_addr { host: "127.28.225.67" port: 33251 } health_report { overall_health: HEALTHY } } peers { permanent_uuid: "3948c90ca66d48a2baa5cc3addb2c36c" member_type: NON_VOTER last_known_addr { host: "127.28.225.68" port: 41321 } attrs { promote: true } health_report { overall_health: UNKNOWN } } }
I20260601 13:36:03.174311 31356 raft_consensus.cc:2955] T d8c99725650d4dc0b13b83280be8fe01 P 9af6a9134fcf48e180494090f251108c [term 1 FOLLOWER]: Committing config change with OpId 1.2: config changed from index -1 to 2, NON_VOTER 3948c90ca66d48a2baa5cc3addb2c36c (127.28.225.68) added. New config: { opid_index: 2 OBSOLETE_local: false peers { permanent_uuid: "9af6a9134fcf48e180494090f251108c" member_type: VOTER last_known_addr { host: "127.28.225.65" port: 44561 } attrs { replace: true } } peers { permanent_uuid: "580c49b809ac4207be95b28cbd27b949" member_type: VOTER last_known_addr { host: "127.28.225.66" port: 41803 } } peers { permanent_uuid: "ad6c0fd129df43e49b240241fc64e53b" member_type: VOTER last_known_addr { host: "127.28.225.67" port: 33251 } } peers { permanent_uuid: "3948c90ca66d48a2baa5cc3addb2c36c" member_type: NON_VOTER last_known_addr { host: "127.28.225.68" port: 41321 } attrs { promote: true } } }
I20260601 13:36:03.551875 31669 heartbeater.cc:499] Master 127.28.225.126:37481 was elected leader, sending a full tablet report...
I20260601 13:36:03.661023 31687 ts_tablet_manager.cc:933] T d8c99725650d4dc0b13b83280be8fe01 P 3948c90ca66d48a2baa5cc3addb2c36c: Initiating tablet copy from peer ad6c0fd129df43e49b240241fc64e53b (127.28.225.67:33251)
I20260601 13:36:03.661716 31687 tablet_copy_client.cc:323] T d8c99725650d4dc0b13b83280be8fe01 P 3948c90ca66d48a2baa5cc3addb2c36c: tablet copy: Beginning tablet copy session from remote peer at address 127.28.225.67:33251
I20260601 13:36:03.665829 31520 tablet_copy_service.cc:140] P ad6c0fd129df43e49b240241fc64e53b: Received BeginTabletCopySession request for tablet d8c99725650d4dc0b13b83280be8fe01 from peer 3948c90ca66d48a2baa5cc3addb2c36c ({username='slave'} at 127.0.0.1:48364)
I20260601 13:36:03.665967 31520 tablet_copy_service.cc:161] P ad6c0fd129df43e49b240241fc64e53b: Beginning new tablet copy session on tablet d8c99725650d4dc0b13b83280be8fe01 from peer 3948c90ca66d48a2baa5cc3addb2c36c at {username='slave'} at 127.0.0.1:48364: session id = 3948c90ca66d48a2baa5cc3addb2c36c-d8c99725650d4dc0b13b83280be8fe01
I20260601 13:36:03.667445 31520 tablet_copy_source_session.cc:215] T d8c99725650d4dc0b13b83280be8fe01 P ad6c0fd129df43e49b240241fc64e53b: Tablet Copy: opened 0 blocks and 1 log segments
I20260601 13:36:03.668628 31687 data_dirs.cc:400] Could only allocate 1 dirs of requested 3 for tablet d8c99725650d4dc0b13b83280be8fe01. 1 dirs total, 0 dirs full, 0 dirs failed
I20260601 13:36:03.670537 31687 tablet_copy_client.cc:806] T d8c99725650d4dc0b13b83280be8fe01 P 3948c90ca66d48a2baa5cc3addb2c36c: tablet copy: Starting download of 0 data blocks...
I20260601 13:36:03.670737 31687 tablet_copy_client.cc:670] T d8c99725650d4dc0b13b83280be8fe01 P 3948c90ca66d48a2baa5cc3addb2c36c: tablet copy: Starting download of 1 WAL segments...
I20260601 13:36:03.672227 31687 tablet_copy_client.cc:538] T d8c99725650d4dc0b13b83280be8fe01 P 3948c90ca66d48a2baa5cc3addb2c36c: tablet copy: Tablet Copy complete. Replacing tablet superblock.
I20260601 13:36:03.673547 31687 tablet_bootstrap.cc:492] T d8c99725650d4dc0b13b83280be8fe01 P 3948c90ca66d48a2baa5cc3addb2c36c: Bootstrap starting.
I20260601 13:36:03.677845 31687 tablet_bootstrap.cc:492] T d8c99725650d4dc0b13b83280be8fe01 P 3948c90ca66d48a2baa5cc3addb2c36c: Bootstrap replayed 1/1 log segments. Stats: ops{read=2 overwritten=0 applied=2 ignored=0} inserts{seen=0 ignored=0} mutations{seen=0 ignored=0} orphaned_commits=0. Pending: 0 replicates
I20260601 13:36:03.678125 31687 tablet_bootstrap.cc:492] T d8c99725650d4dc0b13b83280be8fe01 P 3948c90ca66d48a2baa5cc3addb2c36c: Bootstrap complete.
I20260601 13:36:03.678303 31687 ts_tablet_manager.cc:1403] T d8c99725650d4dc0b13b83280be8fe01 P 3948c90ca66d48a2baa5cc3addb2c36c: Time spent bootstrapping tablet: real 0.005s	user 0.004s	sys 0.000s
I20260601 13:36:03.678755 31687 raft_consensus.cc:359] T d8c99725650d4dc0b13b83280be8fe01 P 3948c90ca66d48a2baa5cc3addb2c36c [term 1 LEARNER]: Replica starting. Triggering 0 pending ops. Active config: opid_index: 2 OBSOLETE_local: false peers { permanent_uuid: "9af6a9134fcf48e180494090f251108c" member_type: VOTER last_known_addr { host: "127.28.225.65" port: 44561 } attrs { replace: true } } peers { permanent_uuid: "580c49b809ac4207be95b28cbd27b949" member_type: VOTER last_known_addr { host: "127.28.225.66" port: 41803 } } peers { permanent_uuid: "ad6c0fd129df43e49b240241fc64e53b" member_type: VOTER last_known_addr { host: "127.28.225.67" port: 33251 } } peers { permanent_uuid: "3948c90ca66d48a2baa5cc3addb2c36c" member_type: NON_VOTER last_known_addr { host: "127.28.225.68" port: 41321 } attrs { promote: true } }
I20260601 13:36:03.678884 31687 raft_consensus.cc:740] T d8c99725650d4dc0b13b83280be8fe01 P 3948c90ca66d48a2baa5cc3addb2c36c [term 1 LEARNER]: Becoming Follower/Learner. State: Replica: 3948c90ca66d48a2baa5cc3addb2c36c, State: Initialized, Role: LEARNER
I20260601 13:36:03.679023 31687 consensus_queue.cc:260] T d8c99725650d4dc0b13b83280be8fe01 P 3948c90ca66d48a2baa5cc3addb2c36c [NON_LEADER]: Queue going to NON_LEADER mode. State: All replicated index: 0, Majority replicated index: 0, Committed index: 2, Last appended: 1.2, Last appended by leader: 2, Current term: 0, Majority size: -1, State: 0, Mode: NON_LEADER, active raft config: opid_index: 2 OBSOLETE_local: false peers { permanent_uuid: "9af6a9134fcf48e180494090f251108c" member_type: VOTER last_known_addr { host: "127.28.225.65" port: 44561 } attrs { replace: true } } peers { permanent_uuid: "580c49b809ac4207be95b28cbd27b949" member_type: VOTER last_known_addr { host: "127.28.225.66" port: 41803 } } peers { permanent_uuid: "ad6c0fd129df43e49b240241fc64e53b" member_type: VOTER last_known_addr { host: "127.28.225.67" port: 33251 } } peers { permanent_uuid: "3948c90ca66d48a2baa5cc3addb2c36c" member_type: NON_VOTER last_known_addr { host: "127.28.225.68" port: 41321 } attrs { promote: true } }
I20260601 13:36:03.679380 31687 ts_tablet_manager.cc:1434] T d8c99725650d4dc0b13b83280be8fe01 P 3948c90ca66d48a2baa5cc3addb2c36c: Time spent starting tablet: real 0.001s	user 0.003s	sys 0.000s
I20260601 13:36:03.679976 31520 tablet_copy_service.cc:342] P ad6c0fd129df43e49b240241fc64e53b: Request end of tablet copy session 3948c90ca66d48a2baa5cc3addb2c36c-d8c99725650d4dc0b13b83280be8fe01 received from {username='slave'} at 127.0.0.1:48364
I20260601 13:36:03.680078 31520 tablet_copy_service.cc:434] P ad6c0fd129df43e49b240241fc64e53b: ending tablet copy session 3948c90ca66d48a2baa5cc3addb2c36c-d8c99725650d4dc0b13b83280be8fe01 on tablet d8c99725650d4dc0b13b83280be8fe01 with peer 3948c90ca66d48a2baa5cc3addb2c36c
I20260601 13:36:04.106320 31642 raft_consensus.cc:1217] T d8c99725650d4dc0b13b83280be8fe01 P 3948c90ca66d48a2baa5cc3addb2c36c [term 1 LEARNER]: Deduplicated request from leader. Original: 1.1->[1.2-1.2]   Dedup: 1.2->[]
I20260601 13:36:04.156908 31306 auto_leader_rebalancer.cc:140] leader rebalance for table test-workload
I20260601 13:36:04.157337 31306 auto_leader_rebalancer.cc:388] table: test-workload, leader rebalance finish, leader transfer count: 0
I20260601 13:36:04.157436 31306 auto_leader_rebalancer.cc:451] All tables' leader rebalancing finished this round
I20260601 13:36:04.700815 31694 raft_consensus.cc:1064] T d8c99725650d4dc0b13b83280be8fe01 P ad6c0fd129df43e49b240241fc64e53b: attempting to promote NON_VOTER 3948c90ca66d48a2baa5cc3addb2c36c to VOTER
I20260601 13:36:04.701382 31694 consensus_queue.cc:237] T d8c99725650d4dc0b13b83280be8fe01 P ad6c0fd129df43e49b240241fc64e53b [LEADER]: Queue going to LEADER mode. State: All replicated index: 0, Majority replicated index: 2, Committed index: 2, Last appended: 1.2, Last appended by leader: 0, Current term: 1, Majority size: 3, State: 0, Mode: LEADER, active raft config: opid_index: 3 OBSOLETE_local: false peers { permanent_uuid: "9af6a9134fcf48e180494090f251108c" member_type: VOTER last_known_addr { host: "127.28.225.65" port: 44561 } attrs { replace: true } } peers { permanent_uuid: "580c49b809ac4207be95b28cbd27b949" member_type: VOTER last_known_addr { host: "127.28.225.66" port: 41803 } } peers { permanent_uuid: "ad6c0fd129df43e49b240241fc64e53b" member_type: VOTER last_known_addr { host: "127.28.225.67" port: 33251 } } peers { permanent_uuid: "3948c90ca66d48a2baa5cc3addb2c36c" member_type: VOTER last_known_addr { host: "127.28.225.68" port: 41321 } attrs { promote: false } }
I20260601 13:36:04.702795 31642 raft_consensus.cc:1275] T d8c99725650d4dc0b13b83280be8fe01 P 3948c90ca66d48a2baa5cc3addb2c36c [term 1 LEARNER]: Refusing update from remote peer ad6c0fd129df43e49b240241fc64e53b: Log matching property violated. Preceding OpId in replica: term: 1 index: 2. Preceding OpId from leader: term: 1 index: 3. (index mismatch)
I20260601 13:36:04.703336 31356 raft_consensus.cc:1275] T d8c99725650d4dc0b13b83280be8fe01 P 9af6a9134fcf48e180494090f251108c [term 1 FOLLOWER]: Refusing update from remote peer ad6c0fd129df43e49b240241fc64e53b: Log matching property violated. Preceding OpId in replica: term: 1 index: 2. Preceding OpId from leader: term: 1 index: 3. (index mismatch)
I20260601 13:36:04.703385 31696 consensus_queue.cc:1048] T d8c99725650d4dc0b13b83280be8fe01 P ad6c0fd129df43e49b240241fc64e53b [LEADER]: Connected to new peer: Peer: permanent_uuid: "3948c90ca66d48a2baa5cc3addb2c36c" member_type: VOTER last_known_addr { host: "127.28.225.68" port: 41321 } attrs { promote: false }, Status: LMP_MISMATCH, Last received: 0.0, Next index: 3, Last known committed idx: 2, Time since last communication: 0.000s
I20260601 13:36:04.703517 31433 raft_consensus.cc:1275] T d8c99725650d4dc0b13b83280be8fe01 P 580c49b809ac4207be95b28cbd27b949 [term 1 FOLLOWER]: Refusing update from remote peer ad6c0fd129df43e49b240241fc64e53b: Log matching property violated. Preceding OpId in replica: term: 1 index: 2. Preceding OpId from leader: term: 1 index: 3. (index mismatch)
I20260601 13:36:04.703783 31694 consensus_queue.cc:1048] T d8c99725650d4dc0b13b83280be8fe01 P ad6c0fd129df43e49b240241fc64e53b [LEADER]: Connected to new peer: Peer: permanent_uuid: "9af6a9134fcf48e180494090f251108c" member_type: VOTER last_known_addr { host: "127.28.225.65" port: 44561 } attrs { replace: true }, Status: LMP_MISMATCH, Last received: 0.0, Next index: 3, Last known committed idx: 2, Time since last communication: 0.000s
I20260601 13:36:04.704459 31696 consensus_queue.cc:1048] T d8c99725650d4dc0b13b83280be8fe01 P ad6c0fd129df43e49b240241fc64e53b [LEADER]: Connected to new peer: Peer: permanent_uuid: "580c49b809ac4207be95b28cbd27b949" member_type: VOTER last_known_addr { host: "127.28.225.66" port: 41803 }, Status: LMP_MISMATCH, Last received: 0.0, Next index: 3, Last known committed idx: 2, Time since last communication: 0.000s
I20260601 13:36:04.705742 31694 raft_consensus.cc:2955] T d8c99725650d4dc0b13b83280be8fe01 P ad6c0fd129df43e49b240241fc64e53b [term 1 LEADER]: Committing config change with OpId 1.3: config changed from index 2 to 3, 3948c90ca66d48a2baa5cc3addb2c36c (127.28.225.68) changed from NON_VOTER to VOTER. New config: { opid_index: 3 OBSOLETE_local: false peers { permanent_uuid: "9af6a9134fcf48e180494090f251108c" member_type: VOTER last_known_addr { host: "127.28.225.65" port: 44561 } attrs { replace: true } } peers { permanent_uuid: "580c49b809ac4207be95b28cbd27b949" member_type: VOTER last_known_addr { host: "127.28.225.66" port: 41803 } } peers { permanent_uuid: "ad6c0fd129df43e49b240241fc64e53b" member_type: VOTER last_known_addr { host: "127.28.225.67" port: 33251 } } peers { permanent_uuid: "3948c90ca66d48a2baa5cc3addb2c36c" member_type: VOTER last_known_addr { host: "127.28.225.68" port: 41321 } attrs { promote: false } } }
I20260601 13:36:04.706197 31356 raft_consensus.cc:2955] T d8c99725650d4dc0b13b83280be8fe01 P 9af6a9134fcf48e180494090f251108c [term 1 FOLLOWER]: Committing config change with OpId 1.3: config changed from index 2 to 3, 3948c90ca66d48a2baa5cc3addb2c36c (127.28.225.68) changed from NON_VOTER to VOTER. New config: { opid_index: 3 OBSOLETE_local: false peers { permanent_uuid: "9af6a9134fcf48e180494090f251108c" member_type: VOTER last_known_addr { host: "127.28.225.65" port: 44561 } attrs { replace: true } } peers { permanent_uuid: "580c49b809ac4207be95b28cbd27b949" member_type: VOTER last_known_addr { host: "127.28.225.66" port: 41803 } } peers { permanent_uuid: "ad6c0fd129df43e49b240241fc64e53b" member_type: VOTER last_known_addr { host: "127.28.225.67" port: 33251 } } peers { permanent_uuid: "3948c90ca66d48a2baa5cc3addb2c36c" member_type: VOTER last_known_addr { host: "127.28.225.68" port: 41321 } attrs { promote: false } } }
I20260601 13:36:04.706933 31433 raft_consensus.cc:2955] T d8c99725650d4dc0b13b83280be8fe01 P 580c49b809ac4207be95b28cbd27b949 [term 1 FOLLOWER]: Committing config change with OpId 1.3: config changed from index 2 to 3, 3948c90ca66d48a2baa5cc3addb2c36c (127.28.225.68) changed from NON_VOTER to VOTER. New config: { opid_index: 3 OBSOLETE_local: false peers { permanent_uuid: "9af6a9134fcf48e180494090f251108c" member_type: VOTER last_known_addr { host: "127.28.225.65" port: 44561 } attrs { replace: true } } peers { permanent_uuid: "580c49b809ac4207be95b28cbd27b949" member_type: VOTER last_known_addr { host: "127.28.225.66" port: 41803 } } peers { permanent_uuid: "ad6c0fd129df43e49b240241fc64e53b" member_type: VOTER last_known_addr { host: "127.28.225.67" port: 33251 } } peers { permanent_uuid: "3948c90ca66d48a2baa5cc3addb2c36c" member_type: VOTER last_known_addr { host: "127.28.225.68" port: 41321 } attrs { promote: false } } }
I20260601 13:36:04.708598 31249 catalog_manager.cc:5696] T d8c99725650d4dc0b13b83280be8fe01 P 9af6a9134fcf48e180494090f251108c reported cstate change: config changed from index 2 to 3, 3948c90ca66d48a2baa5cc3addb2c36c (127.28.225.68) changed from NON_VOTER to VOTER. New cstate: current_term: 1 leader_uuid: "ad6c0fd129df43e49b240241fc64e53b" committed_config { opid_index: 3 OBSOLETE_local: false peers { permanent_uuid: "9af6a9134fcf48e180494090f251108c" member_type: VOTER last_known_addr { host: "127.28.225.65" port: 44561 } attrs { replace: true } } peers { permanent_uuid: "580c49b809ac4207be95b28cbd27b949" member_type: VOTER last_known_addr { host: "127.28.225.66" port: 41803 } } peers { permanent_uuid: "ad6c0fd129df43e49b240241fc64e53b" member_type: VOTER last_known_addr { host: "127.28.225.67" port: 33251 } } peers { permanent_uuid: "3948c90ca66d48a2baa5cc3addb2c36c" member_type: VOTER last_known_addr { host: "127.28.225.68" port: 41321 } attrs { promote: false } } }
I20260601 13:36:04.709403 31642 raft_consensus.cc:2955] T d8c99725650d4dc0b13b83280be8fe01 P 3948c90ca66d48a2baa5cc3addb2c36c [term 1 FOLLOWER]: Committing config change with OpId 1.3: config changed from index 2 to 3, 3948c90ca66d48a2baa5cc3addb2c36c (127.28.225.68) changed from NON_VOTER to VOTER. New config: { opid_index: 3 OBSOLETE_local: false peers { permanent_uuid: "9af6a9134fcf48e180494090f251108c" member_type: VOTER last_known_addr { host: "127.28.225.65" port: 44561 } attrs { replace: true } } peers { permanent_uuid: "580c49b809ac4207be95b28cbd27b949" member_type: VOTER last_known_addr { host: "127.28.225.66" port: 41803 } } peers { permanent_uuid: "ad6c0fd129df43e49b240241fc64e53b" member_type: VOTER last_known_addr { host: "127.28.225.67" port: 33251 } } peers { permanent_uuid: "3948c90ca66d48a2baa5cc3addb2c36c" member_type: VOTER last_known_addr { host: "127.28.225.68" port: 41321 } attrs { promote: false } } }
I20260601 13:36:04.713900 31509 consensus_queue.cc:237] T d8c99725650d4dc0b13b83280be8fe01 P ad6c0fd129df43e49b240241fc64e53b [LEADER]: Queue going to LEADER mode. State: All replicated index: 0, Majority replicated index: 3, Committed index: 3, Last appended: 1.3, Last appended by leader: 0, Current term: 1, Majority size: 2, State: 0, Mode: LEADER, active raft config: opid_index: 4 OBSOLETE_local: false peers { permanent_uuid: "580c49b809ac4207be95b28cbd27b949" member_type: VOTER last_known_addr { host: "127.28.225.66" port: 41803 } } peers { permanent_uuid: "ad6c0fd129df43e49b240241fc64e53b" member_type: VOTER last_known_addr { host: "127.28.225.67" port: 33251 } } peers { permanent_uuid: "3948c90ca66d48a2baa5cc3addb2c36c" member_type: VOTER last_known_addr { host: "127.28.225.68" port: 41321 } attrs { promote: false } }
I20260601 13:36:04.714933 31642 raft_consensus.cc:1275] T d8c99725650d4dc0b13b83280be8fe01 P 3948c90ca66d48a2baa5cc3addb2c36c [term 1 FOLLOWER]: Refusing update from remote peer ad6c0fd129df43e49b240241fc64e53b: Log matching property violated. Preceding OpId in replica: term: 1 index: 3. Preceding OpId from leader: term: 1 index: 4. (index mismatch)
I20260601 13:36:04.715034 31433 raft_consensus.cc:1275] T d8c99725650d4dc0b13b83280be8fe01 P 580c49b809ac4207be95b28cbd27b949 [term 1 FOLLOWER]: Refusing update from remote peer ad6c0fd129df43e49b240241fc64e53b: Log matching property violated. Preceding OpId in replica: term: 1 index: 3. Preceding OpId from leader: term: 1 index: 4. (index mismatch)
I20260601 13:36:04.715279 31697 consensus_queue.cc:1048] T d8c99725650d4dc0b13b83280be8fe01 P ad6c0fd129df43e49b240241fc64e53b [LEADER]: Connected to new peer: Peer: permanent_uuid: "3948c90ca66d48a2baa5cc3addb2c36c" member_type: VOTER last_known_addr { host: "127.28.225.68" port: 41321 } attrs { promote: false }, Status: LMP_MISMATCH, Last received: 0.0, Next index: 4, Last known committed idx: 3, Time since last communication: 0.000s
I20260601 13:36:04.715610 31697 consensus_queue.cc:1048] T d8c99725650d4dc0b13b83280be8fe01 P ad6c0fd129df43e49b240241fc64e53b [LEADER]: Connected to new peer: Peer: permanent_uuid: "580c49b809ac4207be95b28cbd27b949" member_type: VOTER last_known_addr { host: "127.28.225.66" port: 41803 }, Status: LMP_MISMATCH, Last received: 0.0, Next index: 4, Last known committed idx: 3, Time since last communication: 0.000s
I20260601 13:36:04.717057 31692 raft_consensus.cc:2955] T d8c99725650d4dc0b13b83280be8fe01 P ad6c0fd129df43e49b240241fc64e53b [term 1 LEADER]: Committing config change with OpId 1.4: config changed from index 3 to 4, VOTER 9af6a9134fcf48e180494090f251108c (127.28.225.65) evicted. New config: { opid_index: 4 OBSOLETE_local: false peers { permanent_uuid: "580c49b809ac4207be95b28cbd27b949" member_type: VOTER last_known_addr { host: "127.28.225.66" port: 41803 } } peers { permanent_uuid: "ad6c0fd129df43e49b240241fc64e53b" member_type: VOTER last_known_addr { host: "127.28.225.67" port: 33251 } } peers { permanent_uuid: "3948c90ca66d48a2baa5cc3addb2c36c" member_type: VOTER last_known_addr { host: "127.28.225.68" port: 41321 } attrs { promote: false } } }
I20260601 13:36:04.717451 31642 raft_consensus.cc:2955] T d8c99725650d4dc0b13b83280be8fe01 P 3948c90ca66d48a2baa5cc3addb2c36c [term 1 FOLLOWER]: Committing config change with OpId 1.4: config changed from index 3 to 4, VOTER 9af6a9134fcf48e180494090f251108c (127.28.225.65) evicted. New config: { opid_index: 4 OBSOLETE_local: false peers { permanent_uuid: "580c49b809ac4207be95b28cbd27b949" member_type: VOTER last_known_addr { host: "127.28.225.66" port: 41803 } } peers { permanent_uuid: "ad6c0fd129df43e49b240241fc64e53b" member_type: VOTER last_known_addr { host: "127.28.225.67" port: 33251 } } peers { permanent_uuid: "3948c90ca66d48a2baa5cc3addb2c36c" member_type: VOTER last_known_addr { host: "127.28.225.68" port: 41321 } attrs { promote: false } } }
I20260601 13:36:04.718436 31239 catalog_manager.cc:5209] ChangeConfig:REMOVE_PEER RPC for tablet d8c99725650d4dc0b13b83280be8fe01 with cas_config_opid_index 3: ChangeConfig:REMOVE_PEER succeeded (attempt 1)
I20260601 13:36:04.718727 31433 raft_consensus.cc:2955] T d8c99725650d4dc0b13b83280be8fe01 P 580c49b809ac4207be95b28cbd27b949 [term 1 FOLLOWER]: Committing config change with OpId 1.4: config changed from index 3 to 4, VOTER 9af6a9134fcf48e180494090f251108c (127.28.225.65) evicted. New config: { opid_index: 4 OBSOLETE_local: false peers { permanent_uuid: "580c49b809ac4207be95b28cbd27b949" member_type: VOTER last_known_addr { host: "127.28.225.66" port: 41803 } } peers { permanent_uuid: "ad6c0fd129df43e49b240241fc64e53b" member_type: VOTER last_known_addr { host: "127.28.225.67" port: 33251 } } peers { permanent_uuid: "3948c90ca66d48a2baa5cc3addb2c36c" member_type: VOTER last_known_addr { host: "127.28.225.68" port: 41321 } attrs { promote: false } } }
I20260601 13:36:04.719110 31251 catalog_manager.cc:5696] T d8c99725650d4dc0b13b83280be8fe01 P ad6c0fd129df43e49b240241fc64e53b reported cstate change: config changed from index 3 to 4, VOTER 9af6a9134fcf48e180494090f251108c (127.28.225.65) evicted. New cstate: current_term: 1 leader_uuid: "ad6c0fd129df43e49b240241fc64e53b" committed_config { opid_index: 4 OBSOLETE_local: false peers { permanent_uuid: "580c49b809ac4207be95b28cbd27b949" member_type: VOTER last_known_addr { host: "127.28.225.66" port: 41803 } health_report { overall_health: HEALTHY } } peers { permanent_uuid: "ad6c0fd129df43e49b240241fc64e53b" member_type: VOTER last_known_addr { host: "127.28.225.67" port: 33251 } health_report { overall_health: HEALTHY } } peers { permanent_uuid: "3948c90ca66d48a2baa5cc3addb2c36c" member_type: VOTER last_known_addr { host: "127.28.225.68" port: 41321 } attrs { promote: false } health_report { overall_health: HEALTHY } } }
I20260601 13:36:04.722066 31345 tablet_service.cc:1558] Processing DeleteTablet for tablet d8c99725650d4dc0b13b83280be8fe01 with delete_type TABLET_DATA_TOMBSTONED (TS 9af6a9134fcf48e180494090f251108c not found in new config with opid_index 4) from {username='slave'} at 127.0.0.1:59290
I20260601 13:36:04.723111 31707 tablet_replica.cc:333] T d8c99725650d4dc0b13b83280be8fe01 P 9af6a9134fcf48e180494090f251108c: stopping tablet replica
I20260601 13:36:04.723229 31707 raft_consensus.cc:2243] T d8c99725650d4dc0b13b83280be8fe01 P 9af6a9134fcf48e180494090f251108c [term 1 FOLLOWER]: Raft consensus shutting down.
I20260601 13:36:04.723347 31707 raft_consensus.cc:2272] T d8c99725650d4dc0b13b83280be8fe01 P 9af6a9134fcf48e180494090f251108c [term 1 FOLLOWER]: Raft consensus is shut down!
I20260601 13:36:04.723908 31707 ts_tablet_manager.cc:1916] T d8c99725650d4dc0b13b83280be8fe01 P 9af6a9134fcf48e180494090f251108c: Deleting tablet data with delete state TABLET_DATA_TOMBSTONED
I20260601 13:36:04.725472 31707 ts_tablet_manager.cc:1929] T d8c99725650d4dc0b13b83280be8fe01 P 9af6a9134fcf48e180494090f251108c: tablet deleted with delete type TABLET_DATA_TOMBSTONED: last-logged OpId 1.3
I20260601 13:36:04.725539 31707 log.cc:1199] T d8c99725650d4dc0b13b83280be8fe01 P 9af6a9134fcf48e180494090f251108c: Deleting WAL directory at /tmp/dist-test-taskgC2OoD/test-tmp/auto_rebalancer-test.0.AutoRebalancerTest.MovesScheduledIfAddTserver.1780320933571783-29573-0/minicluster-data/ts-0-root/wals/d8c99725650d4dc0b13b83280be8fe01
I20260601 13:36:04.725986 31237 catalog_manager.cc:5027] TS 9af6a9134fcf48e180494090f251108c (127.28.225.65:44561): tablet d8c99725650d4dc0b13b83280be8fe01 (table test-workload [id=8fd5c8c7632a43aaae3c7142469cfdf2]) successfully deleted
I20260601 13:36:06.157765 31306 auto_leader_rebalancer.cc:140] leader rebalance for table test-workload
I20260601 13:36:06.158208 31306 auto_leader_rebalancer.cc:388] table: test-workload, leader rebalance finish, leader transfer count: 0
I20260601 13:36:06.158303 31306 auto_leader_rebalancer.cc:451] All tables' leader rebalancing finished this round
I20260601 13:36:08.158653 31306 auto_leader_rebalancer.cc:140] leader rebalance for table test-workload
I20260601 13:36:08.159278 31306 auto_leader_rebalancer.cc:388] table: test-workload, leader rebalance finish, leader transfer count: 0
I20260601 13:36:08.159390 31306 auto_leader_rebalancer.cc:451] All tables' leader rebalancing finished this round
I20260601 13:36:10.159749 31306 auto_leader_rebalancer.cc:140] leader rebalance for table test-workload
I20260601 13:36:10.160200 31306 auto_leader_rebalancer.cc:388] table: test-workload, leader rebalance finish, leader transfer count: 0
I20260601 13:36:10.160267 31306 auto_leader_rebalancer.cc:451] All tables' leader rebalancing finished this round
I20260601 13:36:12.160764 31306 auto_leader_rebalancer.cc:140] leader rebalance for table test-workload
I20260601 13:36:12.161242 31306 auto_leader_rebalancer.cc:388] table: test-workload, leader rebalance finish, leader transfer count: 0
I20260601 13:36:12.161306 31306 auto_leader_rebalancer.cc:451] All tables' leader rebalancing finished this round
I20260601 13:36:14.161674 31306 auto_leader_rebalancer.cc:140] leader rebalance for table test-workload
I20260601 13:36:14.162140 31306 auto_leader_rebalancer.cc:388] table: test-workload, leader rebalance finish, leader transfer count: 0
I20260601 13:36:14.162205 31306 auto_leader_rebalancer.cc:451] All tables' leader rebalancing finished this round
I20260601 13:36:16.162613 31306 auto_leader_rebalancer.cc:140] leader rebalance for table test-workload
I20260601 13:36:16.163055 31306 auto_leader_rebalancer.cc:388] table: test-workload, leader rebalance finish, leader transfer count: 0
I20260601 13:36:16.163120 31306 auto_leader_rebalancer.cc:451] All tables' leader rebalancing finished this round
I20260601 13:36:16.751425 29573 tablet_server.cc:179] TabletServer@127.28.225.65:0 shutting down...
I20260601 13:36:16.755505 29573 ts_tablet_manager.cc:1507] Shutting down tablet manager...
I20260601 13:36:16.755774 29573 tablet_replica.cc:333] T b03cb5335f4f4453813ce3e1b5358389 P 9af6a9134fcf48e180494090f251108c: stopping tablet replica
I20260601 13:36:16.755869 29573 raft_consensus.cc:2243] T b03cb5335f4f4453813ce3e1b5358389 P 9af6a9134fcf48e180494090f251108c [term 1 LEADER]: Raft consensus shutting down.
I20260601 13:36:16.756047 29573 raft_consensus.cc:2272] T b03cb5335f4f4453813ce3e1b5358389 P 9af6a9134fcf48e180494090f251108c [term 1 FOLLOWER]: Raft consensus is shut down!
I20260601 13:36:16.769197 29573 tablet_server.cc:196] TabletServer@127.28.225.65:0 shutdown complete.
I20260601 13:36:16.771386 29573 tablet_server.cc:179] TabletServer@127.28.225.66:0 shutting down...
I20260601 13:36:16.775986 29573 ts_tablet_manager.cc:1507] Shutting down tablet manager...
I20260601 13:36:16.776217 29573 tablet_replica.cc:333] T b03cb5335f4f4453813ce3e1b5358389 P 580c49b809ac4207be95b28cbd27b949: stopping tablet replica
I20260601 13:36:16.776360 29573 raft_consensus.cc:2243] T b03cb5335f4f4453813ce3e1b5358389 P 580c49b809ac4207be95b28cbd27b949 [term 1 FOLLOWER]: Raft consensus shutting down.
I20260601 13:36:16.776508 29573 raft_consensus.cc:2272] T b03cb5335f4f4453813ce3e1b5358389 P 580c49b809ac4207be95b28cbd27b949 [term 1 FOLLOWER]: Raft consensus is shut down!
I20260601 13:36:16.776957 29573 tablet_replica.cc:333] T d8c99725650d4dc0b13b83280be8fe01 P 580c49b809ac4207be95b28cbd27b949: stopping tablet replica
I20260601 13:36:16.777070 29573 raft_consensus.cc:2243] T d8c99725650d4dc0b13b83280be8fe01 P 580c49b809ac4207be95b28cbd27b949 [term 1 FOLLOWER]: Raft consensus shutting down.
I20260601 13:36:16.777191 29573 raft_consensus.cc:2272] T d8c99725650d4dc0b13b83280be8fe01 P 580c49b809ac4207be95b28cbd27b949 [term 1 FOLLOWER]: Raft consensus is shut down!
W20260601 13:36:16.781822 31475 proxy.cc:239] Call had error, refreshing address and retrying: Network error: Client connection negotiation failed: client connection to 127.28.225.66:41803: connect: Connection refused (error 111) [suppressed 2 similar messages]
W20260601 13:36:16.782574 31475 consensus_peers.cc:597] T d8c99725650d4dc0b13b83280be8fe01 P ad6c0fd129df43e49b240241fc64e53b -> Peer 580c49b809ac4207be95b28cbd27b949 (127.28.225.66:41803): Couldn't send request to peer 580c49b809ac4207be95b28cbd27b949. Status: Network error: Client connection negotiation failed: client connection to 127.28.225.66:41803: connect: Connection refused (error 111). This is attempt 1: this message will repeat every 5th retry.
I20260601 13:36:16.789768 29573 tablet_server.cc:196] TabletServer@127.28.225.66:0 shutdown complete.
I20260601 13:36:16.791782 29573 tablet_server.cc:179] TabletServer@127.28.225.67:0 shutting down...
