I20260601 13:36:37.348048 13443 catalog_manager.cc:5696] T 556e8b689a2444ce96e6a1118633f674 P a8b8767a15bb426b870f58a63bc842e0 reported cstate change: config changed from index 2 to 4, 0f3f7334790e4a229ceb03fcfc91c5b9 (127.10.89.4) changed from NON_VOTER to VOTER. New cstate: current_term: 2 leader_uuid: "a8b8767a15bb426b870f58a63bc842e0" committed_config { opid_index: 4 OBSOLETE_local: false peers { permanent_uuid: "a8b8767a15bb426b870f58a63bc842e0" member_type: VOTER last_known_addr { host: "127.10.89.1" port: 39549 } health_report { overall_health: HEALTHY } } peers { permanent_uuid: "18416f8c682c47758d07f186a9883cd8" member_type: VOTER last_known_addr { host: "127.10.89.2" port: 43559 } attrs { replace: true } health_report { overall_health: HEALTHY } } peers { permanent_uuid: "baeed39556744742b57c436b8c4b8a0f" member_type: VOTER last_known_addr { host: "127.10.89.3" port: 35533 } health_report { overall_health: HEALTHY } } peers { permanent_uuid: "0f3f7334790e4a229ceb03fcfc91c5b9" member_type: VOTER last_known_addr { host: "127.10.89.4" port: 38759 } attrs { promote: false } health_report { overall_health: HEALTHY } } }
I20260601 13:36:37.349395 13843 raft_consensus.cc:2955] T 556e8b689a2444ce96e6a1118633f674 P 0f3f7334790e4a229ceb03fcfc91c5b9 [term 2 FOLLOWER]: Committing config change with OpId 2.4: config changed from index 2 to 4, 0f3f7334790e4a229ceb03fcfc91c5b9 (127.10.89.4) changed from NON_VOTER to VOTER. New config: { opid_index: 4 OBSOLETE_local: false peers { permanent_uuid: "a8b8767a15bb426b870f58a63bc842e0" member_type: VOTER last_known_addr { host: "127.10.89.1" port: 39549 } } peers { permanent_uuid: "18416f8c682c47758d07f186a9883cd8" member_type: VOTER last_known_addr { host: "127.10.89.2" port: 43559 } attrs { replace: true } } peers { permanent_uuid: "baeed39556744742b57c436b8c4b8a0f" member_type: VOTER last_known_addr { host: "127.10.89.3" port: 35533 } } peers { permanent_uuid: "0f3f7334790e4a229ceb03fcfc91c5b9" member_type: VOTER last_known_addr { host: "127.10.89.4" port: 38759 } attrs { promote: false } } }
I20260601 13:36:37.351089 13547 consensus_queue.cc:237] T 556e8b689a2444ce96e6a1118633f674 P a8b8767a15bb426b870f58a63bc842e0 [LEADER]: Queue going to LEADER mode. State: All replicated index: 0, Majority replicated index: 4, Committed index: 4, Last appended: 2.4, Last appended by leader: 2, Current term: 2, Majority size: 2, State: 0, Mode: LEADER, active raft config: opid_index: 5 OBSOLETE_local: false peers { permanent_uuid: "a8b8767a15bb426b870f58a63bc842e0" member_type: VOTER last_known_addr { host: "127.10.89.1" port: 39549 } } peers { permanent_uuid: "baeed39556744742b57c436b8c4b8a0f" member_type: VOTER last_known_addr { host: "127.10.89.3" port: 35533 } } peers { permanent_uuid: "0f3f7334790e4a229ceb03fcfc91c5b9" member_type: VOTER last_known_addr { host: "127.10.89.4" port: 38759 } attrs { promote: false } }
I20260601 13:36:37.352662 13844 raft_consensus.cc:1275] T 556e8b689a2444ce96e6a1118633f674 P 0f3f7334790e4a229ceb03fcfc91c5b9 [term 2 FOLLOWER]: Refusing update from remote peer a8b8767a15bb426b870f58a63bc842e0: Log matching property violated. Preceding OpId in replica: term: 2 index: 4. Preceding OpId from leader: term: 2 index: 5. (index mismatch)
I20260601 13:36:37.353067 14027 consensus_queue.cc:1048] T 556e8b689a2444ce96e6a1118633f674 P a8b8767a15bb426b870f58a63bc842e0 [LEADER]: Connected to new peer: Peer: permanent_uuid: "0f3f7334790e4a229ceb03fcfc91c5b9" member_type: VOTER last_known_addr { host: "127.10.89.4" port: 38759 } attrs { promote: false }, Status: LMP_MISMATCH, Last received: 0.0, Next index: 5, Last known committed idx: 4, Time since last communication: 0.000s
I20260601 13:36:37.353204 13700 raft_consensus.cc:1275] T 556e8b689a2444ce96e6a1118633f674 P baeed39556744742b57c436b8c4b8a0f [term 2 FOLLOWER]: Refusing update from remote peer a8b8767a15bb426b870f58a63bc842e0: Log matching property violated. Preceding OpId in replica: term: 2 index: 4. Preceding OpId from leader: term: 2 index: 5. (index mismatch)
I20260601 13:36:37.353533 14027 consensus_queue.cc:1048] T 556e8b689a2444ce96e6a1118633f674 P a8b8767a15bb426b870f58a63bc842e0 [LEADER]: Connected to new peer: Peer: permanent_uuid: "baeed39556744742b57c436b8c4b8a0f" member_type: VOTER last_known_addr { host: "127.10.89.3" port: 35533 }, Status: LMP_MISMATCH, Last received: 0.0, Next index: 5, Last known committed idx: 4, Time since last communication: 0.000s
I20260601 13:36:37.354710 14005 raft_consensus.cc:2955] T 556e8b689a2444ce96e6a1118633f674 P a8b8767a15bb426b870f58a63bc842e0 [term 2 LEADER]: Committing config change with OpId 2.5: config changed from index 4 to 5, VOTER 18416f8c682c47758d07f186a9883cd8 (127.10.89.2) evicted. New config: { opid_index: 5 OBSOLETE_local: false peers { permanent_uuid: "a8b8767a15bb426b870f58a63bc842e0" member_type: VOTER last_known_addr { host: "127.10.89.1" port: 39549 } } peers { permanent_uuid: "baeed39556744742b57c436b8c4b8a0f" member_type: VOTER last_known_addr { host: "127.10.89.3" port: 35533 } } peers { permanent_uuid: "0f3f7334790e4a229ceb03fcfc91c5b9" member_type: VOTER last_known_addr { host: "127.10.89.4" port: 38759 } attrs { promote: false } } }
I20260601 13:36:37.355525 13700 raft_consensus.cc:2955] T 556e8b689a2444ce96e6a1118633f674 P baeed39556744742b57c436b8c4b8a0f [term 2 FOLLOWER]: Committing config change with OpId 2.5: config changed from index 4 to 5, VOTER 18416f8c682c47758d07f186a9883cd8 (127.10.89.2) evicted. New config: { opid_index: 5 OBSOLETE_local: false peers { permanent_uuid: "a8b8767a15bb426b870f58a63bc842e0" member_type: VOTER last_known_addr { host: "127.10.89.1" port: 39549 } } peers { permanent_uuid: "baeed39556744742b57c436b8c4b8a0f" member_type: VOTER last_known_addr { host: "127.10.89.3" port: 35533 } } peers { permanent_uuid: "0f3f7334790e4a229ceb03fcfc91c5b9" member_type: VOTER last_known_addr { host: "127.10.89.4" port: 38759 } attrs { promote: false } } }
I20260601 13:36:37.356309 13433 catalog_manager.cc:5209] ChangeConfig:REMOVE_PEER RPC for tablet 556e8b689a2444ce96e6a1118633f674 with cas_config_opid_index 4: ChangeConfig:REMOVE_PEER succeeded (attempt 1)
I20260601 13:36:37.356994 13843 raft_consensus.cc:2955] T 556e8b689a2444ce96e6a1118633f674 P 0f3f7334790e4a229ceb03fcfc91c5b9 [term 2 FOLLOWER]: Committing config change with OpId 2.5: config changed from index 4 to 5, VOTER 18416f8c682c47758d07f186a9883cd8 (127.10.89.2) evicted. New config: { opid_index: 5 OBSOLETE_local: false peers { permanent_uuid: "a8b8767a15bb426b870f58a63bc842e0" member_type: VOTER last_known_addr { host: "127.10.89.1" port: 39549 } } peers { permanent_uuid: "baeed39556744742b57c436b8c4b8a0f" member_type: VOTER last_known_addr { host: "127.10.89.3" port: 35533 } } peers { permanent_uuid: "0f3f7334790e4a229ceb03fcfc91c5b9" member_type: VOTER last_known_addr { host: "127.10.89.4" port: 38759 } attrs { promote: false } } }
I20260601 13:36:37.357676 13445 catalog_manager.cc:5696] T 556e8b689a2444ce96e6a1118633f674 P baeed39556744742b57c436b8c4b8a0f reported cstate change: config changed from index 4 to 5, VOTER 18416f8c682c47758d07f186a9883cd8 (127.10.89.2) evicted. New cstate: current_term: 2 leader_uuid: "a8b8767a15bb426b870f58a63bc842e0" committed_config { opid_index: 5 OBSOLETE_local: false peers { permanent_uuid: "a8b8767a15bb426b870f58a63bc842e0" member_type: VOTER last_known_addr { host: "127.10.89.1" port: 39549 } } peers { permanent_uuid: "baeed39556744742b57c436b8c4b8a0f" member_type: VOTER last_known_addr { host: "127.10.89.3" port: 35533 } } peers { permanent_uuid: "0f3f7334790e4a229ceb03fcfc91c5b9" member_type: VOTER last_known_addr { host: "127.10.89.4" port: 38759 } attrs { promote: false } } }
I20260601 13:36:37.360580 13609 tablet_service.cc:1558] Processing DeleteTablet for tablet 556e8b689a2444ce96e6a1118633f674 with delete_type TABLET_DATA_TOMBSTONED (TS 18416f8c682c47758d07f186a9883cd8 not found in new config with opid_index 5) from {username='slave'} at 127.0.0.1:49950
I20260601 13:36:37.361158 14028 tablet_replica.cc:333] T 556e8b689a2444ce96e6a1118633f674 P 18416f8c682c47758d07f186a9883cd8: stopping tablet replica
I20260601 13:36:37.361454 14028 raft_consensus.cc:2243] T 556e8b689a2444ce96e6a1118633f674 P 18416f8c682c47758d07f186a9883cd8 [term 2 FOLLOWER]: Raft consensus shutting down.
I20260601 13:36:37.361639 14028 raft_consensus.cc:2272] T 556e8b689a2444ce96e6a1118633f674 P 18416f8c682c47758d07f186a9883cd8 [term 2 FOLLOWER]: Raft consensus is shut down!
I20260601 13:36:37.362260 14028 ts_tablet_manager.cc:1916] T 556e8b689a2444ce96e6a1118633f674 P 18416f8c682c47758d07f186a9883cd8: Deleting tablet data with delete state TABLET_DATA_TOMBSTONED
I20260601 13:36:37.363958 14028 ts_tablet_manager.cc:1929] T 556e8b689a2444ce96e6a1118633f674 P 18416f8c682c47758d07f186a9883cd8: tablet deleted with delete type TABLET_DATA_TOMBSTONED: last-logged OpId 2.4
I20260601 13:36:37.364025 14028 log.cc:1199] T 556e8b689a2444ce96e6a1118633f674 P 18416f8c682c47758d07f186a9883cd8: Deleting WAL directory at /tmp/dist-test-taskwG8lwD/test-tmp/auto_rebalancer-test.0.AutoRebalancerTest.RangeAwareRebalancesNewRangeReplicas.1780320923506279-10596-0/minicluster-data/ts-1-root/wals/556e8b689a2444ce96e6a1118633f674
I20260601 13:36:37.364548 13430 catalog_manager.cc:5027] TS 18416f8c682c47758d07f186a9883cd8 (127.10.89.2:43559): tablet 556e8b689a2444ce96e6a1118633f674 (table range_aware_rebalance_new_range [id=97cfb72c595b41df824f79ce755a2a21]) successfully deleted
I20260601 13:36:37.367424 13700 raft_consensus.cc:1275] T f1f0e3f08c63460cb1115ff1207c61f0 P baeed39556744742b57c436b8c4b8a0f [term 2 FOLLOWER]: Refusing update from remote peer 0f3f7334790e4a229ceb03fcfc91c5b9: Log matching property violated. Preceding OpId in replica: term: 1 index: 1. Preceding OpId from leader: term: 2 index: 2. (index mismatch)
I20260601 13:36:37.367802 13954 consensus_queue.cc:1048] T f1f0e3f08c63460cb1115ff1207c61f0 P 0f3f7334790e4a229ceb03fcfc91c5b9 [LEADER]: Connected to new peer: Peer: permanent_uuid: "baeed39556744742b57c436b8c4b8a0f" member_type: VOTER last_known_addr { host: "127.10.89.3" port: 35533 }, Status: LMP_MISMATCH, Last received: 0.0, Next index: 2, Last known committed idx: 1, Time since last communication: 0.000s
I20260601 13:36:37.370922 13624 raft_consensus.cc:1275] T f1f0e3f08c63460cb1115ff1207c61f0 P 18416f8c682c47758d07f186a9883cd8 [term 2 FOLLOWER]: Refusing update from remote peer 0f3f7334790e4a229ceb03fcfc91c5b9: Log matching property violated. Preceding OpId in replica: term: 1 index: 1. Preceding OpId from leader: term: 2 index: 2. (index mismatch)
I20260601 13:36:37.371829 13954 consensus_queue.cc:1048] T f1f0e3f08c63460cb1115ff1207c61f0 P 0f3f7334790e4a229ceb03fcfc91c5b9 [LEADER]: Connected to new peer: Peer: permanent_uuid: "18416f8c682c47758d07f186a9883cd8" member_type: VOTER last_known_addr { host: "127.10.89.2" port: 43559 }, Status: LMP_MISMATCH, Last received: 0.0, Next index: 2, Last known committed idx: 1, Time since last communication: 0.000s
I20260601 13:36:37.457861 13700 raft_consensus.cc:1275] T 1370260ac2b74b16818f8e0e143eaa6b P baeed39556744742b57c436b8c4b8a0f [term 2 FOLLOWER]: Refusing update from remote peer a8b8767a15bb426b870f58a63bc842e0: Log matching property violated. Preceding OpId in replica: term: 1 index: 1. Preceding OpId from leader: term: 2 index: 2. (index mismatch)
I20260601 13:36:37.458412 13753 consensus_queue.cc:1048] T 1370260ac2b74b16818f8e0e143eaa6b P a8b8767a15bb426b870f58a63bc842e0 [LEADER]: Connected to new peer: Peer: permanent_uuid: "baeed39556744742b57c436b8c4b8a0f" member_type: VOTER last_known_addr { host: "127.10.89.3" port: 35533 }, Status: LMP_MISMATCH, Last received: 0.0, Next index: 2, Last known committed idx: 1, Time since last communication: 0.000s
I20260601 13:36:37.461227 13843 raft_consensus.cc:1275] T 1370260ac2b74b16818f8e0e143eaa6b P 0f3f7334790e4a229ceb03fcfc91c5b9 [term 2 FOLLOWER]: Refusing update from remote peer a8b8767a15bb426b870f58a63bc842e0: Log matching property violated. Preceding OpId in replica: term: 1 index: 1. Preceding OpId from leader: term: 2 index: 2. (index mismatch)
I20260601 13:36:37.461624 13753 consensus_queue.cc:1048] T 1370260ac2b74b16818f8e0e143eaa6b P a8b8767a15bb426b870f58a63bc842e0 [LEADER]: Connected to new peer: Peer: permanent_uuid: "0f3f7334790e4a229ceb03fcfc91c5b9" member_type: VOTER last_known_addr { host: "127.10.89.4" port: 38759 }, Status: LMP_MISMATCH, Last received: 0.0, Next index: 2, Last known committed idx: 1, Time since last communication: 0.000s
I20260601 13:36:38.368818 13547 consensus_queue.cc:237] T 1370260ac2b74b16818f8e0e143eaa6b P a8b8767a15bb426b870f58a63bc842e0 [LEADER]: Queue going to LEADER mode. State: All replicated index: 0, Majority replicated index: 2, Committed index: 2, Last appended: 2.2, Last appended by leader: 1, Current term: 2, Majority size: 2, State: 0, Mode: LEADER, active raft config: opid_index: 3 OBSOLETE_local: false peers { permanent_uuid: "a8b8767a15bb426b870f58a63bc842e0" member_type: VOTER last_known_addr { host: "127.10.89.1" port: 39549 } } peers { permanent_uuid: "0f3f7334790e4a229ceb03fcfc91c5b9" member_type: VOTER last_known_addr { host: "127.10.89.4" port: 38759 } attrs { replace: true } } peers { permanent_uuid: "baeed39556744742b57c436b8c4b8a0f" member_type: VOTER last_known_addr { host: "127.10.89.3" port: 35533 } } peers { permanent_uuid: "18416f8c682c47758d07f186a9883cd8" member_type: NON_VOTER last_known_addr { host: "127.10.89.2" port: 43559 } attrs { promote: true } }
I20260601 13:36:38.370263 13700 raft_consensus.cc:1275] T 1370260ac2b74b16818f8e0e143eaa6b P baeed39556744742b57c436b8c4b8a0f [term 2 FOLLOWER]: Refusing update from remote peer a8b8767a15bb426b870f58a63bc842e0: Log matching property violated. Preceding OpId in replica: term: 2 index: 2. Preceding OpId from leader: term: 2 index: 3. (index mismatch)
I20260601 13:36:38.370266 13844 raft_consensus.cc:1275] T 1370260ac2b74b16818f8e0e143eaa6b P 0f3f7334790e4a229ceb03fcfc91c5b9 [term 2 FOLLOWER]: Refusing update from remote peer a8b8767a15bb426b870f58a63bc842e0: Log matching property violated. Preceding OpId in replica: term: 2 index: 2. Preceding OpId from leader: term: 2 index: 3. (index mismatch)
W20260601 13:36:38.370496 13512 consensus_peers.cc:597] T 1370260ac2b74b16818f8e0e143eaa6b P a8b8767a15bb426b870f58a63bc842e0 -> Peer 18416f8c682c47758d07f186a9883cd8 (127.10.89.2:43559): Couldn't send request to peer 18416f8c682c47758d07f186a9883cd8. Error code: TABLET_NOT_FOUND (6). Status: Not found: Tablet not found: 1370260ac2b74b16818f8e0e143eaa6b. This is attempt 1: this message will repeat every 5th retry.
I20260601 13:36:38.370786 14005 consensus_queue.cc:1048] T 1370260ac2b74b16818f8e0e143eaa6b P a8b8767a15bb426b870f58a63bc842e0 [LEADER]: Connected to new peer: Peer: permanent_uuid: "0f3f7334790e4a229ceb03fcfc91c5b9" member_type: VOTER last_known_addr { host: "127.10.89.4" port: 38759 } attrs { replace: true }, Status: LMP_MISMATCH, Last received: 0.0, Next index: 3, Last known committed idx: 2, Time since last communication: 0.000s
I20260601 13:36:38.370992 14027 consensus_queue.cc:1048] T 1370260ac2b74b16818f8e0e143eaa6b P a8b8767a15bb426b870f58a63bc842e0 [LEADER]: Connected to new peer: Peer: permanent_uuid: "baeed39556744742b57c436b8c4b8a0f" member_type: VOTER last_known_addr { host: "127.10.89.3" port: 35533 }, Status: LMP_MISMATCH, Last received: 0.0, Next index: 3, Last known committed idx: 2, Time since last communication: 0.000s
I20260601 13:36:38.372539 14005 raft_consensus.cc:2955] T 1370260ac2b74b16818f8e0e143eaa6b P a8b8767a15bb426b870f58a63bc842e0 [term 2 LEADER]: Committing config change with OpId 2.3: config changed from index -1 to 3, NON_VOTER 18416f8c682c47758d07f186a9883cd8 (127.10.89.2) added. New config: { opid_index: 3 OBSOLETE_local: false peers { permanent_uuid: "a8b8767a15bb426b870f58a63bc842e0" member_type: VOTER last_known_addr { host: "127.10.89.1" port: 39549 } } peers { permanent_uuid: "0f3f7334790e4a229ceb03fcfc91c5b9" member_type: VOTER last_known_addr { host: "127.10.89.4" port: 38759 } attrs { replace: true } } peers { permanent_uuid: "baeed39556744742b57c436b8c4b8a0f" member_type: VOTER last_known_addr { host: "127.10.89.3" port: 35533 } } peers { permanent_uuid: "18416f8c682c47758d07f186a9883cd8" member_type: NON_VOTER last_known_addr { host: "127.10.89.2" port: 43559 } attrs { promote: true } } }
I20260601 13:36:38.373162 13700 raft_consensus.cc:2955] T 1370260ac2b74b16818f8e0e143eaa6b P baeed39556744742b57c436b8c4b8a0f [term 2 FOLLOWER]: Committing config change with OpId 2.3: config changed from index -1 to 3, NON_VOTER 18416f8c682c47758d07f186a9883cd8 (127.10.89.2) added. New config: { opid_index: 3 OBSOLETE_local: false peers { permanent_uuid: "a8b8767a15bb426b870f58a63bc842e0" member_type: VOTER last_known_addr { host: "127.10.89.1" port: 39549 } } peers { permanent_uuid: "0f3f7334790e4a229ceb03fcfc91c5b9" member_type: VOTER last_known_addr { host: "127.10.89.4" port: 38759 } attrs { replace: true } } peers { permanent_uuid: "baeed39556744742b57c436b8c4b8a0f" member_type: VOTER last_known_addr { host: "127.10.89.3" port: 35533 } } peers { permanent_uuid: "18416f8c682c47758d07f186a9883cd8" member_type: NON_VOTER last_known_addr { host: "127.10.89.2" port: 43559 } attrs { promote: true } } }
I20260601 13:36:38.373158 13844 raft_consensus.cc:2955] T 1370260ac2b74b16818f8e0e143eaa6b P 0f3f7334790e4a229ceb03fcfc91c5b9 [term 2 FOLLOWER]: Committing config change with OpId 2.3: config changed from index -1 to 3, NON_VOTER 18416f8c682c47758d07f186a9883cd8 (127.10.89.2) added. New config: { opid_index: 3 OBSOLETE_local: false peers { permanent_uuid: "a8b8767a15bb426b870f58a63bc842e0" member_type: VOTER last_known_addr { host: "127.10.89.1" port: 39549 } } peers { permanent_uuid: "0f3f7334790e4a229ceb03fcfc91c5b9" member_type: VOTER last_known_addr { host: "127.10.89.4" port: 38759 } attrs { replace: true } } peers { permanent_uuid: "baeed39556744742b57c436b8c4b8a0f" member_type: VOTER last_known_addr { host: "127.10.89.3" port: 35533 } } peers { permanent_uuid: "18416f8c682c47758d07f186a9883cd8" member_type: NON_VOTER last_known_addr { host: "127.10.89.2" port: 43559 } attrs { promote: true } } }
I20260601 13:36:38.375923 13700 consensus_queue.cc:237] T 17dc3abc565744689f657adeb76bb7b1 P baeed39556744742b57c436b8c4b8a0f [LEADER]: Queue going to LEADER mode. State: All replicated index: 0, Majority replicated index: 1, Committed index: 1, Last appended: 1.1, Last appended by leader: 0, Current term: 1, Majority size: 2, State: 0, Mode: LEADER, active raft config: opid_index: 2 OBSOLETE_local: false peers { permanent_uuid: "18416f8c682c47758d07f186a9883cd8" member_type: VOTER last_known_addr { host: "127.10.89.2" port: 43559 } attrs { replace: true } } peers { permanent_uuid: "a8b8767a15bb426b870f58a63bc842e0" member_type: VOTER last_known_addr { host: "127.10.89.1" port: 39549 } } peers { permanent_uuid: "baeed39556744742b57c436b8c4b8a0f" member_type: VOTER last_known_addr { host: "127.10.89.3" port: 35533 } } peers { permanent_uuid: "0f3f7334790e4a229ceb03fcfc91c5b9" member_type: NON_VOTER last_known_addr { host: "127.10.89.4" port: 38759 } attrs { promote: true } }
I20260601 13:36:38.376111 13443 catalog_manager.cc:5696] T 1370260ac2b74b16818f8e0e143eaa6b P a8b8767a15bb426b870f58a63bc842e0 reported cstate change: config changed from index -1 to 3, NON_VOTER 18416f8c682c47758d07f186a9883cd8 (127.10.89.2) added. New cstate: current_term: 2 leader_uuid: "a8b8767a15bb426b870f58a63bc842e0" committed_config { opid_index: 3 OBSOLETE_local: false peers { permanent_uuid: "a8b8767a15bb426b870f58a63bc842e0" member_type: VOTER last_known_addr { host: "127.10.89.1" port: 39549 } health_report { overall_health: HEALTHY } } peers { permanent_uuid: "0f3f7334790e4a229ceb03fcfc91c5b9" member_type: VOTER last_known_addr { host: "127.10.89.4" port: 38759 } attrs { replace: true } health_report { overall_health: HEALTHY } } peers { permanent_uuid: "baeed39556744742b57c436b8c4b8a0f" member_type: VOTER last_known_addr { host: "127.10.89.3" port: 35533 } health_report { overall_health: HEALTHY } } peers { permanent_uuid: "18416f8c682c47758d07f186a9883cd8" member_type: NON_VOTER last_known_addr { host: "127.10.89.2" port: 43559 } attrs { promote: true } health_report { overall_health: UNKNOWN } } }
I20260601 13:36:38.378312 13624 raft_consensus.cc:1275] T 17dc3abc565744689f657adeb76bb7b1 P 18416f8c682c47758d07f186a9883cd8 [term 1 FOLLOWER]: Refusing update from remote peer baeed39556744742b57c436b8c4b8a0f: Log matching property violated. Preceding OpId in replica: term: 1 index: 1. Preceding OpId from leader: term: 1 index: 2. (index mismatch)
I20260601 13:36:38.378435 13547 raft_consensus.cc:1275] T 17dc3abc565744689f657adeb76bb7b1 P a8b8767a15bb426b870f58a63bc842e0 [term 1 FOLLOWER]: Refusing update from remote peer baeed39556744742b57c436b8c4b8a0f: Log matching property violated. Preceding OpId in replica: term: 1 index: 1. Preceding OpId from leader: term: 1 index: 2. (index mismatch)
W20260601 13:36:38.379024 13665 consensus_peers.cc:597] T 17dc3abc565744689f657adeb76bb7b1 P baeed39556744742b57c436b8c4b8a0f -> Peer 0f3f7334790e4a229ceb03fcfc91c5b9 (127.10.89.4:38759): Couldn't send request to peer 0f3f7334790e4a229ceb03fcfc91c5b9. Error code: TABLET_NOT_FOUND (6). Status: Not found: Tablet not found: 17dc3abc565744689f657adeb76bb7b1. This is attempt 1: this message will repeat every 5th retry.
I20260601 13:36:38.379177 13997 consensus_queue.cc:1048] T 17dc3abc565744689f657adeb76bb7b1 P baeed39556744742b57c436b8c4b8a0f [LEADER]: Connected to new peer: Peer: permanent_uuid: "18416f8c682c47758d07f186a9883cd8" member_type: VOTER last_known_addr { host: "127.10.89.2" port: 43559 } attrs { replace: true }, Status: LMP_MISMATCH, Last received: 0.0, Next index: 2, Last known committed idx: 1, Time since last communication: 0.000s
I20260601 13:36:38.380134 13997 consensus_queue.cc:1048] T 17dc3abc565744689f657adeb76bb7b1 P baeed39556744742b57c436b8c4b8a0f [LEADER]: Connected to new peer: Peer: permanent_uuid: "a8b8767a15bb426b870f58a63bc842e0" member_type: VOTER last_known_addr { host: "127.10.89.1" port: 39549 }, Status: LMP_MISMATCH, Last received: 0.0, Next index: 2, Last known committed idx: 1, Time since last communication: 0.000s
I20260601 13:36:38.382360 14049 raft_consensus.cc:2955] T 17dc3abc565744689f657adeb76bb7b1 P baeed39556744742b57c436b8c4b8a0f [term 1 LEADER]: Committing config change with OpId 1.2: config changed from index -1 to 2, NON_VOTER 0f3f7334790e4a229ceb03fcfc91c5b9 (127.10.89.4) added. New config: { opid_index: 2 OBSOLETE_local: false peers { permanent_uuid: "18416f8c682c47758d07f186a9883cd8" member_type: VOTER last_known_addr { host: "127.10.89.2" port: 43559 } attrs { replace: true } } peers { permanent_uuid: "a8b8767a15bb426b870f58a63bc842e0" member_type: VOTER last_known_addr { host: "127.10.89.1" port: 39549 } } peers { permanent_uuid: "baeed39556744742b57c436b8c4b8a0f" member_type: VOTER last_known_addr { host: "127.10.89.3" port: 35533 } } peers { permanent_uuid: "0f3f7334790e4a229ceb03fcfc91c5b9" member_type: NON_VOTER last_known_addr { host: "127.10.89.4" port: 38759 } attrs { promote: true } } }
I20260601 13:36:38.382803 13625 raft_consensus.cc:2955] T 17dc3abc565744689f657adeb76bb7b1 P 18416f8c682c47758d07f186a9883cd8 [term 1 FOLLOWER]: Committing config change with OpId 1.2: config changed from index -1 to 2, NON_VOTER 0f3f7334790e4a229ceb03fcfc91c5b9 (127.10.89.4) added. New config: { opid_index: 2 OBSOLETE_local: false peers { permanent_uuid: "18416f8c682c47758d07f186a9883cd8" member_type: VOTER last_known_addr { host: "127.10.89.2" port: 43559 } attrs { replace: true } } peers { permanent_uuid: "a8b8767a15bb426b870f58a63bc842e0" member_type: VOTER last_known_addr { host: "127.10.89.1" port: 39549 } } peers { permanent_uuid: "baeed39556744742b57c436b8c4b8a0f" member_type: VOTER last_known_addr { host: "127.10.89.3" port: 35533 } } peers { permanent_uuid: "0f3f7334790e4a229ceb03fcfc91c5b9" member_type: NON_VOTER last_known_addr { host: "127.10.89.4" port: 38759 } attrs { promote: true } } }
I20260601 13:36:38.382905 13547 raft_consensus.cc:2955] T 17dc3abc565744689f657adeb76bb7b1 P a8b8767a15bb426b870f58a63bc842e0 [term 1 FOLLOWER]: Committing config change with OpId 1.2: config changed from index -1 to 2, NON_VOTER 0f3f7334790e4a229ceb03fcfc91c5b9 (127.10.89.4) added. New config: { opid_index: 2 OBSOLETE_local: false peers { permanent_uuid: "18416f8c682c47758d07f186a9883cd8" member_type: VOTER last_known_addr { host: "127.10.89.2" port: 43559 } attrs { replace: true } } peers { permanent_uuid: "a8b8767a15bb426b870f58a63bc842e0" member_type: VOTER last_known_addr { host: "127.10.89.1" port: 39549 } } peers { permanent_uuid: "baeed39556744742b57c436b8c4b8a0f" member_type: VOTER last_known_addr { host: "127.10.89.3" port: 35533 } } peers { permanent_uuid: "0f3f7334790e4a229ceb03fcfc91c5b9" member_type: NON_VOTER last_known_addr { host: "127.10.89.4" port: 38759 } attrs { promote: true } } }
I20260601 13:36:38.385047 13444 catalog_manager.cc:5696] T 17dc3abc565744689f657adeb76bb7b1 P a8b8767a15bb426b870f58a63bc842e0 reported cstate change: config changed from index -1 to 2, NON_VOTER 0f3f7334790e4a229ceb03fcfc91c5b9 (127.10.89.4) added. New cstate: current_term: 1 leader_uuid: "baeed39556744742b57c436b8c4b8a0f" committed_config { opid_index: 2 OBSOLETE_local: false peers { permanent_uuid: "18416f8c682c47758d07f186a9883cd8" member_type: VOTER last_known_addr { host: "127.10.89.2" port: 43559 } attrs { replace: true } } peers { permanent_uuid: "a8b8767a15bb426b870f58a63bc842e0" member_type: VOTER last_known_addr { host: "127.10.89.1" port: 39549 } } peers { permanent_uuid: "baeed39556744742b57c436b8c4b8a0f" member_type: VOTER last_known_addr { host: "127.10.89.3" port: 35533 } } peers { permanent_uuid: "0f3f7334790e4a229ceb03fcfc91c5b9" member_type: NON_VOTER last_known_addr { host: "127.10.89.4" port: 38759 } attrs { promote: true } } }
I20260601 13:36:38.385483 13547 consensus_queue.cc:237] T 4b4dbc2b98b14b1cabd377ca25e532e7 P a8b8767a15bb426b870f58a63bc842e0 [LEADER]: Queue going to LEADER mode. State: All replicated index: 0, Majority replicated index: 1, Committed index: 1, Last appended: 1.1, Last appended by leader: 0, Current term: 1, Majority size: 2, State: 0, Mode: LEADER, active raft config: opid_index: 2 OBSOLETE_local: false peers { permanent_uuid: "0f3f7334790e4a229ceb03fcfc91c5b9" member_type: VOTER last_known_addr { host: "127.10.89.4" port: 38759 } attrs { replace: true } } peers { permanent_uuid: "a8b8767a15bb426b870f58a63bc842e0" member_type: VOTER last_known_addr { host: "127.10.89.1" port: 39549 } } peers { permanent_uuid: "18416f8c682c47758d07f186a9883cd8" member_type: VOTER last_known_addr { host: "127.10.89.2" port: 43559 } } peers { permanent_uuid: "baeed39556744742b57c436b8c4b8a0f" member_type: NON_VOTER last_known_addr { host: "127.10.89.3" port: 35533 } attrs { promote: true } }
I20260601 13:36:38.386906 13625 raft_consensus.cc:1275] T 4b4dbc2b98b14b1cabd377ca25e532e7 P 18416f8c682c47758d07f186a9883cd8 [term 1 FOLLOWER]: Refusing update from remote peer a8b8767a15bb426b870f58a63bc842e0: Log matching property violated. Preceding OpId in replica: term: 1 index: 1. Preceding OpId from leader: term: 1 index: 2. (index mismatch)
I20260601 13:36:38.386996 13844 raft_consensus.cc:1275] T 4b4dbc2b98b14b1cabd377ca25e532e7 P 0f3f7334790e4a229ceb03fcfc91c5b9 [term 1 FOLLOWER]: Refusing update from remote peer a8b8767a15bb426b870f58a63bc842e0: Log matching property violated. Preceding OpId in replica: term: 1 index: 1. Preceding OpId from leader: term: 1 index: 2. (index mismatch)
I20260601 13:36:38.387281 14005 consensus_queue.cc:1048] T 4b4dbc2b98b14b1cabd377ca25e532e7 P a8b8767a15bb426b870f58a63bc842e0 [LEADER]: Connected to new peer: Peer: permanent_uuid: "18416f8c682c47758d07f186a9883cd8" member_type: VOTER last_known_addr { host: "127.10.89.2" port: 43559 }, Status: LMP_MISMATCH, Last received: 0.0, Next index: 2, Last known committed idx: 1, Time since last communication: 0.000s
I20260601 13:36:38.387430 14027 consensus_queue.cc:1048] T 4b4dbc2b98b14b1cabd377ca25e532e7 P a8b8767a15bb426b870f58a63bc842e0 [LEADER]: Connected to new peer: Peer: permanent_uuid: "0f3f7334790e4a229ceb03fcfc91c5b9" member_type: VOTER last_known_addr { host: "127.10.89.4" port: 38759 } attrs { replace: true }, Status: LMP_MISMATCH, Last received: 0.0, Next index: 2, Last known committed idx: 1, Time since last communication: 0.000s
W20260601 13:36:38.387590 13515 consensus_peers.cc:597] T 4b4dbc2b98b14b1cabd377ca25e532e7 P a8b8767a15bb426b870f58a63bc842e0 -> Peer baeed39556744742b57c436b8c4b8a0f (127.10.89.3:35533): Couldn't send request to peer baeed39556744742b57c436b8c4b8a0f. Error code: TABLET_NOT_FOUND (6). Status: Not found: Tablet not found: 4b4dbc2b98b14b1cabd377ca25e532e7. This is attempt 1: this message will repeat every 5th retry.
I20260601 13:36:38.389310 14005 raft_consensus.cc:2955] T 4b4dbc2b98b14b1cabd377ca25e532e7 P a8b8767a15bb426b870f58a63bc842e0 [term 1 LEADER]: Committing config change with OpId 1.2: config changed from index -1 to 2, NON_VOTER baeed39556744742b57c436b8c4b8a0f (127.10.89.3) added. New config: { opid_index: 2 OBSOLETE_local: false peers { permanent_uuid: "0f3f7334790e4a229ceb03fcfc91c5b9" member_type: VOTER last_known_addr { host: "127.10.89.4" port: 38759 } attrs { replace: true } } peers { permanent_uuid: "a8b8767a15bb426b870f58a63bc842e0" member_type: VOTER last_known_addr { host: "127.10.89.1" port: 39549 } } peers { permanent_uuid: "18416f8c682c47758d07f186a9883cd8" member_type: VOTER last_known_addr { host: "127.10.89.2" port: 43559 } } peers { permanent_uuid: "baeed39556744742b57c436b8c4b8a0f" member_type: NON_VOTER last_known_addr { host: "127.10.89.3" port: 35533 } attrs { promote: true } } }
I20260601 13:36:38.389770 13625 raft_consensus.cc:2955] T 4b4dbc2b98b14b1cabd377ca25e532e7 P 18416f8c682c47758d07f186a9883cd8 [term 1 FOLLOWER]: Committing config change with OpId 1.2: config changed from index -1 to 2, NON_VOTER baeed39556744742b57c436b8c4b8a0f (127.10.89.3) added. New config: { opid_index: 2 OBSOLETE_local: false peers { permanent_uuid: "0f3f7334790e4a229ceb03fcfc91c5b9" member_type: VOTER last_known_addr { host: "127.10.89.4" port: 38759 } attrs { replace: true } } peers { permanent_uuid: "a8b8767a15bb426b870f58a63bc842e0" member_type: VOTER last_known_addr { host: "127.10.89.1" port: 39549 } } peers { permanent_uuid: "18416f8c682c47758d07f186a9883cd8" member_type: VOTER last_known_addr { host: "127.10.89.2" port: 43559 } } peers { permanent_uuid: "baeed39556744742b57c436b8c4b8a0f" member_type: NON_VOTER last_known_addr { host: "127.10.89.3" port: 35533 } attrs { promote: true } } }
I20260601 13:36:38.391465 13445 catalog_manager.cc:5696] T 4b4dbc2b98b14b1cabd377ca25e532e7 P a8b8767a15bb426b870f58a63bc842e0 reported cstate change: config changed from index -1 to 2, NON_VOTER baeed39556744742b57c436b8c4b8a0f (127.10.89.3) added. New cstate: current_term: 1 leader_uuid: "a8b8767a15bb426b870f58a63bc842e0" committed_config { opid_index: 2 OBSOLETE_local: false peers { permanent_uuid: "0f3f7334790e4a229ceb03fcfc91c5b9" member_type: VOTER last_known_addr { host: "127.10.89.4" port: 38759 } attrs { replace: true } health_report { overall_health: UNKNOWN } } peers { permanent_uuid: "a8b8767a15bb426b870f58a63bc842e0" member_type: VOTER last_known_addr { host: "127.10.89.1" port: 39549 } health_report { overall_health: HEALTHY } } peers { permanent_uuid: "18416f8c682c47758d07f186a9883cd8" member_type: VOTER last_known_addr { host: "127.10.89.2" port: 43559 } health_report { overall_health: HEALTHY } } peers { permanent_uuid: "baeed39556744742b57c436b8c4b8a0f" member_type: NON_VOTER last_known_addr { host: "127.10.89.3" port: 35533 } attrs { promote: true } health_report { overall_health: UNKNOWN } } }
I20260601 13:36:38.392030 13547 consensus_queue.cc:237] T 420682ac58ff49ae8ebdee69140bd055 P a8b8767a15bb426b870f58a63bc842e0 [LEADER]: Queue going to LEADER mode. State: All replicated index: 0, Majority replicated index: 2, Committed index: 2, Last appended: 2.2, Last appended by leader: 1, Current term: 2, Majority size: 2, State: 0, Mode: LEADER, active raft config: opid_index: 3 OBSOLETE_local: false peers { permanent_uuid: "a8b8767a15bb426b870f58a63bc842e0" member_type: VOTER last_known_addr { host: "127.10.89.1" port: 39549 } } peers { permanent_uuid: "18416f8c682c47758d07f186a9883cd8" member_type: VOTER last_known_addr { host: "127.10.89.2" port: 43559 } } peers { permanent_uuid: "baeed39556744742b57c436b8c4b8a0f" member_type: VOTER last_known_addr { host: "127.10.89.3" port: 35533 } attrs { replace: true } } peers { permanent_uuid: "0f3f7334790e4a229ceb03fcfc91c5b9" member_type: NON_VOTER last_known_addr { host: "127.10.89.4" port: 38759 } attrs { promote: true } }
I20260601 13:36:38.392160 13844 raft_consensus.cc:2955] T 4b4dbc2b98b14b1cabd377ca25e532e7 P 0f3f7334790e4a229ceb03fcfc91c5b9 [term 1 FOLLOWER]: Committing config change with OpId 1.2: config changed from index -1 to 2, NON_VOTER baeed39556744742b57c436b8c4b8a0f (127.10.89.3) added. New config: { opid_index: 2 OBSOLETE_local: false peers { permanent_uuid: "0f3f7334790e4a229ceb03fcfc91c5b9" member_type: VOTER last_known_addr { host: "127.10.89.4" port: 38759 } attrs { replace: true } } peers { permanent_uuid: "a8b8767a15bb426b870f58a63bc842e0" member_type: VOTER last_known_addr { host: "127.10.89.1" port: 39549 } } peers { permanent_uuid: "18416f8c682c47758d07f186a9883cd8" member_type: VOTER last_known_addr { host: "127.10.89.2" port: 43559 } } peers { permanent_uuid: "baeed39556744742b57c436b8c4b8a0f" member_type: NON_VOTER last_known_addr { host: "127.10.89.3" port: 35533 } attrs { promote: true } } }
W20260601 13:36:38.393695 13514 consensus_peers.cc:597] T 420682ac58ff49ae8ebdee69140bd055 P a8b8767a15bb426b870f58a63bc842e0 -> Peer 0f3f7334790e4a229ceb03fcfc91c5b9 (127.10.89.4:38759): Couldn't send request to peer 0f3f7334790e4a229ceb03fcfc91c5b9. Error code: TABLET_NOT_FOUND (6). Status: Not found: Tablet not found: 420682ac58ff49ae8ebdee69140bd055. This is attempt 1: this message will repeat every 5th retry.
I20260601 13:36:38.393715 13625 raft_consensus.cc:1275] T 420682ac58ff49ae8ebdee69140bd055 P 18416f8c682c47758d07f186a9883cd8 [term 2 FOLLOWER]: Refusing update from remote peer a8b8767a15bb426b870f58a63bc842e0: Log matching property violated. Preceding OpId in replica: term: 2 index: 2. Preceding OpId from leader: term: 2 index: 3. (index mismatch)
I20260601 13:36:38.394093 13700 raft_consensus.cc:1275] T 420682ac58ff49ae8ebdee69140bd055 P baeed39556744742b57c436b8c4b8a0f [term 2 FOLLOWER]: Refusing update from remote peer a8b8767a15bb426b870f58a63bc842e0: Log matching property violated. Preceding OpId in replica: term: 2 index: 2. Preceding OpId from leader: term: 2 index: 3. (index mismatch)
I20260601 13:36:38.394438 14051 consensus_queue.cc:1048] T 420682ac58ff49ae8ebdee69140bd055 P a8b8767a15bb426b870f58a63bc842e0 [LEADER]: Connected to new peer: Peer: permanent_uuid: "18416f8c682c47758d07f186a9883cd8" member_type: VOTER last_known_addr { host: "127.10.89.2" port: 43559 }, Status: LMP_MISMATCH, Last received: 0.0, Next index: 3, Last known committed idx: 2, Time since last communication: 0.000s
I20260601 13:36:38.394968 14027 consensus_queue.cc:1048] T 420682ac58ff49ae8ebdee69140bd055 P a8b8767a15bb426b870f58a63bc842e0 [LEADER]: Connected to new peer: Peer: permanent_uuid: "baeed39556744742b57c436b8c4b8a0f" member_type: VOTER last_known_addr { host: "127.10.89.3" port: 35533 } attrs { replace: true }, Status: LMP_MISMATCH, Last received: 0.0, Next index: 3, Last known committed idx: 2, Time since last communication: 0.000s
I20260601 13:36:38.396623 14027 raft_consensus.cc:2955] T 420682ac58ff49ae8ebdee69140bd055 P a8b8767a15bb426b870f58a63bc842e0 [term 2 LEADER]: Committing config change with OpId 2.3: config changed from index -1 to 3, NON_VOTER 0f3f7334790e4a229ceb03fcfc91c5b9 (127.10.89.4) added. New config: { opid_index: 3 OBSOLETE_local: false peers { permanent_uuid: "a8b8767a15bb426b870f58a63bc842e0" member_type: VOTER last_known_addr { host: "127.10.89.1" port: 39549 } } peers { permanent_uuid: "18416f8c682c47758d07f186a9883cd8" member_type: VOTER last_known_addr { host: "127.10.89.2" port: 43559 } } peers { permanent_uuid: "baeed39556744742b57c436b8c4b8a0f" member_type: VOTER last_known_addr { host: "127.10.89.3" port: 35533 } attrs { replace: true } } peers { permanent_uuid: "0f3f7334790e4a229ceb03fcfc91c5b9" member_type: NON_VOTER last_known_addr { host: "127.10.89.4" port: 38759 } attrs { promote: true } } }
I20260601 13:36:38.397001 13625 raft_consensus.cc:2955] T 420682ac58ff49ae8ebdee69140bd055 P 18416f8c682c47758d07f186a9883cd8 [term 2 FOLLOWER]: Committing config change with OpId 2.3: config changed from index -1 to 3, NON_VOTER 0f3f7334790e4a229ceb03fcfc91c5b9 (127.10.89.4) added. New config: { opid_index: 3 OBSOLETE_local: false peers { permanent_uuid: "a8b8767a15bb426b870f58a63bc842e0" member_type: VOTER last_known_addr { host: "127.10.89.1" port: 39549 } } peers { permanent_uuid: "18416f8c682c47758d07f186a9883cd8" member_type: VOTER last_known_addr { host: "127.10.89.2" port: 43559 } } peers { permanent_uuid: "baeed39556744742b57c436b8c4b8a0f" member_type: VOTER last_known_addr { host: "127.10.89.3" port: 35533 } attrs { replace: true } } peers { permanent_uuid: "0f3f7334790e4a229ceb03fcfc91c5b9" member_type: NON_VOTER last_known_addr { host: "127.10.89.4" port: 38759 } attrs { promote: true } } }
I20260601 13:36:38.397059 13700 raft_consensus.cc:2955] T 420682ac58ff49ae8ebdee69140bd055 P baeed39556744742b57c436b8c4b8a0f [term 2 FOLLOWER]: Committing config change with OpId 2.3: config changed from index -1 to 3, NON_VOTER 0f3f7334790e4a229ceb03fcfc91c5b9 (127.10.89.4) added. New config: { opid_index: 3 OBSOLETE_local: false peers { permanent_uuid: "a8b8767a15bb426b870f58a63bc842e0" member_type: VOTER last_known_addr { host: "127.10.89.1" port: 39549 } } peers { permanent_uuid: "18416f8c682c47758d07f186a9883cd8" member_type: VOTER last_known_addr { host: "127.10.89.2" port: 43559 } } peers { permanent_uuid: "baeed39556744742b57c436b8c4b8a0f" member_type: VOTER last_known_addr { host: "127.10.89.3" port: 35533 } attrs { replace: true } } peers { permanent_uuid: "0f3f7334790e4a229ceb03fcfc91c5b9" member_type: NON_VOTER last_known_addr { host: "127.10.89.4" port: 38759 } attrs { promote: true } } }
I20260601 13:36:38.398878 13445 catalog_manager.cc:5696] T 420682ac58ff49ae8ebdee69140bd055 P 18416f8c682c47758d07f186a9883cd8 reported cstate change: config changed from index -1 to 3, NON_VOTER 0f3f7334790e4a229ceb03fcfc91c5b9 (127.10.89.4) added. New cstate: current_term: 2 leader_uuid: "a8b8767a15bb426b870f58a63bc842e0" committed_config { opid_index: 3 OBSOLETE_local: false peers { permanent_uuid: "a8b8767a15bb426b870f58a63bc842e0" member_type: VOTER last_known_addr { host: "127.10.89.1" port: 39549 } } peers { permanent_uuid: "18416f8c682c47758d07f186a9883cd8" member_type: VOTER last_known_addr { host: "127.10.89.2" port: 43559 } } peers { permanent_uuid: "baeed39556744742b57c436b8c4b8a0f" member_type: VOTER last_known_addr { host: "127.10.89.3" port: 35533 } attrs { replace: true } } peers { permanent_uuid: "0f3f7334790e4a229ceb03fcfc91c5b9" member_type: NON_VOTER last_known_addr { host: "127.10.89.4" port: 38759 } attrs { promote: true } } }
I20260601 13:36:38.624184 13500 auto_leader_rebalancer.cc:140] leader rebalance for table range_aware_rebalance_new_range
I20260601 13:36:38.630251 13547 tablet_service.cc:2072] Received LeaderStepDown RPC: tablet_id: "1370260ac2b74b16818f8e0e143eaa6b"
dest_uuid: "a8b8767a15bb426b870f58a63bc842e0"
mode: GRACEFUL
new_leader_uuid: "0f3f7334790e4a229ceb03fcfc91c5b9"
 from {username='slave'} at 127.0.0.1:51424
I20260601 13:36:38.630419 13547 raft_consensus.cc:606] T 1370260ac2b74b16818f8e0e143eaa6b P a8b8767a15bb426b870f58a63bc842e0 [term 2 LEADER]: Received request to transfer leadership to TS 0f3f7334790e4a229ceb03fcfc91c5b9
I20260601 13:36:38.630730 13500 auto_leader_rebalancer.cc:388] table: range_aware_rebalance_new_range, leader rebalance finish, leader transfer count: 1
I20260601 13:36:38.630911 13500 auto_leader_rebalancer.cc:451] All tables' leader rebalancing finished this round
I20260601 13:36:38.785517 14058 ts_tablet_manager.cc:933] T 4b4dbc2b98b14b1cabd377ca25e532e7 P baeed39556744742b57c436b8c4b8a0f: Initiating tablet copy from peer a8b8767a15bb426b870f58a63bc842e0 (127.10.89.1:39549)
I20260601 13:36:38.786110 14058 tablet_copy_client.cc:323] T 4b4dbc2b98b14b1cabd377ca25e532e7 P baeed39556744742b57c436b8c4b8a0f: tablet copy: Beginning tablet copy session from remote peer at address 127.10.89.1:39549
I20260601 13:36:38.786595 13559 tablet_copy_service.cc:140] P a8b8767a15bb426b870f58a63bc842e0: Received BeginTabletCopySession request for tablet 4b4dbc2b98b14b1cabd377ca25e532e7 from peer baeed39556744742b57c436b8c4b8a0f ({username='slave'} at 127.0.0.1:51396)
I20260601 13:36:38.786722 13559 tablet_copy_service.cc:161] P a8b8767a15bb426b870f58a63bc842e0: Beginning new tablet copy session on tablet 4b4dbc2b98b14b1cabd377ca25e532e7 from peer baeed39556744742b57c436b8c4b8a0f at {username='slave'} at 127.0.0.1:51396: session id = baeed39556744742b57c436b8c4b8a0f-4b4dbc2b98b14b1cabd377ca25e532e7
I20260601 13:36:38.787635 13559 tablet_copy_source_session.cc:215] T 4b4dbc2b98b14b1cabd377ca25e532e7 P a8b8767a15bb426b870f58a63bc842e0: Tablet Copy: opened 0 blocks and 1 log segments
I20260601 13:36:38.788507 14058 data_dirs.cc:400] Could only allocate 1 dirs of requested 3 for tablet 4b4dbc2b98b14b1cabd377ca25e532e7. 1 dirs total, 0 dirs full, 0 dirs failed
I20260601 13:36:38.790441 14058 tablet_copy_client.cc:806] T 4b4dbc2b98b14b1cabd377ca25e532e7 P baeed39556744742b57c436b8c4b8a0f: tablet copy: Starting download of 0 data blocks...
I20260601 13:36:38.790632 14058 tablet_copy_client.cc:670] T 4b4dbc2b98b14b1cabd377ca25e532e7 P baeed39556744742b57c436b8c4b8a0f: tablet copy: Starting download of 1 WAL segments...
I20260601 13:36:38.791898 14058 tablet_copy_client.cc:538] T 4b4dbc2b98b14b1cabd377ca25e532e7 P baeed39556744742b57c436b8c4b8a0f: tablet copy: Tablet Copy complete. Replacing tablet superblock.
I20260601 13:36:38.793191 14058 tablet_bootstrap.cc:492] T 4b4dbc2b98b14b1cabd377ca25e532e7 P baeed39556744742b57c436b8c4b8a0f: Bootstrap starting.
I20260601 13:36:38.796907 14058 tablet_bootstrap.cc:492] T 4b4dbc2b98b14b1cabd377ca25e532e7 P baeed39556744742b57c436b8c4b8a0f: Bootstrap replayed 1/1 log segments. Stats: ops{read=2 overwritten=0 applied=2 ignored=0} inserts{seen=0 ignored=0} mutations{seen=0 ignored=0} orphaned_commits=0. Pending: 0 replicates
I20260601 13:36:38.797160 14058 tablet_bootstrap.cc:492] T 4b4dbc2b98b14b1cabd377ca25e532e7 P baeed39556744742b57c436b8c4b8a0f: Bootstrap complete.
I20260601 13:36:38.797327 14058 ts_tablet_manager.cc:1403] T 4b4dbc2b98b14b1cabd377ca25e532e7 P baeed39556744742b57c436b8c4b8a0f: Time spent bootstrapping tablet: real 0.004s	user 0.004s	sys 0.000s
I20260601 13:36:38.797749 14058 raft_consensus.cc:359] T 4b4dbc2b98b14b1cabd377ca25e532e7 P baeed39556744742b57c436b8c4b8a0f [term 1 LEARNER]: Replica starting. Triggering 0 pending ops. Active config: opid_index: 2 OBSOLETE_local: false peers { permanent_uuid: "0f3f7334790e4a229ceb03fcfc91c5b9" member_type: VOTER last_known_addr { host: "127.10.89.4" port: 38759 } attrs { replace: true } } peers { permanent_uuid: "a8b8767a15bb426b870f58a63bc842e0" member_type: VOTER last_known_addr { host: "127.10.89.1" port: 39549 } } peers { permanent_uuid: "18416f8c682c47758d07f186a9883cd8" member_type: VOTER last_known_addr { host: "127.10.89.2" port: 43559 } } peers { permanent_uuid: "baeed39556744742b57c436b8c4b8a0f" member_type: NON_VOTER last_known_addr { host: "127.10.89.3" port: 35533 } attrs { promote: true } }
I20260601 13:36:38.797874 14058 raft_consensus.cc:740] T 4b4dbc2b98b14b1cabd377ca25e532e7 P baeed39556744742b57c436b8c4b8a0f [term 1 LEARNER]: Becoming Follower/Learner. State: Replica: baeed39556744742b57c436b8c4b8a0f, State: Initialized, Role: LEARNER
I20260601 13:36:38.798010 14058 consensus_queue.cc:260] T 4b4dbc2b98b14b1cabd377ca25e532e7 P baeed39556744742b57c436b8c4b8a0f [NON_LEADER]: Queue going to NON_LEADER mode. State: All replicated index: 0, Majority replicated index: 0, Committed index: 2, Last appended: 1.2, Last appended by leader: 2, Current term: 0, Majority size: -1, State: 0, Mode: NON_LEADER, active raft config: opid_index: 2 OBSOLETE_local: false peers { permanent_uuid: "0f3f7334790e4a229ceb03fcfc91c5b9" member_type: VOTER last_known_addr { host: "127.10.89.4" port: 38759 } attrs { replace: true } } peers { permanent_uuid: "a8b8767a15bb426b870f58a63bc842e0" member_type: VOTER last_known_addr { host: "127.10.89.1" port: 39549 } } peers { permanent_uuid: "18416f8c682c47758d07f186a9883cd8" member_type: VOTER last_known_addr { host: "127.10.89.2" port: 43559 } } peers { permanent_uuid: "baeed39556744742b57c436b8c4b8a0f" member_type: NON_VOTER last_known_addr { host: "127.10.89.3" port: 35533 } attrs { promote: true } }
I20260601 13:36:38.798300 14058 ts_tablet_manager.cc:1434] T 4b4dbc2b98b14b1cabd377ca25e532e7 P baeed39556744742b57c436b8c4b8a0f: Time spent starting tablet: real 0.001s	user 0.000s	sys 0.000s
I20260601 13:36:38.798924 13559 tablet_copy_service.cc:342] P a8b8767a15bb426b870f58a63bc842e0: Request end of tablet copy session baeed39556744742b57c436b8c4b8a0f-4b4dbc2b98b14b1cabd377ca25e532e7 received from {username='slave'} at 127.0.0.1:51396
I20260601 13:36:38.799026 13559 tablet_copy_service.cc:434] P a8b8767a15bb426b870f58a63bc842e0: ending tablet copy session baeed39556744742b57c436b8c4b8a0f-4b4dbc2b98b14b1cabd377ca25e532e7 on tablet 4b4dbc2b98b14b1cabd377ca25e532e7 with peer baeed39556744742b57c436b8c4b8a0f
I20260601 13:36:38.821450 14051 raft_consensus.cc:993] T 1370260ac2b74b16818f8e0e143eaa6b P a8b8767a15bb426b870f58a63bc842e0: : Instructing follower 0f3f7334790e4a229ceb03fcfc91c5b9 to start an election
I20260601 13:36:38.821597 14051 raft_consensus.cc:1081] T 1370260ac2b74b16818f8e0e143eaa6b P a8b8767a15bb426b870f58a63bc842e0 [term 2 LEADER]: Signalling peer 0f3f7334790e4a229ceb03fcfc91c5b9 to start an election
I20260601 13:36:38.822044 13844 tablet_service.cc:2044] Received Run Leader Election RPC: tablet_id: "1370260ac2b74b16818f8e0e143eaa6b"
dest_uuid: "0f3f7334790e4a229ceb03fcfc91c5b9"
 from {username='slave'} at 127.0.0.1:43054
I20260601 13:36:38.822189 13844 raft_consensus.cc:493] T 1370260ac2b74b16818f8e0e143eaa6b P 0f3f7334790e4a229ceb03fcfc91c5b9 [term 2 FOLLOWER]: Starting forced leader election (received explicit request)
I20260601 13:36:38.822256 13844 raft_consensus.cc:3060] T 1370260ac2b74b16818f8e0e143eaa6b P 0f3f7334790e4a229ceb03fcfc91c5b9 [term 2 FOLLOWER]: Advancing to term 3
I20260601 13:36:38.823093 13844 raft_consensus.cc:515] T 1370260ac2b74b16818f8e0e143eaa6b P 0f3f7334790e4a229ceb03fcfc91c5b9 [term 3 FOLLOWER]: Starting forced leader election with config: opid_index: 3 OBSOLETE_local: false peers { permanent_uuid: "a8b8767a15bb426b870f58a63bc842e0" member_type: VOTER last_known_addr { host: "127.10.89.1" port: 39549 } } peers { permanent_uuid: "0f3f7334790e4a229ceb03fcfc91c5b9" member_type: VOTER last_known_addr { host: "127.10.89.4" port: 38759 } attrs { replace: true } } peers { permanent_uuid: "baeed39556744742b57c436b8c4b8a0f" member_type: VOTER last_known_addr { host: "127.10.89.3" port: 35533 } } peers { permanent_uuid: "18416f8c682c47758d07f186a9883cd8" member_type: NON_VOTER last_known_addr { host: "127.10.89.2" port: 43559 } attrs { promote: true } }
I20260601 13:36:38.823508 13844 leader_election.cc:290] T 1370260ac2b74b16818f8e0e143eaa6b P 0f3f7334790e4a229ceb03fcfc91c5b9 [CANDIDATE]: Term 3 election: Requested vote from peers a8b8767a15bb426b870f58a63bc842e0 (127.10.89.1:39549), baeed39556744742b57c436b8c4b8a0f (127.10.89.3:35533)
I20260601 13:36:38.823937 13700 tablet_service.cc:1917] Received RequestConsensusVote() RPC: tablet_id: "1370260ac2b74b16818f8e0e143eaa6b" candidate_uuid: "0f3f7334790e4a229ceb03fcfc91c5b9" candidate_term: 3 candidate_status { last_received { term: 2 index: 3 } } ignore_live_leader: true dest_uuid: "baeed39556744742b57c436b8c4b8a0f"
I20260601 13:36:38.823971 13547 tablet_service.cc:1917] Received RequestConsensusVote() RPC: tablet_id: "1370260ac2b74b16818f8e0e143eaa6b" candidate_uuid: "0f3f7334790e4a229ceb03fcfc91c5b9" candidate_term: 3 candidate_status { last_received { term: 2 index: 3 } } ignore_live_leader: true dest_uuid: "a8b8767a15bb426b870f58a63bc842e0"
I20260601 13:36:38.824052 13700 raft_consensus.cc:3060] T 1370260ac2b74b16818f8e0e143eaa6b P baeed39556744742b57c436b8c4b8a0f [term 2 FOLLOWER]: Advancing to term 3
I20260601 13:36:38.824111 13547 raft_consensus.cc:3055] T 1370260ac2b74b16818f8e0e143eaa6b P a8b8767a15bb426b870f58a63bc842e0 [term 2 LEADER]: Stepping down as leader of term 2
I20260601 13:36:38.824164 13547 raft_consensus.cc:740] T 1370260ac2b74b16818f8e0e143eaa6b P a8b8767a15bb426b870f58a63bc842e0 [term 2 LEADER]: Becoming Follower/Learner. State: Replica: a8b8767a15bb426b870f58a63bc842e0, State: Running, Role: LEADER
