I20260601 13:21:40.353435 22657 raft_consensus.cc:1275] T 24de2913e41a4431b092016ea2cc4afe P 1348470ac8dc4acfadac689868117fe5 [term 1 FOLLOWER]: Refusing update from remote peer ede3e63160cf4df0b464f20f1f678fc5: Log matching property violated. Preceding OpId in replica: term: 1 index: 1. Preceding OpId from leader: term: 1 index: 2. (index mismatch)
I20260601 13:21:40.353745 22875 consensus_queue.cc:1048] T 24de2913e41a4431b092016ea2cc4afe P ede3e63160cf4df0b464f20f1f678fc5 [LEADER]: Connected to new peer: Peer: permanent_uuid: "8cc7f31cb79341b98305ea36721bcc52" member_type: VOTER last_known_addr { host: "127.21.83.130" port: 40301 } attrs { replace: true }, Status: LMP_MISMATCH, Last received: 0.0, Next index: 2, Last known committed idx: 1, Time since last communication: 0.000s
I20260601 13:21:40.353962 22849 consensus_queue.cc:1048] T 24de2913e41a4431b092016ea2cc4afe P ede3e63160cf4df0b464f20f1f678fc5 [LEADER]: Connected to new peer: Peer: permanent_uuid: "1348470ac8dc4acfadac689868117fe5" member_type: VOTER last_known_addr { host: "127.21.83.131" port: 34225 }, Status: LMP_MISMATCH, Last received: 0.0, Next index: 2, Last known committed idx: 1, Time since last communication: 0.000s
I20260601 13:21:40.355845 22876 raft_consensus.cc:2955] T 24de2913e41a4431b092016ea2cc4afe P ede3e63160cf4df0b464f20f1f678fc5 [term 1 LEADER]: Committing config change with OpId 1.2: config changed from index -1 to 2, NON_VOTER 327bfe2b4175454fa0821ddad48f0e58 (127.21.83.132) added. New config: { opid_index: 2 OBSOLETE_local: false peers { permanent_uuid: "ede3e63160cf4df0b464f20f1f678fc5" member_type: VOTER last_known_addr { host: "127.21.83.129" port: 36253 } } peers { permanent_uuid: "8cc7f31cb79341b98305ea36721bcc52" member_type: VOTER last_known_addr { host: "127.21.83.130" port: 40301 } attrs { replace: true } } peers { permanent_uuid: "1348470ac8dc4acfadac689868117fe5" member_type: VOTER last_known_addr { host: "127.21.83.131" port: 34225 } } peers { permanent_uuid: "327bfe2b4175454fa0821ddad48f0e58" member_type: NON_VOTER last_known_addr { host: "127.21.83.132" port: 33751 } attrs { promote: true } } }
I20260601 13:21:40.356191 22582 raft_consensus.cc:2955] T 24de2913e41a4431b092016ea2cc4afe P 8cc7f31cb79341b98305ea36721bcc52 [term 1 FOLLOWER]: Committing config change with OpId 1.2: config changed from index -1 to 2, NON_VOTER 327bfe2b4175454fa0821ddad48f0e58 (127.21.83.132) added. New config: { opid_index: 2 OBSOLETE_local: false peers { permanent_uuid: "ede3e63160cf4df0b464f20f1f678fc5" member_type: VOTER last_known_addr { host: "127.21.83.129" port: 36253 } } peers { permanent_uuid: "8cc7f31cb79341b98305ea36721bcc52" member_type: VOTER last_known_addr { host: "127.21.83.130" port: 40301 } attrs { replace: true } } peers { permanent_uuid: "1348470ac8dc4acfadac689868117fe5" member_type: VOTER last_known_addr { host: "127.21.83.131" port: 34225 } } peers { permanent_uuid: "327bfe2b4175454fa0821ddad48f0e58" member_type: NON_VOTER last_known_addr { host: "127.21.83.132" port: 33751 } attrs { promote: true } } }
I20260601 13:21:40.356208 22657 raft_consensus.cc:2955] T 24de2913e41a4431b092016ea2cc4afe P 1348470ac8dc4acfadac689868117fe5 [term 1 FOLLOWER]: Committing config change with OpId 1.2: config changed from index -1 to 2, NON_VOTER 327bfe2b4175454fa0821ddad48f0e58 (127.21.83.132) added. New config: { opid_index: 2 OBSOLETE_local: false peers { permanent_uuid: "ede3e63160cf4df0b464f20f1f678fc5" member_type: VOTER last_known_addr { host: "127.21.83.129" port: 36253 } } peers { permanent_uuid: "8cc7f31cb79341b98305ea36721bcc52" member_type: VOTER last_known_addr { host: "127.21.83.130" port: 40301 } attrs { replace: true } } peers { permanent_uuid: "1348470ac8dc4acfadac689868117fe5" member_type: VOTER last_known_addr { host: "127.21.83.131" port: 34225 } } peers { permanent_uuid: "327bfe2b4175454fa0821ddad48f0e58" member_type: NON_VOTER last_known_addr { host: "127.21.83.132" port: 33751 } attrs { promote: true } } }
I20260601 13:21:40.358400 22401 catalog_manager.cc:5696] T 24de2913e41a4431b092016ea2cc4afe P 8cc7f31cb79341b98305ea36721bcc52 reported cstate change: config changed from index -1 to 2, NON_VOTER 327bfe2b4175454fa0821ddad48f0e58 (127.21.83.132) added. New cstate: current_term: 1 leader_uuid: "ede3e63160cf4df0b464f20f1f678fc5" committed_config { opid_index: 2 OBSOLETE_local: false peers { permanent_uuid: "ede3e63160cf4df0b464f20f1f678fc5" member_type: VOTER last_known_addr { host: "127.21.83.129" port: 36253 } } peers { permanent_uuid: "8cc7f31cb79341b98305ea36721bcc52" member_type: VOTER last_known_addr { host: "127.21.83.130" port: 40301 } attrs { replace: true } } peers { permanent_uuid: "1348470ac8dc4acfadac689868117fe5" member_type: VOTER last_known_addr { host: "127.21.83.131" port: 34225 } } peers { permanent_uuid: "327bfe2b4175454fa0821ddad48f0e58" member_type: NON_VOTER last_known_addr { host: "127.21.83.132" port: 33751 } attrs { promote: true } } }
I20260601 13:21:40.358666 22657 consensus_queue.cc:237] T 10cfb331c54142979a7d974ed41ee8cb P 1348470ac8dc4acfadac689868117fe5 [LEADER]: Queue going to LEADER mode. State: All replicated index: 0, Majority replicated index: 1, Committed index: 1, Last appended: 1.1, Last appended by leader: 0, Current term: 1, Majority size: 2, State: 0, Mode: LEADER, active raft config: opid_index: 2 OBSOLETE_local: false peers { permanent_uuid: "ede3e63160cf4df0b464f20f1f678fc5" member_type: VOTER last_known_addr { host: "127.21.83.129" port: 36253 } } peers { permanent_uuid: "8cc7f31cb79341b98305ea36721bcc52" member_type: VOTER last_known_addr { host: "127.21.83.130" port: 40301 } attrs { replace: true } } peers { permanent_uuid: "1348470ac8dc4acfadac689868117fe5" member_type: VOTER last_known_addr { host: "127.21.83.131" port: 34225 } } peers { permanent_uuid: "327bfe2b4175454fa0821ddad48f0e58" member_type: NON_VOTER last_known_addr { host: "127.21.83.132" port: 33751 } attrs { promote: true } }
W20260601 13:21:40.359351 22473 consensus_peers.cc:597] T 24de2913e41a4431b092016ea2cc4afe P ede3e63160cf4df0b464f20f1f678fc5 -> Peer 327bfe2b4175454fa0821ddad48f0e58 (127.21.83.132:33751): Couldn't send request to peer 327bfe2b4175454fa0821ddad48f0e58. Error code: TABLET_NOT_FOUND (6). Status: Not found: Tablet not found: 24de2913e41a4431b092016ea2cc4afe. This is attempt 1: this message will repeat every 5th retry.
W20260601 13:21:40.360113 22624 consensus_peers.cc:597] T 10cfb331c54142979a7d974ed41ee8cb P 1348470ac8dc4acfadac689868117fe5 -> Peer 327bfe2b4175454fa0821ddad48f0e58 (127.21.83.132:33751): Couldn't send request to peer 327bfe2b4175454fa0821ddad48f0e58. Error code: TABLET_NOT_FOUND (6). Status: Not found: Tablet not found: 10cfb331c54142979a7d974ed41ee8cb. This is attempt 1: this message will repeat every 5th retry.
I20260601 13:21:40.360193 22506 raft_consensus.cc:1275] T 10cfb331c54142979a7d974ed41ee8cb P ede3e63160cf4df0b464f20f1f678fc5 [term 1 FOLLOWER]: Refusing update from remote peer 1348470ac8dc4acfadac689868117fe5: Log matching property violated. Preceding OpId in replica: term: 1 index: 1. Preceding OpId from leader: term: 1 index: 2. (index mismatch)
I20260601 13:21:40.360481 22582 raft_consensus.cc:1275] T 10cfb331c54142979a7d974ed41ee8cb P 8cc7f31cb79341b98305ea36721bcc52 [term 1 FOLLOWER]: Refusing update from remote peer 1348470ac8dc4acfadac689868117fe5: Log matching property violated. Preceding OpId in replica: term: 1 index: 1. Preceding OpId from leader: term: 1 index: 2. (index mismatch)
I20260601 13:21:40.360528 22850 consensus_queue.cc:1048] T 10cfb331c54142979a7d974ed41ee8cb P 1348470ac8dc4acfadac689868117fe5 [LEADER]: Connected to new peer: Peer: permanent_uuid: "ede3e63160cf4df0b464f20f1f678fc5" member_type: VOTER last_known_addr { host: "127.21.83.129" port: 36253 }, Status: LMP_MISMATCH, Last received: 0.0, Next index: 2, Last known committed idx: 1, Time since last communication: 0.000s
I20260601 13:21:40.360800 22856 consensus_queue.cc:1048] T 10cfb331c54142979a7d974ed41ee8cb P 1348470ac8dc4acfadac689868117fe5 [LEADER]: Connected to new peer: Peer: permanent_uuid: "8cc7f31cb79341b98305ea36721bcc52" member_type: VOTER last_known_addr { host: "127.21.83.130" port: 40301 } attrs { replace: true }, Status: LMP_MISMATCH, Last received: 0.0, Next index: 2, Last known committed idx: 1, Time since last communication: 0.000s
I20260601 13:21:40.362085 22850 raft_consensus.cc:2955] T 10cfb331c54142979a7d974ed41ee8cb P 1348470ac8dc4acfadac689868117fe5 [term 1 LEADER]: Committing config change with OpId 1.2: config changed from index -1 to 2, NON_VOTER 327bfe2b4175454fa0821ddad48f0e58 (127.21.83.132) added. New config: { opid_index: 2 OBSOLETE_local: false peers { permanent_uuid: "ede3e63160cf4df0b464f20f1f678fc5" member_type: VOTER last_known_addr { host: "127.21.83.129" port: 36253 } } peers { permanent_uuid: "8cc7f31cb79341b98305ea36721bcc52" member_type: VOTER last_known_addr { host: "127.21.83.130" port: 40301 } attrs { replace: true } } peers { permanent_uuid: "1348470ac8dc4acfadac689868117fe5" member_type: VOTER last_known_addr { host: "127.21.83.131" port: 34225 } } peers { permanent_uuid: "327bfe2b4175454fa0821ddad48f0e58" member_type: NON_VOTER last_known_addr { host: "127.21.83.132" port: 33751 } attrs { promote: true } } }
I20260601 13:21:40.362465 22506 raft_consensus.cc:2955] T 10cfb331c54142979a7d974ed41ee8cb P ede3e63160cf4df0b464f20f1f678fc5 [term 1 FOLLOWER]: Committing config change with OpId 1.2: config changed from index -1 to 2, NON_VOTER 327bfe2b4175454fa0821ddad48f0e58 (127.21.83.132) added. New config: { opid_index: 2 OBSOLETE_local: false peers { permanent_uuid: "ede3e63160cf4df0b464f20f1f678fc5" member_type: VOTER last_known_addr { host: "127.21.83.129" port: 36253 } } peers { permanent_uuid: "8cc7f31cb79341b98305ea36721bcc52" member_type: VOTER last_known_addr { host: "127.21.83.130" port: 40301 } attrs { replace: true } } peers { permanent_uuid: "1348470ac8dc4acfadac689868117fe5" member_type: VOTER last_known_addr { host: "127.21.83.131" port: 34225 } } peers { permanent_uuid: "327bfe2b4175454fa0821ddad48f0e58" member_type: NON_VOTER last_known_addr { host: "127.21.83.132" port: 33751 } attrs { promote: true } } }
I20260601 13:21:40.364189 22582 raft_consensus.cc:2955] T 10cfb331c54142979a7d974ed41ee8cb P 8cc7f31cb79341b98305ea36721bcc52 [term 1 FOLLOWER]: Committing config change with OpId 1.2: config changed from index -1 to 2, NON_VOTER 327bfe2b4175454fa0821ddad48f0e58 (127.21.83.132) added. New config: { opid_index: 2 OBSOLETE_local: false peers { permanent_uuid: "ede3e63160cf4df0b464f20f1f678fc5" member_type: VOTER last_known_addr { host: "127.21.83.129" port: 36253 } } peers { permanent_uuid: "8cc7f31cb79341b98305ea36721bcc52" member_type: VOTER last_known_addr { host: "127.21.83.130" port: 40301 } attrs { replace: true } } peers { permanent_uuid: "1348470ac8dc4acfadac689868117fe5" member_type: VOTER last_known_addr { host: "127.21.83.131" port: 34225 } } peers { permanent_uuid: "327bfe2b4175454fa0821ddad48f0e58" member_type: NON_VOTER last_known_addr { host: "127.21.83.132" port: 33751 } attrs { promote: true } } }
I20260601 13:21:40.364408 22402 catalog_manager.cc:5696] T 10cfb331c54142979a7d974ed41ee8cb P 1348470ac8dc4acfadac689868117fe5 reported cstate change: config changed from index -1 to 2, NON_VOTER 327bfe2b4175454fa0821ddad48f0e58 (127.21.83.132) added. New cstate: current_term: 1 leader_uuid: "1348470ac8dc4acfadac689868117fe5" committed_config { opid_index: 2 OBSOLETE_local: false peers { permanent_uuid: "ede3e63160cf4df0b464f20f1f678fc5" member_type: VOTER last_known_addr { host: "127.21.83.129" port: 36253 } health_report { overall_health: HEALTHY } } peers { permanent_uuid: "8cc7f31cb79341b98305ea36721bcc52" member_type: VOTER last_known_addr { host: "127.21.83.130" port: 40301 } attrs { replace: true } health_report { overall_health: HEALTHY } } peers { permanent_uuid: "1348470ac8dc4acfadac689868117fe5" member_type: VOTER last_known_addr { host: "127.21.83.131" port: 34225 } health_report { overall_health: HEALTHY } } peers { permanent_uuid: "327bfe2b4175454fa0821ddad48f0e58" member_type: NON_VOTER last_known_addr { host: "127.21.83.132" port: 33751 } attrs { promote: true } health_report { overall_health: UNKNOWN } } }
I20260601 13:21:40.427023 21838 tablet_server.cc:179] TabletServer@127.21.83.129:0 shutting down...
I20260601 13:21:40.431293 21838 ts_tablet_manager.cc:1507] Shutting down tablet manager...
I20260601 13:21:40.431514 21838 tablet_replica.cc:333] T 0f1395332c244643be97db6705d7d89b P ede3e63160cf4df0b464f20f1f678fc5: stopping tablet replica
I20260601 13:21:40.431645 21838 raft_consensus.cc:2243] T 0f1395332c244643be97db6705d7d89b P ede3e63160cf4df0b464f20f1f678fc5 [term 1 FOLLOWER]: Raft consensus shutting down.
I20260601 13:21:40.431792 21838 raft_consensus.cc:2272] T 0f1395332c244643be97db6705d7d89b P ede3e63160cf4df0b464f20f1f678fc5 [term 1 FOLLOWER]: Raft consensus is shut down!
I20260601 13:21:40.432227 21838 tablet_replica.cc:333] T 10cfb331c54142979a7d974ed41ee8cb P ede3e63160cf4df0b464f20f1f678fc5: stopping tablet replica
I20260601 13:21:40.432304 21838 raft_consensus.cc:2243] T 10cfb331c54142979a7d974ed41ee8cb P ede3e63160cf4df0b464f20f1f678fc5 [term 1 FOLLOWER]: Raft consensus shutting down.
I20260601 13:21:40.432394 21838 raft_consensus.cc:2272] T 10cfb331c54142979a7d974ed41ee8cb P ede3e63160cf4df0b464f20f1f678fc5 [term 1 FOLLOWER]: Raft consensus is shut down!
I20260601 13:21:40.432824 21838 tablet_replica.cc:333] T 5d9491cdc7f440159599fed9cb4a0547 P ede3e63160cf4df0b464f20f1f678fc5: stopping tablet replica
I20260601 13:21:40.432900 21838 raft_consensus.cc:2243] T 5d9491cdc7f440159599fed9cb4a0547 P ede3e63160cf4df0b464f20f1f678fc5 [term 1 FOLLOWER]: Raft consensus shutting down.
I20260601 13:21:40.432976 21838 raft_consensus.cc:2272] T 5d9491cdc7f440159599fed9cb4a0547 P ede3e63160cf4df0b464f20f1f678fc5 [term 1 FOLLOWER]: Raft consensus is shut down!
I20260601 13:21:40.433465 21838 tablet_replica.cc:333] T c0d619634c394462ae661fa385811760 P ede3e63160cf4df0b464f20f1f678fc5: stopping tablet replica
I20260601 13:21:40.433549 21838 raft_consensus.cc:2243] T c0d619634c394462ae661fa385811760 P ede3e63160cf4df0b464f20f1f678fc5 [term 1 FOLLOWER]: Raft consensus shutting down.
I20260601 13:21:40.433621 21838 raft_consensus.cc:2272] T c0d619634c394462ae661fa385811760 P ede3e63160cf4df0b464f20f1f678fc5 [term 1 FOLLOWER]: Raft consensus is shut down!
I20260601 13:21:40.433871 21838 tablet_replica.cc:333] T 923061bd9fbf4a2f9ea623ad1d8aeacb P ede3e63160cf4df0b464f20f1f678fc5: stopping tablet replica
I20260601 13:21:40.433933 21838 raft_consensus.cc:2243] T 923061bd9fbf4a2f9ea623ad1d8aeacb P ede3e63160cf4df0b464f20f1f678fc5 [term 1 FOLLOWER]: Raft consensus shutting down.
I20260601 13:21:40.433995 21838 raft_consensus.cc:2272] T 923061bd9fbf4a2f9ea623ad1d8aeacb P ede3e63160cf4df0b464f20f1f678fc5 [term 1 FOLLOWER]: Raft consensus is shut down!
I20260601 13:21:40.434273 21838 tablet_replica.cc:333] T 79c3a6b87ab8443ea0b5eafe10407154 P ede3e63160cf4df0b464f20f1f678fc5: stopping tablet replica
I20260601 13:21:40.434334 21838 raft_consensus.cc:2243] T 79c3a6b87ab8443ea0b5eafe10407154 P ede3e63160cf4df0b464f20f1f678fc5 [term 1 LEADER]: Raft consensus shutting down.
I20260601 13:21:40.434473 21838 raft_consensus.cc:2272] T 79c3a6b87ab8443ea0b5eafe10407154 P ede3e63160cf4df0b464f20f1f678fc5 [term 1 FOLLOWER]: Raft consensus is shut down!
I20260601 13:21:40.434724 21838 tablet_replica.cc:333] T 6801feb11c1d4ef1ab0ec50e73fbf0f0 P ede3e63160cf4df0b464f20f1f678fc5: stopping tablet replica
I20260601 13:21:40.434785 21838 raft_consensus.cc:2243] T 6801feb11c1d4ef1ab0ec50e73fbf0f0 P ede3e63160cf4df0b464f20f1f678fc5 [term 1 FOLLOWER]: Raft consensus shutting down.
I20260601 13:21:40.434854 21838 raft_consensus.cc:2272] T 6801feb11c1d4ef1ab0ec50e73fbf0f0 P ede3e63160cf4df0b464f20f1f678fc5 [term 1 FOLLOWER]: Raft consensus is shut down!
I20260601 13:21:40.435278 21838 tablet_replica.cc:333] T 24de2913e41a4431b092016ea2cc4afe P ede3e63160cf4df0b464f20f1f678fc5: stopping tablet replica
I20260601 13:21:40.435343 21838 raft_consensus.cc:2243] T 24de2913e41a4431b092016ea2cc4afe P ede3e63160cf4df0b464f20f1f678fc5 [term 1 LEADER]: Raft consensus shutting down.
I20260601 13:21:40.435544 21838 raft_consensus.cc:2272] T 24de2913e41a4431b092016ea2cc4afe P ede3e63160cf4df0b464f20f1f678fc5 [term 1 FOLLOWER]: Raft consensus is shut down!
I20260601 13:21:40.449581 21838 tablet_server.cc:196] TabletServer@127.21.83.129:0 shutdown complete.
I20260601 13:21:40.452245 21838 tablet_server.cc:179] TabletServer@127.21.83.130:0 shutting down...
I20260601 13:21:40.457036 21838 ts_tablet_manager.cc:1507] Shutting down tablet manager...
I20260601 13:21:40.457233 21838 tablet_replica.cc:333] T c0d619634c394462ae661fa385811760 P 8cc7f31cb79341b98305ea36721bcc52: stopping tablet replica
I20260601 13:21:40.457391 21838 raft_consensus.cc:2243] T c0d619634c394462ae661fa385811760 P 8cc7f31cb79341b98305ea36721bcc52 [term 1 LEADER]: Raft consensus shutting down.
I20260601 13:21:40.457612 21838 raft_consensus.cc:2272] T c0d619634c394462ae661fa385811760 P 8cc7f31cb79341b98305ea36721bcc52 [term 1 FOLLOWER]: Raft consensus is shut down!
I20260601 13:21:40.458088 21838 tablet_replica.cc:333] T 923061bd9fbf4a2f9ea623ad1d8aeacb P 8cc7f31cb79341b98305ea36721bcc52: stopping tablet replica
I20260601 13:21:40.458206 21838 raft_consensus.cc:2243] T 923061bd9fbf4a2f9ea623ad1d8aeacb P 8cc7f31cb79341b98305ea36721bcc52 [term 1 FOLLOWER]: Raft consensus shutting down.
I20260601 13:21:40.458326 21838 raft_consensus.cc:2272] T 923061bd9fbf4a2f9ea623ad1d8aeacb P 8cc7f31cb79341b98305ea36721bcc52 [term 1 FOLLOWER]: Raft consensus is shut down!
I20260601 13:21:40.458665 21838 tablet_replica.cc:333] T 0f1395332c244643be97db6705d7d89b P 8cc7f31cb79341b98305ea36721bcc52: stopping tablet replica
I20260601 13:21:40.458782 21838 raft_consensus.cc:2243] T 0f1395332c244643be97db6705d7d89b P 8cc7f31cb79341b98305ea36721bcc52 [term 1 LEADER]: Raft consensus shutting down.
I20260601 13:21:40.458959 21838 raft_consensus.cc:2272] T 0f1395332c244643be97db6705d7d89b P 8cc7f31cb79341b98305ea36721bcc52 [term 1 FOLLOWER]: Raft consensus is shut down!
I20260601 13:21:40.459273 21838 tablet_replica.cc:333] T 79c3a6b87ab8443ea0b5eafe10407154 P 8cc7f31cb79341b98305ea36721bcc52: stopping tablet replica
I20260601 13:21:40.459381 21838 raft_consensus.cc:2243] T 79c3a6b87ab8443ea0b5eafe10407154 P 8cc7f31cb79341b98305ea36721bcc52 [term 1 FOLLOWER]: Raft consensus shutting down.
I20260601 13:21:40.459491 21838 raft_consensus.cc:2272] T 79c3a6b87ab8443ea0b5eafe10407154 P 8cc7f31cb79341b98305ea36721bcc52 [term 1 FOLLOWER]: Raft consensus is shut down!
I20260601 13:21:40.459861 21838 tablet_replica.cc:333] T 5d9491cdc7f440159599fed9cb4a0547 P 8cc7f31cb79341b98305ea36721bcc52: stopping tablet replica
I20260601 13:21:40.459975 21838 raft_consensus.cc:2243] T 5d9491cdc7f440159599fed9cb4a0547 P 8cc7f31cb79341b98305ea36721bcc52 [term 1 LEADER]: Raft consensus shutting down.
I20260601 13:21:40.460170 21838 raft_consensus.cc:2272] T 5d9491cdc7f440159599fed9cb4a0547 P 8cc7f31cb79341b98305ea36721bcc52 [term 1 FOLLOWER]: Raft consensus is shut down!
I20260601 13:21:40.460567 21838 tablet_replica.cc:333] T 24de2913e41a4431b092016ea2cc4afe P 8cc7f31cb79341b98305ea36721bcc52: stopping tablet replica
I20260601 13:21:40.460660 21838 raft_consensus.cc:2243] T 24de2913e41a4431b092016ea2cc4afe P 8cc7f31cb79341b98305ea36721bcc52 [term 1 FOLLOWER]: Raft consensus shutting down.
I20260601 13:21:40.460772 21838 raft_consensus.cc:2272] T 24de2913e41a4431b092016ea2cc4afe P 8cc7f31cb79341b98305ea36721bcc52 [term 1 FOLLOWER]: Raft consensus is shut down!
I20260601 13:21:40.461230 21838 tablet_replica.cc:333] T 6801feb11c1d4ef1ab0ec50e73fbf0f0 P 8cc7f31cb79341b98305ea36721bcc52: stopping tablet replica
I20260601 13:21:40.461330 21838 raft_consensus.cc:2243] T 6801feb11c1d4ef1ab0ec50e73fbf0f0 P 8cc7f31cb79341b98305ea36721bcc52 [term 1 FOLLOWER]: Raft consensus shutting down.
I20260601 13:21:40.461449 21838 raft_consensus.cc:2272] T 6801feb11c1d4ef1ab0ec50e73fbf0f0 P 8cc7f31cb79341b98305ea36721bcc52 [term 1 FOLLOWER]: Raft consensus is shut down!
I20260601 13:21:40.461869 21838 tablet_replica.cc:333] T 10cfb331c54142979a7d974ed41ee8cb P 8cc7f31cb79341b98305ea36721bcc52: stopping tablet replica
I20260601 13:21:40.461935 21838 raft_consensus.cc:2243] T 10cfb331c54142979a7d974ed41ee8cb P 8cc7f31cb79341b98305ea36721bcc52 [term 1 FOLLOWER]: Raft consensus shutting down.
I20260601 13:21:40.462054 21838 raft_consensus.cc:2272] T 10cfb331c54142979a7d974ed41ee8cb P 8cc7f31cb79341b98305ea36721bcc52 [term 1 FOLLOWER]: Raft consensus is shut down!
I20260601 13:21:40.475561 21838 tablet_server.cc:196] TabletServer@127.21.83.130:0 shutdown complete.
I20260601 13:21:40.478295 21838 tablet_server.cc:179] TabletServer@127.21.83.131:0 shutting down...
I20260601 13:21:40.483289 21838 ts_tablet_manager.cc:1507] Shutting down tablet manager...
I20260601 13:21:40.483471 21838 tablet_replica.cc:333] T 5d9491cdc7f440159599fed9cb4a0547 P 1348470ac8dc4acfadac689868117fe5: stopping tablet replica
I20260601 13:21:40.483625 21838 raft_consensus.cc:2243] T 5d9491cdc7f440159599fed9cb4a0547 P 1348470ac8dc4acfadac689868117fe5 [term 1 FOLLOWER]: Raft consensus shutting down.
I20260601 13:21:40.483783 21838 raft_consensus.cc:2272] T 5d9491cdc7f440159599fed9cb4a0547 P 1348470ac8dc4acfadac689868117fe5 [term 1 FOLLOWER]: Raft consensus is shut down!
I20260601 13:21:40.484315 21838 tablet_replica.cc:333] T 923061bd9fbf4a2f9ea623ad1d8aeacb P 1348470ac8dc4acfadac689868117fe5: stopping tablet replica
I20260601 13:21:40.484431 21838 raft_consensus.cc:2243] T 923061bd9fbf4a2f9ea623ad1d8aeacb P 1348470ac8dc4acfadac689868117fe5 [term 1 LEADER]: Raft consensus shutting down.
I20260601 13:21:40.484625 21838 raft_consensus.cc:2272] T 923061bd9fbf4a2f9ea623ad1d8aeacb P 1348470ac8dc4acfadac689868117fe5 [term 1 FOLLOWER]: Raft consensus is shut down!
I20260601 13:21:40.484956 21838 tablet_replica.cc:333] T 79c3a6b87ab8443ea0b5eafe10407154 P 1348470ac8dc4acfadac689868117fe5: stopping tablet replica
I20260601 13:21:40.485064 21838 raft_consensus.cc:2243] T 79c3a6b87ab8443ea0b5eafe10407154 P 1348470ac8dc4acfadac689868117fe5 [term 1 FOLLOWER]: Raft consensus shutting down.
I20260601 13:21:40.485173 21838 raft_consensus.cc:2272] T 79c3a6b87ab8443ea0b5eafe10407154 P 1348470ac8dc4acfadac689868117fe5 [term 1 FOLLOWER]: Raft consensus is shut down!
I20260601 13:21:40.485510 21838 tablet_replica.cc:333] T c0d619634c394462ae661fa385811760 P 1348470ac8dc4acfadac689868117fe5: stopping tablet replica
I20260601 13:21:40.485626 21838 raft_consensus.cc:2243] T c0d619634c394462ae661fa385811760 P 1348470ac8dc4acfadac689868117fe5 [term 1 FOLLOWER]: Raft consensus shutting down.
I20260601 13:21:40.485752 21838 raft_consensus.cc:2272] T c0d619634c394462ae661fa385811760 P 1348470ac8dc4acfadac689868117fe5 [term 1 FOLLOWER]: Raft consensus is shut down!
I20260601 13:21:40.486047 21838 tablet_replica.cc:333] T 6801feb11c1d4ef1ab0ec50e73fbf0f0 P 1348470ac8dc4acfadac689868117fe5: stopping tablet replica
I20260601 13:21:40.486153 21838 raft_consensus.cc:2243] T 6801feb11c1d4ef1ab0ec50e73fbf0f0 P 1348470ac8dc4acfadac689868117fe5 [term 1 LEADER]: Raft consensus shutting down.
I20260601 13:21:40.486353 21838 raft_consensus.cc:2272] T 6801feb11c1d4ef1ab0ec50e73fbf0f0 P 1348470ac8dc4acfadac689868117fe5 [term 1 FOLLOWER]: Raft consensus is shut down!
I20260601 13:21:40.486749 21838 tablet_replica.cc:333] T 24de2913e41a4431b092016ea2cc4afe P 1348470ac8dc4acfadac689868117fe5: stopping tablet replica
I20260601 13:21:40.486847 21838 raft_consensus.cc:2243] T 24de2913e41a4431b092016ea2cc4afe P 1348470ac8dc4acfadac689868117fe5 [term 1 FOLLOWER]: Raft consensus shutting down.
I20260601 13:21:40.486948 21838 raft_consensus.cc:2272] T 24de2913e41a4431b092016ea2cc4afe P 1348470ac8dc4acfadac689868117fe5 [term 1 FOLLOWER]: Raft consensus is shut down!
I20260601 13:21:40.487329 21838 tablet_replica.cc:333] T 0f1395332c244643be97db6705d7d89b P 1348470ac8dc4acfadac689868117fe5: stopping tablet replica
I20260601 13:21:40.487416 21838 raft_consensus.cc:2243] T 0f1395332c244643be97db6705d7d89b P 1348470ac8dc4acfadac689868117fe5 [term 1 FOLLOWER]: Raft consensus shutting down.
I20260601 13:21:40.487506 21838 raft_consensus.cc:2272] T 0f1395332c244643be97db6705d7d89b P 1348470ac8dc4acfadac689868117fe5 [term 1 FOLLOWER]: Raft consensus is shut down!
I20260601 13:21:40.487879 21838 tablet_replica.cc:333] T 10cfb331c54142979a7d974ed41ee8cb P 1348470ac8dc4acfadac689868117fe5: stopping tablet replica
I20260601 13:21:40.487943 21838 raft_consensus.cc:2243] T 10cfb331c54142979a7d974ed41ee8cb P 1348470ac8dc4acfadac689868117fe5 [term 1 LEADER]: Raft consensus shutting down.
I20260601 13:21:40.488145 21838 raft_consensus.cc:2272] T 10cfb331c54142979a7d974ed41ee8cb P 1348470ac8dc4acfadac689868117fe5 [term 1 FOLLOWER]: Raft consensus is shut down!
I20260601 13:21:40.501818 21838 tablet_server.cc:196] TabletServer@127.21.83.131:0 shutdown complete.
I20260601 13:21:40.504441 21838 tablet_server.cc:179] TabletServer@127.21.83.132:0 shutting down...
I20260601 13:21:40.508050 21838 ts_tablet_manager.cc:1507] Shutting down tablet manager...
I20260601 13:21:40.520071 21838 tablet_server.cc:196] TabletServer@127.21.83.132:0 shutdown complete.
I20260601 13:21:40.521848 21838 master.cc:562] Master@127.21.83.190:37101 shutting down...
W20260601 13:21:40.525830 22452 auto_rebalancer.cc:835] Removing replace marker failed: Catalog manager is not initialized. State: Closing
W20260601 13:21:40.525933 22452 auto_rebalancer.cc:863] Could not move replica: Service unavailable: Catalog manager is not initialized. State: Closing
W20260601 13:21:40.525975 22452 auto_rebalancer.cc:300] scheduled replica move failed to complete: Service unavailable: Catalog manager is not initialized. State: Closing
I20260601 13:21:40.526340 21838 raft_consensus.cc:2243] T 00000000000000000000000000000000 P 1aeaddcafdb0459b82a4f64a2d28d85c [term 1 LEADER]: Raft consensus shutting down.
I20260601 13:21:40.526492 21838 raft_consensus.cc:2272] T 00000000000000000000000000000000 P 1aeaddcafdb0459b82a4f64a2d28d85c [term 1 FOLLOWER]: Raft consensus is shut down!
I20260601 13:21:40.526571 21838 tablet_replica.cc:333] T 00000000000000000000000000000000 P 1aeaddcafdb0459b82a4f64a2d28d85c: stopping tablet replica
I20260601 13:21:40.540719 21838 master.cc:584] Master@127.21.83.190:37101 shutdown complete.
[       OK ] AutoRebalancerTest.AutoRebalancingTurnOffAndOn (7285 ms)
[ RUN      ] AutoRebalancerTest.NextLeaderResumesAutoRebalancing
I20260601 13:21:40.551119 21838 internal_mini_cluster.cc:156] Creating distributed mini masters. Addrs: 127.21.83.190:37731,127.21.83.189:46327,127.21.83.188:39741
I20260601 13:21:40.551537 21838 file_cache.cc:492] Constructed file cache file cache with capacity 419430
W20260601 13:21:40.553673 22884 instance_detector.cc:116] could not retrieve Azure instance metadata: Network error: curl error: HTTP response code said error: The requested URL returned error: 404
W20260601 13:21:40.553675 22886 instance_detector.cc:116] could not retrieve OpenStack instance metadata: Network error: curl error: HTTP response code said error: The requested URL returned error: 404
I20260601 13:21:40.553813 21838 server_base.cc:1061] running on GCE node
W20260601 13:21:40.553787 22883 instance_detector.cc:116] could not retrieve AWS instance metadata: Network error: curl error: HTTP response code said error: The requested URL returned error: 404
I20260601 13:21:40.554080 21838 hybrid_clock.cc:584] initializing the hybrid clock with 'system_unsync' time source
W20260601 13:21:40.554123 21838 system_unsync_time.cc:38] NTP support is disabled. Clock error bounds will not be accurate. This configuration is not suitable for distributed clusters.
I20260601 13:21:40.554139 21838 hybrid_clock.cc:648] HybridClock initialized: now 1780320100554139 us; error 0 us; skew 500 ppm
I20260601 13:21:40.554960 21838 webserver.cc:533] Webserver started at http://127.21.83.190:38501/ using document root <none> and password file <none>
I20260601 13:21:40.555111 21838 fs_manager.cc:362] Metadata directory not provided
I20260601 13:21:40.555162 21838 fs_manager.cc:368] Using write-ahead log directory (fs_wal_dir) as metadata directory
I20260601 13:21:40.555256 21838 server_base.cc:909] This appears to be a new deployment of Kudu; creating new FS layout
I20260601 13:21:40.555629 21838 fs_manager.cc:1068] Generated new instance metadata in path /tmp/dist-test-taskMBZw0D/test-tmp/auto_rebalancer-test.0.AutoRebalancerTest.NextLeaderResumesAutoRebalancing.1780320090535017-21838-0/minicluster-data/master-0-root/instance:
uuid: "bfa1df25dbee44169e2e38f393fac869"
format_stamp: "Formatted at 2026-06-01 13:21:40 on dist-test-slave-3f7g"
I20260601 13:21:40.557037 21838 fs_manager.cc:696] Time spent creating directory manager: real 0.001s	user 0.000s	sys 0.001s
I20260601 13:21:40.557880 22891 log_block_manager.cc:4031] Time spent loading block containers with low live blocks: real 0.000s	user 0.000s	sys 0.000s
I20260601 13:21:40.558130 21838 fs_manager.cc:730] Time spent opening block manager: real 0.001s	user 0.000s	sys 0.001s
I20260601 13:21:40.558187 21838 fs_manager.cc:647] Opened local filesystem: /tmp/dist-test-taskMBZw0D/test-tmp/auto_rebalancer-test.0.AutoRebalancerTest.NextLeaderResumesAutoRebalancing.1780320090535017-21838-0/minicluster-data/master-0-root
uuid: "bfa1df25dbee44169e2e38f393fac869"
format_stamp: "Formatted at 2026-06-01 13:21:40 on dist-test-slave-3f7g"
I20260601 13:21:40.558272 21838 fs_report.cc:389] FS layout report
--------------------
wal directory: /tmp/dist-test-taskMBZw0D/test-tmp/auto_rebalancer-test.0.AutoRebalancerTest.NextLeaderResumesAutoRebalancing.1780320090535017-21838-0/minicluster-data/master-0-root
metadata directory: /tmp/dist-test-taskMBZw0D/test-tmp/auto_rebalancer-test.0.AutoRebalancerTest.NextLeaderResumesAutoRebalancing.1780320090535017-21838-0/minicluster-data/master-0-root
1 data directories: /tmp/dist-test-taskMBZw0D/test-tmp/auto_rebalancer-test.0.AutoRebalancerTest.NextLeaderResumesAutoRebalancing.1780320090535017-21838-0/minicluster-data/master-0-root/data
Total live blocks: 0
Total live bytes: 0
Total live bytes (after alignment): 0
Total number of LBM containers: 0 (0 full)
Did not check for missing blocks
Did not check for orphaned blocks
Total full LBM containers with extra space: 0 (0 repaired)
Total full LBM container extra space in bytes: 0 (0 repaired)
Total incomplete LBM containers: 0 (0 repaired)
Total LBM partial records: 0 (0 repaired)
Total corrupted LBM metadata records in RocksDB: 0 (0 repaired)
I20260601 13:21:40.568123 21838 rpc_server.cc:225] running with OpenSSL 1.1.1  11 Sep 2018
I20260601 13:21:40.568452 21838 kserver.cc:163] Server-wide thread pool size limit: 3276
I20260601 13:21:40.572638 21838 rpc_server.cc:307] RPC server started. Bound to: 127.21.83.190:37731
I20260601 13:21:40.574045 21838 file_cache.cc:492] Constructed file cache file cache with capacity 419430
I20260601 13:21:40.578913 22943 acceptor_pool.cc:272] collecting diagnostics on the listening RPC socket 127.21.83.190:37731 every 8 connection(s)
I20260601 13:21:40.579561 22944 data_dirs.cc:400] Could only allocate 1 dirs of requested 3 for tablet 00000000000000000000000000000000. 1 dirs total, 0 dirs full, 0 dirs failed
W20260601 13:21:40.579906 22947 instance_detector.cc:116] could not retrieve Azure instance metadata: Network error: curl error: HTTP response code said error: The requested URL returned error: 404
W20260601 13:21:40.579902 22946 instance_detector.cc:116] could not retrieve AWS instance metadata: Network error: curl error: HTTP response code said error: The requested URL returned error: 404
W20260601 13:21:40.580041 22949 instance_detector.cc:116] could not retrieve OpenStack instance metadata: Network error: curl error: HTTP response code said error: The requested URL returned error: 404
I20260601 13:21:40.579932 21838 server_base.cc:1061] running on GCE node
I20260601 13:21:40.580265 21838 hybrid_clock.cc:584] initializing the hybrid clock with 'system_unsync' time source
W20260601 13:21:40.580313 21838 system_unsync_time.cc:38] NTP support is disabled. Clock error bounds will not be accurate. This configuration is not suitable for distributed clusters.
I20260601 13:21:40.580334 21838 hybrid_clock.cc:648] HybridClock initialized: now 1780320100580334 us; error 0 us; skew 500 ppm
I20260601 13:21:40.581173 21838 webserver.cc:533] Webserver started at http://127.21.83.189:39957/ using document root <none> and password file <none>
I20260601 13:21:40.581140 22944 sys_catalog.cc:422] member_type: VOTER last_known_addr { host: "127.21.83.190" port: 37731 } has no permanent_uuid. Determining permanent_uuid...
I20260601 13:21:40.581316 21838 fs_manager.cc:362] Metadata directory not provided
I20260601 13:21:40.581368 21838 fs_manager.cc:368] Using write-ahead log directory (fs_wal_dir) as metadata directory
I20260601 13:21:40.581446 21838 server_base.cc:909] This appears to be a new deployment of Kudu; creating new FS layout
I20260601 13:21:40.581887 21838 fs_manager.cc:1068] Generated new instance metadata in path /tmp/dist-test-taskMBZw0D/test-tmp/auto_rebalancer-test.0.AutoRebalancerTest.NextLeaderResumesAutoRebalancing.1780320090535017-21838-0/minicluster-data/master-1-root/instance:
uuid: "1349ec8f8b9d4c948071073081d2be53"
format_stamp: "Formatted at 2026-06-01 13:21:40 on dist-test-slave-3f7g"
I20260601 13:21:40.583276 21838 fs_manager.cc:696] Time spent creating directory manager: real 0.001s	user 0.002s	sys 0.000s
I20260601 13:21:40.584352 22956 log_block_manager.cc:4031] Time spent loading block containers with low live blocks: real 0.000s	user 0.000s	sys 0.000s
I20260601 13:21:40.584635 21838 fs_manager.cc:730] Time spent opening block manager: real 0.001s	user 0.000s	sys 0.000s
I20260601 13:21:40.584707 21838 fs_manager.cc:647] Opened local filesystem: /tmp/dist-test-taskMBZw0D/test-tmp/auto_rebalancer-test.0.AutoRebalancerTest.NextLeaderResumesAutoRebalancing.1780320090535017-21838-0/minicluster-data/master-1-root
uuid: "1349ec8f8b9d4c948071073081d2be53"
format_stamp: "Formatted at 2026-06-01 13:21:40 on dist-test-slave-3f7g"
I20260601 13:21:40.584833 21838 fs_report.cc:389] FS layout report
--------------------
wal directory: /tmp/dist-test-taskMBZw0D/test-tmp/auto_rebalancer-test.0.AutoRebalancerTest.NextLeaderResumesAutoRebalancing.1780320090535017-21838-0/minicluster-data/master-1-root
metadata directory: /tmp/dist-test-taskMBZw0D/test-tmp/auto_rebalancer-test.0.AutoRebalancerTest.NextLeaderResumesAutoRebalancing.1780320090535017-21838-0/minicluster-data/master-1-root
1 data directories: /tmp/dist-test-taskMBZw0D/test-tmp/auto_rebalancer-test.0.AutoRebalancerTest.NextLeaderResumesAutoRebalancing.1780320090535017-21838-0/minicluster-data/master-1-root/data
Total live blocks: 0
Total live bytes: 0
Total live bytes (after alignment): 0
Total number of LBM containers: 0 (0 full)
Did not check for missing blocks
Did not check for orphaned blocks
Total full LBM containers with extra space: 0 (0 repaired)
Total full LBM container extra space in bytes: 0 (0 repaired)
Total incomplete LBM containers: 0 (0 repaired)
Total LBM partial records: 0 (0 repaired)
Total corrupted LBM metadata records in RocksDB: 0 (0 repaired)
I20260601 13:21:40.585587 22944 sys_catalog.cc:422] member_type: VOTER last_known_addr { host: "127.21.83.189" port: 46327 } has no permanent_uuid. Determining permanent_uuid...
W20260601 13:21:40.586185 22894 proxy.cc:239] Call had error, refreshing address and retrying: Network error: Client connection negotiation failed: client connection to 127.21.83.189:46327: connect: Connection refused (error 111) [suppressed 2 similar messages]
W20260601 13:21:40.586860 22944 consensus_peers.cc:760] Error getting permanent uuid from config peer 127.21.83.189:46327: Network error: Client connection negotiation failed: client connection to 127.21.83.189:46327: connect: Connection refused (error 111)
I20260601 13:21:40.602893 21838 rpc_server.cc:225] running with OpenSSL 1.1.1  11 Sep 2018
I20260601 13:21:40.603274 21838 kserver.cc:163] Server-wide thread pool size limit: 3276
I20260601 13:21:40.607031 21838 rpc_server.cc:307] RPC server started. Bound to: 127.21.83.189:46327
I20260601 13:21:40.607074 23009 acceptor_pool.cc:272] collecting diagnostics on the listening RPC socket 127.21.83.189:46327 every 8 connection(s)
I20260601 13:21:40.607833 21838 file_cache.cc:492] Constructed file cache file cache with capacity 419430
I20260601 13:21:40.607940 23010 data_dirs.cc:400] Could only allocate 1 dirs of requested 3 for tablet 00000000000000000000000000000000. 1 dirs total, 0 dirs full, 0 dirs failed
I20260601 13:21:40.609016 22944 consensus_peers.cc:770] Retrying to get permanent uuid for remote peer: member_type: VOTER last_known_addr { host: "127.21.83.189" port: 46327 } attempt: 1
I20260601 13:21:40.609287 23010 sys_catalog.cc:422] member_type: VOTER last_known_addr { host: "127.21.83.190" port: 37731 } has no permanent_uuid. Determining permanent_uuid...
W20260601 13:21:40.609613 23015 instance_detector.cc:116] could not retrieve OpenStack instance metadata: Network error: curl error: HTTP response code said error: The requested URL returned error: 404
I20260601 13:21:40.610150 21838 server_base.cc:1061] running on GCE node
W20260601 13:21:40.610361 23013 instance_detector.cc:116] could not retrieve Azure instance metadata: Network error: curl error: HTTP response code said error: The requested URL returned error: 404
W20260601 13:21:40.610433 23012 instance_detector.cc:116] could not retrieve AWS instance metadata: Network error: curl error: HTTP response code said error: The requested URL returned error: 404
I20260601 13:21:40.610728 21838 hybrid_clock.cc:584] initializing the hybrid clock with 'system_unsync' time source
W20260601 13:21:40.610781 21838 system_unsync_time.cc:38] NTP support is disabled. Clock error bounds will not be accurate. This configuration is not suitable for distributed clusters.
I20260601 13:21:40.610805 21838 hybrid_clock.cc:648] HybridClock initialized: now 1780320100610805 us; error 0 us; skew 500 ppm
I20260601 13:21:40.611691 21838 webserver.cc:533] Webserver started at http://127.21.83.188:36593/ using document root <none> and password file <none>
I20260601 13:21:40.611907 21838 fs_manager.cc:362] Metadata directory not provided
I20260601 13:21:40.611976 21838 fs_manager.cc:368] Using write-ahead log directory (fs_wal_dir) as metadata directory
I20260601 13:21:40.612087 21838 server_base.cc:909] This appears to be a new deployment of Kudu; creating new FS layout
I20260601 13:21:40.612479 21838 fs_manager.cc:1068] Generated new instance metadata in path /tmp/dist-test-taskMBZw0D/test-tmp/auto_rebalancer-test.0.AutoRebalancerTest.NextLeaderResumesAutoRebalancing.1780320090535017-21838-0/minicluster-data/master-2-root/instance:
uuid: "9559f7013cac4f32b137e111654fc693"
format_stamp: "Formatted at 2026-06-01 13:21:40 on dist-test-slave-3f7g"
I20260601 13:21:40.614099 22944 sys_catalog.cc:422] member_type: VOTER last_known_addr { host: "127.21.83.188" port: 39741 } has no permanent_uuid. Determining permanent_uuid...
I20260601 13:21:40.614409 21838 fs_manager.cc:696] Time spent creating directory manager: real 0.002s	user 0.002s	sys 0.000s
I20260601 13:21:40.614867 23010 sys_catalog.cc:422] member_type: VOTER last_known_addr { host: "127.21.83.189" port: 46327 } has no permanent_uuid. Determining permanent_uuid...
W20260601 13:21:40.615391 22944 consensus_peers.cc:760] Error getting permanent uuid from config peer 127.21.83.188:39741: Network error: Client connection negotiation failed: client connection to 127.21.83.188:39741: connect: Connection refused (error 111)
I20260601 13:21:40.615689 23022 log_block_manager.cc:4031] Time spent loading block containers with low live blocks: real 0.000s	user 0.000s	sys 0.000s
I20260601 13:21:40.615940 21838 fs_manager.cc:730] Time spent opening block manager: real 0.001s	user 0.001s	sys 0.000s
I20260601 13:21:40.616030 21838 fs_manager.cc:647] Opened local filesystem: /tmp/dist-test-taskMBZw0D/test-tmp/auto_rebalancer-test.0.AutoRebalancerTest.NextLeaderResumesAutoRebalancing.1780320090535017-21838-0/minicluster-data/master-2-root
uuid: "9559f7013cac4f32b137e111654fc693"
format_stamp: "Formatted at 2026-06-01 13:21:40 on dist-test-slave-3f7g"
I20260601 13:21:40.616083 21838 fs_report.cc:389] FS layout report
--------------------
wal directory: /tmp/dist-test-taskMBZw0D/test-tmp/auto_rebalancer-test.0.AutoRebalancerTest.NextLeaderResumesAutoRebalancing.1780320090535017-21838-0/minicluster-data/master-2-root
metadata directory: /tmp/dist-test-taskMBZw0D/test-tmp/auto_rebalancer-test.0.AutoRebalancerTest.NextLeaderResumesAutoRebalancing.1780320090535017-21838-0/minicluster-data/master-2-root
1 data directories: /tmp/dist-test-taskMBZw0D/test-tmp/auto_rebalancer-test.0.AutoRebalancerTest.NextLeaderResumesAutoRebalancing.1780320090535017-21838-0/minicluster-data/master-2-root/data
Total live blocks: 0
Total live bytes: 0
Total live bytes (after alignment): 0
Total number of LBM containers: 0 (0 full)
Did not check for missing blocks
Did not check for orphaned blocks
Total full LBM containers with extra space: 0 (0 repaired)
Total full LBM container extra space in bytes: 0 (0 repaired)
Total incomplete LBM containers: 0 (0 repaired)
Total LBM partial records: 0 (0 repaired)
Total corrupted LBM metadata records in RocksDB: 0 (0 repaired)
I20260601 13:21:40.618515 23010 sys_catalog.cc:422] member_type: VOTER last_known_addr { host: "127.21.83.188" port: 39741 } has no permanent_uuid. Determining permanent_uuid...
W20260601 13:21:40.619683 23010 consensus_peers.cc:760] Error getting permanent uuid from config peer 127.21.83.188:39741: Network error: Client connection negotiation failed: client connection to 127.21.83.188:39741: connect: Connection refused (error 111)
I20260601 13:21:40.630486 21838 rpc_server.cc:225] running with OpenSSL 1.1.1  11 Sep 2018
I20260601 13:21:40.630870 21838 kserver.cc:163] Server-wide thread pool size limit: 3276
I20260601 13:21:40.635164 21838 rpc_server.cc:307] RPC server started. Bound to: 127.21.83.188:39741
I20260601 13:21:40.635181 23075 acceptor_pool.cc:272] collecting diagnostics on the listening RPC socket 127.21.83.188:39741 every 8 connection(s)
I20260601 13:21:40.635625 21838 internal_mini_cluster.cc:184] Waiting to initialize catalog manager on master 0
I20260601 13:21:40.636058 23076 data_dirs.cc:400] Could only allocate 1 dirs of requested 3 for tablet 00000000000000000000000000000000. 1 dirs total, 0 dirs full, 0 dirs failed
I20260601 13:21:40.636528 22944 consensus_peers.cc:770] Retrying to get permanent uuid for remote peer: member_type: VOTER last_known_addr { host: "127.21.83.188" port: 39741 } attempt: 1
I20260601 13:21:40.637377 23076 sys_catalog.cc:422] member_type: VOTER last_known_addr { host: "127.21.83.190" port: 37731 } has no permanent_uuid. Determining permanent_uuid...
I20260601 13:21:40.642130 22944 tablet_bootstrap.cc:492] T 00000000000000000000000000000000 P bfa1df25dbee44169e2e38f393fac869: Bootstrap starting.
I20260601 13:21:40.642860 22944 tablet_bootstrap.cc:654] T 00000000000000000000000000000000 P bfa1df25dbee44169e2e38f393fac869: Neither blocks nor log segments found. Creating new log.
I20260601 13:21:40.643414 23076 sys_catalog.cc:422] member_type: VOTER last_known_addr { host: "127.21.83.189" port: 46327 } has no permanent_uuid. Determining permanent_uuid...
I20260601 13:21:40.643963 22944 tablet_bootstrap.cc:492] T 00000000000000000000000000000000 P bfa1df25dbee44169e2e38f393fac869: No bootstrap required, opened a new log
I20260601 13:21:40.644382 22944 raft_consensus.cc:359] T 00000000000000000000000000000000 P bfa1df25dbee44169e2e38f393fac869 [term 0 FOLLOWER]: Replica starting. Triggering 0 pending ops. Active config: opid_index: -1 OBSOLETE_local: false peers { permanent_uuid: "bfa1df25dbee44169e2e38f393fac869" member_type: VOTER last_known_addr { host: "127.21.83.190" port: 37731 } } peers { permanent_uuid: "1349ec8f8b9d4c948071073081d2be53" member_type: VOTER last_known_addr { host: "127.21.83.189" port: 46327 } } peers { permanent_uuid: "9559f7013cac4f32b137e111654fc693" member_type: VOTER last_known_addr { host: "127.21.83.188" port: 39741 } }
I20260601 13:21:40.644485 22944 raft_consensus.cc:385] T 00000000000000000000000000000000 P bfa1df25dbee44169e2e38f393fac869 [term 0 FOLLOWER]: Consensus starting up: Expiring failure detector timer to make a prompt election more likely
I20260601 13:21:40.644529 22944 raft_consensus.cc:740] T 00000000000000000000000000000000 P bfa1df25dbee44169e2e38f393fac869 [term 0 FOLLOWER]: Becoming Follower/Learner. State: Replica: bfa1df25dbee44169e2e38f393fac869, State: Initialized, Role: FOLLOWER
I20260601 13:21:40.644663 22944 consensus_queue.cc:260] T 00000000000000000000000000000000 P bfa1df25dbee44169e2e38f393fac869 [NON_LEADER]: Queue going to NON_LEADER mode. State: All replicated index: 0, Majority replicated index: 0, Committed index: 0, Last appended: 0.0, Last appended by leader: 0, Current term: 0, Majority size: -1, State: 0, Mode: NON_LEADER, active raft config: opid_index: -1 OBSOLETE_local: false peers { permanent_uuid: "bfa1df25dbee44169e2e38f393fac869" member_type: VOTER last_known_addr { host: "127.21.83.190" port: 37731 } } peers { permanent_uuid: "1349ec8f8b9d4c948071073081d2be53" member_type: VOTER last_known_addr { host: "127.21.83.189" port: 46327 } } peers { permanent_uuid: "9559f7013cac4f32b137e111654fc693" member_type: VOTER last_known_addr { host: "127.21.83.188" port: 39741 } }
I20260601 13:21:40.644953 23081 sys_catalog.cc:455] T 00000000000000000000000000000000 P bfa1df25dbee44169e2e38f393fac869 [sys.catalog]: SysCatalogTable state changed. Reason: RaftConsensus started. Latest consensus state: current_term: 0 committed_config { opid_index: -1 OBSOLETE_local: false peers { permanent_uuid: "bfa1df25dbee44169e2e38f393fac869" member_type: VOTER last_known_addr { host: "127.21.83.190" port: 37731 } } peers { permanent_uuid: "1349ec8f8b9d4c948071073081d2be53" member_type: VOTER last_known_addr { host: "127.21.83.189" port: 46327 } } peers { permanent_uuid: "9559f7013cac4f32b137e111654fc693" member_type: VOTER last_known_addr { host: "127.21.83.188" port: 39741 } } }
I20260601 13:21:40.645030 23081 sys_catalog.cc:458] T 00000000000000000000000000000000 P bfa1df25dbee44169e2e38f393fac869 [sys.catalog]: This master's current role is: FOLLOWER
I20260601 13:21:40.645116 22944 sys_catalog.cc:565] T 00000000000000000000000000000000 P bfa1df25dbee44169e2e38f393fac869 [sys.catalog]: configured and running, proceeding with master startup.
I20260601 13:21:40.646488 21838 internal_mini_cluster.cc:184] Waiting to initialize catalog manager on master 1
I20260601 13:21:40.646831 23010 consensus_peers.cc:770] Retrying to get permanent uuid for remote peer: member_type: VOTER last_known_addr { host: "127.21.83.188" port: 39741 } attempt: 1
W20260601 13:21:40.647017 23092 catalog_manager.cc:1593] T 00000000000000000000000000000000 P bfa1df25dbee44169e2e38f393fac869: loading cluster ID for follower catalog manager: Not found: cluster ID entry not found
W20260601 13:21:40.647137 23092 catalog_manager.cc:883] Not found: cluster ID entry not found: failed to prepare follower catalog manager, will retry
I20260601 13:21:40.649838 23076 sys_catalog.cc:422] member_type: VOTER last_known_addr { host: "127.21.83.188" port: 39741 } has no permanent_uuid. Determining permanent_uuid...
I20260601 13:21:40.651640 23010 tablet_bootstrap.cc:492] T 00000000000000000000000000000000 P 1349ec8f8b9d4c948071073081d2be53: Bootstrap starting.
I20260601 13:21:40.652722 23010 tablet_bootstrap.cc:654] T 00000000000000000000000000000000 P 1349ec8f8b9d4c948071073081d2be53: Neither blocks nor log segments found. Creating new log.
I20260601 13:21:40.653873 23010 tablet_bootstrap.cc:492] T 00000000000000000000000000000000 P 1349ec8f8b9d4c948071073081d2be53: No bootstrap required, opened a new log
I20260601 13:21:40.654305 23076 tablet_bootstrap.cc:492] T 00000000000000000000000000000000 P 9559f7013cac4f32b137e111654fc693: Bootstrap starting.
I20260601 13:21:40.654529 23010 raft_consensus.cc:359] T 00000000000000000000000000000000 P 1349ec8f8b9d4c948071073081d2be53 [term 0 FOLLOWER]: Replica starting. Triggering 0 pending ops. Active config: opid_index: -1 OBSOLETE_local: false peers { permanent_uuid: "bfa1df25dbee44169e2e38f393fac869" member_type: VOTER last_known_addr { host: "127.21.83.190" port: 37731 } } peers { permanent_uuid: "1349ec8f8b9d4c948071073081d2be53" member_type: VOTER last_known_addr { host: "127.21.83.189" port: 46327 } } peers { permanent_uuid: "9559f7013cac4f32b137e111654fc693" member_type: VOTER last_known_addr { host: "127.21.83.188" port: 39741 } }
I20260601 13:21:40.654668 23010 raft_consensus.cc:385] T 00000000000000000000000000000000 P 1349ec8f8b9d4c948071073081d2be53 [term 0 FOLLOWER]: Consensus starting up: Expiring failure detector timer to make a prompt election more likely
I20260601 13:21:40.654697 23010 raft_consensus.cc:740] T 00000000000000000000000000000000 P 1349ec8f8b9d4c948071073081d2be53 [term 0 FOLLOWER]: Becoming Follower/Learner. State: Replica: 1349ec8f8b9d4c948071073081d2be53, State: Initialized, Role: FOLLOWER
