I20260601 13:35:26.423101 22005 leader_election.cc:290] T e44d0fac796b439fb237eda26372d1c9 P 5cc1bcbe57404f9bad8fcffe47f50005 [CANDIDATE]: Term 1 pre-election: Requested pre-vote from peers 9e32440b252742b1a6d9e69463e111ff (127.20.161.66:42197), 640724061b10447ead329eee9af46701 (127.20.161.67:42307)
I20260601 13:35:26.424101 21995 ts_tablet_manager.cc:1434] T e44d0fac796b439fb237eda26372d1c9 P 5cc1bcbe57404f9bad8fcffe47f50005: Time spent starting tablet: real 0.003s	user 0.000s	sys 0.001s
I20260601 13:35:26.424366 21995 tablet_bootstrap.cc:492] T 55a9d0abeeba48f49cb0c450858eaeee P 5cc1bcbe57404f9bad8fcffe47f50005: Bootstrap starting.
I20260601 13:35:26.426040 21995 tablet_bootstrap.cc:654] T 55a9d0abeeba48f49cb0c450858eaeee P 5cc1bcbe57404f9bad8fcffe47f50005: Neither blocks nor log segments found. Creating new log.
I20260601 13:35:26.427249 21995 tablet_bootstrap.cc:492] T 55a9d0abeeba48f49cb0c450858eaeee P 5cc1bcbe57404f9bad8fcffe47f50005: No bootstrap required, opened a new log
I20260601 13:35:26.427349 21995 ts_tablet_manager.cc:1403] T 55a9d0abeeba48f49cb0c450858eaeee P 5cc1bcbe57404f9bad8fcffe47f50005: Time spent bootstrapping tablet: real 0.003s	user 0.000s	sys 0.002s
I20260601 13:35:26.427613 21873 tablet_service.cc:1917] Received RequestConsensusVote() RPC: tablet_id: "e44d0fac796b439fb237eda26372d1c9" candidate_uuid: "5cc1bcbe57404f9bad8fcffe47f50005" candidate_term: 1 candidate_status { last_received { term: 0 index: 0 } } ignore_live_leader: false dest_uuid: "9e32440b252742b1a6d9e69463e111ff" is_pre_election: true
I20260601 13:35:26.427758 21873 raft_consensus.cc:2468] T e44d0fac796b439fb237eda26372d1c9 P 9e32440b252742b1a6d9e69463e111ff [term 0 FOLLOWER]: Leader pre-election vote request: Granting yes vote for candidate 5cc1bcbe57404f9bad8fcffe47f50005 in term 0.
I20260601 13:35:26.427786 21995 raft_consensus.cc:359] T 55a9d0abeeba48f49cb0c450858eaeee P 5cc1bcbe57404f9bad8fcffe47f50005 [term 0 FOLLOWER]: Replica starting. Triggering 0 pending ops. Active config: opid_index: -1 OBSOLETE_local: false peers { permanent_uuid: "5cc1bcbe57404f9bad8fcffe47f50005" member_type: VOTER last_known_addr { host: "127.20.161.65" port: 35737 } } peers { permanent_uuid: "9e32440b252742b1a6d9e69463e111ff" member_type: VOTER last_known_addr { host: "127.20.161.66" port: 42197 } } peers { permanent_uuid: "640724061b10447ead329eee9af46701" member_type: VOTER last_known_addr { host: "127.20.161.67" port: 42307 } }
I20260601 13:35:26.427915 21995 raft_consensus.cc:385] T 55a9d0abeeba48f49cb0c450858eaeee P 5cc1bcbe57404f9bad8fcffe47f50005 [term 0 FOLLOWER]: Consensus starting up: Expiring failure detector timer to make a prompt election more likely
I20260601 13:35:26.427963 21995 raft_consensus.cc:740] T 55a9d0abeeba48f49cb0c450858eaeee P 5cc1bcbe57404f9bad8fcffe47f50005 [term 0 FOLLOWER]: Becoming Follower/Learner. State: Replica: 5cc1bcbe57404f9bad8fcffe47f50005, State: Initialized, Role: FOLLOWER
I20260601 13:35:26.428092 21995 consensus_queue.cc:260] T 55a9d0abeeba48f49cb0c450858eaeee P 5cc1bcbe57404f9bad8fcffe47f50005 [NON_LEADER]: Queue going to NON_LEADER mode. State: All replicated index: 0, Majority replicated index: 0, Committed index: 0, Last appended: 0.0, Last appended by leader: 0, Current term: 0, Majority size: -1, State: 0, Mode: NON_LEADER, active raft config: opid_index: -1 OBSOLETE_local: false peers { permanent_uuid: "5cc1bcbe57404f9bad8fcffe47f50005" member_type: VOTER last_known_addr { host: "127.20.161.65" port: 35737 } } peers { permanent_uuid: "9e32440b252742b1a6d9e69463e111ff" member_type: VOTER last_known_addr { host: "127.20.161.66" port: 42197 } } peers { permanent_uuid: "640724061b10447ead329eee9af46701" member_type: VOTER last_known_addr { host: "127.20.161.67" port: 42307 } }
I20260601 13:35:26.428159 21763 leader_election.cc:304] T e44d0fac796b439fb237eda26372d1c9 P 5cc1bcbe57404f9bad8fcffe47f50005 [CANDIDATE]: Term 1 pre-election: Election decided. Result: candidate won. Election summary: received 2 responses out of 3 voters: 2 yes votes; 0 no votes. yes voters: 5cc1bcbe57404f9bad8fcffe47f50005, 9e32440b252742b1a6d9e69463e111ff; no voters: 
I20260601 13:35:26.428342 22005 raft_consensus.cc:2804] T e44d0fac796b439fb237eda26372d1c9 P 5cc1bcbe57404f9bad8fcffe47f50005 [term 0 FOLLOWER]: Leader pre-election won for term 1
I20260601 13:35:26.428395 22005 raft_consensus.cc:493] T e44d0fac796b439fb237eda26372d1c9 P 5cc1bcbe57404f9bad8fcffe47f50005 [term 0 FOLLOWER]: Starting leader election (no leader contacted us within the election timeout)
I20260601 13:35:26.428397 21995 ts_tablet_manager.cc:1434] T 55a9d0abeeba48f49cb0c450858eaeee P 5cc1bcbe57404f9bad8fcffe47f50005: Time spent starting tablet: real 0.001s	user 0.000s	sys 0.000s
I20260601 13:35:26.428449 22005 raft_consensus.cc:3060] T e44d0fac796b439fb237eda26372d1c9 P 5cc1bcbe57404f9bad8fcffe47f50005 [term 0 FOLLOWER]: Advancing to term 1
I20260601 13:35:26.428656 21995 tablet_bootstrap.cc:492] T 78523dc47e954036a4c88e4aee4498bf P 5cc1bcbe57404f9bad8fcffe47f50005: Bootstrap starting.
I20260601 13:35:26.429670 22005 raft_consensus.cc:515] T e44d0fac796b439fb237eda26372d1c9 P 5cc1bcbe57404f9bad8fcffe47f50005 [term 1 FOLLOWER]: Starting leader election with config: opid_index: -1 OBSOLETE_local: false peers { permanent_uuid: "5cc1bcbe57404f9bad8fcffe47f50005" member_type: VOTER last_known_addr { host: "127.20.161.65" port: 35737 } } peers { permanent_uuid: "9e32440b252742b1a6d9e69463e111ff" member_type: VOTER last_known_addr { host: "127.20.161.66" port: 42197 } } peers { permanent_uuid: "640724061b10447ead329eee9af46701" member_type: VOTER last_known_addr { host: "127.20.161.67" port: 42307 } }
I20260601 13:35:26.429800 21995 tablet_bootstrap.cc:654] T 78523dc47e954036a4c88e4aee4498bf P 5cc1bcbe57404f9bad8fcffe47f50005: Neither blocks nor log segments found. Creating new log.
I20260601 13:35:26.430079 22005 leader_election.cc:290] T e44d0fac796b439fb237eda26372d1c9 P 5cc1bcbe57404f9bad8fcffe47f50005 [CANDIDATE]: Term 1 election: Requested vote from peers 9e32440b252742b1a6d9e69463e111ff (127.20.161.66:42197), 640724061b10447ead329eee9af46701 (127.20.161.67:42307)
I20260601 13:35:26.432340 21948 tablet_service.cc:1917] Received RequestConsensusVote() RPC: tablet_id: "e44d0fac796b439fb237eda26372d1c9" candidate_uuid: "5cc1bcbe57404f9bad8fcffe47f50005" candidate_term: 1 candidate_status { last_received { term: 0 index: 0 } } ignore_live_leader: false dest_uuid: "640724061b10447ead329eee9af46701" is_pre_election: true
I20260601 13:35:26.432332 21873 tablet_service.cc:1917] Received RequestConsensusVote() RPC: tablet_id: "e44d0fac796b439fb237eda26372d1c9" candidate_uuid: "5cc1bcbe57404f9bad8fcffe47f50005" candidate_term: 1 candidate_status { last_received { term: 0 index: 0 } } ignore_live_leader: false dest_uuid: "9e32440b252742b1a6d9e69463e111ff"
I20260601 13:35:26.432529 21948 raft_consensus.cc:2468] T e44d0fac796b439fb237eda26372d1c9 P 640724061b10447ead329eee9af46701 [term 0 FOLLOWER]: Leader pre-election vote request: Granting yes vote for candidate 5cc1bcbe57404f9bad8fcffe47f50005 in term 0.
I20260601 13:35:26.432358 21947 tablet_service.cc:1917] Received RequestConsensusVote() RPC: tablet_id: "e44d0fac796b439fb237eda26372d1c9" candidate_uuid: "5cc1bcbe57404f9bad8fcffe47f50005" candidate_term: 1 candidate_status { last_received { term: 0 index: 0 } } ignore_live_leader: false dest_uuid: "640724061b10447ead329eee9af46701"
I20260601 13:35:26.432720 21947 raft_consensus.cc:3060] T e44d0fac796b439fb237eda26372d1c9 P 640724061b10447ead329eee9af46701 [term 0 FOLLOWER]: Advancing to term 1
I20260601 13:35:26.433034 21995 tablet_bootstrap.cc:492] T 78523dc47e954036a4c88e4aee4498bf P 5cc1bcbe57404f9bad8fcffe47f50005: No bootstrap required, opened a new log
I20260601 13:35:26.433123 21995 ts_tablet_manager.cc:1403] T 78523dc47e954036a4c88e4aee4498bf P 5cc1bcbe57404f9bad8fcffe47f50005: Time spent bootstrapping tablet: real 0.005s	user 0.000s	sys 0.002s
I20260601 13:35:26.433686 21947 raft_consensus.cc:2468] T e44d0fac796b439fb237eda26372d1c9 P 640724061b10447ead329eee9af46701 [term 1 FOLLOWER]: Leader election vote request: Granting yes vote for candidate 5cc1bcbe57404f9bad8fcffe47f50005 in term 1.
I20260601 13:35:26.433718 21995 raft_consensus.cc:359] T 78523dc47e954036a4c88e4aee4498bf P 5cc1bcbe57404f9bad8fcffe47f50005 [term 0 FOLLOWER]: Replica starting. Triggering 0 pending ops. Active config: opid_index: -1 OBSOLETE_local: false peers { permanent_uuid: "5cc1bcbe57404f9bad8fcffe47f50005" member_type: VOTER last_known_addr { host: "127.20.161.65" port: 35737 } } peers { permanent_uuid: "9e32440b252742b1a6d9e69463e111ff" member_type: VOTER last_known_addr { host: "127.20.161.66" port: 42197 } } peers { permanent_uuid: "640724061b10447ead329eee9af46701" member_type: VOTER last_known_addr { host: "127.20.161.67" port: 42307 } }
I20260601 13:35:26.433826 21995 raft_consensus.cc:385] T 78523dc47e954036a4c88e4aee4498bf P 5cc1bcbe57404f9bad8fcffe47f50005 [term 0 FOLLOWER]: Consensus starting up: Expiring failure detector timer to make a prompt election more likely
I20260601 13:35:26.433876 21995 raft_consensus.cc:740] T 78523dc47e954036a4c88e4aee4498bf P 5cc1bcbe57404f9bad8fcffe47f50005 [term 0 FOLLOWER]: Becoming Follower/Learner. State: Replica: 5cc1bcbe57404f9bad8fcffe47f50005, State: Initialized, Role: FOLLOWER
I20260601 13:35:26.432540 21873 raft_consensus.cc:3060] T e44d0fac796b439fb237eda26372d1c9 P 9e32440b252742b1a6d9e69463e111ff [term 0 FOLLOWER]: Advancing to term 1
I20260601 13:35:26.433995 21761 leader_election.cc:304] T e44d0fac796b439fb237eda26372d1c9 P 5cc1bcbe57404f9bad8fcffe47f50005 [CANDIDATE]: Term 1 election: Election decided. Result: candidate won. Election summary: received 2 responses out of 3 voters: 2 yes votes; 0 no votes. yes voters: 5cc1bcbe57404f9bad8fcffe47f50005, 640724061b10447ead329eee9af46701; no voters: 
I20260601 13:35:26.434083 21995 consensus_queue.cc:260] T 78523dc47e954036a4c88e4aee4498bf P 5cc1bcbe57404f9bad8fcffe47f50005 [NON_LEADER]: Queue going to NON_LEADER mode. State: All replicated index: 0, Majority replicated index: 0, Committed index: 0, Last appended: 0.0, Last appended by leader: 0, Current term: 0, Majority size: -1, State: 0, Mode: NON_LEADER, active raft config: opid_index: -1 OBSOLETE_local: false peers { permanent_uuid: "5cc1bcbe57404f9bad8fcffe47f50005" member_type: VOTER last_known_addr { host: "127.20.161.65" port: 35737 } } peers { permanent_uuid: "9e32440b252742b1a6d9e69463e111ff" member_type: VOTER last_known_addr { host: "127.20.161.66" port: 42197 } } peers { permanent_uuid: "640724061b10447ead329eee9af46701" member_type: VOTER last_known_addr { host: "127.20.161.67" port: 42307 } }
I20260601 13:35:26.434154 22005 raft_consensus.cc:2804] T e44d0fac796b439fb237eda26372d1c9 P 5cc1bcbe57404f9bad8fcffe47f50005 [term 1 FOLLOWER]: Leader election won for term 1
I20260601 13:35:26.434379 22005 raft_consensus.cc:697] T e44d0fac796b439fb237eda26372d1c9 P 5cc1bcbe57404f9bad8fcffe47f50005 [term 1 LEADER]: Becoming Leader. State: Replica: 5cc1bcbe57404f9bad8fcffe47f50005, State: Running, Role: LEADER
I20260601 13:35:26.434499 22005 consensus_queue.cc:237] T e44d0fac796b439fb237eda26372d1c9 P 5cc1bcbe57404f9bad8fcffe47f50005 [LEADER]: Queue going to LEADER mode. State: All replicated index: 0, Majority replicated index: 0, Committed index: 0, Last appended: 0.0, Last appended by leader: 0, Current term: 1, Majority size: 2, State: 0, Mode: LEADER, active raft config: opid_index: -1 OBSOLETE_local: false peers { permanent_uuid: "5cc1bcbe57404f9bad8fcffe47f50005" member_type: VOTER last_known_addr { host: "127.20.161.65" port: 35737 } } peers { permanent_uuid: "9e32440b252742b1a6d9e69463e111ff" member_type: VOTER last_known_addr { host: "127.20.161.66" port: 42197 } } peers { permanent_uuid: "640724061b10447ead329eee9af46701" member_type: VOTER last_known_addr { host: "127.20.161.67" port: 42307 } }
I20260601 13:35:26.434568 21995 ts_tablet_manager.cc:1434] T 78523dc47e954036a4c88e4aee4498bf P 5cc1bcbe57404f9bad8fcffe47f50005: Time spent starting tablet: real 0.001s	user 0.001s	sys 0.000s
I20260601 13:35:26.434944 21873 raft_consensus.cc:2468] T e44d0fac796b439fb237eda26372d1c9 P 9e32440b252742b1a6d9e69463e111ff [term 1 FOLLOWER]: Leader election vote request: Granting yes vote for candidate 5cc1bcbe57404f9bad8fcffe47f50005 in term 1.
I20260601 13:35:26.437270 22027 raft_consensus.cc:493] T 79a72ed35bd043169b88219328d7bbc2 P 5cc1bcbe57404f9bad8fcffe47f50005 [term 0 FOLLOWER]: Starting pre-election (no leader contacted us within the election timeout)
I20260601 13:35:26.437372 22027 raft_consensus.cc:515] T 79a72ed35bd043169b88219328d7bbc2 P 5cc1bcbe57404f9bad8fcffe47f50005 [term 0 FOLLOWER]: Starting pre-election with config: opid_index: -1 OBSOLETE_local: false peers { permanent_uuid: "5cc1bcbe57404f9bad8fcffe47f50005" member_type: VOTER last_known_addr { host: "127.20.161.65" port: 35737 } } peers { permanent_uuid: "640724061b10447ead329eee9af46701" member_type: VOTER last_known_addr { host: "127.20.161.67" port: 42307 } } peers { permanent_uuid: "9e32440b252742b1a6d9e69463e111ff" member_type: VOTER last_known_addr { host: "127.20.161.66" port: 42197 } }
I20260601 13:35:26.437875 22027 leader_election.cc:290] T 79a72ed35bd043169b88219328d7bbc2 P 5cc1bcbe57404f9bad8fcffe47f50005 [CANDIDATE]: Term 1 pre-election: Requested pre-vote from peers 640724061b10447ead329eee9af46701 (127.20.161.67:42307), 9e32440b252742b1a6d9e69463e111ff (127.20.161.66:42197)
I20260601 13:35:26.437819 21694 catalog_manager.cc:5696] T e44d0fac796b439fb237eda26372d1c9 P 5cc1bcbe57404f9bad8fcffe47f50005 reported cstate change: term changed from 0 to 1, leader changed from <none> to 5cc1bcbe57404f9bad8fcffe47f50005 (127.20.161.65). New cstate: current_term: 1 leader_uuid: "5cc1bcbe57404f9bad8fcffe47f50005" committed_config { opid_index: -1 OBSOLETE_local: false peers { permanent_uuid: "5cc1bcbe57404f9bad8fcffe47f50005" member_type: VOTER last_known_addr { host: "127.20.161.65" port: 35737 } health_report { overall_health: HEALTHY } } peers { permanent_uuid: "9e32440b252742b1a6d9e69463e111ff" member_type: VOTER last_known_addr { host: "127.20.161.66" port: 42197 } health_report { overall_health: UNKNOWN } } peers { permanent_uuid: "640724061b10447ead329eee9af46701" member_type: VOTER last_known_addr { host: "127.20.161.67" port: 42307 } health_report { overall_health: UNKNOWN } } }
I20260601 13:35:26.438217 21947 tablet_service.cc:1917] Received RequestConsensusVote() RPC: tablet_id: "79a72ed35bd043169b88219328d7bbc2" candidate_uuid: "5cc1bcbe57404f9bad8fcffe47f50005" candidate_term: 1 candidate_status { last_received { term: 0 index: 0 } } ignore_live_leader: false dest_uuid: "640724061b10447ead329eee9af46701" is_pre_election: true
I20260601 13:35:26.438242 21873 tablet_service.cc:1917] Received RequestConsensusVote() RPC: tablet_id: "79a72ed35bd043169b88219328d7bbc2" candidate_uuid: "5cc1bcbe57404f9bad8fcffe47f50005" candidate_term: 1 candidate_status { last_received { term: 0 index: 0 } } ignore_live_leader: false dest_uuid: "9e32440b252742b1a6d9e69463e111ff" is_pre_election: true
I20260601 13:35:26.438344 21947 raft_consensus.cc:2468] T 79a72ed35bd043169b88219328d7bbc2 P 640724061b10447ead329eee9af46701 [term 0 FOLLOWER]: Leader pre-election vote request: Granting yes vote for candidate 5cc1bcbe57404f9bad8fcffe47f50005 in term 0.
I20260601 13:35:26.438349 21873 raft_consensus.cc:2468] T 79a72ed35bd043169b88219328d7bbc2 P 9e32440b252742b1a6d9e69463e111ff [term 0 FOLLOWER]: Leader pre-election vote request: Granting yes vote for candidate 5cc1bcbe57404f9bad8fcffe47f50005 in term 0.
I20260601 13:35:26.438611 21761 leader_election.cc:304] T 79a72ed35bd043169b88219328d7bbc2 P 5cc1bcbe57404f9bad8fcffe47f50005 [CANDIDATE]: Term 1 pre-election: Election decided. Result: candidate won. Election summary: received 2 responses out of 3 voters: 2 yes votes; 0 no votes. yes voters: 5cc1bcbe57404f9bad8fcffe47f50005, 640724061b10447ead329eee9af46701; no voters: 
I20260601 13:35:26.438771 22027 raft_consensus.cc:2804] T 79a72ed35bd043169b88219328d7bbc2 P 5cc1bcbe57404f9bad8fcffe47f50005 [term 0 FOLLOWER]: Leader pre-election won for term 1
I20260601 13:35:26.438822 22027 raft_consensus.cc:493] T 79a72ed35bd043169b88219328d7bbc2 P 5cc1bcbe57404f9bad8fcffe47f50005 [term 0 FOLLOWER]: Starting leader election (no leader contacted us within the election timeout)
I20260601 13:35:26.438881 22027 raft_consensus.cc:3060] T 79a72ed35bd043169b88219328d7bbc2 P 5cc1bcbe57404f9bad8fcffe47f50005 [term 0 FOLLOWER]: Advancing to term 1
I20260601 13:35:26.439843 22027 raft_consensus.cc:515] T 79a72ed35bd043169b88219328d7bbc2 P 5cc1bcbe57404f9bad8fcffe47f50005 [term 1 FOLLOWER]: Starting leader election with config: opid_index: -1 OBSOLETE_local: false peers { permanent_uuid: "5cc1bcbe57404f9bad8fcffe47f50005" member_type: VOTER last_known_addr { host: "127.20.161.65" port: 35737 } } peers { permanent_uuid: "640724061b10447ead329eee9af46701" member_type: VOTER last_known_addr { host: "127.20.161.67" port: 42307 } } peers { permanent_uuid: "9e32440b252742b1a6d9e69463e111ff" member_type: VOTER last_known_addr { host: "127.20.161.66" port: 42197 } }
I20260601 13:35:26.440243 22027 leader_election.cc:290] T 79a72ed35bd043169b88219328d7bbc2 P 5cc1bcbe57404f9bad8fcffe47f50005 [CANDIDATE]: Term 1 election: Requested vote from peers 640724061b10447ead329eee9af46701 (127.20.161.67:42307), 9e32440b252742b1a6d9e69463e111ff (127.20.161.66:42197)
I20260601 13:35:26.440533 21947 tablet_service.cc:1917] Received RequestConsensusVote() RPC: tablet_id: "79a72ed35bd043169b88219328d7bbc2" candidate_uuid: "5cc1bcbe57404f9bad8fcffe47f50005" candidate_term: 1 candidate_status { last_received { term: 0 index: 0 } } ignore_live_leader: false dest_uuid: "640724061b10447ead329eee9af46701"
I20260601 13:35:26.440644 21947 raft_consensus.cc:3060] T 79a72ed35bd043169b88219328d7bbc2 P 640724061b10447ead329eee9af46701 [term 0 FOLLOWER]: Advancing to term 1
I20260601 13:35:26.441335 21947 raft_consensus.cc:2468] T 79a72ed35bd043169b88219328d7bbc2 P 640724061b10447ead329eee9af46701 [term 1 FOLLOWER]: Leader election vote request: Granting yes vote for candidate 5cc1bcbe57404f9bad8fcffe47f50005 in term 1.
I20260601 13:35:26.441537 21873 tablet_service.cc:1917] Received RequestConsensusVote() RPC: tablet_id: "79a72ed35bd043169b88219328d7bbc2" candidate_uuid: "5cc1bcbe57404f9bad8fcffe47f50005" candidate_term: 1 candidate_status { last_received { term: 0 index: 0 } } ignore_live_leader: false dest_uuid: "9e32440b252742b1a6d9e69463e111ff"
I20260601 13:35:26.441670 21873 raft_consensus.cc:3060] T 79a72ed35bd043169b88219328d7bbc2 P 9e32440b252742b1a6d9e69463e111ff [term 0 FOLLOWER]: Advancing to term 1
I20260601 13:35:26.441689 21761 leader_election.cc:304] T 79a72ed35bd043169b88219328d7bbc2 P 5cc1bcbe57404f9bad8fcffe47f50005 [CANDIDATE]: Term 1 election: Election decided. Result: candidate won. Election summary: received 2 responses out of 3 voters: 2 yes votes; 0 no votes. yes voters: 5cc1bcbe57404f9bad8fcffe47f50005, 640724061b10447ead329eee9af46701; no voters: 
I20260601 13:35:26.441846 22027 raft_consensus.cc:2804] T 79a72ed35bd043169b88219328d7bbc2 P 5cc1bcbe57404f9bad8fcffe47f50005 [term 1 FOLLOWER]: Leader election won for term 1
I20260601 13:35:26.441953 22027 raft_consensus.cc:697] T 79a72ed35bd043169b88219328d7bbc2 P 5cc1bcbe57404f9bad8fcffe47f50005 [term 1 LEADER]: Becoming Leader. State: Replica: 5cc1bcbe57404f9bad8fcffe47f50005, State: Running, Role: LEADER
I20260601 13:35:26.442118 22027 consensus_queue.cc:237] T 79a72ed35bd043169b88219328d7bbc2 P 5cc1bcbe57404f9bad8fcffe47f50005 [LEADER]: Queue going to LEADER mode. State: All replicated index: 0, Majority replicated index: 0, Committed index: 0, Last appended: 0.0, Last appended by leader: 0, Current term: 1, Majority size: 2, State: 0, Mode: LEADER, active raft config: opid_index: -1 OBSOLETE_local: false peers { permanent_uuid: "5cc1bcbe57404f9bad8fcffe47f50005" member_type: VOTER last_known_addr { host: "127.20.161.65" port: 35737 } } peers { permanent_uuid: "640724061b10447ead329eee9af46701" member_type: VOTER last_known_addr { host: "127.20.161.67" port: 42307 } } peers { permanent_uuid: "9e32440b252742b1a6d9e69463e111ff" member_type: VOTER last_known_addr { host: "127.20.161.66" port: 42197 } }
I20260601 13:35:26.442581 21873 raft_consensus.cc:2468] T 79a72ed35bd043169b88219328d7bbc2 P 9e32440b252742b1a6d9e69463e111ff [term 1 FOLLOWER]: Leader election vote request: Granting yes vote for candidate 5cc1bcbe57404f9bad8fcffe47f50005 in term 1.
I20260601 13:35:26.443969 21694 catalog_manager.cc:5696] T 79a72ed35bd043169b88219328d7bbc2 P 5cc1bcbe57404f9bad8fcffe47f50005 reported cstate change: term changed from 0 to 1, leader changed from <none> to 5cc1bcbe57404f9bad8fcffe47f50005 (127.20.161.65). New cstate: current_term: 1 leader_uuid: "5cc1bcbe57404f9bad8fcffe47f50005" committed_config { opid_index: -1 OBSOLETE_local: false peers { permanent_uuid: "5cc1bcbe57404f9bad8fcffe47f50005" member_type: VOTER last_known_addr { host: "127.20.161.65" port: 35737 } health_report { overall_health: HEALTHY } } peers { permanent_uuid: "640724061b10447ead329eee9af46701" member_type: VOTER last_known_addr { host: "127.20.161.67" port: 42307 } health_report { overall_health: UNKNOWN } } peers { permanent_uuid: "9e32440b252742b1a6d9e69463e111ff" member_type: VOTER last_known_addr { host: "127.20.161.66" port: 42197 } health_report { overall_health: UNKNOWN } } }
I20260601 13:35:26.500787 22027 raft_consensus.cc:493] T 78523dc47e954036a4c88e4aee4498bf P 5cc1bcbe57404f9bad8fcffe47f50005 [term 0 FOLLOWER]: Starting pre-election (no leader contacted us within the election timeout)
I20260601 13:35:26.500989 22027 raft_consensus.cc:515] T 78523dc47e954036a4c88e4aee4498bf P 5cc1bcbe57404f9bad8fcffe47f50005 [term 0 FOLLOWER]: Starting pre-election with config: opid_index: -1 OBSOLETE_local: false peers { permanent_uuid: "5cc1bcbe57404f9bad8fcffe47f50005" member_type: VOTER last_known_addr { host: "127.20.161.65" port: 35737 } } peers { permanent_uuid: "9e32440b252742b1a6d9e69463e111ff" member_type: VOTER last_known_addr { host: "127.20.161.66" port: 42197 } } peers { permanent_uuid: "640724061b10447ead329eee9af46701" member_type: VOTER last_known_addr { host: "127.20.161.67" port: 42307 } }
W20260601 13:35:26.501435 21824 tablet.cc:2404] T 189be146cd534171aadea5534119c83f P 5cc1bcbe57404f9bad8fcffe47f50005: Can't schedule compaction. Clean time has not been advanced past its initial value.
I20260601 13:35:26.501600 22027 leader_election.cc:290] T 78523dc47e954036a4c88e4aee4498bf P 5cc1bcbe57404f9bad8fcffe47f50005 [CANDIDATE]: Term 1 pre-election: Requested pre-vote from peers 9e32440b252742b1a6d9e69463e111ff (127.20.161.66:42197), 640724061b10447ead329eee9af46701 (127.20.161.67:42307)
I20260601 13:35:26.502084 21947 tablet_service.cc:1917] Received RequestConsensusVote() RPC: tablet_id: "78523dc47e954036a4c88e4aee4498bf" candidate_uuid: "5cc1bcbe57404f9bad8fcffe47f50005" candidate_term: 1 candidate_status { last_received { term: 0 index: 0 } } ignore_live_leader: false dest_uuid: "640724061b10447ead329eee9af46701" is_pre_election: true
I20260601 13:35:26.502084 21873 tablet_service.cc:1917] Received RequestConsensusVote() RPC: tablet_id: "78523dc47e954036a4c88e4aee4498bf" candidate_uuid: "5cc1bcbe57404f9bad8fcffe47f50005" candidate_term: 1 candidate_status { last_received { term: 0 index: 0 } } ignore_live_leader: false dest_uuid: "9e32440b252742b1a6d9e69463e111ff" is_pre_election: true
I20260601 13:35:26.502230 21947 raft_consensus.cc:2468] T 78523dc47e954036a4c88e4aee4498bf P 640724061b10447ead329eee9af46701 [term 0 FOLLOWER]: Leader pre-election vote request: Granting yes vote for candidate 5cc1bcbe57404f9bad8fcffe47f50005 in term 0.
I20260601 13:35:26.502308 21873 raft_consensus.cc:2468] T 78523dc47e954036a4c88e4aee4498bf P 9e32440b252742b1a6d9e69463e111ff [term 0 FOLLOWER]: Leader pre-election vote request: Granting yes vote for candidate 5cc1bcbe57404f9bad8fcffe47f50005 in term 0.
I20260601 13:35:26.502595 21761 leader_election.cc:304] T 78523dc47e954036a4c88e4aee4498bf P 5cc1bcbe57404f9bad8fcffe47f50005 [CANDIDATE]: Term 1 pre-election: Election decided. Result: candidate won. Election summary: received 2 responses out of 3 voters: 2 yes votes; 0 no votes. yes voters: 5cc1bcbe57404f9bad8fcffe47f50005, 640724061b10447ead329eee9af46701; no voters: 
I20260601 13:35:26.502795 22027 raft_consensus.cc:2804] T 78523dc47e954036a4c88e4aee4498bf P 5cc1bcbe57404f9bad8fcffe47f50005 [term 0 FOLLOWER]: Leader pre-election won for term 1
I20260601 13:35:26.502856 22027 raft_consensus.cc:493] T 78523dc47e954036a4c88e4aee4498bf P 5cc1bcbe57404f9bad8fcffe47f50005 [term 0 FOLLOWER]: Starting leader election (no leader contacted us within the election timeout)
I20260601 13:35:26.502900 22027 raft_consensus.cc:3060] T 78523dc47e954036a4c88e4aee4498bf P 5cc1bcbe57404f9bad8fcffe47f50005 [term 0 FOLLOWER]: Advancing to term 1
I20260601 13:35:26.504061 22027 raft_consensus.cc:515] T 78523dc47e954036a4c88e4aee4498bf P 5cc1bcbe57404f9bad8fcffe47f50005 [term 1 FOLLOWER]: Starting leader election with config: opid_index: -1 OBSOLETE_local: false peers { permanent_uuid: "5cc1bcbe57404f9bad8fcffe47f50005" member_type: VOTER last_known_addr { host: "127.20.161.65" port: 35737 } } peers { permanent_uuid: "9e32440b252742b1a6d9e69463e111ff" member_type: VOTER last_known_addr { host: "127.20.161.66" port: 42197 } } peers { permanent_uuid: "640724061b10447ead329eee9af46701" member_type: VOTER last_known_addr { host: "127.20.161.67" port: 42307 } }
I20260601 13:35:26.504457 22027 leader_election.cc:290] T 78523dc47e954036a4c88e4aee4498bf P 5cc1bcbe57404f9bad8fcffe47f50005 [CANDIDATE]: Term 1 election: Requested vote from peers 9e32440b252742b1a6d9e69463e111ff (127.20.161.66:42197), 640724061b10447ead329eee9af46701 (127.20.161.67:42307)
I20260601 13:35:26.504874 21947 tablet_service.cc:1917] Received RequestConsensusVote() RPC: tablet_id: "78523dc47e954036a4c88e4aee4498bf" candidate_uuid: "5cc1bcbe57404f9bad8fcffe47f50005" candidate_term: 1 candidate_status { last_received { term: 0 index: 0 } } ignore_live_leader: false dest_uuid: "640724061b10447ead329eee9af46701"
I20260601 13:35:26.504885 21873 tablet_service.cc:1917] Received RequestConsensusVote() RPC: tablet_id: "78523dc47e954036a4c88e4aee4498bf" candidate_uuid: "5cc1bcbe57404f9bad8fcffe47f50005" candidate_term: 1 candidate_status { last_received { term: 0 index: 0 } } ignore_live_leader: false dest_uuid: "9e32440b252742b1a6d9e69463e111ff"
I20260601 13:35:26.505036 21947 raft_consensus.cc:3060] T 78523dc47e954036a4c88e4aee4498bf P 640724061b10447ead329eee9af46701 [term 0 FOLLOWER]: Advancing to term 1
I20260601 13:35:26.505088 21873 raft_consensus.cc:3060] T 78523dc47e954036a4c88e4aee4498bf P 9e32440b252742b1a6d9e69463e111ff [term 0 FOLLOWER]: Advancing to term 1
I20260601 13:35:26.505990 21947 raft_consensus.cc:2468] T 78523dc47e954036a4c88e4aee4498bf P 640724061b10447ead329eee9af46701 [term 1 FOLLOWER]: Leader election vote request: Granting yes vote for candidate 5cc1bcbe57404f9bad8fcffe47f50005 in term 1.
I20260601 13:35:26.505991 21873 raft_consensus.cc:2468] T 78523dc47e954036a4c88e4aee4498bf P 9e32440b252742b1a6d9e69463e111ff [term 1 FOLLOWER]: Leader election vote request: Granting yes vote for candidate 5cc1bcbe57404f9bad8fcffe47f50005 in term 1.
I20260601 13:35:26.506387 21761 leader_election.cc:304] T 78523dc47e954036a4c88e4aee4498bf P 5cc1bcbe57404f9bad8fcffe47f50005 [CANDIDATE]: Term 1 election: Election decided. Result: candidate won. Election summary: received 2 responses out of 3 voters: 2 yes votes; 0 no votes. yes voters: 5cc1bcbe57404f9bad8fcffe47f50005, 640724061b10447ead329eee9af46701; no voters: 
I20260601 13:35:26.506650 22027 raft_consensus.cc:2804] T 78523dc47e954036a4c88e4aee4498bf P 5cc1bcbe57404f9bad8fcffe47f50005 [term 1 FOLLOWER]: Leader election won for term 1
I20260601 13:35:26.506788 22027 raft_consensus.cc:697] T 78523dc47e954036a4c88e4aee4498bf P 5cc1bcbe57404f9bad8fcffe47f50005 [term 1 LEADER]: Becoming Leader. State: Replica: 5cc1bcbe57404f9bad8fcffe47f50005, State: Running, Role: LEADER
I20260601 13:35:26.506934 22027 consensus_queue.cc:237] T 78523dc47e954036a4c88e4aee4498bf P 5cc1bcbe57404f9bad8fcffe47f50005 [LEADER]: Queue going to LEADER mode. State: All replicated index: 0, Majority replicated index: 0, Committed index: 0, Last appended: 0.0, Last appended by leader: 0, Current term: 1, Majority size: 2, State: 0, Mode: LEADER, active raft config: opid_index: -1 OBSOLETE_local: false peers { permanent_uuid: "5cc1bcbe57404f9bad8fcffe47f50005" member_type: VOTER last_known_addr { host: "127.20.161.65" port: 35737 } } peers { permanent_uuid: "9e32440b252742b1a6d9e69463e111ff" member_type: VOTER last_known_addr { host: "127.20.161.66" port: 42197 } } peers { permanent_uuid: "640724061b10447ead329eee9af46701" member_type: VOTER last_known_addr { host: "127.20.161.67" port: 42307 } }
I20260601 13:35:26.509014 21694 catalog_manager.cc:5696] T 78523dc47e954036a4c88e4aee4498bf P 5cc1bcbe57404f9bad8fcffe47f50005 reported cstate change: term changed from 0 to 1, leader changed from <none> to 5cc1bcbe57404f9bad8fcffe47f50005 (127.20.161.65). New cstate: current_term: 1 leader_uuid: "5cc1bcbe57404f9bad8fcffe47f50005" committed_config { opid_index: -1 OBSOLETE_local: false peers { permanent_uuid: "5cc1bcbe57404f9bad8fcffe47f50005" member_type: VOTER last_known_addr { host: "127.20.161.65" port: 35737 } health_report { overall_health: HEALTHY } } peers { permanent_uuid: "9e32440b252742b1a6d9e69463e111ff" member_type: VOTER last_known_addr { host: "127.20.161.66" port: 42197 } health_report { overall_health: UNKNOWN } } peers { permanent_uuid: "640724061b10447ead329eee9af46701" member_type: VOTER last_known_addr { host: "127.20.161.67" port: 42307 } health_report { overall_health: UNKNOWN } } }
I20260601 13:35:26.509492 22027 raft_consensus.cc:493] T 42767f7aa9f340dd8b75f5c873ded496 P 5cc1bcbe57404f9bad8fcffe47f50005 [term 0 FOLLOWER]: Starting pre-election (no leader contacted us within the election timeout)
I20260601 13:35:26.509646 22027 raft_consensus.cc:515] T 42767f7aa9f340dd8b75f5c873ded496 P 5cc1bcbe57404f9bad8fcffe47f50005 [term 0 FOLLOWER]: Starting pre-election with config: opid_index: -1 OBSOLETE_local: false peers { permanent_uuid: "5cc1bcbe57404f9bad8fcffe47f50005" member_type: VOTER last_known_addr { host: "127.20.161.65" port: 35737 } } peers { permanent_uuid: "9e32440b252742b1a6d9e69463e111ff" member_type: VOTER last_known_addr { host: "127.20.161.66" port: 42197 } } peers { permanent_uuid: "640724061b10447ead329eee9af46701" member_type: VOTER last_known_addr { host: "127.20.161.67" port: 42307 } }
I20260601 13:35:26.510093 22027 leader_election.cc:290] T 42767f7aa9f340dd8b75f5c873ded496 P 5cc1bcbe57404f9bad8fcffe47f50005 [CANDIDATE]: Term 1 pre-election: Requested pre-vote from peers 9e32440b252742b1a6d9e69463e111ff (127.20.161.66:42197), 640724061b10447ead329eee9af46701 (127.20.161.67:42307)
I20260601 13:35:26.510432 21873 tablet_service.cc:1917] Received RequestConsensusVote() RPC: tablet_id: "42767f7aa9f340dd8b75f5c873ded496" candidate_uuid: "5cc1bcbe57404f9bad8fcffe47f50005" candidate_term: 1 candidate_status { last_received { term: 0 index: 0 } } ignore_live_leader: false dest_uuid: "9e32440b252742b1a6d9e69463e111ff" is_pre_election: true
I20260601 13:35:26.510459 21947 tablet_service.cc:1917] Received RequestConsensusVote() RPC: tablet_id: "42767f7aa9f340dd8b75f5c873ded496" candidate_uuid: "5cc1bcbe57404f9bad8fcffe47f50005" candidate_term: 1 candidate_status { last_received { term: 0 index: 0 } } ignore_live_leader: false dest_uuid: "640724061b10447ead329eee9af46701" is_pre_election: true
I20260601 13:35:26.510556 21873 raft_consensus.cc:2468] T 42767f7aa9f340dd8b75f5c873ded496 P 9e32440b252742b1a6d9e69463e111ff [term 0 FOLLOWER]: Leader pre-election vote request: Granting yes vote for candidate 5cc1bcbe57404f9bad8fcffe47f50005 in term 0.
I20260601 13:35:26.510599 21947 raft_consensus.cc:2468] T 42767f7aa9f340dd8b75f5c873ded496 P 640724061b10447ead329eee9af46701 [term 0 FOLLOWER]: Leader pre-election vote request: Granting yes vote for candidate 5cc1bcbe57404f9bad8fcffe47f50005 in term 0.
I20260601 13:35:26.510833 21763 leader_election.cc:304] T 42767f7aa9f340dd8b75f5c873ded496 P 5cc1bcbe57404f9bad8fcffe47f50005 [CANDIDATE]: Term 1 pre-election: Election decided. Result: candidate won. Election summary: received 2 responses out of 3 voters: 2 yes votes; 0 no votes. yes voters: 5cc1bcbe57404f9bad8fcffe47f50005, 9e32440b252742b1a6d9e69463e111ff; no voters: 
I20260601 13:35:26.511006 22027 raft_consensus.cc:2804] T 42767f7aa9f340dd8b75f5c873ded496 P 5cc1bcbe57404f9bad8fcffe47f50005 [term 0 FOLLOWER]: Leader pre-election won for term 1
I20260601 13:35:26.511096 22027 raft_consensus.cc:493] T 42767f7aa9f340dd8b75f5c873ded496 P 5cc1bcbe57404f9bad8fcffe47f50005 [term 0 FOLLOWER]: Starting leader election (no leader contacted us within the election timeout)
I20260601 13:35:26.511153 22027 raft_consensus.cc:3060] T 42767f7aa9f340dd8b75f5c873ded496 P 5cc1bcbe57404f9bad8fcffe47f50005 [term 0 FOLLOWER]: Advancing to term 1
I20260601 13:35:26.512274 22027 raft_consensus.cc:515] T 42767f7aa9f340dd8b75f5c873ded496 P 5cc1bcbe57404f9bad8fcffe47f50005 [term 1 FOLLOWER]: Starting leader election with config: opid_index: -1 OBSOLETE_local: false peers { permanent_uuid: "5cc1bcbe57404f9bad8fcffe47f50005" member_type: VOTER last_known_addr { host: "127.20.161.65" port: 35737 } } peers { permanent_uuid: "9e32440b252742b1a6d9e69463e111ff" member_type: VOTER last_known_addr { host: "127.20.161.66" port: 42197 } } peers { permanent_uuid: "640724061b10447ead329eee9af46701" member_type: VOTER last_known_addr { host: "127.20.161.67" port: 42307 } }
I20260601 13:35:26.512660 22027 leader_election.cc:290] T 42767f7aa9f340dd8b75f5c873ded496 P 5cc1bcbe57404f9bad8fcffe47f50005 [CANDIDATE]: Term 1 election: Requested vote from peers 9e32440b252742b1a6d9e69463e111ff (127.20.161.66:42197), 640724061b10447ead329eee9af46701 (127.20.161.67:42307)
I20260601 13:35:26.512985 21873 tablet_service.cc:1917] Received RequestConsensusVote() RPC: tablet_id: "42767f7aa9f340dd8b75f5c873ded496" candidate_uuid: "5cc1bcbe57404f9bad8fcffe47f50005" candidate_term: 1 candidate_status { last_received { term: 0 index: 0 } } ignore_live_leader: false dest_uuid: "9e32440b252742b1a6d9e69463e111ff"
I20260601 13:35:26.513106 21873 raft_consensus.cc:3060] T 42767f7aa9f340dd8b75f5c873ded496 P 9e32440b252742b1a6d9e69463e111ff [term 0 FOLLOWER]: Advancing to term 1
I20260601 13:35:26.513151 22027 raft_consensus.cc:493] T 189be146cd534171aadea5534119c83f P 5cc1bcbe57404f9bad8fcffe47f50005 [term 0 FOLLOWER]: Starting pre-election (no leader contacted us within the election timeout)
I20260601 13:35:26.513247 22027 raft_consensus.cc:515] T 189be146cd534171aadea5534119c83f P 5cc1bcbe57404f9bad8fcffe47f50005 [term 0 FOLLOWER]: Starting pre-election with config: opid_index: -1 OBSOLETE_local: false peers { permanent_uuid: "5cc1bcbe57404f9bad8fcffe47f50005" member_type: VOTER last_known_addr { host: "127.20.161.65" port: 35737 } } peers { permanent_uuid: "9e32440b252742b1a6d9e69463e111ff" member_type: VOTER last_known_addr { host: "127.20.161.66" port: 42197 } } peers { permanent_uuid: "640724061b10447ead329eee9af46701" member_type: VOTER last_known_addr { host: "127.20.161.67" port: 42307 } }
I20260601 13:35:26.513626 22027 leader_election.cc:290] T 189be146cd534171aadea5534119c83f P 5cc1bcbe57404f9bad8fcffe47f50005 [CANDIDATE]: Term 1 pre-election: Requested pre-vote from peers 9e32440b252742b1a6d9e69463e111ff (127.20.161.66:42197), 640724061b10447ead329eee9af46701 (127.20.161.67:42307)
I20260601 13:35:26.513960 21948 tablet_service.cc:1917] Received RequestConsensusVote() RPC: tablet_id: "189be146cd534171aadea5534119c83f" candidate_uuid: "5cc1bcbe57404f9bad8fcffe47f50005" candidate_term: 1 candidate_status { last_received { term: 0 index: 0 } } ignore_live_leader: false dest_uuid: "640724061b10447ead329eee9af46701" is_pre_election: true
I20260601 13:35:26.514101 21948 raft_consensus.cc:2468] T 189be146cd534171aadea5534119c83f P 640724061b10447ead329eee9af46701 [term 0 FOLLOWER]: Leader pre-election vote request: Granting yes vote for candidate 5cc1bcbe57404f9bad8fcffe47f50005 in term 0.
I20260601 13:35:26.513942 21872 tablet_service.cc:1917] Received RequestConsensusVote() RPC: tablet_id: "189be146cd534171aadea5534119c83f" candidate_uuid: "5cc1bcbe57404f9bad8fcffe47f50005" candidate_term: 1 candidate_status { last_received { term: 0 index: 0 } } ignore_live_leader: false dest_uuid: "9e32440b252742b1a6d9e69463e111ff" is_pre_election: true
I20260601 13:35:26.514309 21873 raft_consensus.cc:2468] T 42767f7aa9f340dd8b75f5c873ded496 P 9e32440b252742b1a6d9e69463e111ff [term 1 FOLLOWER]: Leader election vote request: Granting yes vote for candidate 5cc1bcbe57404f9bad8fcffe47f50005 in term 1.
I20260601 13:35:26.514320 21872 raft_consensus.cc:2468] T 189be146cd534171aadea5534119c83f P 9e32440b252742b1a6d9e69463e111ff [term 0 FOLLOWER]: Leader pre-election vote request: Granting yes vote for candidate 5cc1bcbe57404f9bad8fcffe47f50005 in term 0.
I20260601 13:35:26.514413 21761 leader_election.cc:304] T 189be146cd534171aadea5534119c83f P 5cc1bcbe57404f9bad8fcffe47f50005 [CANDIDATE]: Term 1 pre-election: Election decided. Result: candidate won. Election summary: received 2 responses out of 3 voters: 2 yes votes; 0 no votes. yes voters: 5cc1bcbe57404f9bad8fcffe47f50005, 640724061b10447ead329eee9af46701; no voters: 
I20260601 13:35:26.513096 21947 tablet_service.cc:1917] Received RequestConsensusVote() RPC: tablet_id: "42767f7aa9f340dd8b75f5c873ded496" candidate_uuid: "5cc1bcbe57404f9bad8fcffe47f50005" candidate_term: 1 candidate_status { last_received { term: 0 index: 0 } } ignore_live_leader: false dest_uuid: "640724061b10447ead329eee9af46701"
I20260601 13:35:26.514555 21947 raft_consensus.cc:3060] T 42767f7aa9f340dd8b75f5c873ded496 P 640724061b10447ead329eee9af46701 [term 0 FOLLOWER]: Advancing to term 1
I20260601 13:35:26.514580 21763 leader_election.cc:304] T 42767f7aa9f340dd8b75f5c873ded496 P 5cc1bcbe57404f9bad8fcffe47f50005 [CANDIDATE]: Term 1 election: Election decided. Result: candidate won. Election summary: received 2 responses out of 3 voters: 2 yes votes; 0 no votes. yes voters: 5cc1bcbe57404f9bad8fcffe47f50005, 9e32440b252742b1a6d9e69463e111ff; no voters: 
I20260601 13:35:26.514654 22027 raft_consensus.cc:2804] T 189be146cd534171aadea5534119c83f P 5cc1bcbe57404f9bad8fcffe47f50005 [term 0 FOLLOWER]: Leader pre-election won for term 1
I20260601 13:35:26.514699 22027 raft_consensus.cc:493] T 189be146cd534171aadea5534119c83f P 5cc1bcbe57404f9bad8fcffe47f50005 [term 0 FOLLOWER]: Starting leader election (no leader contacted us within the election timeout)
I20260601 13:35:26.514736 22005 raft_consensus.cc:2804] T 42767f7aa9f340dd8b75f5c873ded496 P 5cc1bcbe57404f9bad8fcffe47f50005 [term 1 FOLLOWER]: Leader election won for term 1
I20260601 13:35:26.514744 22027 raft_consensus.cc:3060] T 189be146cd534171aadea5534119c83f P 5cc1bcbe57404f9bad8fcffe47f50005 [term 0 FOLLOWER]: Advancing to term 1
I20260601 13:35:26.514827 22005 raft_consensus.cc:697] T 42767f7aa9f340dd8b75f5c873ded496 P 5cc1bcbe57404f9bad8fcffe47f50005 [term 1 LEADER]: Becoming Leader. State: Replica: 5cc1bcbe57404f9bad8fcffe47f50005, State: Running, Role: LEADER
I20260601 13:35:26.514964 22005 consensus_queue.cc:237] T 42767f7aa9f340dd8b75f5c873ded496 P 5cc1bcbe57404f9bad8fcffe47f50005 [LEADER]: Queue going to LEADER mode. State: All replicated index: 0, Majority replicated index: 0, Committed index: 0, Last appended: 0.0, Last appended by leader: 0, Current term: 1, Majority size: 2, State: 0, Mode: LEADER, active raft config: opid_index: -1 OBSOLETE_local: false peers { permanent_uuid: "5cc1bcbe57404f9bad8fcffe47f50005" member_type: VOTER last_known_addr { host: "127.20.161.65" port: 35737 } } peers { permanent_uuid: "9e32440b252742b1a6d9e69463e111ff" member_type: VOTER last_known_addr { host: "127.20.161.66" port: 42197 } } peers { permanent_uuid: "640724061b10447ead329eee9af46701" member_type: VOTER last_known_addr { host: "127.20.161.67" port: 42307 } }
I20260601 13:35:26.515605 22027 raft_consensus.cc:515] T 189be146cd534171aadea5534119c83f P 5cc1bcbe57404f9bad8fcffe47f50005 [term 1 FOLLOWER]: Starting leader election with config: opid_index: -1 OBSOLETE_local: false peers { permanent_uuid: "5cc1bcbe57404f9bad8fcffe47f50005" member_type: VOTER last_known_addr { host: "127.20.161.65" port: 35737 } } peers { permanent_uuid: "9e32440b252742b1a6d9e69463e111ff" member_type: VOTER last_known_addr { host: "127.20.161.66" port: 42197 } } peers { permanent_uuid: "640724061b10447ead329eee9af46701" member_type: VOTER last_known_addr { host: "127.20.161.67" port: 42307 } }
I20260601 13:35:26.515784 21947 raft_consensus.cc:2468] T 42767f7aa9f340dd8b75f5c873ded496 P 640724061b10447ead329eee9af46701 [term 1 FOLLOWER]: Leader election vote request: Granting yes vote for candidate 5cc1bcbe57404f9bad8fcffe47f50005 in term 1.
I20260601 13:35:26.515985 22027 leader_election.cc:290] T 189be146cd534171aadea5534119c83f P 5cc1bcbe57404f9bad8fcffe47f50005 [CANDIDATE]: Term 1 election: Requested vote from peers 9e32440b252742b1a6d9e69463e111ff (127.20.161.66:42197), 640724061b10447ead329eee9af46701 (127.20.161.67:42307)
I20260601 13:35:26.516387 21872 tablet_service.cc:1917] Received RequestConsensusVote() RPC: tablet_id: "189be146cd534171aadea5534119c83f" candidate_uuid: "5cc1bcbe57404f9bad8fcffe47f50005" candidate_term: 1 candidate_status { last_received { term: 0 index: 0 } } ignore_live_leader: false dest_uuid: "9e32440b252742b1a6d9e69463e111ff"
I20260601 13:35:26.516516 21872 raft_consensus.cc:3060] T 189be146cd534171aadea5534119c83f P 9e32440b252742b1a6d9e69463e111ff [term 0 FOLLOWER]: Advancing to term 1
I20260601 13:35:26.516801 21694 catalog_manager.cc:5696] T 42767f7aa9f340dd8b75f5c873ded496 P 5cc1bcbe57404f9bad8fcffe47f50005 reported cstate change: term changed from 0 to 1, leader changed from <none> to 5cc1bcbe57404f9bad8fcffe47f50005 (127.20.161.65). New cstate: current_term: 1 leader_uuid: "5cc1bcbe57404f9bad8fcffe47f50005" committed_config { opid_index: -1 OBSOLETE_local: false peers { permanent_uuid: "5cc1bcbe57404f9bad8fcffe47f50005" member_type: VOTER last_known_addr { host: "127.20.161.65" port: 35737 } health_report { overall_health: HEALTHY } } peers { permanent_uuid: "9e32440b252742b1a6d9e69463e111ff" member_type: VOTER last_known_addr { host: "127.20.161.66" port: 42197 } health_report { overall_health: UNKNOWN } } peers { permanent_uuid: "640724061b10447ead329eee9af46701" member_type: VOTER last_known_addr { host: "127.20.161.67" port: 42307 } health_report { overall_health: UNKNOWN } } }
I20260601 13:35:26.517338 21872 raft_consensus.cc:2468] T 189be146cd534171aadea5534119c83f P 9e32440b252742b1a6d9e69463e111ff [term 1 FOLLOWER]: Leader election vote request: Granting yes vote for candidate 5cc1bcbe57404f9bad8fcffe47f50005 in term 1.
I20260601 13:35:26.517607 21947 tablet_service.cc:1917] Received RequestConsensusVote() RPC: tablet_id: "189be146cd534171aadea5534119c83f" candidate_uuid: "5cc1bcbe57404f9bad8fcffe47f50005" candidate_term: 1 candidate_status { last_received { term: 0 index: 0 } } ignore_live_leader: false dest_uuid: "640724061b10447ead329eee9af46701"
I20260601 13:35:26.517684 21763 leader_election.cc:304] T 189be146cd534171aadea5534119c83f P 5cc1bcbe57404f9bad8fcffe47f50005 [CANDIDATE]: Term 1 election: Election decided. Result: candidate won. Election summary: received 2 responses out of 3 voters: 2 yes votes; 0 no votes. yes voters: 5cc1bcbe57404f9bad8fcffe47f50005, 9e32440b252742b1a6d9e69463e111ff; no voters: 
I20260601 13:35:26.517719 21947 raft_consensus.cc:3060] T 189be146cd534171aadea5534119c83f P 640724061b10447ead329eee9af46701 [term 0 FOLLOWER]: Advancing to term 1
I20260601 13:35:26.517844 22027 raft_consensus.cc:2804] T 189be146cd534171aadea5534119c83f P 5cc1bcbe57404f9bad8fcffe47f50005 [term 1 FOLLOWER]: Leader election won for term 1
I20260601 13:35:26.517925 22027 raft_consensus.cc:697] T 189be146cd534171aadea5534119c83f P 5cc1bcbe57404f9bad8fcffe47f50005 [term 1 LEADER]: Becoming Leader. State: Replica: 5cc1bcbe57404f9bad8fcffe47f50005, State: Running, Role: LEADER
I20260601 13:35:26.518046 22027 consensus_queue.cc:237] T 189be146cd534171aadea5534119c83f P 5cc1bcbe57404f9bad8fcffe47f50005 [LEADER]: Queue going to LEADER mode. State: All replicated index: 0, Majority replicated index: 0, Committed index: 0, Last appended: 0.0, Last appended by leader: 0, Current term: 1, Majority size: 2, State: 0, Mode: LEADER, active raft config: opid_index: -1 OBSOLETE_local: false peers { permanent_uuid: "5cc1bcbe57404f9bad8fcffe47f50005" member_type: VOTER last_known_addr { host: "127.20.161.65" port: 35737 } } peers { permanent_uuid: "9e32440b252742b1a6d9e69463e111ff" member_type: VOTER last_known_addr { host: "127.20.161.66" port: 42197 } } peers { permanent_uuid: "640724061b10447ead329eee9af46701" member_type: VOTER last_known_addr { host: "127.20.161.67" port: 42307 } }
I20260601 13:35:26.518637 21947 raft_consensus.cc:2468] T 189be146cd534171aadea5534119c83f P 640724061b10447ead329eee9af46701 [term 1 FOLLOWER]: Leader election vote request: Granting yes vote for candidate 5cc1bcbe57404f9bad8fcffe47f50005 in term 1.
I20260601 13:35:26.520592 21693 catalog_manager.cc:5696] T 189be146cd534171aadea5534119c83f P 5cc1bcbe57404f9bad8fcffe47f50005 reported cstate change: term changed from 0 to 1, leader changed from <none> to 5cc1bcbe57404f9bad8fcffe47f50005 (127.20.161.65). New cstate: current_term: 1 leader_uuid: "5cc1bcbe57404f9bad8fcffe47f50005" committed_config { opid_index: -1 OBSOLETE_local: false peers { permanent_uuid: "5cc1bcbe57404f9bad8fcffe47f50005" member_type: VOTER last_known_addr { host: "127.20.161.65" port: 35737 } health_report { overall_health: HEALTHY } } peers { permanent_uuid: "9e32440b252742b1a6d9e69463e111ff" member_type: VOTER last_known_addr { host: "127.20.161.66" port: 42197 } health_report { overall_health: UNKNOWN } } peers { permanent_uuid: "640724061b10447ead329eee9af46701" member_type: VOTER last_known_addr { host: "127.20.161.67" port: 42307 } health_report { overall_health: UNKNOWN } } }
I20260601 13:35:26.681465 22005 raft_consensus.cc:493] T 1ddecdf6bb50458aafdc6640fca8d7f1 P 5cc1bcbe57404f9bad8fcffe47f50005 [term 0 FOLLOWER]: Starting pre-election (no leader contacted us within the election timeout)
I20260601 13:35:26.681635 22005 raft_consensus.cc:515] T 1ddecdf6bb50458aafdc6640fca8d7f1 P 5cc1bcbe57404f9bad8fcffe47f50005 [term 0 FOLLOWER]: Starting pre-election with config: opid_index: -1 OBSOLETE_local: false peers { permanent_uuid: "5cc1bcbe57404f9bad8fcffe47f50005" member_type: VOTER last_known_addr { host: "127.20.161.65" port: 35737 } } peers { permanent_uuid: "9e32440b252742b1a6d9e69463e111ff" member_type: VOTER last_known_addr { host: "127.20.161.66" port: 42197 } } peers { permanent_uuid: "640724061b10447ead329eee9af46701" member_type: VOTER last_known_addr { host: "127.20.161.67" port: 42307 } }
I20260601 13:35:26.682237 22005 leader_election.cc:290] T 1ddecdf6bb50458aafdc6640fca8d7f1 P 5cc1bcbe57404f9bad8fcffe47f50005 [CANDIDATE]: Term 1 pre-election: Requested pre-vote from peers 9e32440b252742b1a6d9e69463e111ff (127.20.161.66:42197), 640724061b10447ead329eee9af46701 (127.20.161.67:42307)
I20260601 13:35:26.682703 21947 tablet_service.cc:1917] Received RequestConsensusVote() RPC: tablet_id: "1ddecdf6bb50458aafdc6640fca8d7f1" candidate_uuid: "5cc1bcbe57404f9bad8fcffe47f50005" candidate_term: 1 candidate_status { last_received { term: 0 index: 0 } } ignore_live_leader: false dest_uuid: "640724061b10447ead329eee9af46701" is_pre_election: true
I20260601 13:35:26.682713 21872 tablet_service.cc:1917] Received RequestConsensusVote() RPC: tablet_id: "1ddecdf6bb50458aafdc6640fca8d7f1" candidate_uuid: "5cc1bcbe57404f9bad8fcffe47f50005" candidate_term: 1 candidate_status { last_received { term: 0 index: 0 } } ignore_live_leader: false dest_uuid: "9e32440b252742b1a6d9e69463e111ff" is_pre_election: true
I20260601 13:35:26.682902 21947 raft_consensus.cc:2468] T 1ddecdf6bb50458aafdc6640fca8d7f1 P 640724061b10447ead329eee9af46701 [term 0 FOLLOWER]: Leader pre-election vote request: Granting yes vote for candidate 5cc1bcbe57404f9bad8fcffe47f50005 in term 0.
I20260601 13:35:26.682961 21872 raft_consensus.cc:2468] T 1ddecdf6bb50458aafdc6640fca8d7f1 P 9e32440b252742b1a6d9e69463e111ff [term 0 FOLLOWER]: Leader pre-election vote request: Granting yes vote for candidate 5cc1bcbe57404f9bad8fcffe47f50005 in term 0.
I20260601 13:35:26.683274 21763 leader_election.cc:304] T 1ddecdf6bb50458aafdc6640fca8d7f1 P 5cc1bcbe57404f9bad8fcffe47f50005 [CANDIDATE]: Term 1 pre-election: Election decided. Result: candidate won. Election summary: received 2 responses out of 3 voters: 2 yes votes; 0 no votes. yes voters: 5cc1bcbe57404f9bad8fcffe47f50005, 9e32440b252742b1a6d9e69463e111ff; no voters: 
I20260601 13:35:26.683486 22005 raft_consensus.cc:2804] T 1ddecdf6bb50458aafdc6640fca8d7f1 P 5cc1bcbe57404f9bad8fcffe47f50005 [term 0 FOLLOWER]: Leader pre-election won for term 1
I20260601 13:35:26.683555 22005 raft_consensus.cc:493] T 1ddecdf6bb50458aafdc6640fca8d7f1 P 5cc1bcbe57404f9bad8fcffe47f50005 [term 0 FOLLOWER]: Starting leader election (no leader contacted us within the election timeout)
I20260601 13:35:26.683593 22005 raft_consensus.cc:3060] T 1ddecdf6bb50458aafdc6640fca8d7f1 P 5cc1bcbe57404f9bad8fcffe47f50005 [term 0 FOLLOWER]: Advancing to term 1
