W20260601 13:35:12.071800 10592 instance_detector.cc:116] could not retrieve OpenStack instance metadata: Network error: curl error: HTTP response code said error: The requested URL returned error: 404
I20260601 13:35:12.072144  9463 server_base.cc:1061] running on GCE node
W20260601 13:35:12.072865 10590 instance_detector.cc:116] could not retrieve Azure instance metadata: Network error: curl error: HTTP response code said error: The requested URL returned error: 404
I20260601 13:35:12.073097  9463 hybrid_clock.cc:584] initializing the hybrid clock with 'system_unsync' time source
I20260601 13:35:12.073058 10587 sys_catalog.cc:422] member_type: VOTER last_known_addr { host: "127.9.61.254" port: 41135 } has no permanent_uuid. Determining permanent_uuid...
W20260601 13:35:12.073153  9463 system_unsync_time.cc:38] NTP support is disabled. Clock error bounds will not be accurate. This configuration is not suitable for distributed clusters.
I20260601 13:35:12.073174  9463 hybrid_clock.cc:648] HybridClock initialized: now 1780320912073174 us; error 0 us; skew 500 ppm
I20260601 13:35:12.074079  9463 webserver.cc:533] Webserver started at http://127.9.61.253:37679/ using document root <none> and password file <none>
I20260601 13:35:12.074283  9463 fs_manager.cc:362] Metadata directory not provided
I20260601 13:35:12.074362  9463 fs_manager.cc:368] Using write-ahead log directory (fs_wal_dir) as metadata directory
I20260601 13:35:12.074445  9463 server_base.cc:909] This appears to be a new deployment of Kudu; creating new FS layout
I20260601 13:35:12.074791  9463 fs_manager.cc:1068] Generated new instance metadata in path /tmp/dist-test-task9BuBY5/test-tmp/auto_rebalancer-test.0.AutoRebalancerTest.NextLeaderResumesAutoRebalancing.1780320902020084-9463-0/minicluster-data/master-1-root/instance:
uuid: "8179655cf3df4a93a9ba8ef7fff2e3b3"
format_stamp: "Formatted at 2026-06-01 13:35:12 on dist-test-slave-bp28"
I20260601 13:35:12.076696  9463 fs_manager.cc:696] Time spent creating directory manager: real 0.002s	user 0.002s	sys 0.000s
I20260601 13:35:12.077751 10599 log_block_manager.cc:4031] Time spent loading block containers with low live blocks: real 0.000s	user 0.000s	sys 0.000s
I20260601 13:35:12.077955 10587 sys_catalog.cc:422] member_type: VOTER last_known_addr { host: "127.9.61.253" port: 32933 } has no permanent_uuid. Determining permanent_uuid...
I20260601 13:35:12.078075  9463 fs_manager.cc:730] Time spent opening block manager: real 0.001s	user 0.001s	sys 0.000s
I20260601 13:35:12.078140  9463 fs_manager.cc:647] Opened local filesystem: /tmp/dist-test-task9BuBY5/test-tmp/auto_rebalancer-test.0.AutoRebalancerTest.NextLeaderResumesAutoRebalancing.1780320902020084-9463-0/minicluster-data/master-1-root
uuid: "8179655cf3df4a93a9ba8ef7fff2e3b3"
format_stamp: "Formatted at 2026-06-01 13:35:12 on dist-test-slave-bp28"
I20260601 13:35:12.078279  9463 fs_report.cc:389] FS layout report
--------------------
wal directory: /tmp/dist-test-task9BuBY5/test-tmp/auto_rebalancer-test.0.AutoRebalancerTest.NextLeaderResumesAutoRebalancing.1780320902020084-9463-0/minicluster-data/master-1-root
metadata directory: /tmp/dist-test-task9BuBY5/test-tmp/auto_rebalancer-test.0.AutoRebalancerTest.NextLeaderResumesAutoRebalancing.1780320902020084-9463-0/minicluster-data/master-1-root
1 data directories: /tmp/dist-test-task9BuBY5/test-tmp/auto_rebalancer-test.0.AutoRebalancerTest.NextLeaderResumesAutoRebalancing.1780320902020084-9463-0/minicluster-data/master-1-root/data
Total live blocks: 0
Total live bytes: 0
Total live bytes (after alignment): 0
Total number of LBM containers: 0 (0 full)
Did not check for missing blocks
Did not check for orphaned blocks
Total full LBM containers with extra space: 0 (0 repaired)
Total full LBM container extra space in bytes: 0 (0 repaired)
Total incomplete LBM containers: 0 (0 repaired)
Total LBM partial records: 0 (0 repaired)
Total corrupted LBM metadata records in RocksDB: 0 (0 repaired)
W20260601 13:35:12.079347 10587 consensus_peers.cc:760] Error getting permanent uuid from config peer 127.9.61.253:32933: Network error: Client connection negotiation failed: client connection to 127.9.61.253:32933: connect: Connection refused (error 111)
I20260601 13:35:12.089532  9463 rpc_server.cc:225] running with OpenSSL 1.1.1  11 Sep 2018
I20260601 13:35:12.089920  9463 kserver.cc:163] Server-wide thread pool size limit: 3276
I20260601 13:35:12.093988  9463 rpc_server.cc:307] RPC server started. Bound to: 127.9.61.253:32933
I20260601 13:35:12.094035 10652 acceptor_pool.cc:272] collecting diagnostics on the listening RPC socket 127.9.61.253:32933 every 8 connection(s)
I20260601 13:35:12.094743  9463 file_cache.cc:492] Constructed file cache file cache with capacity 419430
I20260601 13:35:12.094988 10653 data_dirs.cc:400] Could only allocate 1 dirs of requested 3 for tablet 00000000000000000000000000000000. 1 dirs total, 0 dirs full, 0 dirs failed
W20260601 13:35:12.096658 10658 instance_detector.cc:116] could not retrieve OpenStack instance metadata: Network error: curl error: HTTP response code said error: The requested URL returned error: 404
I20260601 13:35:12.096698 10653 sys_catalog.cc:422] member_type: VOTER last_known_addr { host: "127.9.61.254" port: 41135 } has no permanent_uuid. Determining permanent_uuid...
W20260601 13:35:12.096647 10655 instance_detector.cc:116] could not retrieve AWS instance metadata: Network error: curl error: HTTP response code said error: The requested URL returned error: 404
W20260601 13:35:12.096628 10656 instance_detector.cc:116] could not retrieve Azure instance metadata: Network error: curl error: HTTP response code said error: The requested URL returned error: 404
I20260601 13:35:12.097213  9463 server_base.cc:1061] running on GCE node
I20260601 13:35:12.097381  9463 hybrid_clock.cc:584] initializing the hybrid clock with 'system_unsync' time source
W20260601 13:35:12.097430  9463 system_unsync_time.cc:38] NTP support is disabled. Clock error bounds will not be accurate. This configuration is not suitable for distributed clusters.
I20260601 13:35:12.097452  9463 hybrid_clock.cc:648] HybridClock initialized: now 1780320912097451 us; error 0 us; skew 500 ppm
I20260601 13:35:12.098457  9463 webserver.cc:533] Webserver started at http://127.9.61.252:42859/ using document root <none> and password file <none>
I20260601 13:35:12.098614  9463 fs_manager.cc:362] Metadata directory not provided
I20260601 13:35:12.098664  9463 fs_manager.cc:368] Using write-ahead log directory (fs_wal_dir) as metadata directory
I20260601 13:35:12.098731  9463 server_base.cc:909] This appears to be a new deployment of Kudu; creating new FS layout
I20260601 13:35:12.099123  9463 fs_manager.cc:1068] Generated new instance metadata in path /tmp/dist-test-task9BuBY5/test-tmp/auto_rebalancer-test.0.AutoRebalancerTest.NextLeaderResumesAutoRebalancing.1780320902020084-9463-0/minicluster-data/master-2-root/instance:
uuid: "4169b545b1ab4bcdb68974e03c7bf683"
format_stamp: "Formatted at 2026-06-01 13:35:12 on dist-test-slave-bp28"
I20260601 13:35:12.101003  9463 fs_manager.cc:696] Time spent creating directory manager: real 0.002s	user 0.000s	sys 0.002s
I20260601 13:35:12.101594 10653 sys_catalog.cc:422] member_type: VOTER last_known_addr { host: "127.9.61.253" port: 32933 } has no permanent_uuid. Determining permanent_uuid...
I20260601 13:35:12.102213 10664 log_block_manager.cc:4031] Time spent loading block containers with low live blocks: real 0.000s	user 0.000s	sys 0.000s
I20260601 13:35:12.102519  9463 fs_manager.cc:730] Time spent opening block manager: real 0.001s	user 0.000s	sys 0.001s
I20260601 13:35:12.102609  9463 fs_manager.cc:647] Opened local filesystem: /tmp/dist-test-task9BuBY5/test-tmp/auto_rebalancer-test.0.AutoRebalancerTest.NextLeaderResumesAutoRebalancing.1780320902020084-9463-0/minicluster-data/master-2-root
uuid: "4169b545b1ab4bcdb68974e03c7bf683"
format_stamp: "Formatted at 2026-06-01 13:35:12 on dist-test-slave-bp28"
I20260601 13:35:12.102674  9463 fs_report.cc:389] FS layout report
--------------------
wal directory: /tmp/dist-test-task9BuBY5/test-tmp/auto_rebalancer-test.0.AutoRebalancerTest.NextLeaderResumesAutoRebalancing.1780320902020084-9463-0/minicluster-data/master-2-root
metadata directory: /tmp/dist-test-task9BuBY5/test-tmp/auto_rebalancer-test.0.AutoRebalancerTest.NextLeaderResumesAutoRebalancing.1780320902020084-9463-0/minicluster-data/master-2-root
1 data directories: /tmp/dist-test-task9BuBY5/test-tmp/auto_rebalancer-test.0.AutoRebalancerTest.NextLeaderResumesAutoRebalancing.1780320902020084-9463-0/minicluster-data/master-2-root/data
Total live blocks: 0
Total live bytes: 0
Total live bytes (after alignment): 0
Total number of LBM containers: 0 (0 full)
Did not check for missing blocks
Did not check for orphaned blocks
Total full LBM containers with extra space: 0 (0 repaired)
Total full LBM container extra space in bytes: 0 (0 repaired)
Total incomplete LBM containers: 0 (0 repaired)
Total LBM partial records: 0 (0 repaired)
Total corrupted LBM metadata records in RocksDB: 0 (0 repaired)
I20260601 13:35:12.106331 10653 sys_catalog.cc:422] member_type: VOTER last_known_addr { host: "127.9.61.252" port: 35091 } has no permanent_uuid. Determining permanent_uuid...
I20260601 13:35:12.107503 10587 consensus_peers.cc:770] Retrying to get permanent uuid for remote peer: member_type: VOTER last_known_addr { host: "127.9.61.253" port: 32933 } attempt: 1
W20260601 13:35:12.107717 10653 consensus_peers.cc:760] Error getting permanent uuid from config peer 127.9.61.252:35091: Network error: Client connection negotiation failed: client connection to 127.9.61.252:35091: connect: Connection refused (error 111)
I20260601 13:35:12.111346 10587 sys_catalog.cc:422] member_type: VOTER last_known_addr { host: "127.9.61.252" port: 35091 } has no permanent_uuid. Determining permanent_uuid...
W20260601 13:35:12.112600 10587 consensus_peers.cc:760] Error getting permanent uuid from config peer 127.9.61.252:35091: Network error: Client connection negotiation failed: client connection to 127.9.61.252:35091: connect: Connection refused (error 111)
I20260601 13:35:12.119889  9463 rpc_server.cc:225] running with OpenSSL 1.1.1  11 Sep 2018
I20260601 13:35:12.120255  9463 kserver.cc:163] Server-wide thread pool size limit: 3276
I20260601 13:35:12.124377  9463 rpc_server.cc:307] RPC server started. Bound to: 127.9.61.252:35091
I20260601 13:35:12.124432 10718 acceptor_pool.cc:272] collecting diagnostics on the listening RPC socket 127.9.61.252:35091 every 8 connection(s)
I20260601 13:35:12.124889  9463 internal_mini_cluster.cc:184] Waiting to initialize catalog manager on master 0
I20260601 13:35:12.125382 10719 data_dirs.cc:400] Could only allocate 1 dirs of requested 3 for tablet 00000000000000000000000000000000. 1 dirs total, 0 dirs full, 0 dirs failed
I20260601 13:35:12.126470 10719 sys_catalog.cc:422] member_type: VOTER last_known_addr { host: "127.9.61.254" port: 41135 } has no permanent_uuid. Determining permanent_uuid...
I20260601 13:35:12.130908 10719 sys_catalog.cc:422] member_type: VOTER last_known_addr { host: "127.9.61.253" port: 32933 } has no permanent_uuid. Determining permanent_uuid...
I20260601 13:35:12.131932 10653 consensus_peers.cc:770] Retrying to get permanent uuid for remote peer: member_type: VOTER last_known_addr { host: "127.9.61.252" port: 35091 } attempt: 1
I20260601 13:35:12.135317 10719 sys_catalog.cc:422] member_type: VOTER last_known_addr { host: "127.9.61.252" port: 35091 } has no permanent_uuid. Determining permanent_uuid...
I20260601 13:35:12.137439 10653 tablet_bootstrap.cc:492] T 00000000000000000000000000000000 P 8179655cf3df4a93a9ba8ef7fff2e3b3: Bootstrap starting.
I20260601 13:35:12.138551 10653 tablet_bootstrap.cc:654] T 00000000000000000000000000000000 P 8179655cf3df4a93a9ba8ef7fff2e3b3: Neither blocks nor log segments found. Creating new log.
I20260601 13:35:12.139941 10653 tablet_bootstrap.cc:492] T 00000000000000000000000000000000 P 8179655cf3df4a93a9ba8ef7fff2e3b3: No bootstrap required, opened a new log
I20260601 13:35:12.140396 10653 raft_consensus.cc:359] T 00000000000000000000000000000000 P 8179655cf3df4a93a9ba8ef7fff2e3b3 [term 0 FOLLOWER]: Replica starting. Triggering 0 pending ops. Active config: opid_index: -1 OBSOLETE_local: false peers { permanent_uuid: "c74118bb893e497c9a38985ae9fed21b" member_type: VOTER last_known_addr { host: "127.9.61.254" port: 41135 } } peers { permanent_uuid: "8179655cf3df4a93a9ba8ef7fff2e3b3" member_type: VOTER last_known_addr { host: "127.9.61.253" port: 32933 } } peers { permanent_uuid: "4169b545b1ab4bcdb68974e03c7bf683" member_type: VOTER last_known_addr { host: "127.9.61.252" port: 35091 } }
I20260601 13:35:12.140515 10653 raft_consensus.cc:385] T 00000000000000000000000000000000 P 8179655cf3df4a93a9ba8ef7fff2e3b3 [term 0 FOLLOWER]: Consensus starting up: Expiring failure detector timer to make a prompt election more likely
I20260601 13:35:12.140537 10653 raft_consensus.cc:740] T 00000000000000000000000000000000 P 8179655cf3df4a93a9ba8ef7fff2e3b3 [term 0 FOLLOWER]: Becoming Follower/Learner. State: Replica: 8179655cf3df4a93a9ba8ef7fff2e3b3, State: Initialized, Role: FOLLOWER
I20260601 13:35:12.140686 10719 tablet_bootstrap.cc:492] T 00000000000000000000000000000000 P 4169b545b1ab4bcdb68974e03c7bf683: Bootstrap starting.
I20260601 13:35:12.140684 10653 consensus_queue.cc:260] T 00000000000000000000000000000000 P 8179655cf3df4a93a9ba8ef7fff2e3b3 [NON_LEADER]: Queue going to NON_LEADER mode. State: All replicated index: 0, Majority replicated index: 0, Committed index: 0, Last appended: 0.0, Last appended by leader: 0, Current term: 0, Majority size: -1, State: 0, Mode: NON_LEADER, active raft config: opid_index: -1 OBSOLETE_local: false peers { permanent_uuid: "c74118bb893e497c9a38985ae9fed21b" member_type: VOTER last_known_addr { host: "127.9.61.254" port: 41135 } } peers { permanent_uuid: "8179655cf3df4a93a9ba8ef7fff2e3b3" member_type: VOTER last_known_addr { host: "127.9.61.253" port: 32933 } } peers { permanent_uuid: "4169b545b1ab4bcdb68974e03c7bf683" member_type: VOTER last_known_addr { host: "127.9.61.252" port: 35091 } }
I20260601 13:35:12.141083 10724 sys_catalog.cc:455] T 00000000000000000000000000000000 P 8179655cf3df4a93a9ba8ef7fff2e3b3 [sys.catalog]: SysCatalogTable state changed. Reason: RaftConsensus started. Latest consensus state: current_term: 0 committed_config { opid_index: -1 OBSOLETE_local: false peers { permanent_uuid: "c74118bb893e497c9a38985ae9fed21b" member_type: VOTER last_known_addr { host: "127.9.61.254" port: 41135 } } peers { permanent_uuid: "8179655cf3df4a93a9ba8ef7fff2e3b3" member_type: VOTER last_known_addr { host: "127.9.61.253" port: 32933 } } peers { permanent_uuid: "4169b545b1ab4bcdb68974e03c7bf683" member_type: VOTER last_known_addr { host: "127.9.61.252" port: 35091 } } }
I20260601 13:35:12.141178 10724 sys_catalog.cc:458] T 00000000000000000000000000000000 P 8179655cf3df4a93a9ba8ef7fff2e3b3 [sys.catalog]: This master's current role is: FOLLOWER
I20260601 13:35:12.141295 10653 sys_catalog.cc:565] T 00000000000000000000000000000000 P 8179655cf3df4a93a9ba8ef7fff2e3b3 [sys.catalog]: configured and running, proceeding with master startup.
I20260601 13:35:12.141717 10719 tablet_bootstrap.cc:654] T 00000000000000000000000000000000 P 4169b545b1ab4bcdb68974e03c7bf683: Neither blocks nor log segments found. Creating new log.
I20260601 13:35:12.143044 10719 tablet_bootstrap.cc:492] T 00000000000000000000000000000000 P 4169b545b1ab4bcdb68974e03c7bf683: No bootstrap required, opened a new log
I20260601 13:35:12.143479 10719 raft_consensus.cc:359] T 00000000000000000000000000000000 P 4169b545b1ab4bcdb68974e03c7bf683 [term 0 FOLLOWER]: Replica starting. Triggering 0 pending ops. Active config: opid_index: -1 OBSOLETE_local: false peers { permanent_uuid: "c74118bb893e497c9a38985ae9fed21b" member_type: VOTER last_known_addr { host: "127.9.61.254" port: 41135 } } peers { permanent_uuid: "8179655cf3df4a93a9ba8ef7fff2e3b3" member_type: VOTER last_known_addr { host: "127.9.61.253" port: 32933 } } peers { permanent_uuid: "4169b545b1ab4bcdb68974e03c7bf683" member_type: VOTER last_known_addr { host: "127.9.61.252" port: 35091 } }
I20260601 13:35:12.143591 10719 raft_consensus.cc:385] T 00000000000000000000000000000000 P 4169b545b1ab4bcdb68974e03c7bf683 [term 0 FOLLOWER]: Consensus starting up: Expiring failure detector timer to make a prompt election more likely
I20260601 13:35:12.143626 10719 raft_consensus.cc:740] T 00000000000000000000000000000000 P 4169b545b1ab4bcdb68974e03c7bf683 [term 0 FOLLOWER]: Becoming Follower/Learner. State: Replica: 4169b545b1ab4bcdb68974e03c7bf683, State: Initialized, Role: FOLLOWER
W20260601 13:35:12.143741 10736 catalog_manager.cc:1593] T 00000000000000000000000000000000 P 8179655cf3df4a93a9ba8ef7fff2e3b3: loading cluster ID for follower catalog manager: Not found: cluster ID entry not found
W20260601 13:35:12.143808 10736 catalog_manager.cc:883] Not found: cluster ID entry not found: failed to prepare follower catalog manager, will retry
I20260601 13:35:12.143782 10719 consensus_queue.cc:260] T 00000000000000000000000000000000 P 4169b545b1ab4bcdb68974e03c7bf683 [NON_LEADER]: Queue going to NON_LEADER mode. State: All replicated index: 0, Majority replicated index: 0, Committed index: 0, Last appended: 0.0, Last appended by leader: 0, Current term: 0, Majority size: -1, State: 0, Mode: NON_LEADER, active raft config: opid_index: -1 OBSOLETE_local: false peers { permanent_uuid: "c74118bb893e497c9a38985ae9fed21b" member_type: VOTER last_known_addr { host: "127.9.61.254" port: 41135 } } peers { permanent_uuid: "8179655cf3df4a93a9ba8ef7fff2e3b3" member_type: VOTER last_known_addr { host: "127.9.61.253" port: 32933 } } peers { permanent_uuid: "4169b545b1ab4bcdb68974e03c7bf683" member_type: VOTER last_known_addr { host: "127.9.61.252" port: 35091 } }
I20260601 13:35:12.144088 10737 sys_catalog.cc:455] T 00000000000000000000000000000000 P 4169b545b1ab4bcdb68974e03c7bf683 [sys.catalog]: SysCatalogTable state changed. Reason: RaftConsensus started. Latest consensus state: current_term: 0 committed_config { opid_index: -1 OBSOLETE_local: false peers { permanent_uuid: "c74118bb893e497c9a38985ae9fed21b" member_type: VOTER last_known_addr { host: "127.9.61.254" port: 41135 } } peers { permanent_uuid: "8179655cf3df4a93a9ba8ef7fff2e3b3" member_type: VOTER last_known_addr { host: "127.9.61.253" port: 32933 } } peers { permanent_uuid: "4169b545b1ab4bcdb68974e03c7bf683" member_type: VOTER last_known_addr { host: "127.9.61.252" port: 35091 } } }
I20260601 13:35:12.144157 10737 sys_catalog.cc:458] T 00000000000000000000000000000000 P 4169b545b1ab4bcdb68974e03c7bf683 [sys.catalog]: This master's current role is: FOLLOWER
I20260601 13:35:12.144275 10719 sys_catalog.cc:565] T 00000000000000000000000000000000 P 4169b545b1ab4bcdb68974e03c7bf683 [sys.catalog]: configured and running, proceeding with master startup.
W20260601 13:35:12.146387 10748 catalog_manager.cc:1593] T 00000000000000000000000000000000 P 4169b545b1ab4bcdb68974e03c7bf683: loading cluster ID for follower catalog manager: Not found: cluster ID entry not found
W20260601 13:35:12.146453 10748 catalog_manager.cc:883] Not found: cluster ID entry not found: failed to prepare follower catalog manager, will retry
I20260601 13:35:12.168787 10587 consensus_peers.cc:770] Retrying to get permanent uuid for remote peer: member_type: VOTER last_known_addr { host: "127.9.61.252" port: 35091 } attempt: 1
I20260601 13:35:12.180521 10587 tablet_bootstrap.cc:492] T 00000000000000000000000000000000 P c74118bb893e497c9a38985ae9fed21b: Bootstrap starting.
I20260601 13:35:12.181569 10587 tablet_bootstrap.cc:654] T 00000000000000000000000000000000 P c74118bb893e497c9a38985ae9fed21b: Neither blocks nor log segments found. Creating new log.
I20260601 13:35:12.182789 10587 tablet_bootstrap.cc:492] T 00000000000000000000000000000000 P c74118bb893e497c9a38985ae9fed21b: No bootstrap required, opened a new log
I20260601 13:35:12.183209 10587 raft_consensus.cc:359] T 00000000000000000000000000000000 P c74118bb893e497c9a38985ae9fed21b [term 0 FOLLOWER]: Replica starting. Triggering 0 pending ops. Active config: opid_index: -1 OBSOLETE_local: false peers { permanent_uuid: "c74118bb893e497c9a38985ae9fed21b" member_type: VOTER last_known_addr { host: "127.9.61.254" port: 41135 } } peers { permanent_uuid: "8179655cf3df4a93a9ba8ef7fff2e3b3" member_type: VOTER last_known_addr { host: "127.9.61.253" port: 32933 } } peers { permanent_uuid: "4169b545b1ab4bcdb68974e03c7bf683" member_type: VOTER last_known_addr { host: "127.9.61.252" port: 35091 } }
I20260601 13:35:12.183332 10587 raft_consensus.cc:385] T 00000000000000000000000000000000 P c74118bb893e497c9a38985ae9fed21b [term 0 FOLLOWER]: Consensus starting up: Expiring failure detector timer to make a prompt election more likely
I20260601 13:35:12.183357 10587 raft_consensus.cc:740] T 00000000000000000000000000000000 P c74118bb893e497c9a38985ae9fed21b [term 0 FOLLOWER]: Becoming Follower/Learner. State: Replica: c74118bb893e497c9a38985ae9fed21b, State: Initialized, Role: FOLLOWER
I20260601 13:35:12.183485 10587 consensus_queue.cc:260] T 00000000000000000000000000000000 P c74118bb893e497c9a38985ae9fed21b [NON_LEADER]: Queue going to NON_LEADER mode. State: All replicated index: 0, Majority replicated index: 0, Committed index: 0, Last appended: 0.0, Last appended by leader: 0, Current term: 0, Majority size: -1, State: 0, Mode: NON_LEADER, active raft config: opid_index: -1 OBSOLETE_local: false peers { permanent_uuid: "c74118bb893e497c9a38985ae9fed21b" member_type: VOTER last_known_addr { host: "127.9.61.254" port: 41135 } } peers { permanent_uuid: "8179655cf3df4a93a9ba8ef7fff2e3b3" member_type: VOTER last_known_addr { host: "127.9.61.253" port: 32933 } } peers { permanent_uuid: "4169b545b1ab4bcdb68974e03c7bf683" member_type: VOTER last_known_addr { host: "127.9.61.252" port: 35091 } }
I20260601 13:35:12.183852 10750 sys_catalog.cc:455] T 00000000000000000000000000000000 P c74118bb893e497c9a38985ae9fed21b [sys.catalog]: SysCatalogTable state changed. Reason: RaftConsensus started. Latest consensus state: current_term: 0 committed_config { opid_index: -1 OBSOLETE_local: false peers { permanent_uuid: "c74118bb893e497c9a38985ae9fed21b" member_type: VOTER last_known_addr { host: "127.9.61.254" port: 41135 } } peers { permanent_uuid: "8179655cf3df4a93a9ba8ef7fff2e3b3" member_type: VOTER last_known_addr { host: "127.9.61.253" port: 32933 } } peers { permanent_uuid: "4169b545b1ab4bcdb68974e03c7bf683" member_type: VOTER last_known_addr { host: "127.9.61.252" port: 35091 } } }
I20260601 13:35:12.183979 10750 sys_catalog.cc:458] T 00000000000000000000000000000000 P c74118bb893e497c9a38985ae9fed21b [sys.catalog]: This master's current role is: FOLLOWER
I20260601 13:35:12.184026 10587 sys_catalog.cc:565] T 00000000000000000000000000000000 P c74118bb893e497c9a38985ae9fed21b [sys.catalog]: configured and running, proceeding with master startup.
I20260601 13:35:12.185815  9463 internal_mini_cluster.cc:184] Waiting to initialize catalog manager on master 1
I20260601 13:35:12.185887  9463 internal_mini_cluster.cc:184] Waiting to initialize catalog manager on master 2
I20260601 13:35:12.186358  9463 file_cache.cc:492] Constructed file cache file cache with capacity 419430
W20260601 13:35:12.186370 10761 catalog_manager.cc:1593] T 00000000000000000000000000000000 P c74118bb893e497c9a38985ae9fed21b: loading cluster ID for follower catalog manager: Not found: cluster ID entry not found
W20260601 13:35:12.186452 10761 catalog_manager.cc:883] Not found: cluster ID entry not found: failed to prepare follower catalog manager, will retry
W20260601 13:35:12.188409 10762 instance_detector.cc:116] could not retrieve AWS instance metadata: Network error: curl error: HTTP response code said error: The requested URL returned error: 404
W20260601 13:35:12.188453 10765 instance_detector.cc:116] could not retrieve OpenStack instance metadata: Network error: curl error: HTTP response code said error: The requested URL returned error: 404
W20260601 13:35:12.188484 10763 instance_detector.cc:116] could not retrieve Azure instance metadata: Network error: curl error: HTTP response code said error: The requested URL returned error: 404
I20260601 13:35:12.188504  9463 server_base.cc:1061] running on GCE node
I20260601 13:35:12.188822  9463 hybrid_clock.cc:584] initializing the hybrid clock with 'system_unsync' time source
W20260601 13:35:12.188870  9463 system_unsync_time.cc:38] NTP support is disabled. Clock error bounds will not be accurate. This configuration is not suitable for distributed clusters.
I20260601 13:35:12.188887  9463 hybrid_clock.cc:648] HybridClock initialized: now 1780320912188887 us; error 0 us; skew 500 ppm
I20260601 13:35:12.189917  9463 webserver.cc:533] Webserver started at http://127.9.61.193:40015/ using document root <none> and password file <none>
I20260601 13:35:12.190093  9463 fs_manager.cc:362] Metadata directory not provided
I20260601 13:35:12.190140  9463 fs_manager.cc:368] Using write-ahead log directory (fs_wal_dir) as metadata directory
I20260601 13:35:12.190192  9463 server_base.cc:909] This appears to be a new deployment of Kudu; creating new FS layout
I20260601 13:35:12.190625  9463 fs_manager.cc:1068] Generated new instance metadata in path /tmp/dist-test-task9BuBY5/test-tmp/auto_rebalancer-test.0.AutoRebalancerTest.NextLeaderResumesAutoRebalancing.1780320902020084-9463-0/minicluster-data/ts-0-root/instance:
uuid: "f42e237a333a4f6a8729542ab5a92530"
format_stamp: "Formatted at 2026-06-01 13:35:12 on dist-test-slave-bp28"
I20260601 13:35:12.192332  9463 fs_manager.cc:696] Time spent creating directory manager: real 0.001s	user 0.002s	sys 0.000s
I20260601 13:35:12.193307 10770 log_block_manager.cc:4031] Time spent loading block containers with low live blocks: real 0.000s	user 0.000s	sys 0.000s
I20260601 13:35:12.193616  9463 fs_manager.cc:730] Time spent opening block manager: real 0.001s	user 0.001s	sys 0.000s
I20260601 13:35:12.193706  9463 fs_manager.cc:647] Opened local filesystem: /tmp/dist-test-task9BuBY5/test-tmp/auto_rebalancer-test.0.AutoRebalancerTest.NextLeaderResumesAutoRebalancing.1780320902020084-9463-0/minicluster-data/ts-0-root
uuid: "f42e237a333a4f6a8729542ab5a92530"
format_stamp: "Formatted at 2026-06-01 13:35:12 on dist-test-slave-bp28"
I20260601 13:35:12.193797  9463 fs_report.cc:389] FS layout report
--------------------
wal directory: /tmp/dist-test-task9BuBY5/test-tmp/auto_rebalancer-test.0.AutoRebalancerTest.NextLeaderResumesAutoRebalancing.1780320902020084-9463-0/minicluster-data/ts-0-root
metadata directory: /tmp/dist-test-task9BuBY5/test-tmp/auto_rebalancer-test.0.AutoRebalancerTest.NextLeaderResumesAutoRebalancing.1780320902020084-9463-0/minicluster-data/ts-0-root
1 data directories: /tmp/dist-test-task9BuBY5/test-tmp/auto_rebalancer-test.0.AutoRebalancerTest.NextLeaderResumesAutoRebalancing.1780320902020084-9463-0/minicluster-data/ts-0-root/data
Total live blocks: 0
Total live bytes: 0
Total live bytes (after alignment): 0
Total number of LBM containers: 0 (0 full)
Did not check for missing blocks
Did not check for orphaned blocks
Total full LBM containers with extra space: 0 (0 repaired)
Total full LBM container extra space in bytes: 0 (0 repaired)
Total incomplete LBM containers: 0 (0 repaired)
Total LBM partial records: 0 (0 repaired)
Total corrupted LBM metadata records in RocksDB: 0 (0 repaired)
I20260601 13:35:12.193962 10737 raft_consensus.cc:493] T 00000000000000000000000000000000 P 4169b545b1ab4bcdb68974e03c7bf683 [term 0 FOLLOWER]: Starting pre-election (no leader contacted us within the election timeout)
I20260601 13:35:12.194100 10737 raft_consensus.cc:515] T 00000000000000000000000000000000 P 4169b545b1ab4bcdb68974e03c7bf683 [term 0 FOLLOWER]: Starting pre-election with config: opid_index: -1 OBSOLETE_local: false peers { permanent_uuid: "c74118bb893e497c9a38985ae9fed21b" member_type: VOTER last_known_addr { host: "127.9.61.254" port: 41135 } } peers { permanent_uuid: "8179655cf3df4a93a9ba8ef7fff2e3b3" member_type: VOTER last_known_addr { host: "127.9.61.253" port: 32933 } } peers { permanent_uuid: "4169b545b1ab4bcdb68974e03c7bf683" member_type: VOTER last_known_addr { host: "127.9.61.252" port: 35091 } }
I20260601 13:35:12.194572 10737 leader_election.cc:290] T 00000000000000000000000000000000 P 4169b545b1ab4bcdb68974e03c7bf683 [CANDIDATE]: Term 1 pre-election: Requested pre-vote from peers c74118bb893e497c9a38985ae9fed21b (127.9.61.254:41135), 8179655cf3df4a93a9ba8ef7fff2e3b3 (127.9.61.253:32933)
I20260601 13:35:12.195081 10561 tablet_service.cc:1917] Received RequestConsensusVote() RPC: tablet_id: "00000000000000000000000000000000" candidate_uuid: "4169b545b1ab4bcdb68974e03c7bf683" candidate_term: 1 candidate_status { last_received { term: 0 index: 0 } } ignore_live_leader: false dest_uuid: "c74118bb893e497c9a38985ae9fed21b" is_pre_election: true
I20260601 13:35:12.195106 10627 tablet_service.cc:1917] Received RequestConsensusVote() RPC: tablet_id: "00000000000000000000000000000000" candidate_uuid: "4169b545b1ab4bcdb68974e03c7bf683" candidate_term: 1 candidate_status { last_received { term: 0 index: 0 } } ignore_live_leader: false dest_uuid: "8179655cf3df4a93a9ba8ef7fff2e3b3" is_pre_election: true
I20260601 13:35:12.195206 10561 raft_consensus.cc:2468] T 00000000000000000000000000000000 P c74118bb893e497c9a38985ae9fed21b [term 0 FOLLOWER]: Leader pre-election vote request: Granting yes vote for candidate 4169b545b1ab4bcdb68974e03c7bf683 in term 0.
I20260601 13:35:12.195248 10627 raft_consensus.cc:2468] T 00000000000000000000000000000000 P 8179655cf3df4a93a9ba8ef7fff2e3b3 [term 0 FOLLOWER]: Leader pre-election vote request: Granting yes vote for candidate 4169b545b1ab4bcdb68974e03c7bf683 in term 0.
I20260601 13:35:12.195500 10668 leader_election.cc:304] T 00000000000000000000000000000000 P 4169b545b1ab4bcdb68974e03c7bf683 [CANDIDATE]: Term 1 pre-election: Election decided. Result: candidate won. Election summary: received 2 responses out of 3 voters: 2 yes votes; 0 no votes. yes voters: 4169b545b1ab4bcdb68974e03c7bf683, c74118bb893e497c9a38985ae9fed21b; no voters: 
I20260601 13:35:12.195693 10737 raft_consensus.cc:2804] T 00000000000000000000000000000000 P 4169b545b1ab4bcdb68974e03c7bf683 [term 0 FOLLOWER]: Leader pre-election won for term 1
I20260601 13:35:12.195757 10737 raft_consensus.cc:493] T 00000000000000000000000000000000 P 4169b545b1ab4bcdb68974e03c7bf683 [term 0 FOLLOWER]: Starting leader election (no leader contacted us within the election timeout)
I20260601 13:35:12.195809 10737 raft_consensus.cc:3060] T 00000000000000000000000000000000 P 4169b545b1ab4bcdb68974e03c7bf683 [term 0 FOLLOWER]: Advancing to term 1
I20260601 13:35:12.196624 10737 raft_consensus.cc:515] T 00000000000000000000000000000000 P 4169b545b1ab4bcdb68974e03c7bf683 [term 1 FOLLOWER]: Starting leader election with config: opid_index: -1 OBSOLETE_local: false peers { permanent_uuid: "c74118bb893e497c9a38985ae9fed21b" member_type: VOTER last_known_addr { host: "127.9.61.254" port: 41135 } } peers { permanent_uuid: "8179655cf3df4a93a9ba8ef7fff2e3b3" member_type: VOTER last_known_addr { host: "127.9.61.253" port: 32933 } } peers { permanent_uuid: "4169b545b1ab4bcdb68974e03c7bf683" member_type: VOTER last_known_addr { host: "127.9.61.252" port: 35091 } }
I20260601 13:35:12.196973 10737 leader_election.cc:290] T 00000000000000000000000000000000 P 4169b545b1ab4bcdb68974e03c7bf683 [CANDIDATE]: Term 1 election: Requested vote from peers c74118bb893e497c9a38985ae9fed21b (127.9.61.254:41135), 8179655cf3df4a93a9ba8ef7fff2e3b3 (127.9.61.253:32933)
I20260601 13:35:12.197342 10561 tablet_service.cc:1917] Received RequestConsensusVote() RPC: tablet_id: "00000000000000000000000000000000" candidate_uuid: "4169b545b1ab4bcdb68974e03c7bf683" candidate_term: 1 candidate_status { last_received { term: 0 index: 0 } } ignore_live_leader: false dest_uuid: "c74118bb893e497c9a38985ae9fed21b"
I20260601 13:35:12.197353 10627 tablet_service.cc:1917] Received RequestConsensusVote() RPC: tablet_id: "00000000000000000000000000000000" candidate_uuid: "4169b545b1ab4bcdb68974e03c7bf683" candidate_term: 1 candidate_status { last_received { term: 0 index: 0 } } ignore_live_leader: false dest_uuid: "8179655cf3df4a93a9ba8ef7fff2e3b3"
I20260601 13:35:12.197454 10561 raft_consensus.cc:3060] T 00000000000000000000000000000000 P c74118bb893e497c9a38985ae9fed21b [term 0 FOLLOWER]: Advancing to term 1
I20260601 13:35:12.197484 10627 raft_consensus.cc:3060] T 00000000000000000000000000000000 P 8179655cf3df4a93a9ba8ef7fff2e3b3 [term 0 FOLLOWER]: Advancing to term 1
I20260601 13:35:12.198277 10627 raft_consensus.cc:2468] T 00000000000000000000000000000000 P 8179655cf3df4a93a9ba8ef7fff2e3b3 [term 1 FOLLOWER]: Leader election vote request: Granting yes vote for candidate 4169b545b1ab4bcdb68974e03c7bf683 in term 1.
I20260601 13:35:12.198405 10561 raft_consensus.cc:2468] T 00000000000000000000000000000000 P c74118bb893e497c9a38985ae9fed21b [term 1 FOLLOWER]: Leader election vote request: Granting yes vote for candidate 4169b545b1ab4bcdb68974e03c7bf683 in term 1.
I20260601 13:35:12.198539 10668 leader_election.cc:304] T 00000000000000000000000000000000 P 4169b545b1ab4bcdb68974e03c7bf683 [CANDIDATE]: Term 1 election: Election decided. Result: candidate won. Election summary: received 2 responses out of 3 voters: 2 yes votes; 0 no votes. yes voters: 4169b545b1ab4bcdb68974e03c7bf683, 8179655cf3df4a93a9ba8ef7fff2e3b3; no voters: 
I20260601 13:35:12.198709 10737 raft_consensus.cc:2804] T 00000000000000000000000000000000 P 4169b545b1ab4bcdb68974e03c7bf683 [term 1 FOLLOWER]: Leader election won for term 1
I20260601 13:35:12.198932 10737 raft_consensus.cc:697] T 00000000000000000000000000000000 P 4169b545b1ab4bcdb68974e03c7bf683 [term 1 LEADER]: Becoming Leader. State: Replica: 4169b545b1ab4bcdb68974e03c7bf683, State: Running, Role: LEADER
I20260601 13:35:12.199077 10737 consensus_queue.cc:237] T 00000000000000000000000000000000 P 4169b545b1ab4bcdb68974e03c7bf683 [LEADER]: Queue going to LEADER mode. State: All replicated index: 0, Majority replicated index: 0, Committed index: 0, Last appended: 0.0, Last appended by leader: 0, Current term: 1, Majority size: 2, State: 0, Mode: LEADER, active raft config: opid_index: -1 OBSOLETE_local: false peers { permanent_uuid: "c74118bb893e497c9a38985ae9fed21b" member_type: VOTER last_known_addr { host: "127.9.61.254" port: 41135 } } peers { permanent_uuid: "8179655cf3df4a93a9ba8ef7fff2e3b3" member_type: VOTER last_known_addr { host: "127.9.61.253" port: 32933 } } peers { permanent_uuid: "4169b545b1ab4bcdb68974e03c7bf683" member_type: VOTER last_known_addr { host: "127.9.61.252" port: 35091 } }
I20260601 13:35:12.199911 10775 sys_catalog.cc:455] T 00000000000000000000000000000000 P 4169b545b1ab4bcdb68974e03c7bf683 [sys.catalog]: SysCatalogTable state changed. Reason: New leader 4169b545b1ab4bcdb68974e03c7bf683. Latest consensus state: current_term: 1 leader_uuid: "4169b545b1ab4bcdb68974e03c7bf683" committed_config { opid_index: -1 OBSOLETE_local: false peers { permanent_uuid: "c74118bb893e497c9a38985ae9fed21b" member_type: VOTER last_known_addr { host: "127.9.61.254" port: 41135 } } peers { permanent_uuid: "8179655cf3df4a93a9ba8ef7fff2e3b3" member_type: VOTER last_known_addr { host: "127.9.61.253" port: 32933 } } peers { permanent_uuid: "4169b545b1ab4bcdb68974e03c7bf683" member_type: VOTER last_known_addr { host: "127.9.61.252" port: 35091 } } }
I20260601 13:35:12.200018 10775 sys_catalog.cc:458] T 00000000000000000000000000000000 P 4169b545b1ab4bcdb68974e03c7bf683 [sys.catalog]: This master's current role is: LEADER
I20260601 13:35:12.200287 10777 catalog_manager.cc:1510] Loading table and tablet metadata into memory...
I20260601 13:35:12.201057 10777 catalog_manager.cc:1519] Initializing Kudu cluster ID...
I20260601 13:35:12.202905 10561 raft_consensus.cc:1275] T 00000000000000000000000000000000 P c74118bb893e497c9a38985ae9fed21b [term 1 FOLLOWER]: Refusing update from remote peer 4169b545b1ab4bcdb68974e03c7bf683: Log matching property violated. Preceding OpId in replica: term: 0 index: 0. Preceding OpId from leader: term: 1 index: 2. (index mismatch)
I20260601 13:35:12.202905 10627 raft_consensus.cc:1275] T 00000000000000000000000000000000 P 8179655cf3df4a93a9ba8ef7fff2e3b3 [term 1 FOLLOWER]: Refusing update from remote peer 4169b545b1ab4bcdb68974e03c7bf683: Log matching property violated. Preceding OpId in replica: term: 0 index: 0. Preceding OpId from leader: term: 1 index: 2. (index mismatch)
I20260601 13:35:12.203299 10737 consensus_queue.cc:1048] T 00000000000000000000000000000000 P 4169b545b1ab4bcdb68974e03c7bf683 [LEADER]: Connected to new peer: Peer: permanent_uuid: "c74118bb893e497c9a38985ae9fed21b" member_type: VOTER last_known_addr { host: "127.9.61.254" port: 41135 }, Status: LMP_MISMATCH, Last received: 0.0, Next index: 1, Last known committed idx: 0, Time since last communication: 0.000s
I20260601 13:35:12.203408 10775 consensus_queue.cc:1048] T 00000000000000000000000000000000 P 4169b545b1ab4bcdb68974e03c7bf683 [LEADER]: Connected to new peer: Peer: permanent_uuid: "8179655cf3df4a93a9ba8ef7fff2e3b3" member_type: VOTER last_known_addr { host: "127.9.61.253" port: 32933 }, Status: LMP_MISMATCH, Last received: 0.0, Next index: 1, Last known committed idx: 0, Time since last communication: 0.000s
I20260601 13:35:12.204733 10724 sys_catalog.cc:455] T 00000000000000000000000000000000 P 8179655cf3df4a93a9ba8ef7fff2e3b3 [sys.catalog]: SysCatalogTable state changed. Reason: New leader 4169b545b1ab4bcdb68974e03c7bf683. Latest consensus state: current_term: 1 leader_uuid: "4169b545b1ab4bcdb68974e03c7bf683" committed_config { opid_index: -1 OBSOLETE_local: false peers { permanent_uuid: "c74118bb893e497c9a38985ae9fed21b" member_type: VOTER last_known_addr { host: "127.9.61.254" port: 41135 } } peers { permanent_uuid: "8179655cf3df4a93a9ba8ef7fff2e3b3" member_type: VOTER last_known_addr { host: "127.9.61.253" port: 32933 } } peers { permanent_uuid: "4169b545b1ab4bcdb68974e03c7bf683" member_type: VOTER last_known_addr { host: "127.9.61.252" port: 35091 } } }
I20260601 13:35:12.204866 10724 sys_catalog.cc:458] T 00000000000000000000000000000000 P 8179655cf3df4a93a9ba8ef7fff2e3b3 [sys.catalog]: This master's current role is: FOLLOWER
I20260601 13:35:12.204733 10750 sys_catalog.cc:455] T 00000000000000000000000000000000 P c74118bb893e497c9a38985ae9fed21b [sys.catalog]: SysCatalogTable state changed. Reason: New leader 4169b545b1ab4bcdb68974e03c7bf683. Latest consensus state: current_term: 1 leader_uuid: "4169b545b1ab4bcdb68974e03c7bf683" committed_config { opid_index: -1 OBSOLETE_local: false peers { permanent_uuid: "c74118bb893e497c9a38985ae9fed21b" member_type: VOTER last_known_addr { host: "127.9.61.254" port: 41135 } } peers { permanent_uuid: "8179655cf3df4a93a9ba8ef7fff2e3b3" member_type: VOTER last_known_addr { host: "127.9.61.253" port: 32933 } } peers { permanent_uuid: "4169b545b1ab4bcdb68974e03c7bf683" member_type: VOTER last_known_addr { host: "127.9.61.252" port: 35091 } } }
I20260601 13:35:12.205020 10750 sys_catalog.cc:458] T 00000000000000000000000000000000 P c74118bb893e497c9a38985ae9fed21b [sys.catalog]: This master's current role is: FOLLOWER
I20260601 13:35:12.206071 10775 sys_catalog.cc:455] T 00000000000000000000000000000000 P 4169b545b1ab4bcdb68974e03c7bf683 [sys.catalog]: SysCatalogTable state changed. Reason: Peer health change. Latest consensus state: current_term: 1 leader_uuid: "4169b545b1ab4bcdb68974e03c7bf683" committed_config { opid_index: -1 OBSOLETE_local: false peers { permanent_uuid: "c74118bb893e497c9a38985ae9fed21b" member_type: VOTER last_known_addr { host: "127.9.61.254" port: 41135 } } peers { permanent_uuid: "8179655cf3df4a93a9ba8ef7fff2e3b3" member_type: VOTER last_known_addr { host: "127.9.61.253" port: 32933 } } peers { permanent_uuid: "4169b545b1ab4bcdb68974e03c7bf683" member_type: VOTER last_known_addr { host: "127.9.61.252" port: 35091 } } }
I20260601 13:35:12.206175 10775 sys_catalog.cc:458] T 00000000000000000000000000000000 P 4169b545b1ab4bcdb68974e03c7bf683 [sys.catalog]: This master's current role is: LEADER
I20260601 13:35:12.206578 10750 sys_catalog.cc:455] T 00000000000000000000000000000000 P c74118bb893e497c9a38985ae9fed21b [sys.catalog]: SysCatalogTable state changed. Reason: Replicated consensus-only round. Latest consensus state: current_term: 1 leader_uuid: "4169b545b1ab4bcdb68974e03c7bf683" committed_config { opid_index: -1 OBSOLETE_local: false peers { permanent_uuid: "c74118bb893e497c9a38985ae9fed21b" member_type: VOTER last_known_addr { host: "127.9.61.254" port: 41135 } } peers { permanent_uuid: "8179655cf3df4a93a9ba8ef7fff2e3b3" member_type: VOTER last_known_addr { host: "127.9.61.253" port: 32933 } } peers { permanent_uuid: "4169b545b1ab4bcdb68974e03c7bf683" member_type: VOTER last_known_addr { host: "127.9.61.252" port: 35091 } } }
I20260601 13:35:12.206674 10750 sys_catalog.cc:458] T 00000000000000000000000000000000 P c74118bb893e497c9a38985ae9fed21b [sys.catalog]: This master's current role is: FOLLOWER
I20260601 13:35:12.207196 10737 sys_catalog.cc:455] T 00000000000000000000000000000000 P 4169b545b1ab4bcdb68974e03c7bf683 [sys.catalog]: SysCatalogTable state changed. Reason: Peer health change. Latest consensus state: current_term: 1 leader_uuid: "4169b545b1ab4bcdb68974e03c7bf683" committed_config { opid_index: -1 OBSOLETE_local: false peers { permanent_uuid: "c74118bb893e497c9a38985ae9fed21b" member_type: VOTER last_known_addr { host: "127.9.61.254" port: 41135 } } peers { permanent_uuid: "8179655cf3df4a93a9ba8ef7fff2e3b3" member_type: VOTER last_known_addr { host: "127.9.61.253" port: 32933 } } peers { permanent_uuid: "4169b545b1ab4bcdb68974e03c7bf683" member_type: VOTER last_known_addr { host: "127.9.61.252" port: 35091 } } }
I20260601 13:35:12.207299 10737 sys_catalog.cc:458] T 00000000000000000000000000000000 P 4169b545b1ab4bcdb68974e03c7bf683 [sys.catalog]: This master's current role is: LEADER
I20260601 13:35:12.207543 10777 catalog_manager.cc:1382] Generated new cluster ID: 66da7209b03e438fa59103c830a39a75
I20260601 13:35:12.207612 10777 catalog_manager.cc:1530] Initializing Kudu internal certificate authority...
I20260601 13:35:12.207806  9463 rpc_server.cc:225] running with OpenSSL 1.1.1  11 Sep 2018
I20260601 13:35:12.208101 10724 sys_catalog.cc:455] T 00000000000000000000000000000000 P 8179655cf3df4a93a9ba8ef7fff2e3b3 [sys.catalog]: SysCatalogTable state changed. Reason: Replicated consensus-only round. Latest consensus state: current_term: 1 leader_uuid: "4169b545b1ab4bcdb68974e03c7bf683" committed_config { opid_index: -1 OBSOLETE_local: false peers { permanent_uuid: "c74118bb893e497c9a38985ae9fed21b" member_type: VOTER last_known_addr { host: "127.9.61.254" port: 41135 } } peers { permanent_uuid: "8179655cf3df4a93a9ba8ef7fff2e3b3" member_type: VOTER last_known_addr { host: "127.9.61.253" port: 32933 } } peers { permanent_uuid: "4169b545b1ab4bcdb68974e03c7bf683" member_type: VOTER last_known_addr { host: "127.9.61.252" port: 35091 } } }
I20260601 13:35:12.208200 10724 sys_catalog.cc:458] T 00000000000000000000000000000000 P 8179655cf3df4a93a9ba8ef7fff2e3b3 [sys.catalog]: This master's current role is: FOLLOWER
I20260601 13:35:12.208295  9463 kserver.cc:163] Server-wide thread pool size limit: 3276
I20260601 13:35:12.208637  9463 txn_system_client.cc:432] TxnSystemClient initialization is disabled...
I20260601 13:35:12.209189  9463 ts_tablet_manager.cc:585] Loaded tablet metadata (0 total tablets, 0 live tablets)
I20260601 13:35:12.209251  9463 ts_tablet_manager.cc:531] Time spent load tablet metadata: real 0.000s	user 0.000s	sys 0.000s
I20260601 13:35:12.209307  9463 ts_tablet_manager.cc:616] Registered 0 tablets
I20260601 13:35:12.209329  9463 ts_tablet_manager.cc:595] Time spent register tablets: real 0.000s	user 0.000s	sys 0.000s
I20260601 13:35:12.214727  9463 rpc_server.cc:307] RPC server started. Bound to: 127.9.61.193:42251
I20260601 13:35:12.214788 10845 acceptor_pool.cc:272] collecting diagnostics on the listening RPC socket 127.9.61.193:42251 every 8 connection(s)
I20260601 13:35:12.215991  9463 file_cache.cc:492] Constructed file cache file cache with capacity 419430
W20260601 13:35:12.218230 10855 instance_detector.cc:116] could not retrieve OpenStack instance metadata: Network error: curl error: HTTP response code said error: The requested URL returned error: 404
W20260601 13:35:12.218669 10853 instance_detector.cc:116] could not retrieve Azure instance metadata: Network error: curl error: HTTP response code said error: The requested URL returned error: 404
W20260601 13:35:12.219913 10852 instance_detector.cc:116] could not retrieve AWS instance metadata: Network error: curl error: HTTP response code said error: The requested URL returned error: 404
I20260601 13:35:12.220216  9463 server_base.cc:1061] running on GCE node
I20260601 13:35:12.220602  9463 hybrid_clock.cc:584] initializing the hybrid clock with 'system_unsync' time source
W20260601 13:35:12.220654  9463 system_unsync_time.cc:38] NTP support is disabled. Clock error bounds will not be accurate. This configuration is not suitable for distributed clusters.
I20260601 13:35:12.220678  9463 hybrid_clock.cc:648] HybridClock initialized: now 1780320912220678 us; error 0 us; skew 500 ppm
I20260601 13:35:12.220896 10846 heartbeater.cc:344] Connected to a master server at 127.9.61.252:35091
I20260601 13:35:12.220978 10846 heartbeater.cc:461] Registering TS with master...
I20260601 13:35:12.221199 10847 heartbeater.cc:344] Connected to a master server at 127.9.61.254:41135
I20260601 13:35:12.221215 10846 heartbeater.cc:507] Master 127.9.61.252:35091 requested a full tablet report, sending...
I20260601 13:35:12.221309 10847 heartbeater.cc:461] Registering TS with master...
I20260601 13:35:12.221468 10847 heartbeater.cc:507] Master 127.9.61.254:41135 requested a full tablet report, sending...
I20260601 13:35:12.221695  9463 webserver.cc:533] Webserver started at http://127.9.61.194:33583/ using document root <none> and password file <none>
I20260601 13:35:12.221869  9463 fs_manager.cc:362] Metadata directory not provided
I20260601 13:35:12.221926  9463 fs_manager.cc:368] Using write-ahead log directory (fs_wal_dir) as metadata directory
I20260601 13:35:12.221975 10683 ts_manager.cc:194] Registered new tserver with Master: f42e237a333a4f6a8729542ab5a92530 (127.9.61.193:42251)
I20260601 13:35:12.222055 10551 ts_manager.cc:194] Registered new tserver with Master: f42e237a333a4f6a8729542ab5a92530 (127.9.61.193:42251)
I20260601 13:35:12.221997  9463 server_base.cc:909] This appears to be a new deployment of Kudu; creating new FS layout
I20260601 13:35:12.222680  9463 fs_manager.cc:1068] Generated new instance metadata in path /tmp/dist-test-task9BuBY5/test-tmp/auto_rebalancer-test.0.AutoRebalancerTest.NextLeaderResumesAutoRebalancing.1780320902020084-9463-0/minicluster-data/ts-1-root/instance:
uuid: "6d4f2df33ffa474fbbc996ecf397ae6c"
format_stamp: "Formatted at 2026-06-01 13:35:12 on dist-test-slave-bp28"
I20260601 13:35:12.225484 10848 heartbeater.cc:344] Connected to a master server at 127.9.61.253:32933
I20260601 13:35:12.225590 10848 heartbeater.cc:461] Registering TS with master...
I20260601 13:35:12.225818 10848 heartbeater.cc:507] Master 127.9.61.253:32933 requested a full tablet report, sending...
I20260601 13:35:12.226541 10617 ts_manager.cc:194] Registered new tserver with Master: f42e237a333a4f6a8729542ab5a92530 (127.9.61.193:42251)
I20260601 13:35:12.226938  9463 fs_manager.cc:696] Time spent creating directory manager: real 0.004s	user 0.002s	sys 0.000s
I20260601 13:35:12.228209 10861 log_block_manager.cc:4031] Time spent loading block containers with low live blocks: real 0.000s	user 0.000s	sys 0.000s
I20260601 13:35:12.228498  9463 fs_manager.cc:730] Time spent opening block manager: real 0.001s	user 0.000s	sys 0.000s
I20260601 13:35:12.228600  9463 fs_manager.cc:647] Opened local filesystem: /tmp/dist-test-task9BuBY5/test-tmp/auto_rebalancer-test.0.AutoRebalancerTest.NextLeaderResumesAutoRebalancing.1780320902020084-9463-0/minicluster-data/ts-1-root
uuid: "6d4f2df33ffa474fbbc996ecf397ae6c"
format_stamp: "Formatted at 2026-06-01 13:35:12 on dist-test-slave-bp28"
I20260601 13:35:12.228677  9463 fs_report.cc:389] FS layout report
--------------------
wal directory: /tmp/dist-test-task9BuBY5/test-tmp/auto_rebalancer-test.0.AutoRebalancerTest.NextLeaderResumesAutoRebalancing.1780320902020084-9463-0/minicluster-data/ts-1-root
metadata directory: /tmp/dist-test-task9BuBY5/test-tmp/auto_rebalancer-test.0.AutoRebalancerTest.NextLeaderResumesAutoRebalancing.1780320902020084-9463-0/minicluster-data/ts-1-root
1 data directories: /tmp/dist-test-task9BuBY5/test-tmp/auto_rebalancer-test.0.AutoRebalancerTest.NextLeaderResumesAutoRebalancing.1780320902020084-9463-0/minicluster-data/ts-1-root/data
Total live blocks: 0
Total live bytes: 0
Total live bytes (after alignment): 0
Total number of LBM containers: 0 (0 full)
Did not check for missing blocks
Did not check for orphaned blocks
Total full LBM containers with extra space: 0 (0 repaired)
Total full LBM container extra space in bytes: 0 (0 repaired)
Total incomplete LBM containers: 0 (0 repaired)
Total LBM partial records: 0 (0 repaired)
Total corrupted LBM metadata records in RocksDB: 0 (0 repaired)
I20260601 13:35:12.229991 10777 catalog_manager.cc:1405] Generated new certificate authority record
I20260601 13:35:12.230647 10777 catalog_manager.cc:1539] Loading token signing keys...
I20260601 13:35:12.239841 10777 catalog_manager.cc:6069] T 00000000000000000000000000000000 P 4169b545b1ab4bcdb68974e03c7bf683: Generated new TSK 0
I20260601 13:35:12.240067 10777 catalog_manager.cc:1549] Initializing in-progress tserver states...
