I20260601 13:36:27.804626 19756 sys_catalog.cc:565] T 00000000000000000000000000000000 P 66937a95bb6c4dfaab6bcef5025eeaf8 [sys.catalog]: configured and running, proceeding with master startup.
I20260601 13:36:27.804685 19759 consensus_queue.cc:237] T 00000000000000000000000000000000 P 66937a95bb6c4dfaab6bcef5025eeaf8 [LEADER]: Queue going to LEADER mode. State: All replicated index: 0, Majority replicated index: 0, Committed index: 0, Last appended: 0.0, Last appended by leader: 0, Current term: 1, Majority size: 1, State: 0, Mode: LEADER, active raft config: opid_index: -1 OBSOLETE_local: true peers { permanent_uuid: "66937a95bb6c4dfaab6bcef5025eeaf8" member_type: VOTER }
I20260601 13:36:27.805052 19760 sys_catalog.cc:455] T 00000000000000000000000000000000 P 66937a95bb6c4dfaab6bcef5025eeaf8 [sys.catalog]: SysCatalogTable state changed. Reason: RaftConsensus started. Latest consensus state: current_term: 1 leader_uuid: "66937a95bb6c4dfaab6bcef5025eeaf8" committed_config { opid_index: -1 OBSOLETE_local: true peers { permanent_uuid: "66937a95bb6c4dfaab6bcef5025eeaf8" member_type: VOTER } }
I20260601 13:36:27.805176 19760 sys_catalog.cc:458] T 00000000000000000000000000000000 P 66937a95bb6c4dfaab6bcef5025eeaf8 [sys.catalog]: This master's current role is: LEADER
I20260601 13:36:27.805080 19761 sys_catalog.cc:455] T 00000000000000000000000000000000 P 66937a95bb6c4dfaab6bcef5025eeaf8 [sys.catalog]: SysCatalogTable state changed. Reason: New leader 66937a95bb6c4dfaab6bcef5025eeaf8. Latest consensus state: current_term: 1 leader_uuid: "66937a95bb6c4dfaab6bcef5025eeaf8" committed_config { opid_index: -1 OBSOLETE_local: true peers { permanent_uuid: "66937a95bb6c4dfaab6bcef5025eeaf8" member_type: VOTER } }
I20260601 13:36:27.805364 19761 sys_catalog.cc:458] T 00000000000000000000000000000000 P 66937a95bb6c4dfaab6bcef5025eeaf8 [sys.catalog]: This master's current role is: LEADER
I20260601 13:36:27.805784 19764 catalog_manager.cc:1510] Loading table and tablet metadata into memory...
I20260601 13:36:27.806475 19764 catalog_manager.cc:1519] Initializing Kudu cluster ID...
I20260601 13:36:27.806710 15751 internal_mini_cluster.cc:184] Waiting to initialize catalog manager on master 0
I20260601 13:36:27.808259 19764 catalog_manager.cc:1382] Generated new cluster ID: 8830073772324e389f74626068f7bae4
I20260601 13:36:27.808311 19764 catalog_manager.cc:1530] Initializing Kudu internal certificate authority...
I20260601 13:36:27.813706 19764 catalog_manager.cc:1405] Generated new certificate authority record
I20260601 13:36:27.814249 19764 catalog_manager.cc:1539] Loading token signing keys...
I20260601 13:36:27.820238 19764 catalog_manager.cc:6069] T 00000000000000000000000000000000 P 66937a95bb6c4dfaab6bcef5025eeaf8: Generated new TSK 0
I20260601 13:36:27.820384 19764 catalog_manager.cc:1549] Initializing in-progress tserver states...
I20260601 13:36:27.822707 15751 file_cache.cc:492] Constructed file cache file cache with capacity 419430
I20260601 13:36:27.824626 15751 server_base.cc:1061] running on GCE node
W20260601 13:36:27.824626 19781 instance_detector.cc:116] could not retrieve OpenStack instance metadata: Network error: curl error: HTTP response code said error: The requested URL returned error: 404
W20260601 13:36:27.824718 19778 instance_detector.cc:116] could not retrieve Azure instance metadata: Network error: curl error: HTTP response code said error: The requested URL returned error: 404
W20260601 13:36:27.824631 19777 instance_detector.cc:116] could not retrieve AWS instance metadata: Network error: curl error: HTTP response code said error: The requested URL returned error: 404
I20260601 13:36:27.825042 15751 hybrid_clock.cc:584] initializing the hybrid clock with 'system_unsync' time source
W20260601 13:36:27.825084 15751 system_unsync_time.cc:38] NTP support is disabled. Clock error bounds will not be accurate. This configuration is not suitable for distributed clusters.
I20260601 13:36:27.825103 15751 hybrid_clock.cc:648] HybridClock initialized: now 1780320987825103 us; error 0 us; skew 500 ppm
I20260601 13:36:27.825889 15751 webserver.cc:533] Webserver started at http://127.15.97.193:33191/ using document root <none> and password file <none>
I20260601 13:36:27.826032 15751 fs_manager.cc:362] Metadata directory not provided
I20260601 13:36:27.826079 15751 fs_manager.cc:368] Using write-ahead log directory (fs_wal_dir) as metadata directory
I20260601 13:36:27.826149 15751 server_base.cc:909] This appears to be a new deployment of Kudu; creating new FS layout
I20260601 13:36:27.826495 15751 fs_manager.cc:1068] Generated new instance metadata in path /tmp/dist-test-taskGqwDJq/test-tmp/auto_rebalancer-test.0.AutoRebalancerTest.NoReplicaMovesIfCannotFixPlacementPolicy.1780320901084621-15751-0/minicluster-data/ts-0-root/instance:
uuid: "578bce9829cf4b17b0896d322be142c6"
format_stamp: "Formatted at 2026-06-01 13:36:27 on dist-test-slave-v5js"
I20260601 13:36:27.827824 15751 fs_manager.cc:696] Time spent creating directory manager: real 0.001s	user 0.002s	sys 0.000s
I20260601 13:36:27.828675 19786 log_block_manager.cc:4031] Time spent loading block containers with low live blocks: real 0.000s	user 0.000s	sys 0.000s
I20260601 13:36:27.828891 15751 fs_manager.cc:730] Time spent opening block manager: real 0.001s	user 0.001s	sys 0.000s
I20260601 13:36:27.828951 15751 fs_manager.cc:647] Opened local filesystem: /tmp/dist-test-taskGqwDJq/test-tmp/auto_rebalancer-test.0.AutoRebalancerTest.NoReplicaMovesIfCannotFixPlacementPolicy.1780320901084621-15751-0/minicluster-data/ts-0-root
uuid: "578bce9829cf4b17b0896d322be142c6"
format_stamp: "Formatted at 2026-06-01 13:36:27 on dist-test-slave-v5js"
I20260601 13:36:27.829011 15751 fs_report.cc:389] FS layout report
--------------------
wal directory: /tmp/dist-test-taskGqwDJq/test-tmp/auto_rebalancer-test.0.AutoRebalancerTest.NoReplicaMovesIfCannotFixPlacementPolicy.1780320901084621-15751-0/minicluster-data/ts-0-root
metadata directory: /tmp/dist-test-taskGqwDJq/test-tmp/auto_rebalancer-test.0.AutoRebalancerTest.NoReplicaMovesIfCannotFixPlacementPolicy.1780320901084621-15751-0/minicluster-data/ts-0-root
1 data directories: /tmp/dist-test-taskGqwDJq/test-tmp/auto_rebalancer-test.0.AutoRebalancerTest.NoReplicaMovesIfCannotFixPlacementPolicy.1780320901084621-15751-0/minicluster-data/ts-0-root/data
Total live blocks: 0
Total live bytes: 0
Total live bytes (after alignment): 0
Total number of LBM containers: 0 (0 full)
Did not check for missing blocks
Did not check for orphaned blocks
Total full LBM containers with extra space: 0 (0 repaired)
Total full LBM container extra space in bytes: 0 (0 repaired)
Total incomplete LBM containers: 0 (0 repaired)
Total LBM partial records: 0 (0 repaired)
Total corrupted LBM metadata records in RocksDB: 0 (0 repaired)
I20260601 13:36:27.847945 15751 rpc_server.cc:225] running with OpenSSL 1.1.1  11 Sep 2018
I20260601 13:36:27.848357 15751 kserver.cc:163] Server-wide thread pool size limit: 3276
I20260601 13:36:27.848651 15751 txn_system_client.cc:432] TxnSystemClient initialization is disabled...
I20260601 13:36:27.849089 15751 ts_tablet_manager.cc:585] Loaded tablet metadata (0 total tablets, 0 live tablets)
I20260601 13:36:27.849126 15751 ts_tablet_manager.cc:531] Time spent load tablet metadata: real 0.000s	user 0.000s	sys 0.000s
I20260601 13:36:27.849166 15751 ts_tablet_manager.cc:616] Registered 0 tablets
I20260601 13:36:27.849190 15751 ts_tablet_manager.cc:595] Time spent register tablets: real 0.000s	user 0.000s	sys 0.000s
I20260601 13:36:27.853075 15751 rpc_server.cc:307] RPC server started. Bound to: 127.15.97.193:36577
I20260601 13:36:27.853140 19849 acceptor_pool.cc:272] collecting diagnostics on the listening RPC socket 127.15.97.193:36577 every 8 connection(s)
I20260601 13:36:27.853847 15751 file_cache.cc:492] Constructed file cache file cache with capacity 419430
W20260601 13:36:27.855638 19854 instance_detector.cc:116] could not retrieve AWS instance metadata: Network error: curl error: HTTP response code said error: The requested URL returned error: 404
W20260601 13:36:27.855741 19857 instance_detector.cc:116] could not retrieve OpenStack instance metadata: Network error: curl error: HTTP response code said error: The requested URL returned error: 404
I20260601 13:36:27.855813 15751 server_base.cc:1061] running on GCE node
W20260601 13:36:27.855939 19855 instance_detector.cc:116] could not retrieve Azure instance metadata: Network error: curl error: HTTP response code said error: The requested URL returned error: 404
I20260601 13:36:27.856141 15751 hybrid_clock.cc:584] initializing the hybrid clock with 'system_unsync' time source
W20260601 13:36:27.856182 15751 system_unsync_time.cc:38] NTP support is disabled. Clock error bounds will not be accurate. This configuration is not suitable for distributed clusters.
I20260601 13:36:27.856196 15751 hybrid_clock.cc:648] HybridClock initialized: now 1780320987856196 us; error 0 us; skew 500 ppm
I20260601 13:36:27.857069 15751 webserver.cc:533] Webserver started at http://127.15.97.194:45011/ using document root <none> and password file <none>
I20260601 13:36:27.857225 15751 fs_manager.cc:362] Metadata directory not provided
I20260601 13:36:27.857270 15751 fs_manager.cc:368] Using write-ahead log directory (fs_wal_dir) as metadata directory
I20260601 13:36:27.857338 15751 server_base.cc:909] This appears to be a new deployment of Kudu; creating new FS layout
I20260601 13:36:27.857698 15751 fs_manager.cc:1068] Generated new instance metadata in path /tmp/dist-test-taskGqwDJq/test-tmp/auto_rebalancer-test.0.AutoRebalancerTest.NoReplicaMovesIfCannotFixPlacementPolicy.1780320901084621-15751-0/minicluster-data/ts-1-root/instance:
uuid: "b802a8fb67e44f4f90d49a307da264f6"
format_stamp: "Formatted at 2026-06-01 13:36:27 on dist-test-slave-v5js"
I20260601 13:36:27.859061 15751 fs_manager.cc:696] Time spent creating directory manager: real 0.001s	user 0.000s	sys 0.001s
I20260601 13:36:27.859947 19862 log_block_manager.cc:4031] Time spent loading block containers with low live blocks: real 0.000s	user 0.000s	sys 0.000s
I20260601 13:36:27.860154 15751 fs_manager.cc:730] Time spent opening block manager: real 0.001s	user 0.000s	sys 0.001s
I20260601 13:36:27.860215 15751 fs_manager.cc:647] Opened local filesystem: /tmp/dist-test-taskGqwDJq/test-tmp/auto_rebalancer-test.0.AutoRebalancerTest.NoReplicaMovesIfCannotFixPlacementPolicy.1780320901084621-15751-0/minicluster-data/ts-1-root
uuid: "b802a8fb67e44f4f90d49a307da264f6"
format_stamp: "Formatted at 2026-06-01 13:36:27 on dist-test-slave-v5js"
I20260601 13:36:27.860280 15751 fs_report.cc:389] FS layout report
--------------------
wal directory: /tmp/dist-test-taskGqwDJq/test-tmp/auto_rebalancer-test.0.AutoRebalancerTest.NoReplicaMovesIfCannotFixPlacementPolicy.1780320901084621-15751-0/minicluster-data/ts-1-root
metadata directory: /tmp/dist-test-taskGqwDJq/test-tmp/auto_rebalancer-test.0.AutoRebalancerTest.NoReplicaMovesIfCannotFixPlacementPolicy.1780320901084621-15751-0/minicluster-data/ts-1-root
1 data directories: /tmp/dist-test-taskGqwDJq/test-tmp/auto_rebalancer-test.0.AutoRebalancerTest.NoReplicaMovesIfCannotFixPlacementPolicy.1780320901084621-15751-0/minicluster-data/ts-1-root/data
Total live blocks: 0
Total live bytes: 0
Total live bytes (after alignment): 0
Total number of LBM containers: 0 (0 full)
Did not check for missing blocks
Did not check for orphaned blocks
Total full LBM containers with extra space: 0 (0 repaired)
Total full LBM container extra space in bytes: 0 (0 repaired)
Total incomplete LBM containers: 0 (0 repaired)
Total LBM partial records: 0 (0 repaired)
Total corrupted LBM metadata records in RocksDB: 0 (0 repaired)
I20260601 13:36:27.861716 19850 heartbeater.cc:344] Connected to a master server at 127.15.97.254:41139
I20260601 13:36:27.861831 19850 heartbeater.cc:461] Registering TS with master...
I20260601 13:36:27.862052 19850 heartbeater.cc:507] Master 127.15.97.254:41139 requested a full tablet report, sending...
I20260601 13:36:27.862600 19720 ts_manager.cc:194] Registered new tserver with Master: 578bce9829cf4b17b0896d322be142c6 (127.15.97.193:36577)
I20260601 13:36:27.863576 19720 master_service.cc:502] Signed X509 certificate for tserver {username='slave'} at 127.0.0.1:52822
I20260601 13:36:27.870219 15751 rpc_server.cc:225] running with OpenSSL 1.1.1  11 Sep 2018
I20260601 13:36:27.870620 15751 kserver.cc:163] Server-wide thread pool size limit: 3276
I20260601 13:36:27.870872 15751 txn_system_client.cc:432] TxnSystemClient initialization is disabled...
I20260601 13:36:27.871320 15751 ts_tablet_manager.cc:585] Loaded tablet metadata (0 total tablets, 0 live tablets)
I20260601 13:36:27.871366 15751 ts_tablet_manager.cc:531] Time spent load tablet metadata: real 0.000s	user 0.000s	sys 0.000s
I20260601 13:36:27.871395 15751 ts_tablet_manager.cc:616] Registered 0 tablets
I20260601 13:36:27.871409 15751 ts_tablet_manager.cc:595] Time spent register tablets: real 0.000s	user 0.000s	sys 0.000s
I20260601 13:36:27.875298 15751 rpc_server.cc:307] RPC server started. Bound to: 127.15.97.194:37379
I20260601 13:36:27.875427 19926 acceptor_pool.cc:272] collecting diagnostics on the listening RPC socket 127.15.97.194:37379 every 8 connection(s)
I20260601 13:36:27.876053 15751 file_cache.cc:492] Constructed file cache file cache with capacity 419430
W20260601 13:36:27.878093 19931 instance_detector.cc:116] could not retrieve Azure instance metadata: Network error: curl error: HTTP response code said error: The requested URL returned error: 404
W20260601 13:36:27.878095 19930 instance_detector.cc:116] could not retrieve AWS instance metadata: Network error: curl error: HTTP response code said error: The requested URL returned error: 404
I20260601 13:36:27.878309 15751 server_base.cc:1061] running on GCE node
W20260601 13:36:27.878960 19933 instance_detector.cc:116] could not retrieve OpenStack instance metadata: Network error: curl error: HTTP response code said error: The requested URL returned error: 404
I20260601 13:36:27.879209 15751 hybrid_clock.cc:584] initializing the hybrid clock with 'system_unsync' time source
W20260601 13:36:27.879248 15751 system_unsync_time.cc:38] NTP support is disabled. Clock error bounds will not be accurate. This configuration is not suitable for distributed clusters.
I20260601 13:36:27.879268 15751 hybrid_clock.cc:648] HybridClock initialized: now 1780320987879268 us; error 0 us; skew 500 ppm
I20260601 13:36:27.880131 15751 webserver.cc:533] Webserver started at http://127.15.97.195:46675/ using document root <none> and password file <none>
I20260601 13:36:27.880182 19927 heartbeater.cc:344] Connected to a master server at 127.15.97.254:41139
I20260601 13:36:27.880254 19927 heartbeater.cc:461] Registering TS with master...
I20260601 13:36:27.880285 15751 fs_manager.cc:362] Metadata directory not provided
I20260601 13:36:27.880337 15751 fs_manager.cc:368] Using write-ahead log directory (fs_wal_dir) as metadata directory
I20260601 13:36:27.880406 15751 server_base.cc:909] This appears to be a new deployment of Kudu; creating new FS layout
I20260601 13:36:27.880465 19927 heartbeater.cc:507] Master 127.15.97.254:41139 requested a full tablet report, sending...
I20260601 13:36:27.880838 15751 fs_manager.cc:1068] Generated new instance metadata in path /tmp/dist-test-taskGqwDJq/test-tmp/auto_rebalancer-test.0.AutoRebalancerTest.NoReplicaMovesIfCannotFixPlacementPolicy.1780320901084621-15751-0/minicluster-data/ts-2-root/instance:
uuid: "6294f4ef1f8649d6a51d0a2610e6deef"
format_stamp: "Formatted at 2026-06-01 13:36:27 on dist-test-slave-v5js"
I20260601 13:36:27.881089 19720 ts_manager.cc:194] Registered new tserver with Master: b802a8fb67e44f4f90d49a307da264f6 (127.15.97.194:37379)
I20260601 13:36:27.881597 19720 master_service.cc:502] Signed X509 certificate for tserver {username='slave'} at 127.0.0.1:52830
I20260601 13:36:27.882426 15751 fs_manager.cc:696] Time spent creating directory manager: real 0.001s	user 0.000s	sys 0.002s
I20260601 13:36:27.883359 19938 log_block_manager.cc:4031] Time spent loading block containers with low live blocks: real 0.000s	user 0.000s	sys 0.000s
I20260601 13:36:27.883639 15751 fs_manager.cc:730] Time spent opening block manager: real 0.001s	user 0.000s	sys 0.001s
I20260601 13:36:27.883709 15751 fs_manager.cc:647] Opened local filesystem: /tmp/dist-test-taskGqwDJq/test-tmp/auto_rebalancer-test.0.AutoRebalancerTest.NoReplicaMovesIfCannotFixPlacementPolicy.1780320901084621-15751-0/minicluster-data/ts-2-root
uuid: "6294f4ef1f8649d6a51d0a2610e6deef"
format_stamp: "Formatted at 2026-06-01 13:36:27 on dist-test-slave-v5js"
I20260601 13:36:27.883769 15751 fs_report.cc:389] FS layout report
--------------------
wal directory: /tmp/dist-test-taskGqwDJq/test-tmp/auto_rebalancer-test.0.AutoRebalancerTest.NoReplicaMovesIfCannotFixPlacementPolicy.1780320901084621-15751-0/minicluster-data/ts-2-root
metadata directory: /tmp/dist-test-taskGqwDJq/test-tmp/auto_rebalancer-test.0.AutoRebalancerTest.NoReplicaMovesIfCannotFixPlacementPolicy.1780320901084621-15751-0/minicluster-data/ts-2-root
1 data directories: /tmp/dist-test-taskGqwDJq/test-tmp/auto_rebalancer-test.0.AutoRebalancerTest.NoReplicaMovesIfCannotFixPlacementPolicy.1780320901084621-15751-0/minicluster-data/ts-2-root/data
Total live blocks: 0
Total live bytes: 0
Total live bytes (after alignment): 0
Total number of LBM containers: 0 (0 full)
Did not check for missing blocks
Did not check for orphaned blocks
Total full LBM containers with extra space: 0 (0 repaired)
Total full LBM container extra space in bytes: 0 (0 repaired)
Total incomplete LBM containers: 0 (0 repaired)
Total LBM partial records: 0 (0 repaired)
Total corrupted LBM metadata records in RocksDB: 0 (0 repaired)
I20260601 13:36:27.892926 15751 rpc_server.cc:225] running with OpenSSL 1.1.1  11 Sep 2018
I20260601 13:36:27.893321 15751 kserver.cc:163] Server-wide thread pool size limit: 3276
I20260601 13:36:27.893589 15751 txn_system_client.cc:432] TxnSystemClient initialization is disabled...
I20260601 13:36:27.894097 15751 ts_tablet_manager.cc:585] Loaded tablet metadata (0 total tablets, 0 live tablets)
I20260601 13:36:27.894135 15751 ts_tablet_manager.cc:531] Time spent load tablet metadata: real 0.000s	user 0.000s	sys 0.000s
I20260601 13:36:27.894167 15751 ts_tablet_manager.cc:616] Registered 0 tablets
I20260601 13:36:27.894193 15751 ts_tablet_manager.cc:595] Time spent register tablets: real 0.000s	user 0.000s	sys 0.000s
I20260601 13:36:27.898414 15751 rpc_server.cc:307] RPC server started. Bound to: 127.15.97.195:37953
I20260601 13:36:27.898473 20001 acceptor_pool.cc:272] collecting diagnostics on the listening RPC socket 127.15.97.195:37953 every 8 connection(s)
I20260601 13:36:27.903167 20002 heartbeater.cc:344] Connected to a master server at 127.15.97.254:41139
I20260601 13:36:27.903306 20002 heartbeater.cc:461] Registering TS with master...
I20260601 13:36:27.903592 20002 heartbeater.cc:507] Master 127.15.97.254:41139 requested a full tablet report, sending...
I20260601 13:36:27.904572 19720 ts_manager.cc:194] Registered new tserver with Master: 6294f4ef1f8649d6a51d0a2610e6deef (127.15.97.195:37953)
I20260601 13:36:27.905175 19720 master_service.cc:502] Signed X509 certificate for tserver {username='slave'} at 127.0.0.1:52836
I20260601 13:36:27.905637 15751 internal_mini_cluster.cc:371] 3 TS(s) registered with all masters after 0.006831383s
I20260601 13:36:28.864446 19850 heartbeater.cc:499] Master 127.15.97.254:41139 was elected leader, sending a full tablet report...
I20260601 13:36:28.882505 19927 heartbeater.cc:499] Master 127.15.97.254:41139 was elected leader, sending a full tablet report...
I20260601 13:36:28.906275 20002 heartbeater.cc:499] Master 127.15.97.254:41139 was elected leader, sending a full tablet report...
I20260601 13:36:28.944021 19720 catalog_manager.cc:2282] Servicing CreateTable request from {username='slave'} at 127.0.0.1:52856:
name: "test-workload"
schema {
  columns {
    name: "key"
    type: INT32
    is_key: true
    is_nullable: false
    encoding: AUTO_ENCODING
    compression: DEFAULT_COMPRESSION
    cfile_block_size: 0
    immutable: false
  }
  columns {
    name: "int_val"
    type: INT32
    is_key: false
    is_nullable: false
    encoding: AUTO_ENCODING
    compression: DEFAULT_COMPRESSION
    cfile_block_size: 0
    immutable: false
  }
  columns {
    name: "string_val"
    type: STRING
    is_key: false
    is_nullable: true
    encoding: AUTO_ENCODING
    compression: DEFAULT_COMPRESSION
    cfile_block_size: 0
    immutable: false
  }
}
num_replicas: 3
split_rows_range_bounds {
}
partition_schema {
  range_schema {
    columns {
      name: "key"
    }
  }
}
W20260601 13:36:28.944496 19720 catalog_manager.cc:7076] The number of live tablet servers is not enough to re-replicate a tablet replica of the newly created table test-workload in case of a server failure: 4 tablet servers would be needed, 3 are available. Consider bringing up more tablet servers.
I20260601 13:36:28.954290 19890 tablet_service.cc:1511] Processing CreateTablet for tablet b6341ca80dfe4606b6374178642fe9f1 (DEFAULT_TABLE table=test-workload [id=e3d0bdec1cb1422cbf1ecf872527997c]), partition=RANGE (key) PARTITION UNBOUNDED
I20260601 13:36:28.954648 19890 data_dirs.cc:400] Could only allocate 1 dirs of requested 3 for tablet b6341ca80dfe4606b6374178642fe9f1. 1 dirs total, 0 dirs full, 0 dirs failed
I20260601 13:36:28.954684 19966 tablet_service.cc:1511] Processing CreateTablet for tablet b6341ca80dfe4606b6374178642fe9f1 (DEFAULT_TABLE table=test-workload [id=e3d0bdec1cb1422cbf1ecf872527997c]), partition=RANGE (key) PARTITION UNBOUNDED
I20260601 13:36:28.954890 19966 data_dirs.cc:400] Could only allocate 1 dirs of requested 3 for tablet b6341ca80dfe4606b6374178642fe9f1. 1 dirs total, 0 dirs full, 0 dirs failed
I20260601 13:36:28.954916 19814 tablet_service.cc:1511] Processing CreateTablet for tablet b6341ca80dfe4606b6374178642fe9f1 (DEFAULT_TABLE table=test-workload [id=e3d0bdec1cb1422cbf1ecf872527997c]), partition=RANGE (key) PARTITION UNBOUNDED
I20260601 13:36:28.955132 19814 data_dirs.cc:400] Could only allocate 1 dirs of requested 3 for tablet b6341ca80dfe4606b6374178642fe9f1. 1 dirs total, 0 dirs full, 0 dirs failed
I20260601 13:36:28.956888 20023 tablet_bootstrap.cc:492] T b6341ca80dfe4606b6374178642fe9f1 P 578bce9829cf4b17b0896d322be142c6: Bootstrap starting.
I20260601 13:36:28.957312 20025 tablet_bootstrap.cc:492] T b6341ca80dfe4606b6374178642fe9f1 P b802a8fb67e44f4f90d49a307da264f6: Bootstrap starting.
I20260601 13:36:28.957887 20023 tablet_bootstrap.cc:654] T b6341ca80dfe4606b6374178642fe9f1 P 578bce9829cf4b17b0896d322be142c6: Neither blocks nor log segments found. Creating new log.
I20260601 13:36:28.957934 20024 tablet_bootstrap.cc:492] T b6341ca80dfe4606b6374178642fe9f1 P 6294f4ef1f8649d6a51d0a2610e6deef: Bootstrap starting.
I20260601 13:36:28.958267 20025 tablet_bootstrap.cc:654] T b6341ca80dfe4606b6374178642fe9f1 P b802a8fb67e44f4f90d49a307da264f6: Neither blocks nor log segments found. Creating new log.
I20260601 13:36:28.958873 20024 tablet_bootstrap.cc:654] T b6341ca80dfe4606b6374178642fe9f1 P 6294f4ef1f8649d6a51d0a2610e6deef: Neither blocks nor log segments found. Creating new log.
I20260601 13:36:28.958904 20023 tablet_bootstrap.cc:492] T b6341ca80dfe4606b6374178642fe9f1 P 578bce9829cf4b17b0896d322be142c6: No bootstrap required, opened a new log
I20260601 13:36:28.958981 20023 ts_tablet_manager.cc:1403] T b6341ca80dfe4606b6374178642fe9f1 P 578bce9829cf4b17b0896d322be142c6: Time spent bootstrapping tablet: real 0.002s	user 0.000s	sys 0.002s
I20260601 13:36:28.959299 20025 tablet_bootstrap.cc:492] T b6341ca80dfe4606b6374178642fe9f1 P b802a8fb67e44f4f90d49a307da264f6: No bootstrap required, opened a new log
I20260601 13:36:28.959388 20025 ts_tablet_manager.cc:1403] T b6341ca80dfe4606b6374178642fe9f1 P b802a8fb67e44f4f90d49a307da264f6: Time spent bootstrapping tablet: real 0.002s	user 0.000s	sys 0.002s
I20260601 13:36:28.959376 20023 raft_consensus.cc:359] T b6341ca80dfe4606b6374178642fe9f1 P 578bce9829cf4b17b0896d322be142c6 [term 0 FOLLOWER]: Replica starting. Triggering 0 pending ops. Active config: opid_index: -1 OBSOLETE_local: false peers { permanent_uuid: "b802a8fb67e44f4f90d49a307da264f6" member_type: VOTER last_known_addr { host: "127.15.97.194" port: 37379 } } peers { permanent_uuid: "6294f4ef1f8649d6a51d0a2610e6deef" member_type: VOTER last_known_addr { host: "127.15.97.195" port: 37953 } } peers { permanent_uuid: "578bce9829cf4b17b0896d322be142c6" member_type: VOTER last_known_addr { host: "127.15.97.193" port: 36577 } }
I20260601 13:36:28.959533 20023 raft_consensus.cc:385] T b6341ca80dfe4606b6374178642fe9f1 P 578bce9829cf4b17b0896d322be142c6 [term 0 FOLLOWER]: Consensus starting up: Expiring failure detector timer to make a prompt election more likely
I20260601 13:36:28.959606 20023 raft_consensus.cc:740] T b6341ca80dfe4606b6374178642fe9f1 P 578bce9829cf4b17b0896d322be142c6 [term 0 FOLLOWER]: Becoming Follower/Learner. State: Replica: 578bce9829cf4b17b0896d322be142c6, State: Initialized, Role: FOLLOWER
I20260601 13:36:28.959735 20023 consensus_queue.cc:260] T b6341ca80dfe4606b6374178642fe9f1 P 578bce9829cf4b17b0896d322be142c6 [NON_LEADER]: Queue going to NON_LEADER mode. State: All replicated index: 0, Majority replicated index: 0, Committed index: 0, Last appended: 0.0, Last appended by leader: 0, Current term: 0, Majority size: -1, State: 0, Mode: NON_LEADER, active raft config: opid_index: -1 OBSOLETE_local: false peers { permanent_uuid: "b802a8fb67e44f4f90d49a307da264f6" member_type: VOTER last_known_addr { host: "127.15.97.194" port: 37379 } } peers { permanent_uuid: "6294f4ef1f8649d6a51d0a2610e6deef" member_type: VOTER last_known_addr { host: "127.15.97.195" port: 37953 } } peers { permanent_uuid: "578bce9829cf4b17b0896d322be142c6" member_type: VOTER last_known_addr { host: "127.15.97.193" port: 36577 } }
I20260601 13:36:28.959820 20025 raft_consensus.cc:359] T b6341ca80dfe4606b6374178642fe9f1 P b802a8fb67e44f4f90d49a307da264f6 [term 0 FOLLOWER]: Replica starting. Triggering 0 pending ops. Active config: opid_index: -1 OBSOLETE_local: false peers { permanent_uuid: "b802a8fb67e44f4f90d49a307da264f6" member_type: VOTER last_known_addr { host: "127.15.97.194" port: 37379 } } peers { permanent_uuid: "6294f4ef1f8649d6a51d0a2610e6deef" member_type: VOTER last_known_addr { host: "127.15.97.195" port: 37953 } } peers { permanent_uuid: "578bce9829cf4b17b0896d322be142c6" member_type: VOTER last_known_addr { host: "127.15.97.193" port: 36577 } }
I20260601 13:36:28.959880 20024 tablet_bootstrap.cc:492] T b6341ca80dfe4606b6374178642fe9f1 P 6294f4ef1f8649d6a51d0a2610e6deef: No bootstrap required, opened a new log
I20260601 13:36:28.959899 20025 raft_consensus.cc:385] T b6341ca80dfe4606b6374178642fe9f1 P b802a8fb67e44f4f90d49a307da264f6 [term 0 FOLLOWER]: Consensus starting up: Expiring failure detector timer to make a prompt election more likely
I20260601 13:36:28.959977 20025 raft_consensus.cc:740] T b6341ca80dfe4606b6374178642fe9f1 P b802a8fb67e44f4f90d49a307da264f6 [term 0 FOLLOWER]: Becoming Follower/Learner. State: Replica: b802a8fb67e44f4f90d49a307da264f6, State: Initialized, Role: FOLLOWER
I20260601 13:36:28.960085 20023 ts_tablet_manager.cc:1434] T b6341ca80dfe4606b6374178642fe9f1 P 578bce9829cf4b17b0896d322be142c6: Time spent starting tablet: real 0.001s	user 0.000s	sys 0.001s
I20260601 13:36:28.960096 20025 consensus_queue.cc:260] T b6341ca80dfe4606b6374178642fe9f1 P b802a8fb67e44f4f90d49a307da264f6 [NON_LEADER]: Queue going to NON_LEADER mode. State: All replicated index: 0, Majority replicated index: 0, Committed index: 0, Last appended: 0.0, Last appended by leader: 0, Current term: 0, Majority size: -1, State: 0, Mode: NON_LEADER, active raft config: opid_index: -1 OBSOLETE_local: false peers { permanent_uuid: "b802a8fb67e44f4f90d49a307da264f6" member_type: VOTER last_known_addr { host: "127.15.97.194" port: 37379 } } peers { permanent_uuid: "6294f4ef1f8649d6a51d0a2610e6deef" member_type: VOTER last_known_addr { host: "127.15.97.195" port: 37953 } } peers { permanent_uuid: "578bce9829cf4b17b0896d322be142c6" member_type: VOTER last_known_addr { host: "127.15.97.193" port: 36577 } }
I20260601 13:36:28.960347 20024 ts_tablet_manager.cc:1403] T b6341ca80dfe4606b6374178642fe9f1 P 6294f4ef1f8649d6a51d0a2610e6deef: Time spent bootstrapping tablet: real 0.002s	user 0.002s	sys 0.000s
I20260601 13:36:28.960448 20025 ts_tablet_manager.cc:1434] T b6341ca80dfe4606b6374178642fe9f1 P b802a8fb67e44f4f90d49a307da264f6: Time spent starting tablet: real 0.001s	user 0.000s	sys 0.001s
I20260601 13:36:28.960937 20024 raft_consensus.cc:359] T b6341ca80dfe4606b6374178642fe9f1 P 6294f4ef1f8649d6a51d0a2610e6deef [term 0 FOLLOWER]: Replica starting. Triggering 0 pending ops. Active config: opid_index: -1 OBSOLETE_local: false peers { permanent_uuid: "b802a8fb67e44f4f90d49a307da264f6" member_type: VOTER last_known_addr { host: "127.15.97.194" port: 37379 } } peers { permanent_uuid: "6294f4ef1f8649d6a51d0a2610e6deef" member_type: VOTER last_known_addr { host: "127.15.97.195" port: 37953 } } peers { permanent_uuid: "578bce9829cf4b17b0896d322be142c6" member_type: VOTER last_known_addr { host: "127.15.97.193" port: 36577 } }
I20260601 13:36:28.961036 20024 raft_consensus.cc:385] T b6341ca80dfe4606b6374178642fe9f1 P 6294f4ef1f8649d6a51d0a2610e6deef [term 0 FOLLOWER]: Consensus starting up: Expiring failure detector timer to make a prompt election more likely
I20260601 13:36:28.961107 20024 raft_consensus.cc:740] T b6341ca80dfe4606b6374178642fe9f1 P 6294f4ef1f8649d6a51d0a2610e6deef [term 0 FOLLOWER]: Becoming Follower/Learner. State: Replica: 6294f4ef1f8649d6a51d0a2610e6deef, State: Initialized, Role: FOLLOWER
I20260601 13:36:28.961284 20024 consensus_queue.cc:260] T b6341ca80dfe4606b6374178642fe9f1 P 6294f4ef1f8649d6a51d0a2610e6deef [NON_LEADER]: Queue going to NON_LEADER mode. State: All replicated index: 0, Majority replicated index: 0, Committed index: 0, Last appended: 0.0, Last appended by leader: 0, Current term: 0, Majority size: -1, State: 0, Mode: NON_LEADER, active raft config: opid_index: -1 OBSOLETE_local: false peers { permanent_uuid: "b802a8fb67e44f4f90d49a307da264f6" member_type: VOTER last_known_addr { host: "127.15.97.194" port: 37379 } } peers { permanent_uuid: "6294f4ef1f8649d6a51d0a2610e6deef" member_type: VOTER last_known_addr { host: "127.15.97.195" port: 37953 } } peers { permanent_uuid: "578bce9829cf4b17b0896d322be142c6" member_type: VOTER last_known_addr { host: "127.15.97.193" port: 36577 } }
I20260601 13:36:28.961632 20024 ts_tablet_manager.cc:1434] T b6341ca80dfe4606b6374178642fe9f1 P 6294f4ef1f8649d6a51d0a2610e6deef: Time spent starting tablet: real 0.001s	user 0.001s	sys 0.000s
I20260601 13:36:29.089660 20030 raft_consensus.cc:493] T b6341ca80dfe4606b6374178642fe9f1 P b802a8fb67e44f4f90d49a307da264f6 [term 0 FOLLOWER]: Starting pre-election (no leader contacted us within the election timeout)
I20260601 13:36:29.089861 20030 raft_consensus.cc:515] T b6341ca80dfe4606b6374178642fe9f1 P b802a8fb67e44f4f90d49a307da264f6 [term 0 FOLLOWER]: Starting pre-election with config: opid_index: -1 OBSOLETE_local: false peers { permanent_uuid: "b802a8fb67e44f4f90d49a307da264f6" member_type: VOTER last_known_addr { host: "127.15.97.194" port: 37379 } } peers { permanent_uuid: "6294f4ef1f8649d6a51d0a2610e6deef" member_type: VOTER last_known_addr { host: "127.15.97.195" port: 37953 } } peers { permanent_uuid: "578bce9829cf4b17b0896d322be142c6" member_type: VOTER last_known_addr { host: "127.15.97.193" port: 36577 } }
I20260601 13:36:29.090456 20030 leader_election.cc:290] T b6341ca80dfe4606b6374178642fe9f1 P b802a8fb67e44f4f90d49a307da264f6 [CANDIDATE]: Term 1 pre-election: Requested pre-vote from peers 6294f4ef1f8649d6a51d0a2610e6deef (127.15.97.195:37953), 578bce9829cf4b17b0896d322be142c6 (127.15.97.193:36577)
I20260601 13:36:29.093829 19976 tablet_service.cc:1917] Received RequestConsensusVote() RPC: tablet_id: "b6341ca80dfe4606b6374178642fe9f1" candidate_uuid: "b802a8fb67e44f4f90d49a307da264f6" candidate_term: 1 candidate_status { last_received { term: 0 index: 0 } } ignore_live_leader: false dest_uuid: "6294f4ef1f8649d6a51d0a2610e6deef" is_pre_election: true
I20260601 13:36:29.093834 19824 tablet_service.cc:1917] Received RequestConsensusVote() RPC: tablet_id: "b6341ca80dfe4606b6374178642fe9f1" candidate_uuid: "b802a8fb67e44f4f90d49a307da264f6" candidate_term: 1 candidate_status { last_received { term: 0 index: 0 } } ignore_live_leader: false dest_uuid: "578bce9829cf4b17b0896d322be142c6" is_pre_election: true
I20260601 13:36:29.093993 19976 raft_consensus.cc:2468] T b6341ca80dfe4606b6374178642fe9f1 P 6294f4ef1f8649d6a51d0a2610e6deef [term 0 FOLLOWER]: Leader pre-election vote request: Granting yes vote for candidate b802a8fb67e44f4f90d49a307da264f6 in term 0.
I20260601 13:36:29.094022 19824 raft_consensus.cc:2468] T b6341ca80dfe4606b6374178642fe9f1 P 578bce9829cf4b17b0896d322be142c6 [term 0 FOLLOWER]: Leader pre-election vote request: Granting yes vote for candidate b802a8fb67e44f4f90d49a307da264f6 in term 0.
I20260601 13:36:29.094321 19865 leader_election.cc:304] T b6341ca80dfe4606b6374178642fe9f1 P b802a8fb67e44f4f90d49a307da264f6 [CANDIDATE]: Term 1 pre-election: Election decided. Result: candidate won. Election summary: received 2 responses out of 3 voters: 2 yes votes; 0 no votes. yes voters: 6294f4ef1f8649d6a51d0a2610e6deef, b802a8fb67e44f4f90d49a307da264f6; no voters: 
I20260601 13:36:29.094480 20030 raft_consensus.cc:2804] T b6341ca80dfe4606b6374178642fe9f1 P b802a8fb67e44f4f90d49a307da264f6 [term 0 FOLLOWER]: Leader pre-election won for term 1
I20260601 13:36:29.094542 20030 raft_consensus.cc:493] T b6341ca80dfe4606b6374178642fe9f1 P b802a8fb67e44f4f90d49a307da264f6 [term 0 FOLLOWER]: Starting leader election (no leader contacted us within the election timeout)
I20260601 13:36:29.094568 20030 raft_consensus.cc:3060] T b6341ca80dfe4606b6374178642fe9f1 P b802a8fb67e44f4f90d49a307da264f6 [term 0 FOLLOWER]: Advancing to term 1
I20260601 13:36:29.095400 20030 raft_consensus.cc:515] T b6341ca80dfe4606b6374178642fe9f1 P b802a8fb67e44f4f90d49a307da264f6 [term 1 FOLLOWER]: Starting leader election with config: opid_index: -1 OBSOLETE_local: false peers { permanent_uuid: "b802a8fb67e44f4f90d49a307da264f6" member_type: VOTER last_known_addr { host: "127.15.97.194" port: 37379 } } peers { permanent_uuid: "6294f4ef1f8649d6a51d0a2610e6deef" member_type: VOTER last_known_addr { host: "127.15.97.195" port: 37953 } } peers { permanent_uuid: "578bce9829cf4b17b0896d322be142c6" member_type: VOTER last_known_addr { host: "127.15.97.193" port: 36577 } }
I20260601 13:36:29.095741 20030 leader_election.cc:290] T b6341ca80dfe4606b6374178642fe9f1 P b802a8fb67e44f4f90d49a307da264f6 [CANDIDATE]: Term 1 election: Requested vote from peers 6294f4ef1f8649d6a51d0a2610e6deef (127.15.97.195:37953), 578bce9829cf4b17b0896d322be142c6 (127.15.97.193:36577)
I20260601 13:36:29.096019 19976 tablet_service.cc:1917] Received RequestConsensusVote() RPC: tablet_id: "b6341ca80dfe4606b6374178642fe9f1" candidate_uuid: "b802a8fb67e44f4f90d49a307da264f6" candidate_term: 1 candidate_status { last_received { term: 0 index: 0 } } ignore_live_leader: false dest_uuid: "6294f4ef1f8649d6a51d0a2610e6deef"
I20260601 13:36:29.096050 19824 tablet_service.cc:1917] Received RequestConsensusVote() RPC: tablet_id: "b6341ca80dfe4606b6374178642fe9f1" candidate_uuid: "b802a8fb67e44f4f90d49a307da264f6" candidate_term: 1 candidate_status { last_received { term: 0 index: 0 } } ignore_live_leader: false dest_uuid: "578bce9829cf4b17b0896d322be142c6"
I20260601 13:36:29.096109 19976 raft_consensus.cc:3060] T b6341ca80dfe4606b6374178642fe9f1 P 6294f4ef1f8649d6a51d0a2610e6deef [term 0 FOLLOWER]: Advancing to term 1
I20260601 13:36:29.096132 19824 raft_consensus.cc:3060] T b6341ca80dfe4606b6374178642fe9f1 P 578bce9829cf4b17b0896d322be142c6 [term 0 FOLLOWER]: Advancing to term 1
I20260601 13:36:29.096923 19976 raft_consensus.cc:2468] T b6341ca80dfe4606b6374178642fe9f1 P 6294f4ef1f8649d6a51d0a2610e6deef [term 1 FOLLOWER]: Leader election vote request: Granting yes vote for candidate b802a8fb67e44f4f90d49a307da264f6 in term 1.
I20260601 13:36:29.096921 19824 raft_consensus.cc:2468] T b6341ca80dfe4606b6374178642fe9f1 P 578bce9829cf4b17b0896d322be142c6 [term 1 FOLLOWER]: Leader election vote request: Granting yes vote for candidate b802a8fb67e44f4f90d49a307da264f6 in term 1.
I20260601 13:36:29.097177 19865 leader_election.cc:304] T b6341ca80dfe4606b6374178642fe9f1 P b802a8fb67e44f4f90d49a307da264f6 [CANDIDATE]: Term 1 election: Election decided. Result: candidate won. Election summary: received 2 responses out of 3 voters: 2 yes votes; 0 no votes. yes voters: 6294f4ef1f8649d6a51d0a2610e6deef, b802a8fb67e44f4f90d49a307da264f6; no voters: 
I20260601 13:36:29.097332 20030 raft_consensus.cc:2804] T b6341ca80dfe4606b6374178642fe9f1 P b802a8fb67e44f4f90d49a307da264f6 [term 1 FOLLOWER]: Leader election won for term 1
I20260601 13:36:29.097529 20030 raft_consensus.cc:697] T b6341ca80dfe4606b6374178642fe9f1 P b802a8fb67e44f4f90d49a307da264f6 [term 1 LEADER]: Becoming Leader. State: Replica: b802a8fb67e44f4f90d49a307da264f6, State: Running, Role: LEADER
I20260601 13:36:29.097657 20030 consensus_queue.cc:237] T b6341ca80dfe4606b6374178642fe9f1 P b802a8fb67e44f4f90d49a307da264f6 [LEADER]: Queue going to LEADER mode. State: All replicated index: 0, Majority replicated index: 0, Committed index: 0, Last appended: 0.0, Last appended by leader: 0, Current term: 1, Majority size: 2, State: 0, Mode: LEADER, active raft config: opid_index: -1 OBSOLETE_local: false peers { permanent_uuid: "b802a8fb67e44f4f90d49a307da264f6" member_type: VOTER last_known_addr { host: "127.15.97.194" port: 37379 } } peers { permanent_uuid: "6294f4ef1f8649d6a51d0a2610e6deef" member_type: VOTER last_known_addr { host: "127.15.97.195" port: 37953 } } peers { permanent_uuid: "578bce9829cf4b17b0896d322be142c6" member_type: VOTER last_known_addr { host: "127.15.97.193" port: 36577 } }
I20260601 13:36:29.099130 19720 catalog_manager.cc:5696] T b6341ca80dfe4606b6374178642fe9f1 P b802a8fb67e44f4f90d49a307da264f6 reported cstate change: term changed from 0 to 1, leader changed from <none> to b802a8fb67e44f4f90d49a307da264f6 (127.15.97.194). New cstate: current_term: 1 leader_uuid: "b802a8fb67e44f4f90d49a307da264f6" committed_config { opid_index: -1 OBSOLETE_local: false peers { permanent_uuid: "b802a8fb67e44f4f90d49a307da264f6" member_type: VOTER last_known_addr { host: "127.15.97.194" port: 37379 } health_report { overall_health: HEALTHY } } peers { permanent_uuid: "6294f4ef1f8649d6a51d0a2610e6deef" member_type: VOTER last_known_addr { host: "127.15.97.195" port: 37953 } health_report { overall_health: UNKNOWN } } peers { permanent_uuid: "578bce9829cf4b17b0896d322be142c6" member_type: VOTER last_known_addr { host: "127.15.97.193" port: 36577 } health_report { overall_health: UNKNOWN } } }
I20260601 13:36:29.589792 20030 consensus_queue.cc:1048] T b6341ca80dfe4606b6374178642fe9f1 P b802a8fb67e44f4f90d49a307da264f6 [LEADER]: Connected to new peer: Peer: permanent_uuid: "6294f4ef1f8649d6a51d0a2610e6deef" member_type: VOTER last_known_addr { host: "127.15.97.195" port: 37953 }, Status: LMP_MISMATCH, Last received: 0.0, Next index: 1, Last known committed idx: 0, Time since last communication: 0.000s
I20260601 13:36:29.593063 20034 consensus_queue.cc:1048] T b6341ca80dfe4606b6374178642fe9f1 P b802a8fb67e44f4f90d49a307da264f6 [LEADER]: Connected to new peer: Peer: permanent_uuid: "578bce9829cf4b17b0896d322be142c6" member_type: VOTER last_known_addr { host: "127.15.97.193" port: 36577 }, Status: LMP_MISMATCH, Last received: 0.0, Next index: 1, Last known committed idx: 0, Time since last communication: 0.000s
I20260601 13:36:29.806613 19774 auto_leader_rebalancer.cc:140] leader rebalance for table test-workload
I20260601 13:36:29.806895 19774 auto_leader_rebalancer.cc:388] table: test-workload, leader rebalance finish, leader transfer count: 0
I20260601 13:36:29.806936 19768 placement_policy_util.cc:407] tablet b6341ca80dfe4606b6374178642fe9f1: detected majority of replicas (2 of 3) at location L0
I20260601 13:36:29.806950 19774 auto_leader_rebalancer.cc:451] All tables' leader rebalancing finished this round
I20260601 13:36:30.808681 19768 placement_policy_util.cc:407] tablet b6341ca80dfe4606b6374178642fe9f1: detected majority of replicas (2 of 3) at location L0
I20260601 13:36:31.807375 19774 auto_leader_rebalancer.cc:140] leader rebalance for table test-workload
I20260601 13:36:31.807720 19774 auto_leader_rebalancer.cc:388] table: test-workload, leader rebalance finish, leader transfer count: 0
I20260601 13:36:31.807778 19774 auto_leader_rebalancer.cc:451] All tables' leader rebalancing finished this round
I20260601 13:36:31.810248 19768 placement_policy_util.cc:407] tablet b6341ca80dfe4606b6374178642fe9f1: detected majority of replicas (2 of 3) at location L0
I20260601 13:36:32.811826 19768 placement_policy_util.cc:407] tablet b6341ca80dfe4606b6374178642fe9f1: detected majority of replicas (2 of 3) at location L0
I20260601 13:36:33.808136 19774 auto_leader_rebalancer.cc:140] leader rebalance for table test-workload
I20260601 13:36:33.808559 19774 auto_leader_rebalancer.cc:388] table: test-workload, leader rebalance finish, leader transfer count: 0
I20260601 13:36:33.808630 19774 auto_leader_rebalancer.cc:451] All tables' leader rebalancing finished this round
I20260601 13:36:33.813401 19768 placement_policy_util.cc:407] tablet b6341ca80dfe4606b6374178642fe9f1: detected majority of replicas (2 of 3) at location L0
I20260601 13:36:34.815464 19768 placement_policy_util.cc:407] tablet b6341ca80dfe4606b6374178642fe9f1: detected majority of replicas (2 of 3) at location L0
I20260601 13:36:35.808938 19774 auto_leader_rebalancer.cc:140] leader rebalance for table test-workload
I20260601 13:36:35.809262 19774 auto_leader_rebalancer.cc:388] table: test-workload, leader rebalance finish, leader transfer count: 0
I20260601 13:36:35.809319 19774 auto_leader_rebalancer.cc:451] All tables' leader rebalancing finished this round
I20260601 13:36:35.818034 19768 placement_policy_util.cc:407] tablet b6341ca80dfe4606b6374178642fe9f1: detected majority of replicas (2 of 3) at location L0
I20260601 13:36:36.819666 19768 placement_policy_util.cc:407] tablet b6341ca80dfe4606b6374178642fe9f1: detected majority of replicas (2 of 3) at location L0
I20260601 13:36:37.809657 19774 auto_leader_rebalancer.cc:140] leader rebalance for table test-workload
I20260601 13:36:37.810031 19774 auto_leader_rebalancer.cc:388] table: test-workload, leader rebalance finish, leader transfer count: 0
I20260601 13:36:37.810092 19774 auto_leader_rebalancer.cc:451] All tables' leader rebalancing finished this round
I20260601 13:36:37.821318 19768 placement_policy_util.cc:407] tablet b6341ca80dfe4606b6374178642fe9f1: detected majority of replicas (2 of 3) at location L0
I20260601 13:36:38.822950 19768 placement_policy_util.cc:407] tablet b6341ca80dfe4606b6374178642fe9f1: detected majority of replicas (2 of 3) at location L0
I20260601 13:36:39.810432 19774 auto_leader_rebalancer.cc:140] leader rebalance for table test-workload
I20260601 13:36:39.810791 19774 auto_leader_rebalancer.cc:388] table: test-workload, leader rebalance finish, leader transfer count: 0
I20260601 13:36:39.810858 19774 auto_leader_rebalancer.cc:451] All tables' leader rebalancing finished this round
I20260601 13:36:39.824559 19768 placement_policy_util.cc:407] tablet b6341ca80dfe4606b6374178642fe9f1: detected majority of replicas (2 of 3) at location L0
I20260601 13:36:40.157416 15751 tablet_server.cc:179] TabletServer@127.15.97.193:0 shutting down...
I20260601 13:36:40.160597 15751 ts_tablet_manager.cc:1507] Shutting down tablet manager...
I20260601 13:36:40.160830 15751 tablet_replica.cc:333] T b6341ca80dfe4606b6374178642fe9f1 P 578bce9829cf4b17b0896d322be142c6: stopping tablet replica
I20260601 13:36:40.160938 15751 raft_consensus.cc:2243] T b6341ca80dfe4606b6374178642fe9f1 P 578bce9829cf4b17b0896d322be142c6 [term 1 FOLLOWER]: Raft consensus shutting down.
I20260601 13:36:40.161067 15751 raft_consensus.cc:2272] T b6341ca80dfe4606b6374178642fe9f1 P 578bce9829cf4b17b0896d322be142c6 [term 1 FOLLOWER]: Raft consensus is shut down!
I20260601 13:36:40.173943 15751 tablet_server.cc:196] TabletServer@127.15.97.193:0 shutdown complete.
I20260601 13:36:40.176141 15751 tablet_server.cc:179] TabletServer@127.15.97.194:0 shutting down...
I20260601 13:36:40.179283 15751 ts_tablet_manager.cc:1507] Shutting down tablet manager...
I20260601 13:36:40.179494 15751 tablet_replica.cc:333] T b6341ca80dfe4606b6374178642fe9f1 P b802a8fb67e44f4f90d49a307da264f6: stopping tablet replica
I20260601 13:36:40.179605 15751 raft_consensus.cc:2243] T b6341ca80dfe4606b6374178642fe9f1 P b802a8fb67e44f4f90d49a307da264f6 [term 1 LEADER]: Raft consensus shutting down.
I20260601 13:36:40.179816 15751 raft_consensus.cc:2272] T b6341ca80dfe4606b6374178642fe9f1 P b802a8fb67e44f4f90d49a307da264f6 [term 1 FOLLOWER]: Raft consensus is shut down!
I20260601 13:36:40.192565 15751 tablet_server.cc:196] TabletServer@127.15.97.194:0 shutdown complete.
I20260601 13:36:40.194649 15751 tablet_server.cc:179] TabletServer@127.15.97.195:0 shutting down...
I20260601 13:36:40.198407 15751 ts_tablet_manager.cc:1507] Shutting down tablet manager...
I20260601 13:36:40.198642 15751 tablet_replica.cc:333] T b6341ca80dfe4606b6374178642fe9f1 P 6294f4ef1f8649d6a51d0a2610e6deef: stopping tablet replica
I20260601 13:36:40.198769 15751 raft_consensus.cc:2243] T b6341ca80dfe4606b6374178642fe9f1 P 6294f4ef1f8649d6a51d0a2610e6deef [term 1 FOLLOWER]: Raft consensus shutting down.
I20260601 13:36:40.198891 15751 raft_consensus.cc:2272] T b6341ca80dfe4606b6374178642fe9f1 P 6294f4ef1f8649d6a51d0a2610e6deef [term 1 FOLLOWER]: Raft consensus is shut down!
I20260601 13:36:40.211457 15751 tablet_server.cc:196] TabletServer@127.15.97.195:0 shutdown complete.
I20260601 13:36:40.213735 15751 master.cc:562] Master@127.15.97.254:41139 shutting down...
I20260601 13:36:40.216908 15751 raft_consensus.cc:2243] T 00000000000000000000000000000000 P 66937a95bb6c4dfaab6bcef5025eeaf8 [term 1 LEADER]: Raft consensus shutting down.
I20260601 13:36:40.217077 15751 raft_consensus.cc:2272] T 00000000000000000000000000000000 P 66937a95bb6c4dfaab6bcef5025eeaf8 [term 1 FOLLOWER]: Raft consensus is shut down!
I20260601 13:36:40.217150 15751 tablet_replica.cc:333] T 00000000000000000000000000000000 P 66937a95bb6c4dfaab6bcef5025eeaf8: stopping tablet replica
I20260601 13:36:40.229959 15751 master.cc:584] Master@127.15.97.254:41139 shutdown complete.
[       OK ] AutoRebalancerTest.NoReplicaMovesIfCannotFixPlacementPolicy (12459 ms)
[ RUN      ] AutoRebalancerTest.TestMaxMovesPerServer
I20260601 13:36:40.237279 15751 internal_mini_cluster.cc:156] Creating distributed mini masters. Addrs: 127.15.97.254:43553
I20260601 13:36:40.237632 15751 file_cache.cc:492] Constructed file cache file cache with capacity 419430
W20260601 13:36:40.239547 20051 instance_detector.cc:116] could not retrieve Azure instance metadata: Network error: curl error: HTTP response code said error: The requested URL returned error: 404
W20260601 13:36:40.239712 20050 instance_detector.cc:116] could not retrieve AWS instance metadata: Network error: curl error: HTTP response code said error: The requested URL returned error: 404
I20260601 13:36:40.239909 15751 server_base.cc:1061] running on GCE node
W20260601 13:36:40.239743 20053 instance_detector.cc:116] could not retrieve OpenStack instance metadata: Network error: curl error: HTTP response code said error: The requested URL returned error: 404
I20260601 13:36:40.240185 15751 hybrid_clock.cc:584] initializing the hybrid clock with 'system_unsync' time source
W20260601 13:36:40.240235 15751 system_unsync_time.cc:38] NTP support is disabled. Clock error bounds will not be accurate. This configuration is not suitable for distributed clusters.
I20260601 13:36:40.240262 15751 hybrid_clock.cc:648] HybridClock initialized: now 1780321000240262 us; error 0 us; skew 500 ppm
I20260601 13:36:40.241106 15751 webserver.cc:533] Webserver started at http://127.15.97.254:33273/ using document root <none> and password file <none>
I20260601 13:36:40.241253 15751 fs_manager.cc:362] Metadata directory not provided
I20260601 13:36:40.241303 15751 fs_manager.cc:368] Using write-ahead log directory (fs_wal_dir) as metadata directory
I20260601 13:36:40.241376 15751 server_base.cc:909] This appears to be a new deployment of Kudu; creating new FS layout
I20260601 13:36:40.241739 15751 fs_manager.cc:1068] Generated new instance metadata in path /tmp/dist-test-taskGqwDJq/test-tmp/auto_rebalancer-test.0.AutoRebalancerTest.TestMaxMovesPerServer.1780320901084621-15751-0/minicluster-data/master-0-root/instance:
uuid: "3906e96efcad4808bb48dbdadf2f3ed7"
format_stamp: "Formatted at 2026-06-01 13:36:40 on dist-test-slave-v5js"
I20260601 13:36:40.243227 15751 fs_manager.cc:696] Time spent creating directory manager: real 0.001s	user 0.000s	sys 0.001s
I20260601 13:36:40.244271 20058 log_block_manager.cc:4031] Time spent loading block containers with low live blocks: real 0.000s	user 0.000s	sys 0.000s
I20260601 13:36:40.244587 15751 fs_manager.cc:730] Time spent opening block manager: real 0.001s	user 0.000s	sys 0.001s
I20260601 13:36:40.244656 15751 fs_manager.cc:647] Opened local filesystem: /tmp/dist-test-taskGqwDJq/test-tmp/auto_rebalancer-test.0.AutoRebalancerTest.TestMaxMovesPerServer.1780320901084621-15751-0/minicluster-data/master-0-root
uuid: "3906e96efcad4808bb48dbdadf2f3ed7"
format_stamp: "Formatted at 2026-06-01 13:36:40 on dist-test-slave-v5js"
I20260601 13:36:40.244729 15751 fs_report.cc:389] FS layout report
--------------------
