I20260601 13:35:50.832965  5663 raft_consensus.cc:2272] T dcec294b1ca64ee3b740085fe28d9bba P 0cc4df3cef6d470fb15498bcd3f34bd7 [term 1 FOLLOWER]: Raft consensus is shut down!
I20260601 13:35:50.833339  5663 tablet_replica.cc:333] T 02bb6041ad6c47d7a52477531801c6e2 P 0cc4df3cef6d470fb15498bcd3f34bd7: stopping tablet replica
I20260601 13:35:50.833420  5663 raft_consensus.cc:2243] T 02bb6041ad6c47d7a52477531801c6e2 P 0cc4df3cef6d470fb15498bcd3f34bd7 [term 1 FOLLOWER]: Raft consensus shutting down.
I20260601 13:35:50.833503  5663 raft_consensus.cc:2272] T 02bb6041ad6c47d7a52477531801c6e2 P 0cc4df3cef6d470fb15498bcd3f34bd7 [term 1 FOLLOWER]: Raft consensus is shut down!
I20260601 13:35:50.846742  5663 tablet_server.cc:196] TabletServer@127.5.135.194:0 shutdown complete.
I20260601 13:35:50.849148  5663 tablet_server.cc:179] TabletServer@127.5.135.195:0 shutting down...
I20260601 13:35:50.852869  5663 ts_tablet_manager.cc:1507] Shutting down tablet manager...
I20260601 13:35:50.853152  5663 tablet_replica.cc:333] T dcec294b1ca64ee3b740085fe28d9bba P eeddfdf051ff4546a222edbfc0857e3a: stopping tablet replica
I20260601 13:35:50.853278  5663 raft_consensus.cc:2243] T dcec294b1ca64ee3b740085fe28d9bba P eeddfdf051ff4546a222edbfc0857e3a [term 1 FOLLOWER]: Raft consensus shutting down.
I20260601 13:35:50.853400  5663 raft_consensus.cc:2272] T dcec294b1ca64ee3b740085fe28d9bba P eeddfdf051ff4546a222edbfc0857e3a [term 1 FOLLOWER]: Raft consensus is shut down!
I20260601 13:35:50.853907  5663 tablet_replica.cc:333] T 02bb6041ad6c47d7a52477531801c6e2 P eeddfdf051ff4546a222edbfc0857e3a: stopping tablet replica
I20260601 13:35:50.854007  5663 raft_consensus.cc:2243] T 02bb6041ad6c47d7a52477531801c6e2 P eeddfdf051ff4546a222edbfc0857e3a [term 1 LEADER]: Raft consensus shutting down.
I20260601 13:35:50.854151  5663 pending_rounds.cc:70] T 02bb6041ad6c47d7a52477531801c6e2 P eeddfdf051ff4546a222edbfc0857e3a: Trying to abort 1 pending ops.
I20260601 13:35:50.854178  5663 pending_rounds.cc:77] T 02bb6041ad6c47d7a52477531801c6e2 P eeddfdf051ff4546a222edbfc0857e3a: Aborting op as it isn't in flight: id { term: 1 index: 1 } timestamp: 7292194613605625856 op_type: NO_OP noop_request { }
I20260601 13:35:50.854259  5663 raft_consensus.cc:2889] T 02bb6041ad6c47d7a52477531801c6e2 P eeddfdf051ff4546a222edbfc0857e3a [term 1 LEADER]: NO_OP replication failed: Aborted: Op aborted
I20260601 13:35:50.854312  5663 raft_consensus.cc:2272] T 02bb6041ad6c47d7a52477531801c6e2 P eeddfdf051ff4546a222edbfc0857e3a [term 1 FOLLOWER]: Raft consensus is shut down!
I20260601 13:35:50.854861  5663 tablet_replica.cc:333] T 54183610eca14d88866ddd789fa4d19a P eeddfdf051ff4546a222edbfc0857e3a: stopping tablet replica
I20260601 13:35:50.854947  5663 raft_consensus.cc:2243] T 54183610eca14d88866ddd789fa4d19a P eeddfdf051ff4546a222edbfc0857e3a [term 1 LEADER]: Raft consensus shutting down.
I20260601 13:35:50.855070  5663 pending_rounds.cc:70] T 54183610eca14d88866ddd789fa4d19a P eeddfdf051ff4546a222edbfc0857e3a: Trying to abort 1 pending ops.
I20260601 13:35:50.855095  5663 pending_rounds.cc:77] T 54183610eca14d88866ddd789fa4d19a P eeddfdf051ff4546a222edbfc0857e3a: Aborting op as it isn't in flight: id { term: 1 index: 1 } timestamp: 7292194614290898944 op_type: NO_OP noop_request { }
I20260601 13:35:50.855170  5663 raft_consensus.cc:2889] T 54183610eca14d88866ddd789fa4d19a P eeddfdf051ff4546a222edbfc0857e3a [term 1 LEADER]: NO_OP replication failed: Aborted: Op aborted
I20260601 13:35:50.855217  5663 raft_consensus.cc:2272] T 54183610eca14d88866ddd789fa4d19a P eeddfdf051ff4546a222edbfc0857e3a [term 1 FOLLOWER]: Raft consensus is shut down!
I20260601 13:35:50.855671  5663 tablet_replica.cc:333] T c1f1e4527e57475292e995d95b39931a P eeddfdf051ff4546a222edbfc0857e3a: stopping tablet replica
I20260601 13:35:50.855756  5663 raft_consensus.cc:2243] T c1f1e4527e57475292e995d95b39931a P eeddfdf051ff4546a222edbfc0857e3a [term 1 LEADER]: Raft consensus shutting down.
I20260601 13:35:50.855880  5663 pending_rounds.cc:70] T c1f1e4527e57475292e995d95b39931a P eeddfdf051ff4546a222edbfc0857e3a: Trying to abort 1 pending ops.
I20260601 13:35:50.855906  5663 pending_rounds.cc:77] T c1f1e4527e57475292e995d95b39931a P eeddfdf051ff4546a222edbfc0857e3a: Aborting op as it isn't in flight: id { term: 1 index: 1 } timestamp: 7292194613497208832 op_type: NO_OP noop_request { }
I20260601 13:35:50.855957  5663 raft_consensus.cc:2889] T c1f1e4527e57475292e995d95b39931a P eeddfdf051ff4546a222edbfc0857e3a [term 1 LEADER]: NO_OP replication failed: Aborted: Op aborted
I20260601 13:35:50.856009  5663 raft_consensus.cc:2272] T c1f1e4527e57475292e995d95b39931a P eeddfdf051ff4546a222edbfc0857e3a [term 1 FOLLOWER]: Raft consensus is shut down!
I20260601 13:35:50.858711  5663 tablet_server.cc:196] TabletServer@127.5.135.195:0 shutdown complete.
I20260601 13:35:50.860898  5663 master.cc:562] Master@127.5.135.254:36997 shutting down...
I20260601 13:35:50.863941  5663 raft_consensus.cc:2243] T 00000000000000000000000000000000 P a2988cfdb3b24a1a82cf399a23e7fe61 [term 1 LEADER]: Raft consensus shutting down.
I20260601 13:35:50.864104  5663 raft_consensus.cc:2272] T 00000000000000000000000000000000 P a2988cfdb3b24a1a82cf399a23e7fe61 [term 1 FOLLOWER]: Raft consensus is shut down!
I20260601 13:35:50.864171  5663 tablet_replica.cc:333] T 00000000000000000000000000000000 P a2988cfdb3b24a1a82cf399a23e7fe61: stopping tablet replica
I20260601 13:35:50.876919  5663 master.cc:584] Master@127.5.135.254:36997 shutdown complete.
[       OK ] AutoRebalancerTest.RangeAwareBuildClusterInfoGroupsByRange (1570 ms)
[ RUN      ] AutoRebalancerTest.RangeAwareRebalancesNewRangeReplicas
I20260601 13:35:50.885004  5663 internal_mini_cluster.cc:156] Creating distributed mini masters. Addrs: 127.5.135.254:36757
I20260601 13:35:50.885372  5663 file_cache.cc:492] Constructed file cache file cache with capacity 419430
W20260601 13:35:50.887228  8489 instance_detector.cc:116] could not retrieve Azure instance metadata: Network error: curl error: HTTP response code said error: The requested URL returned error: 404
W20260601 13:35:50.887244  8488 instance_detector.cc:116] could not retrieve AWS instance metadata: Network error: curl error: HTTP response code said error: The requested URL returned error: 404
W20260601 13:35:50.887311  8491 instance_detector.cc:116] could not retrieve OpenStack instance metadata: Network error: curl error: HTTP response code said error: The requested URL returned error: 404
I20260601 13:35:50.887416  5663 server_base.cc:1061] running on GCE node
I20260601 13:35:50.887643  5663 hybrid_clock.cc:584] initializing the hybrid clock with 'system_unsync' time source
W20260601 13:35:50.887683  5663 system_unsync_time.cc:38] NTP support is disabled. Clock error bounds will not be accurate. This configuration is not suitable for distributed clusters.
I20260601 13:35:50.887697  5663 hybrid_clock.cc:648] HybridClock initialized: now 1780320950887697 us; error 0 us; skew 500 ppm
I20260601 13:35:50.888461  5663 webserver.cc:533] Webserver started at http://127.5.135.254:36511/ using document root <none> and password file <none>
I20260601 13:35:50.888612  5663 fs_manager.cc:362] Metadata directory not provided
I20260601 13:35:50.888660  5663 fs_manager.cc:368] Using write-ahead log directory (fs_wal_dir) as metadata directory
I20260601 13:35:50.888737  5663 server_base.cc:909] This appears to be a new deployment of Kudu; creating new FS layout
I20260601 13:35:50.889123  5663 fs_manager.cc:1068] Generated new instance metadata in path /tmp/dist-test-taskHpUXah/test-tmp/auto_rebalancer-test.0.AutoRebalancerTest.RangeAwareRebalancesNewRangeReplicas.1780320883654783-5663-0/minicluster-data/master-0-root/instance:
uuid: "2d9a2dc41f98455397105fe6fb7bb435"
format_stamp: "Formatted at 2026-06-01 13:35:50 on dist-test-slave-jnlr"
I20260601 13:35:50.890594  5663 fs_manager.cc:696] Time spent creating directory manager: real 0.001s	user 0.002s	sys 0.000s
I20260601 13:35:50.891716  8496 log_block_manager.cc:4031] Time spent loading block containers with low live blocks: real 0.000s	user 0.000s	sys 0.000s
I20260601 13:35:50.891986  5663 fs_manager.cc:730] Time spent opening block manager: real 0.001s	user 0.000s	sys 0.000s
I20260601 13:35:50.892046  5663 fs_manager.cc:647] Opened local filesystem: /tmp/dist-test-taskHpUXah/test-tmp/auto_rebalancer-test.0.AutoRebalancerTest.RangeAwareRebalancesNewRangeReplicas.1780320883654783-5663-0/minicluster-data/master-0-root
uuid: "2d9a2dc41f98455397105fe6fb7bb435"
format_stamp: "Formatted at 2026-06-01 13:35:50 on dist-test-slave-jnlr"
I20260601 13:35:50.892117  5663 fs_report.cc:389] FS layout report
--------------------
wal directory: /tmp/dist-test-taskHpUXah/test-tmp/auto_rebalancer-test.0.AutoRebalancerTest.RangeAwareRebalancesNewRangeReplicas.1780320883654783-5663-0/minicluster-data/master-0-root
metadata directory: /tmp/dist-test-taskHpUXah/test-tmp/auto_rebalancer-test.0.AutoRebalancerTest.RangeAwareRebalancesNewRangeReplicas.1780320883654783-5663-0/minicluster-data/master-0-root
1 data directories: /tmp/dist-test-taskHpUXah/test-tmp/auto_rebalancer-test.0.AutoRebalancerTest.RangeAwareRebalancesNewRangeReplicas.1780320883654783-5663-0/minicluster-data/master-0-root/data
Total live blocks: 0
Total live bytes: 0
Total live bytes (after alignment): 0
Total number of LBM containers: 0 (0 full)
Did not check for missing blocks
Did not check for orphaned blocks
Total full LBM containers with extra space: 0 (0 repaired)
Total full LBM container extra space in bytes: 0 (0 repaired)
Total incomplete LBM containers: 0 (0 repaired)
Total LBM partial records: 0 (0 repaired)
Total corrupted LBM metadata records in RocksDB: 0 (0 repaired)
I20260601 13:35:50.923236  5663 rpc_server.cc:225] running with OpenSSL 1.1.1  11 Sep 2018
I20260601 13:35:50.923637  5663 kserver.cc:163] Server-wide thread pool size limit: 3276
I20260601 13:35:50.928006  5663 rpc_server.cc:307] RPC server started. Bound to: 127.5.135.254:36757
I20260601 13:35:50.930382  8548 acceptor_pool.cc:272] collecting diagnostics on the listening RPC socket 127.5.135.254:36757 every 8 connection(s)
I20260601 13:35:50.930864  8549 data_dirs.cc:400] Could only allocate 1 dirs of requested 3 for tablet 00000000000000000000000000000000. 1 dirs total, 0 dirs full, 0 dirs failed
I20260601 13:35:50.932693  8549 tablet_bootstrap.cc:492] T 00000000000000000000000000000000 P 2d9a2dc41f98455397105fe6fb7bb435: Bootstrap starting.
I20260601 13:35:50.933498  8549 tablet_bootstrap.cc:654] T 00000000000000000000000000000000 P 2d9a2dc41f98455397105fe6fb7bb435: Neither blocks nor log segments found. Creating new log.
I20260601 13:35:50.934512  8549 tablet_bootstrap.cc:492] T 00000000000000000000000000000000 P 2d9a2dc41f98455397105fe6fb7bb435: No bootstrap required, opened a new log
I20260601 13:35:50.934906  8549 raft_consensus.cc:359] T 00000000000000000000000000000000 P 2d9a2dc41f98455397105fe6fb7bb435 [term 0 FOLLOWER]: Replica starting. Triggering 0 pending ops. Active config: opid_index: -1 OBSOLETE_local: true peers { permanent_uuid: "2d9a2dc41f98455397105fe6fb7bb435" member_type: VOTER }
I20260601 13:35:50.934995  8549 raft_consensus.cc:385] T 00000000000000000000000000000000 P 2d9a2dc41f98455397105fe6fb7bb435 [term 0 FOLLOWER]: Consensus starting up: Expiring failure detector timer to make a prompt election more likely
I20260601 13:35:50.935024  8549 raft_consensus.cc:740] T 00000000000000000000000000000000 P 2d9a2dc41f98455397105fe6fb7bb435 [term 0 FOLLOWER]: Becoming Follower/Learner. State: Replica: 2d9a2dc41f98455397105fe6fb7bb435, State: Initialized, Role: FOLLOWER
I20260601 13:35:50.935189  8549 consensus_queue.cc:260] T 00000000000000000000000000000000 P 2d9a2dc41f98455397105fe6fb7bb435 [NON_LEADER]: Queue going to NON_LEADER mode. State: All replicated index: 0, Majority replicated index: 0, Committed index: 0, Last appended: 0.0, Last appended by leader: 0, Current term: 0, Majority size: -1, State: 0, Mode: NON_LEADER, active raft config: opid_index: -1 OBSOLETE_local: true peers { permanent_uuid: "2d9a2dc41f98455397105fe6fb7bb435" member_type: VOTER }
I20260601 13:35:50.935257  8549 raft_consensus.cc:399] T 00000000000000000000000000000000 P 2d9a2dc41f98455397105fe6fb7bb435 [term 0 FOLLOWER]: Only one voter in the Raft config. Triggering election immediately
I20260601 13:35:50.935289  8549 raft_consensus.cc:493] T 00000000000000000000000000000000 P 2d9a2dc41f98455397105fe6fb7bb435 [term 0 FOLLOWER]: Starting leader election (initial election of a single-replica configuration)
I20260601 13:35:50.935334  8549 raft_consensus.cc:3060] T 00000000000000000000000000000000 P 2d9a2dc41f98455397105fe6fb7bb435 [term 0 FOLLOWER]: Advancing to term 1
I20260601 13:35:50.936058  8549 raft_consensus.cc:515] T 00000000000000000000000000000000 P 2d9a2dc41f98455397105fe6fb7bb435 [term 1 FOLLOWER]: Starting leader election with config: opid_index: -1 OBSOLETE_local: true peers { permanent_uuid: "2d9a2dc41f98455397105fe6fb7bb435" member_type: VOTER }
I20260601 13:35:50.936179  8549 leader_election.cc:304] T 00000000000000000000000000000000 P 2d9a2dc41f98455397105fe6fb7bb435 [CANDIDATE]: Term 1 election: Election decided. Result: candidate won. Election summary: received 1 responses out of 1 voters: 1 yes votes; 0 no votes. yes voters: 2d9a2dc41f98455397105fe6fb7bb435; no voters: 
I20260601 13:35:50.936368  8549 leader_election.cc:290] T 00000000000000000000000000000000 P 2d9a2dc41f98455397105fe6fb7bb435 [CANDIDATE]: Term 1 election: Requested vote from peers 
I20260601 13:35:50.936497  8552 raft_consensus.cc:2804] T 00000000000000000000000000000000 P 2d9a2dc41f98455397105fe6fb7bb435 [term 1 FOLLOWER]: Leader election won for term 1
I20260601 13:35:50.936693  8552 raft_consensus.cc:697] T 00000000000000000000000000000000 P 2d9a2dc41f98455397105fe6fb7bb435 [term 1 LEADER]: Becoming Leader. State: Replica: 2d9a2dc41f98455397105fe6fb7bb435, State: Running, Role: LEADER
I20260601 13:35:50.936822  8549 sys_catalog.cc:565] T 00000000000000000000000000000000 P 2d9a2dc41f98455397105fe6fb7bb435 [sys.catalog]: configured and running, proceeding with master startup.
I20260601 13:35:50.936829  8552 consensus_queue.cc:237] T 00000000000000000000000000000000 P 2d9a2dc41f98455397105fe6fb7bb435 [LEADER]: Queue going to LEADER mode. State: All replicated index: 0, Majority replicated index: 0, Committed index: 0, Last appended: 0.0, Last appended by leader: 0, Current term: 1, Majority size: 1, State: 0, Mode: LEADER, active raft config: opid_index: -1 OBSOLETE_local: true peers { permanent_uuid: "2d9a2dc41f98455397105fe6fb7bb435" member_type: VOTER }
I20260601 13:35:50.937307  8553 sys_catalog.cc:455] T 00000000000000000000000000000000 P 2d9a2dc41f98455397105fe6fb7bb435 [sys.catalog]: SysCatalogTable state changed. Reason: RaftConsensus started. Latest consensus state: current_term: 1 leader_uuid: "2d9a2dc41f98455397105fe6fb7bb435" committed_config { opid_index: -1 OBSOLETE_local: true peers { permanent_uuid: "2d9a2dc41f98455397105fe6fb7bb435" member_type: VOTER } }
I20260601 13:35:50.937327  8554 sys_catalog.cc:455] T 00000000000000000000000000000000 P 2d9a2dc41f98455397105fe6fb7bb435 [sys.catalog]: SysCatalogTable state changed. Reason: New leader 2d9a2dc41f98455397105fe6fb7bb435. Latest consensus state: current_term: 1 leader_uuid: "2d9a2dc41f98455397105fe6fb7bb435" committed_config { opid_index: -1 OBSOLETE_local: true peers { permanent_uuid: "2d9a2dc41f98455397105fe6fb7bb435" member_type: VOTER } }
I20260601 13:35:50.937419  8553 sys_catalog.cc:458] T 00000000000000000000000000000000 P 2d9a2dc41f98455397105fe6fb7bb435 [sys.catalog]: This master's current role is: LEADER
I20260601 13:35:50.937426  8554 sys_catalog.cc:458] T 00000000000000000000000000000000 P 2d9a2dc41f98455397105fe6fb7bb435 [sys.catalog]: This master's current role is: LEADER
I20260601 13:35:50.937703  8556 catalog_manager.cc:1510] Loading table and tablet metadata into memory...
I20260601 13:35:50.938587  8556 catalog_manager.cc:1519] Initializing Kudu cluster ID...
I20260601 13:35:50.938827  5663 internal_mini_cluster.cc:184] Waiting to initialize catalog manager on master 0
I20260601 13:35:50.940593  8556 catalog_manager.cc:1382] Generated new cluster ID: 8c873fba266d411ab50ca7ff0928ff8b
I20260601 13:35:50.940654  8556 catalog_manager.cc:1530] Initializing Kudu internal certificate authority...
I20260601 13:35:50.950505  8556 catalog_manager.cc:1405] Generated new certificate authority record
I20260601 13:35:50.951148  8556 catalog_manager.cc:1539] Loading token signing keys...
I20260601 13:35:50.961339  8556 catalog_manager.cc:6069] T 00000000000000000000000000000000 P 2d9a2dc41f98455397105fe6fb7bb435: Generated new TSK 0
I20260601 13:35:50.961563  8556 catalog_manager.cc:1549] Initializing in-progress tserver states...
I20260601 13:35:50.971704  5663 file_cache.cc:492] Constructed file cache file cache with capacity 419430
I20260601 13:35:50.973933  5663 server_base.cc:1061] running on GCE node
W20260601 13:35:50.973999  8570 instance_detector.cc:116] could not retrieve AWS instance metadata: Network error: curl error: HTTP response code said error: The requested URL returned error: 404
W20260601 13:35:50.973966  8573 instance_detector.cc:116] could not retrieve OpenStack instance metadata: Network error: curl error: HTTP response code said error: The requested URL returned error: 404
W20260601 13:35:50.973977  8571 instance_detector.cc:116] could not retrieve Azure instance metadata: Network error: curl error: HTTP response code said error: The requested URL returned error: 404
I20260601 13:35:50.974481  5663 hybrid_clock.cc:584] initializing the hybrid clock with 'system_unsync' time source
W20260601 13:35:50.974532  5663 system_unsync_time.cc:38] NTP support is disabled. Clock error bounds will not be accurate. This configuration is not suitable for distributed clusters.
I20260601 13:35:50.974548  5663 hybrid_clock.cc:648] HybridClock initialized: now 1780320950974548 us; error 0 us; skew 500 ppm
I20260601 13:35:50.975455  5663 webserver.cc:533] Webserver started at http://127.5.135.193:39699/ using document root <none> and password file <none>
I20260601 13:35:50.975589  5663 fs_manager.cc:362] Metadata directory not provided
I20260601 13:35:50.975633  5663 fs_manager.cc:368] Using write-ahead log directory (fs_wal_dir) as metadata directory
I20260601 13:35:50.975692  5663 server_base.cc:909] This appears to be a new deployment of Kudu; creating new FS layout
I20260601 13:35:50.976056  5663 fs_manager.cc:1068] Generated new instance metadata in path /tmp/dist-test-taskHpUXah/test-tmp/auto_rebalancer-test.0.AutoRebalancerTest.RangeAwareRebalancesNewRangeReplicas.1780320883654783-5663-0/minicluster-data/ts-0-root/instance:
uuid: "73c4efeee5f64ad681b2e1ec86455fde"
format_stamp: "Formatted at 2026-06-01 13:35:50 on dist-test-slave-jnlr"
I20260601 13:35:50.977403  5663 fs_manager.cc:696] Time spent creating directory manager: real 0.001s	user 0.002s	sys 0.000s
I20260601 13:35:50.978292  8578 log_block_manager.cc:4031] Time spent loading block containers with low live blocks: real 0.000s	user 0.000s	sys 0.000s
I20260601 13:35:50.978495  5663 fs_manager.cc:730] Time spent opening block manager: real 0.001s	user 0.001s	sys 0.000s
I20260601 13:35:50.978555  5663 fs_manager.cc:647] Opened local filesystem: /tmp/dist-test-taskHpUXah/test-tmp/auto_rebalancer-test.0.AutoRebalancerTest.RangeAwareRebalancesNewRangeReplicas.1780320883654783-5663-0/minicluster-data/ts-0-root
uuid: "73c4efeee5f64ad681b2e1ec86455fde"
format_stamp: "Formatted at 2026-06-01 13:35:50 on dist-test-slave-jnlr"
I20260601 13:35:50.978626  5663 fs_report.cc:389] FS layout report
--------------------
wal directory: /tmp/dist-test-taskHpUXah/test-tmp/auto_rebalancer-test.0.AutoRebalancerTest.RangeAwareRebalancesNewRangeReplicas.1780320883654783-5663-0/minicluster-data/ts-0-root
metadata directory: /tmp/dist-test-taskHpUXah/test-tmp/auto_rebalancer-test.0.AutoRebalancerTest.RangeAwareRebalancesNewRangeReplicas.1780320883654783-5663-0/minicluster-data/ts-0-root
1 data directories: /tmp/dist-test-taskHpUXah/test-tmp/auto_rebalancer-test.0.AutoRebalancerTest.RangeAwareRebalancesNewRangeReplicas.1780320883654783-5663-0/minicluster-data/ts-0-root/data
Total live blocks: 0
Total live bytes: 0
Total live bytes (after alignment): 0
Total number of LBM containers: 0 (0 full)
Did not check for missing blocks
Did not check for orphaned blocks
Total full LBM containers with extra space: 0 (0 repaired)
Total full LBM container extra space in bytes: 0 (0 repaired)
Total incomplete LBM containers: 0 (0 repaired)
Total LBM partial records: 0 (0 repaired)
Total corrupted LBM metadata records in RocksDB: 0 (0 repaired)
I20260601 13:35:51.015704  5663 rpc_server.cc:225] running with OpenSSL 1.1.1  11 Sep 2018
I20260601 13:35:51.016140  5663 kserver.cc:163] Server-wide thread pool size limit: 3276
I20260601 13:35:51.016448  5663 txn_system_client.cc:432] TxnSystemClient initialization is disabled...
I20260601 13:35:51.016939  5663 ts_tablet_manager.cc:585] Loaded tablet metadata (0 total tablets, 0 live tablets)
I20260601 13:35:51.016976  5663 ts_tablet_manager.cc:531] Time spent load tablet metadata: real 0.000s	user 0.000s	sys 0.000s
I20260601 13:35:51.017010  5663 ts_tablet_manager.cc:616] Registered 0 tablets
I20260601 13:35:51.017038  5663 ts_tablet_manager.cc:595] Time spent register tablets: real 0.000s	user 0.000s	sys 0.000s
I20260601 13:35:51.021078  5663 rpc_server.cc:307] RPC server started. Bound to: 127.5.135.193:43287
I20260601 13:35:51.021111  8641 acceptor_pool.cc:272] collecting diagnostics on the listening RPC socket 127.5.135.193:43287 every 8 connection(s)
I20260601 13:35:51.021968  5663 file_cache.cc:492] Constructed file cache file cache with capacity 419430
W20260601 13:35:51.023955  8649 instance_detector.cc:116] could not retrieve OpenStack instance metadata: Network error: curl error: HTTP response code said error: The requested URL returned error: 404
W20260601 13:35:51.023976  8646 instance_detector.cc:116] could not retrieve AWS instance metadata: Network error: curl error: HTTP response code said error: The requested URL returned error: 404
W20260601 13:35:51.024040  8647 instance_detector.cc:116] could not retrieve Azure instance metadata: Network error: curl error: HTTP response code said error: The requested URL returned error: 404
I20260601 13:35:51.024185  5663 server_base.cc:1061] running on GCE node
I20260601 13:35:51.024420  5663 hybrid_clock.cc:584] initializing the hybrid clock with 'system_unsync' time source
W20260601 13:35:51.024466  5663 system_unsync_time.cc:38] NTP support is disabled. Clock error bounds will not be accurate. This configuration is not suitable for distributed clusters.
I20260601 13:35:51.024480  5663 hybrid_clock.cc:648] HybridClock initialized: now 1780320951024481 us; error 0 us; skew 500 ppm
I20260601 13:35:51.025435  5663 webserver.cc:533] Webserver started at http://127.5.135.194:44507/ using document root <none> and password file <none>
I20260601 13:35:51.025599  5663 fs_manager.cc:362] Metadata directory not provided
I20260601 13:35:51.025655  5663 fs_manager.cc:368] Using write-ahead log directory (fs_wal_dir) as metadata directory
I20260601 13:35:51.025723  5663 server_base.cc:909] This appears to be a new deployment of Kudu; creating new FS layout
I20260601 13:35:51.026129  8642 heartbeater.cc:344] Connected to a master server at 127.5.135.254:36757
I20260601 13:35:51.026134  5663 fs_manager.cc:1068] Generated new instance metadata in path /tmp/dist-test-taskHpUXah/test-tmp/auto_rebalancer-test.0.AutoRebalancerTest.RangeAwareRebalancesNewRangeReplicas.1780320883654783-5663-0/minicluster-data/ts-1-root/instance:
uuid: "5c198df1eaf043839106ad4796e83871"
format_stamp: "Formatted at 2026-06-01 13:35:51 on dist-test-slave-jnlr"
I20260601 13:35:51.026228  8642 heartbeater.cc:461] Registering TS with master...
I20260601 13:35:51.026481  8642 heartbeater.cc:507] Master 127.5.135.254:36757 requested a full tablet report, sending...
I20260601 13:35:51.027105  8513 ts_manager.cc:194] Registered new tserver with Master: 73c4efeee5f64ad681b2e1ec86455fde (127.5.135.193:43287)
I20260601 13:35:51.027853  5663 fs_manager.cc:696] Time spent creating directory manager: real 0.001s	user 0.000s	sys 0.001s
I20260601 13:35:51.028033  8513 master_service.cc:502] Signed X509 certificate for tserver {username='slave'} at 127.0.0.1:59192
I20260601 13:35:51.028862  8654 log_block_manager.cc:4031] Time spent loading block containers with low live blocks: real 0.000s	user 0.000s	sys 0.000s
I20260601 13:35:51.029088  5663 fs_manager.cc:730] Time spent opening block manager: real 0.001s	user 0.000s	sys 0.001s
I20260601 13:35:51.029147  5663 fs_manager.cc:647] Opened local filesystem: /tmp/dist-test-taskHpUXah/test-tmp/auto_rebalancer-test.0.AutoRebalancerTest.RangeAwareRebalancesNewRangeReplicas.1780320883654783-5663-0/minicluster-data/ts-1-root
uuid: "5c198df1eaf043839106ad4796e83871"
format_stamp: "Formatted at 2026-06-01 13:35:51 on dist-test-slave-jnlr"
I20260601 13:35:51.029230  5663 fs_report.cc:389] FS layout report
--------------------
wal directory: /tmp/dist-test-taskHpUXah/test-tmp/auto_rebalancer-test.0.AutoRebalancerTest.RangeAwareRebalancesNewRangeReplicas.1780320883654783-5663-0/minicluster-data/ts-1-root
metadata directory: /tmp/dist-test-taskHpUXah/test-tmp/auto_rebalancer-test.0.AutoRebalancerTest.RangeAwareRebalancesNewRangeReplicas.1780320883654783-5663-0/minicluster-data/ts-1-root
1 data directories: /tmp/dist-test-taskHpUXah/test-tmp/auto_rebalancer-test.0.AutoRebalancerTest.RangeAwareRebalancesNewRangeReplicas.1780320883654783-5663-0/minicluster-data/ts-1-root/data
Total live blocks: 0
Total live bytes: 0
Total live bytes (after alignment): 0
Total number of LBM containers: 0 (0 full)
Did not check for missing blocks
Did not check for orphaned blocks
Total full LBM containers with extra space: 0 (0 repaired)
Total full LBM container extra space in bytes: 0 (0 repaired)
Total incomplete LBM containers: 0 (0 repaired)
Total LBM partial records: 0 (0 repaired)
Total corrupted LBM metadata records in RocksDB: 0 (0 repaired)
I20260601 13:35:51.069907  5663 rpc_server.cc:225] running with OpenSSL 1.1.1  11 Sep 2018
I20260601 13:35:51.070362  5663 kserver.cc:163] Server-wide thread pool size limit: 3276
I20260601 13:35:51.070663  5663 txn_system_client.cc:432] TxnSystemClient initialization is disabled...
I20260601 13:35:51.071171  5663 ts_tablet_manager.cc:585] Loaded tablet metadata (0 total tablets, 0 live tablets)
I20260601 13:35:51.071211  5663 ts_tablet_manager.cc:531] Time spent load tablet metadata: real 0.000s	user 0.000s	sys 0.000s
I20260601 13:35:51.071242  5663 ts_tablet_manager.cc:616] Registered 0 tablets
I20260601 13:35:51.071256  5663 ts_tablet_manager.cc:595] Time spent register tablets: real 0.000s	user 0.000s	sys 0.000s
I20260601 13:35:51.075645  5663 rpc_server.cc:307] RPC server started. Bound to: 127.5.135.194:42083
I20260601 13:35:51.075726  8717 acceptor_pool.cc:272] collecting diagnostics on the listening RPC socket 127.5.135.194:42083 every 8 connection(s)
I20260601 13:35:51.076540  5663 file_cache.cc:492] Constructed file cache file cache with capacity 419430
W20260601 13:35:51.078392  8721 instance_detector.cc:116] could not retrieve AWS instance metadata: Network error: curl error: HTTP response code said error: The requested URL returned error: 404
W20260601 13:35:51.078413  8722 instance_detector.cc:116] could not retrieve Azure instance metadata: Network error: curl error: HTTP response code said error: The requested URL returned error: 404
W20260601 13:35:51.078624  8724 instance_detector.cc:116] could not retrieve OpenStack instance metadata: Network error: curl error: HTTP response code said error: The requested URL returned error: 404
I20260601 13:35:51.078635  5663 server_base.cc:1061] running on GCE node
I20260601 13:35:51.078883  5663 hybrid_clock.cc:584] initializing the hybrid clock with 'system_unsync' time source
W20260601 13:35:51.078945  5663 system_unsync_time.cc:38] NTP support is disabled. Clock error bounds will not be accurate. This configuration is not suitable for distributed clusters.
I20260601 13:35:51.078964  5663 hybrid_clock.cc:648] HybridClock initialized: now 1780320951078964 us; error 0 us; skew 500 ppm
I20260601 13:35:51.080025  5663 webserver.cc:533] Webserver started at http://127.5.135.195:42663/ using document root <none> and password file <none>
I20260601 13:35:51.080183  5663 fs_manager.cc:362] Metadata directory not provided
I20260601 13:35:51.080245  5663 fs_manager.cc:368] Using write-ahead log directory (fs_wal_dir) as metadata directory
I20260601 13:35:51.080323  5663 server_base.cc:909] This appears to be a new deployment of Kudu; creating new FS layout
I20260601 13:35:51.080721  5663 fs_manager.cc:1068] Generated new instance metadata in path /tmp/dist-test-taskHpUXah/test-tmp/auto_rebalancer-test.0.AutoRebalancerTest.RangeAwareRebalancesNewRangeReplicas.1780320883654783-5663-0/minicluster-data/ts-2-root/instance:
uuid: "ddad7ad6f5b04a8181aef4095da1d4a5"
format_stamp: "Formatted at 2026-06-01 13:35:51 on dist-test-slave-jnlr"
I20260601 13:35:51.081009  8718 heartbeater.cc:344] Connected to a master server at 127.5.135.254:36757
I20260601 13:35:51.081168  8718 heartbeater.cc:461] Registering TS with master...
I20260601 13:35:51.081471  8718 heartbeater.cc:507] Master 127.5.135.254:36757 requested a full tablet report, sending...
I20260601 13:35:51.082113  8513 ts_manager.cc:194] Registered new tserver with Master: 5c198df1eaf043839106ad4796e83871 (127.5.135.194:42083)
I20260601 13:35:51.082495  5663 fs_manager.cc:696] Time spent creating directory manager: real 0.002s	user 0.002s	sys 0.000s
I20260601 13:35:51.082757  8513 master_service.cc:502] Signed X509 certificate for tserver {username='slave'} at 127.0.0.1:59208
I20260601 13:35:51.083483  8729 log_block_manager.cc:4031] Time spent loading block containers with low live blocks: real 0.000s	user 0.000s	sys 0.000s
I20260601 13:35:51.083760  5663 fs_manager.cc:730] Time spent opening block manager: real 0.001s	user 0.001s	sys 0.000s
I20260601 13:35:51.083832  5663 fs_manager.cc:647] Opened local filesystem: /tmp/dist-test-taskHpUXah/test-tmp/auto_rebalancer-test.0.AutoRebalancerTest.RangeAwareRebalancesNewRangeReplicas.1780320883654783-5663-0/minicluster-data/ts-2-root
uuid: "ddad7ad6f5b04a8181aef4095da1d4a5"
format_stamp: "Formatted at 2026-06-01 13:35:51 on dist-test-slave-jnlr"
I20260601 13:35:51.083905  5663 fs_report.cc:389] FS layout report
--------------------
wal directory: /tmp/dist-test-taskHpUXah/test-tmp/auto_rebalancer-test.0.AutoRebalancerTest.RangeAwareRebalancesNewRangeReplicas.1780320883654783-5663-0/minicluster-data/ts-2-root
metadata directory: /tmp/dist-test-taskHpUXah/test-tmp/auto_rebalancer-test.0.AutoRebalancerTest.RangeAwareRebalancesNewRangeReplicas.1780320883654783-5663-0/minicluster-data/ts-2-root
1 data directories: /tmp/dist-test-taskHpUXah/test-tmp/auto_rebalancer-test.0.AutoRebalancerTest.RangeAwareRebalancesNewRangeReplicas.1780320883654783-5663-0/minicluster-data/ts-2-root/data
Total live blocks: 0
Total live bytes: 0
Total live bytes (after alignment): 0
Total number of LBM containers: 0 (0 full)
Did not check for missing blocks
Did not check for orphaned blocks
Total full LBM containers with extra space: 0 (0 repaired)
Total full LBM container extra space in bytes: 0 (0 repaired)
Total incomplete LBM containers: 0 (0 repaired)
Total LBM partial records: 0 (0 repaired)
Total corrupted LBM metadata records in RocksDB: 0 (0 repaired)
I20260601 13:35:51.104100  5663 rpc_server.cc:225] running with OpenSSL 1.1.1  11 Sep 2018
I20260601 13:35:51.104516  5663 kserver.cc:163] Server-wide thread pool size limit: 3276
I20260601 13:35:51.104830  5663 txn_system_client.cc:432] TxnSystemClient initialization is disabled...
I20260601 13:35:51.105316  5663 ts_tablet_manager.cc:585] Loaded tablet metadata (0 total tablets, 0 live tablets)
I20260601 13:35:51.105355  5663 ts_tablet_manager.cc:531] Time spent load tablet metadata: real 0.000s	user 0.000s	sys 0.000s
I20260601 13:35:51.105386  5663 ts_tablet_manager.cc:616] Registered 0 tablets
I20260601 13:35:51.105401  5663 ts_tablet_manager.cc:595] Time spent register tablets: real 0.000s	user 0.000s	sys 0.000s
I20260601 13:35:51.109886  5663 rpc_server.cc:307] RPC server started. Bound to: 127.5.135.195:43801
I20260601 13:35:51.109956  8792 acceptor_pool.cc:272] collecting diagnostics on the listening RPC socket 127.5.135.195:43801 every 8 connection(s)
I20260601 13:35:51.114603  8793 heartbeater.cc:344] Connected to a master server at 127.5.135.254:36757
I20260601 13:35:51.114725  8793 heartbeater.cc:461] Registering TS with master...
I20260601 13:35:51.114943  8793 heartbeater.cc:507] Master 127.5.135.254:36757 requested a full tablet report, sending...
I20260601 13:35:51.115572  8513 ts_manager.cc:194] Registered new tserver with Master: ddad7ad6f5b04a8181aef4095da1d4a5 (127.5.135.195:43801)
I20260601 13:35:51.115935  5663 internal_mini_cluster.cc:371] 3 TS(s) registered with all masters after 0.005644785s
I20260601 13:35:51.116099  8513 master_service.cc:502] Signed X509 certificate for tserver {username='slave'} at 127.0.0.1:59216
I20260601 13:35:52.029062  8642 heartbeater.cc:499] Master 127.5.135.254:36757 was elected leader, sending a full tablet report...
I20260601 13:35:52.083703  8718 heartbeater.cc:499] Master 127.5.135.254:36757 was elected leader, sending a full tablet report...
I20260601 13:35:52.117067  8793 heartbeater.cc:499] Master 127.5.135.254:36757 was elected leader, sending a full tablet report...
I20260601 13:35:52.152084  8513 catalog_manager.cc:2282] Servicing CreateTable request from {username='slave'} at 127.0.0.1:59230:
name: "range_aware_rebalance_new_range"
schema {
  columns {
    name: "key"
    type: INT32
    is_key: true
    is_nullable: false
    encoding: AUTO_ENCODING
    compression: DEFAULT_COMPRESSION
    cfile_block_size: 0
    immutable: false
  }
}
num_replicas: 3
split_rows_range_bounds {
  rows: "\006\001\000\000\000\000\007\001\n\000\000\000""\006\001\000\000\000\000\007\001\n\000\000\000"
  indirect_data: """"
}
partition_schema {
  hash_schema {
    columns {
      name: "key"
    }
    num_buckets: 8
    seed: 0
  }
  range_schema {
    columns {
      name: "key"
    }
  }
}
W20260601 13:35:52.152688  8513 catalog_manager.cc:7076] The number of live tablet servers is not enough to re-replicate a tablet replica of the newly created table range_aware_rebalance_new_range in case of a server failure: 4 tablet servers would be needed, 3 are available. Consider bringing up more tablet servers.
I20260601 13:35:52.165418  8605 tablet_service.cc:1511] Processing CreateTablet for tablet ed249c11d49c4ac8802e24db5f98c37a (DEFAULT_TABLE table=range_aware_rebalance_new_range [id=8c7f1bad4ee44340abb662f56d3048b0]), partition=HASH (key) PARTITION 1, RANGE (key) PARTITION 0 <= VALUES < 10
I20260601 13:35:52.165557  8757 tablet_service.cc:1511] Processing CreateTablet for tablet 87340d763d954137b5653458fd82aa3a (DEFAULT_TABLE table=range_aware_rebalance_new_range [id=8c7f1bad4ee44340abb662f56d3048b0]), partition=HASH (key) PARTITION 0, RANGE (key) PARTITION 0 <= VALUES < 10
I20260601 13:35:52.165861  8605 data_dirs.cc:400] Could only allocate 1 dirs of requested 3 for tablet ed249c11d49c4ac8802e24db5f98c37a. 1 dirs total, 0 dirs full, 0 dirs failed
I20260601 13:35:52.165755  8604 tablet_service.cc:1511] Processing CreateTablet for tablet 748c757a2e1c4749a7e3750d794eec54 (DEFAULT_TABLE table=range_aware_rebalance_new_range [id=8c7f1bad4ee44340abb662f56d3048b0]), partition=HASH (key) PARTITION 2, RANGE (key) PARTITION 0 <= VALUES < 10
I20260601 13:35:52.165948  8757 data_dirs.cc:400] Could only allocate 1 dirs of requested 3 for tablet 87340d763d954137b5653458fd82aa3a. 1 dirs total, 0 dirs full, 0 dirs failed
I20260601 13:35:52.166080  8604 data_dirs.cc:400] Could only allocate 1 dirs of requested 3 for tablet 748c757a2e1c4749a7e3750d794eec54. 1 dirs total, 0 dirs full, 0 dirs failed
I20260601 13:35:52.166854  8600 tablet_service.cc:1511] Processing CreateTablet for tablet fa5ed0145ec64eaa8ceaa5d6e2bee91e (DEFAULT_TABLE table=range_aware_rebalance_new_range [id=8c7f1bad4ee44340abb662f56d3048b0]), partition=HASH (key) PARTITION 6, RANGE (key) PARTITION 0 <= VALUES < 10
I20260601 13:35:52.167148  8600 data_dirs.cc:400] Could only allocate 1 dirs of requested 3 for tablet fa5ed0145ec64eaa8ceaa5d6e2bee91e. 1 dirs total, 0 dirs full, 0 dirs failed
I20260601 13:35:52.168721  8756 tablet_service.cc:1511] Processing CreateTablet for tablet ed249c11d49c4ac8802e24db5f98c37a (DEFAULT_TABLE table=range_aware_rebalance_new_range [id=8c7f1bad4ee44340abb662f56d3048b0]), partition=HASH (key) PARTITION 1, RANGE (key) PARTITION 0 <= VALUES < 10
I20260601 13:35:52.168812  8813 tablet_bootstrap.cc:492] T 87340d763d954137b5653458fd82aa3a P ddad7ad6f5b04a8181aef4095da1d4a5: Bootstrap starting.
I20260601 13:35:52.168958  8814 tablet_bootstrap.cc:492] T 748c757a2e1c4749a7e3750d794eec54 P 73c4efeee5f64ad681b2e1ec86455fde: Bootstrap starting.
I20260601 13:35:52.168998  8756 data_dirs.cc:400] Could only allocate 1 dirs of requested 3 for tablet ed249c11d49c4ac8802e24db5f98c37a. 1 dirs total, 0 dirs full, 0 dirs failed
I20260601 13:35:52.169395  8601 tablet_service.cc:1511] Processing CreateTablet for tablet c68f765159ca4d17b463f79b39c85012 (DEFAULT_TABLE table=range_aware_rebalance_new_range [id=8c7f1bad4ee44340abb662f56d3048b0]), partition=HASH (key) PARTITION 5, RANGE (key) PARTITION 0 <= VALUES < 10
I20260601 13:35:52.169644  8601 data_dirs.cc:400] Could only allocate 1 dirs of requested 3 for tablet c68f765159ca4d17b463f79b39c85012. 1 dirs total, 0 dirs full, 0 dirs failed
I20260601 13:35:52.170006  8813 tablet_bootstrap.cc:654] T 87340d763d954137b5653458fd82aa3a P ddad7ad6f5b04a8181aef4095da1d4a5: Neither blocks nor log segments found. Creating new log.
I20260601 13:35:52.170020  8814 tablet_bootstrap.cc:654] T 748c757a2e1c4749a7e3750d794eec54 P 73c4efeee5f64ad681b2e1ec86455fde: Neither blocks nor log segments found. Creating new log.
I20260601 13:35:52.171053  8755 tablet_service.cc:1511] Processing CreateTablet for tablet 748c757a2e1c4749a7e3750d794eec54 (DEFAULT_TABLE table=range_aware_rebalance_new_range [id=8c7f1bad4ee44340abb662f56d3048b0]), partition=HASH (key) PARTITION 2, RANGE (key) PARTITION 0 <= VALUES < 10
I20260601 13:35:52.171294  8755 data_dirs.cc:400] Could only allocate 1 dirs of requested 3 for tablet 748c757a2e1c4749a7e3750d794eec54. 1 dirs total, 0 dirs full, 0 dirs failed
I20260601 13:35:52.171731  8602 tablet_service.cc:1511] Processing CreateTablet for tablet c4d7ad1337174ae3bf467d4f9989a03f (DEFAULT_TABLE table=range_aware_rebalance_new_range [id=8c7f1bad4ee44340abb662f56d3048b0]), partition=HASH (key) PARTITION 4, RANGE (key) PARTITION 0 <= VALUES < 10
I20260601 13:35:52.171933  8602 data_dirs.cc:400] Could only allocate 1 dirs of requested 3 for tablet c4d7ad1337174ae3bf467d4f9989a03f. 1 dirs total, 0 dirs full, 0 dirs failed
I20260601 13:35:52.172873  8754 tablet_service.cc:1511] Processing CreateTablet for tablet b84e37e9e43740d0963ef43f7e112351 (DEFAULT_TABLE table=range_aware_rebalance_new_range [id=8c7f1bad4ee44340abb662f56d3048b0]), partition=HASH (key) PARTITION 3, RANGE (key) PARTITION 0 <= VALUES < 10
I20260601 13:35:52.173087  8754 data_dirs.cc:400] Could only allocate 1 dirs of requested 3 for tablet b84e37e9e43740d0963ef43f7e112351. 1 dirs total, 0 dirs full, 0 dirs failed
I20260601 13:35:52.173615  8603 tablet_service.cc:1511] Processing CreateTablet for tablet b84e37e9e43740d0963ef43f7e112351 (DEFAULT_TABLE table=range_aware_rebalance_new_range [id=8c7f1bad4ee44340abb662f56d3048b0]), partition=HASH (key) PARTITION 3, RANGE (key) PARTITION 0 <= VALUES < 10
I20260601 13:35:52.173826  8603 data_dirs.cc:400] Could only allocate 1 dirs of requested 3 for tablet b84e37e9e43740d0963ef43f7e112351. 1 dirs total, 0 dirs full, 0 dirs failed
I20260601 13:35:52.174602  8753 tablet_service.cc:1511] Processing CreateTablet for tablet c4d7ad1337174ae3bf467d4f9989a03f (DEFAULT_TABLE table=range_aware_rebalance_new_range [id=8c7f1bad4ee44340abb662f56d3048b0]), partition=HASH (key) PARTITION 4, RANGE (key) PARTITION 0 <= VALUES < 10
I20260601 13:35:52.174809  8753 data_dirs.cc:400] Could only allocate 1 dirs of requested 3 for tablet c4d7ad1337174ae3bf467d4f9989a03f. 1 dirs total, 0 dirs full, 0 dirs failed
I20260601 13:35:52.175400  8751 tablet_service.cc:1511] Processing CreateTablet for tablet fa5ed0145ec64eaa8ceaa5d6e2bee91e (DEFAULT_TABLE table=range_aware_rebalance_new_range [id=8c7f1bad4ee44340abb662f56d3048b0]), partition=HASH (key) PARTITION 6, RANGE (key) PARTITION 0 <= VALUES < 10
I20260601 13:35:52.175635  8751 data_dirs.cc:400] Could only allocate 1 dirs of requested 3 for tablet fa5ed0145ec64eaa8ceaa5d6e2bee91e. 1 dirs total, 0 dirs full, 0 dirs failed
I20260601 13:35:52.176667  8752 tablet_service.cc:1511] Processing CreateTablet for tablet c68f765159ca4d17b463f79b39c85012 (DEFAULT_TABLE table=range_aware_rebalance_new_range [id=8c7f1bad4ee44340abb662f56d3048b0]), partition=HASH (key) PARTITION 5, RANGE (key) PARTITION 0 <= VALUES < 10
I20260601 13:35:52.176929  8752 data_dirs.cc:400] Could only allocate 1 dirs of requested 3 for tablet c68f765159ca4d17b463f79b39c85012. 1 dirs total, 0 dirs full, 0 dirs failed
I20260601 13:35:52.165587  8606 tablet_service.cc:1511] Processing CreateTablet for tablet 87340d763d954137b5653458fd82aa3a (DEFAULT_TABLE table=range_aware_rebalance_new_range [id=8c7f1bad4ee44340abb662f56d3048b0]), partition=HASH (key) PARTITION 0, RANGE (key) PARTITION 0 <= VALUES < 10
I20260601 13:35:52.177505  8606 data_dirs.cc:400] Could only allocate 1 dirs of requested 3 for tablet 87340d763d954137b5653458fd82aa3a. 1 dirs total, 0 dirs full, 0 dirs failed
I20260601 13:35:52.179344  8682 tablet_service.cc:1511] Processing CreateTablet for tablet 87340d763d954137b5653458fd82aa3a (DEFAULT_TABLE table=range_aware_rebalance_new_range [id=8c7f1bad4ee44340abb662f56d3048b0]), partition=HASH (key) PARTITION 0, RANGE (key) PARTITION 0 <= VALUES < 10
I20260601 13:35:52.179600  8682 data_dirs.cc:400] Could only allocate 1 dirs of requested 3 for tablet 87340d763d954137b5653458fd82aa3a. 1 dirs total, 0 dirs full, 0 dirs failed
I20260601 13:35:52.179721  8606 tablet_service.cc:1511] Processing CreateTablet for tablet 2d90af069063494db5457891ed4890bc (DEFAULT_TABLE table=range_aware_rebalance_new_range [id=8c7f1bad4ee44340abb662f56d3048b0]), partition=HASH (key) PARTITION 7, RANGE (key) PARTITION 0 <= VALUES < 10
I20260601 13:35:52.179941  8606 data_dirs.cc:400] Could only allocate 1 dirs of requested 3 for tablet 2d90af069063494db5457891ed4890bc. 1 dirs total, 0 dirs full, 0 dirs failed
I20260601 13:35:52.180380  8679 tablet_service.cc:1511] Processing CreateTablet for tablet b84e37e9e43740d0963ef43f7e112351 (DEFAULT_TABLE table=range_aware_rebalance_new_range [id=8c7f1bad4ee44340abb662f56d3048b0]), partition=HASH (key) PARTITION 3, RANGE (key) PARTITION 0 <= VALUES < 10
I20260601 13:35:52.180538  8813 tablet_bootstrap.cc:492] T 87340d763d954137b5653458fd82aa3a P ddad7ad6f5b04a8181aef4095da1d4a5: No bootstrap required, opened a new log
I20260601 13:35:52.180622  8679 data_dirs.cc:400] Could only allocate 1 dirs of requested 3 for tablet b84e37e9e43740d0963ef43f7e112351. 1 dirs total, 0 dirs full, 0 dirs failed
I20260601 13:35:52.180629  8813 ts_tablet_manager.cc:1403] T 87340d763d954137b5653458fd82aa3a P ddad7ad6f5b04a8181aef4095da1d4a5: Time spent bootstrapping tablet: real 0.012s	user 0.002s	sys 0.000s
I20260601 13:35:52.181173  8813 raft_consensus.cc:359] T 87340d763d954137b5653458fd82aa3a P ddad7ad6f5b04a8181aef4095da1d4a5 [term 0 FOLLOWER]: Replica starting. Triggering 0 pending ops. Active config: opid_index: -1 OBSOLETE_local: false peers { permanent_uuid: "73c4efeee5f64ad681b2e1ec86455fde" member_type: VOTER last_known_addr { host: "127.5.135.193" port: 43287 } } peers { permanent_uuid: "5c198df1eaf043839106ad4796e83871" member_type: VOTER last_known_addr { host: "127.5.135.194" port: 42083 } } peers { permanent_uuid: "ddad7ad6f5b04a8181aef4095da1d4a5" member_type: VOTER last_known_addr { host: "127.5.135.195" port: 43801 } }
I20260601 13:35:52.181296  8813 raft_consensus.cc:385] T 87340d763d954137b5653458fd82aa3a P ddad7ad6f5b04a8181aef4095da1d4a5 [term 0 FOLLOWER]: Consensus starting up: Expiring failure detector timer to make a prompt election more likely
I20260601 13:35:52.181330  8813 raft_consensus.cc:740] T 87340d763d954137b5653458fd82aa3a P ddad7ad6f5b04a8181aef4095da1d4a5 [term 0 FOLLOWER]: Becoming Follower/Learner. State: Replica: ddad7ad6f5b04a8181aef4095da1d4a5, State: Initialized, Role: FOLLOWER
I20260601 13:35:52.181473  8813 consensus_queue.cc:260] T 87340d763d954137b5653458fd82aa3a P ddad7ad6f5b04a8181aef4095da1d4a5 [NON_LEADER]: Queue going to NON_LEADER mode. State: All replicated index: 0, Majority replicated index: 0, Committed index: 0, Last appended: 0.0, Last appended by leader: 0, Current term: 0, Majority size: -1, State: 0, Mode: NON_LEADER, active raft config: opid_index: -1 OBSOLETE_local: false peers { permanent_uuid: "73c4efeee5f64ad681b2e1ec86455fde" member_type: VOTER last_known_addr { host: "127.5.135.193" port: 43287 } } peers { permanent_uuid: "5c198df1eaf043839106ad4796e83871" member_type: VOTER last_known_addr { host: "127.5.135.194" port: 42083 } } peers { permanent_uuid: "ddad7ad6f5b04a8181aef4095da1d4a5" member_type: VOTER last_known_addr { host: "127.5.135.195" port: 43801 } }
I20260601 13:35:52.181841  8817 tablet_bootstrap.cc:492] T 87340d763d954137b5653458fd82aa3a P 5c198df1eaf043839106ad4796e83871: Bootstrap starting.
I20260601 13:35:52.181878  8813 ts_tablet_manager.cc:1434] T 87340d763d954137b5653458fd82aa3a P ddad7ad6f5b04a8181aef4095da1d4a5: Time spent starting tablet: real 0.001s	user 0.001s	sys 0.000s
I20260601 13:35:52.182082  8813 tablet_bootstrap.cc:492] T ed249c11d49c4ac8802e24db5f98c37a P ddad7ad6f5b04a8181aef4095da1d4a5: Bootstrap starting.
I20260601 13:35:52.182884  8680 tablet_service.cc:1511] Processing CreateTablet for tablet 748c757a2e1c4749a7e3750d794eec54 (DEFAULT_TABLE table=range_aware_rebalance_new_range [id=8c7f1bad4ee44340abb662f56d3048b0]), partition=HASH (key) PARTITION 2, RANGE (key) PARTITION 0 <= VALUES < 10
I20260601 13:35:52.182896  8817 tablet_bootstrap.cc:654] T 87340d763d954137b5653458fd82aa3a P 5c198df1eaf043839106ad4796e83871: Neither blocks nor log segments found. Creating new log.
I20260601 13:35:52.183159  8813 tablet_bootstrap.cc:654] T ed249c11d49c4ac8802e24db5f98c37a P ddad7ad6f5b04a8181aef4095da1d4a5: Neither blocks nor log segments found. Creating new log.
I20260601 13:35:52.183187  8680 data_dirs.cc:400] Could only allocate 1 dirs of requested 3 for tablet 748c757a2e1c4749a7e3750d794eec54. 1 dirs total, 0 dirs full, 0 dirs failed
I20260601 13:35:52.184092  8817 tablet_bootstrap.cc:492] T 87340d763d954137b5653458fd82aa3a P 5c198df1eaf043839106ad4796e83871: No bootstrap required, opened a new log
I20260601 13:35:52.184175  8817 ts_tablet_manager.cc:1403] T 87340d763d954137b5653458fd82aa3a P 5c198df1eaf043839106ad4796e83871: Time spent bootstrapping tablet: real 0.002s	user 0.000s	sys 0.002s
I20260601 13:35:52.184484  8681 tablet_service.cc:1511] Processing CreateTablet for tablet ed249c11d49c4ac8802e24db5f98c37a (DEFAULT_TABLE table=range_aware_rebalance_new_range [id=8c7f1bad4ee44340abb662f56d3048b0]), partition=HASH (key) PARTITION 1, RANGE (key) PARTITION 0 <= VALUES < 10
I20260601 13:35:52.184648  8817 raft_consensus.cc:359] T 87340d763d954137b5653458fd82aa3a P 5c198df1eaf043839106ad4796e83871 [term 0 FOLLOWER]: Replica starting. Triggering 0 pending ops. Active config: opid_index: -1 OBSOLETE_local: false peers { permanent_uuid: "73c4efeee5f64ad681b2e1ec86455fde" member_type: VOTER last_known_addr { host: "127.5.135.193" port: 43287 } } peers { permanent_uuid: "5c198df1eaf043839106ad4796e83871" member_type: VOTER last_known_addr { host: "127.5.135.194" port: 42083 } } peers { permanent_uuid: "ddad7ad6f5b04a8181aef4095da1d4a5" member_type: VOTER last_known_addr { host: "127.5.135.195" port: 43801 } }
I20260601 13:35:52.184741  8681 data_dirs.cc:400] Could only allocate 1 dirs of requested 3 for tablet ed249c11d49c4ac8802e24db5f98c37a. 1 dirs total, 0 dirs full, 0 dirs failed
I20260601 13:35:52.184893  8678 tablet_service.cc:1511] Processing CreateTablet for tablet fa5ed0145ec64eaa8ceaa5d6e2bee91e (DEFAULT_TABLE table=range_aware_rebalance_new_range [id=8c7f1bad4ee44340abb662f56d3048b0]), partition=HASH (key) PARTITION 6, RANGE (key) PARTITION 0 <= VALUES < 10
I20260601 13:35:52.185158  8678 data_dirs.cc:400] Could only allocate 1 dirs of requested 3 for tablet fa5ed0145ec64eaa8ceaa5d6e2bee91e. 1 dirs total, 0 dirs full, 0 dirs failed
I20260601 13:35:52.185456  8813 tablet_bootstrap.cc:492] T ed249c11d49c4ac8802e24db5f98c37a P ddad7ad6f5b04a8181aef4095da1d4a5: No bootstrap required, opened a new log
I20260601 13:35:52.185528  8813 ts_tablet_manager.cc:1403] T ed249c11d49c4ac8802e24db5f98c37a P ddad7ad6f5b04a8181aef4095da1d4a5: Time spent bootstrapping tablet: real 0.003s	user 0.002s	sys 0.000s
I20260601 13:35:52.185828  8677 tablet_service.cc:1511] Processing CreateTablet for tablet 2d90af069063494db5457891ed4890bc (DEFAULT_TABLE table=range_aware_rebalance_new_range [id=8c7f1bad4ee44340abb662f56d3048b0]), partition=HASH (key) PARTITION 7, RANGE (key) PARTITION 0 <= VALUES < 10
