I20260601 13:35:55.089059  2064 consensus_queue.cc:260] T 61c4da9b384b4d2192c505796531644c P b27664f5277f440fb1c10890d04e59f3 [NON_LEADER]: Queue going to NON_LEADER mode. State: All replicated index: 0, Majority replicated index: 0, Committed index: 0, Last appended: 0.0, Last appended by leader: 0, Current term: 0, Majority size: -1, State: 0, Mode: NON_LEADER, active raft config: opid_index: -1 OBSOLETE_local: false peers { permanent_uuid: "a5a2c91c0f5a4e6fbf2674dfa2b35ad8" member_type: VOTER last_known_addr { host: "127.30.153.129" port: 39777 } } peers { permanent_uuid: "b27664f5277f440fb1c10890d04e59f3" member_type: VOTER last_known_addr { host: "127.30.153.130" port: 34789 } } peers { permanent_uuid: "a92541a7b83444d69002ca381b5364b2" member_type: VOTER last_known_addr { host: "127.30.153.131" port: 37745 } }
I20260601 13:35:55.089326  2064 ts_tablet_manager.cc:1434] T 61c4da9b384b4d2192c505796531644c P b27664f5277f440fb1c10890d04e59f3: Time spent starting tablet: real 0.001s	user 0.000s	sys 0.000s
I20260601 13:35:55.089505  2064 tablet_bootstrap.cc:492] T f0b8018a21bf41dab72a765cf13d094a P b27664f5277f440fb1c10890d04e59f3: Bootstrap starting.
I20260601 13:35:55.089811  2072 raft_consensus.cc:359] T f0b8018a21bf41dab72a765cf13d094a P a92541a7b83444d69002ca381b5364b2 [term 0 FOLLOWER]: Replica starting. Triggering 0 pending ops. Active config: opid_index: -1 OBSOLETE_local: false peers { permanent_uuid: "b27664f5277f440fb1c10890d04e59f3" member_type: VOTER last_known_addr { host: "127.30.153.130" port: 34789 } } peers { permanent_uuid: "a5a2c91c0f5a4e6fbf2674dfa2b35ad8" member_type: VOTER last_known_addr { host: "127.30.153.129" port: 39777 } } peers { permanent_uuid: "a92541a7b83444d69002ca381b5364b2" member_type: VOTER last_known_addr { host: "127.30.153.131" port: 37745 } }
I20260601 13:35:55.089924  2072 raft_consensus.cc:385] T f0b8018a21bf41dab72a765cf13d094a P a92541a7b83444d69002ca381b5364b2 [term 0 FOLLOWER]: Consensus starting up: Expiring failure detector timer to make a prompt election more likely
I20260601 13:35:55.089968  2072 raft_consensus.cc:740] T f0b8018a21bf41dab72a765cf13d094a P a92541a7b83444d69002ca381b5364b2 [term 0 FOLLOWER]: Becoming Follower/Learner. State: Replica: a92541a7b83444d69002ca381b5364b2, State: Initialized, Role: FOLLOWER
I20260601 13:35:55.090102  2072 consensus_queue.cc:260] T f0b8018a21bf41dab72a765cf13d094a P a92541a7b83444d69002ca381b5364b2 [NON_LEADER]: Queue going to NON_LEADER mode. State: All replicated index: 0, Majority replicated index: 0, Committed index: 0, Last appended: 0.0, Last appended by leader: 0, Current term: 0, Majority size: -1, State: 0, Mode: NON_LEADER, active raft config: opid_index: -1 OBSOLETE_local: false peers { permanent_uuid: "b27664f5277f440fb1c10890d04e59f3" member_type: VOTER last_known_addr { host: "127.30.153.130" port: 34789 } } peers { permanent_uuid: "a5a2c91c0f5a4e6fbf2674dfa2b35ad8" member_type: VOTER last_known_addr { host: "127.30.153.129" port: 39777 } } peers { permanent_uuid: "a92541a7b83444d69002ca381b5364b2" member_type: VOTER last_known_addr { host: "127.30.153.131" port: 37745 } }
I20260601 13:35:55.090458  2064 tablet_bootstrap.cc:654] T f0b8018a21bf41dab72a765cf13d094a P b27664f5277f440fb1c10890d04e59f3: Neither blocks nor log segments found. Creating new log.
I20260601 13:35:55.091516  2064 tablet_bootstrap.cc:492] T f0b8018a21bf41dab72a765cf13d094a P b27664f5277f440fb1c10890d04e59f3: No bootstrap required, opened a new log
I20260601 13:35:55.091531  2072 ts_tablet_manager.cc:1434] T f0b8018a21bf41dab72a765cf13d094a P a92541a7b83444d69002ca381b5364b2: Time spent starting tablet: real 0.002s	user 0.000s	sys 0.002s
I20260601 13:35:55.091630  2064 ts_tablet_manager.cc:1403] T f0b8018a21bf41dab72a765cf13d094a P b27664f5277f440fb1c10890d04e59f3: Time spent bootstrapping tablet: real 0.002s	user 0.002s	sys 0.000s
I20260601 13:35:55.091747  2072 tablet_bootstrap.cc:492] T 8e77bedf9d0948ba8e13bba859bebc28 P a92541a7b83444d69002ca381b5364b2: Bootstrap starting.
I20260601 13:35:55.092038  2064 raft_consensus.cc:359] T f0b8018a21bf41dab72a765cf13d094a P b27664f5277f440fb1c10890d04e59f3 [term 0 FOLLOWER]: Replica starting. Triggering 0 pending ops. Active config: opid_index: -1 OBSOLETE_local: false peers { permanent_uuid: "b27664f5277f440fb1c10890d04e59f3" member_type: VOTER last_known_addr { host: "127.30.153.130" port: 34789 } } peers { permanent_uuid: "a5a2c91c0f5a4e6fbf2674dfa2b35ad8" member_type: VOTER last_known_addr { host: "127.30.153.129" port: 39777 } } peers { permanent_uuid: "a92541a7b83444d69002ca381b5364b2" member_type: VOTER last_known_addr { host: "127.30.153.131" port: 37745 } }
I20260601 13:35:55.092159  2064 raft_consensus.cc:385] T f0b8018a21bf41dab72a765cf13d094a P b27664f5277f440fb1c10890d04e59f3 [term 0 FOLLOWER]: Consensus starting up: Expiring failure detector timer to make a prompt election more likely
I20260601 13:35:55.092190  2064 raft_consensus.cc:740] T f0b8018a21bf41dab72a765cf13d094a P b27664f5277f440fb1c10890d04e59f3 [term 0 FOLLOWER]: Becoming Follower/Learner. State: Replica: b27664f5277f440fb1c10890d04e59f3, State: Initialized, Role: FOLLOWER
I20260601 13:35:55.092293  2064 consensus_queue.cc:260] T f0b8018a21bf41dab72a765cf13d094a P b27664f5277f440fb1c10890d04e59f3 [NON_LEADER]: Queue going to NON_LEADER mode. State: All replicated index: 0, Majority replicated index: 0, Committed index: 0, Last appended: 0.0, Last appended by leader: 0, Current term: 0, Majority size: -1, State: 0, Mode: NON_LEADER, active raft config: opid_index: -1 OBSOLETE_local: false peers { permanent_uuid: "b27664f5277f440fb1c10890d04e59f3" member_type: VOTER last_known_addr { host: "127.30.153.130" port: 34789 } } peers { permanent_uuid: "a5a2c91c0f5a4e6fbf2674dfa2b35ad8" member_type: VOTER last_known_addr { host: "127.30.153.129" port: 39777 } } peers { permanent_uuid: "a92541a7b83444d69002ca381b5364b2" member_type: VOTER last_known_addr { host: "127.30.153.131" port: 37745 } }
I20260601 13:35:55.092548  2064 ts_tablet_manager.cc:1434] T f0b8018a21bf41dab72a765cf13d094a P b27664f5277f440fb1c10890d04e59f3: Time spent starting tablet: real 0.001s	user 0.001s	sys 0.000s
I20260601 13:35:55.092628  2065 tablet_bootstrap.cc:492] T 8e77bedf9d0948ba8e13bba859bebc28 P a5a2c91c0f5a4e6fbf2674dfa2b35ad8: No bootstrap required, opened a new log
I20260601 13:35:55.092702  2065 ts_tablet_manager.cc:1403] T 8e77bedf9d0948ba8e13bba859bebc28 P a5a2c91c0f5a4e6fbf2674dfa2b35ad8: Time spent bootstrapping tablet: real 0.005s	user 0.000s	sys 0.001s
I20260601 13:35:55.092713  2064 tablet_bootstrap.cc:492] T c86348e385b3496cbff27d19008a3871 P b27664f5277f440fb1c10890d04e59f3: Bootstrap starting.
I20260601 13:35:55.092814  2072 tablet_bootstrap.cc:654] T 8e77bedf9d0948ba8e13bba859bebc28 P a92541a7b83444d69002ca381b5364b2: Neither blocks nor log segments found. Creating new log.
I20260601 13:35:55.093117  2065 raft_consensus.cc:359] T 8e77bedf9d0948ba8e13bba859bebc28 P a5a2c91c0f5a4e6fbf2674dfa2b35ad8 [term 0 FOLLOWER]: Replica starting. Triggering 0 pending ops. Active config: opid_index: -1 OBSOLETE_local: false peers { permanent_uuid: "b27664f5277f440fb1c10890d04e59f3" member_type: VOTER last_known_addr { host: "127.30.153.130" port: 34789 } } peers { permanent_uuid: "a5a2c91c0f5a4e6fbf2674dfa2b35ad8" member_type: VOTER last_known_addr { host: "127.30.153.129" port: 39777 } } peers { permanent_uuid: "a92541a7b83444d69002ca381b5364b2" member_type: VOTER last_known_addr { host: "127.30.153.131" port: 37745 } }
I20260601 13:35:55.093205  2065 raft_consensus.cc:385] T 8e77bedf9d0948ba8e13bba859bebc28 P a5a2c91c0f5a4e6fbf2674dfa2b35ad8 [term 0 FOLLOWER]: Consensus starting up: Expiring failure detector timer to make a prompt election more likely
I20260601 13:35:55.093237  2065 raft_consensus.cc:740] T 8e77bedf9d0948ba8e13bba859bebc28 P a5a2c91c0f5a4e6fbf2674dfa2b35ad8 [term 0 FOLLOWER]: Becoming Follower/Learner. State: Replica: a5a2c91c0f5a4e6fbf2674dfa2b35ad8, State: Initialized, Role: FOLLOWER
I20260601 13:35:55.093361  2065 consensus_queue.cc:260] T 8e77bedf9d0948ba8e13bba859bebc28 P a5a2c91c0f5a4e6fbf2674dfa2b35ad8 [NON_LEADER]: Queue going to NON_LEADER mode. State: All replicated index: 0, Majority replicated index: 0, Committed index: 0, Last appended: 0.0, Last appended by leader: 0, Current term: 0, Majority size: -1, State: 0, Mode: NON_LEADER, active raft config: opid_index: -1 OBSOLETE_local: false peers { permanent_uuid: "b27664f5277f440fb1c10890d04e59f3" member_type: VOTER last_known_addr { host: "127.30.153.130" port: 34789 } } peers { permanent_uuid: "a5a2c91c0f5a4e6fbf2674dfa2b35ad8" member_type: VOTER last_known_addr { host: "127.30.153.129" port: 39777 } } peers { permanent_uuid: "a92541a7b83444d69002ca381b5364b2" member_type: VOTER last_known_addr { host: "127.30.153.131" port: 37745 } }
I20260601 13:35:55.093624  2065 ts_tablet_manager.cc:1434] T 8e77bedf9d0948ba8e13bba859bebc28 P a5a2c91c0f5a4e6fbf2674dfa2b35ad8: Time spent starting tablet: real 0.001s	user 0.000s	sys 0.000s
I20260601 13:35:55.093681  2064 tablet_bootstrap.cc:654] T c86348e385b3496cbff27d19008a3871 P b27664f5277f440fb1c10890d04e59f3: Neither blocks nor log segments found. Creating new log.
I20260601 13:35:55.093825  2065 tablet_bootstrap.cc:492] T 61c4da9b384b4d2192c505796531644c P a5a2c91c0f5a4e6fbf2674dfa2b35ad8: Bootstrap starting.
I20260601 13:35:55.094775  2064 tablet_bootstrap.cc:492] T c86348e385b3496cbff27d19008a3871 P b27664f5277f440fb1c10890d04e59f3: No bootstrap required, opened a new log
I20260601 13:35:55.094874  2064 ts_tablet_manager.cc:1403] T c86348e385b3496cbff27d19008a3871 P b27664f5277f440fb1c10890d04e59f3: Time spent bootstrapping tablet: real 0.002s	user 0.002s	sys 0.000s
I20260601 13:35:55.094974  2065 tablet_bootstrap.cc:654] T 61c4da9b384b4d2192c505796531644c P a5a2c91c0f5a4e6fbf2674dfa2b35ad8: Neither blocks nor log segments found. Creating new log.
I20260601 13:35:55.094983  2072 tablet_bootstrap.cc:492] T 8e77bedf9d0948ba8e13bba859bebc28 P a92541a7b83444d69002ca381b5364b2: No bootstrap required, opened a new log
I20260601 13:35:55.095180  2072 ts_tablet_manager.cc:1403] T 8e77bedf9d0948ba8e13bba859bebc28 P a92541a7b83444d69002ca381b5364b2: Time spent bootstrapping tablet: real 0.003s	user 0.000s	sys 0.002s
I20260601 13:35:55.095394  2064 raft_consensus.cc:359] T c86348e385b3496cbff27d19008a3871 P b27664f5277f440fb1c10890d04e59f3 [term 0 FOLLOWER]: Replica starting. Triggering 0 pending ops. Active config: opid_index: -1 OBSOLETE_local: false peers { permanent_uuid: "b27664f5277f440fb1c10890d04e59f3" member_type: VOTER last_known_addr { host: "127.30.153.130" port: 34789 } } peers { permanent_uuid: "a5a2c91c0f5a4e6fbf2674dfa2b35ad8" member_type: VOTER last_known_addr { host: "127.30.153.129" port: 39777 } } peers { permanent_uuid: "a92541a7b83444d69002ca381b5364b2" member_type: VOTER last_known_addr { host: "127.30.153.131" port: 37745 } }
I20260601 13:35:55.095518  2064 raft_consensus.cc:385] T c86348e385b3496cbff27d19008a3871 P b27664f5277f440fb1c10890d04e59f3 [term 0 FOLLOWER]: Consensus starting up: Expiring failure detector timer to make a prompt election more likely
I20260601 13:35:55.095568  2064 raft_consensus.cc:740] T c86348e385b3496cbff27d19008a3871 P b27664f5277f440fb1c10890d04e59f3 [term 0 FOLLOWER]: Becoming Follower/Learner. State: Replica: b27664f5277f440fb1c10890d04e59f3, State: Initialized, Role: FOLLOWER
I20260601 13:35:55.095659  2072 raft_consensus.cc:359] T 8e77bedf9d0948ba8e13bba859bebc28 P a92541a7b83444d69002ca381b5364b2 [term 0 FOLLOWER]: Replica starting. Triggering 0 pending ops. Active config: opid_index: -1 OBSOLETE_local: false peers { permanent_uuid: "b27664f5277f440fb1c10890d04e59f3" member_type: VOTER last_known_addr { host: "127.30.153.130" port: 34789 } } peers { permanent_uuid: "a5a2c91c0f5a4e6fbf2674dfa2b35ad8" member_type: VOTER last_known_addr { host: "127.30.153.129" port: 39777 } } peers { permanent_uuid: "a92541a7b83444d69002ca381b5364b2" member_type: VOTER last_known_addr { host: "127.30.153.131" port: 37745 } }
I20260601 13:35:55.095698  2064 consensus_queue.cc:260] T c86348e385b3496cbff27d19008a3871 P b27664f5277f440fb1c10890d04e59f3 [NON_LEADER]: Queue going to NON_LEADER mode. State: All replicated index: 0, Majority replicated index: 0, Committed index: 0, Last appended: 0.0, Last appended by leader: 0, Current term: 0, Majority size: -1, State: 0, Mode: NON_LEADER, active raft config: opid_index: -1 OBSOLETE_local: false peers { permanent_uuid: "b27664f5277f440fb1c10890d04e59f3" member_type: VOTER last_known_addr { host: "127.30.153.130" port: 34789 } } peers { permanent_uuid: "a5a2c91c0f5a4e6fbf2674dfa2b35ad8" member_type: VOTER last_known_addr { host: "127.30.153.129" port: 39777 } } peers { permanent_uuid: "a92541a7b83444d69002ca381b5364b2" member_type: VOTER last_known_addr { host: "127.30.153.131" port: 37745 } }
I20260601 13:35:55.095777  2072 raft_consensus.cc:385] T 8e77bedf9d0948ba8e13bba859bebc28 P a92541a7b83444d69002ca381b5364b2 [term 0 FOLLOWER]: Consensus starting up: Expiring failure detector timer to make a prompt election more likely
I20260601 13:35:55.095988  2064 ts_tablet_manager.cc:1434] T c86348e385b3496cbff27d19008a3871 P b27664f5277f440fb1c10890d04e59f3: Time spent starting tablet: real 0.001s	user 0.001s	sys 0.000s
I20260601 13:35:55.096076  2072 raft_consensus.cc:740] T 8e77bedf9d0948ba8e13bba859bebc28 P a92541a7b83444d69002ca381b5364b2 [term 0 FOLLOWER]: Becoming Follower/Learner. State: Replica: a92541a7b83444d69002ca381b5364b2, State: Initialized, Role: FOLLOWER
I20260601 13:35:55.096225  2064 tablet_bootstrap.cc:492] T 22086b81afe74ea5826230d916db544e P b27664f5277f440fb1c10890d04e59f3: Bootstrap starting.
I20260601 13:35:55.096210  2072 consensus_queue.cc:260] T 8e77bedf9d0948ba8e13bba859bebc28 P a92541a7b83444d69002ca381b5364b2 [NON_LEADER]: Queue going to NON_LEADER mode. State: All replicated index: 0, Majority replicated index: 0, Committed index: 0, Last appended: 0.0, Last appended by leader: 0, Current term: 0, Majority size: -1, State: 0, Mode: NON_LEADER, active raft config: opid_index: -1 OBSOLETE_local: false peers { permanent_uuid: "b27664f5277f440fb1c10890d04e59f3" member_type: VOTER last_known_addr { host: "127.30.153.130" port: 34789 } } peers { permanent_uuid: "a5a2c91c0f5a4e6fbf2674dfa2b35ad8" member_type: VOTER last_known_addr { host: "127.30.153.129" port: 39777 } } peers { permanent_uuid: "a92541a7b83444d69002ca381b5364b2" member_type: VOTER last_known_addr { host: "127.30.153.131" port: 37745 } }
I20260601 13:35:55.096514  2072 ts_tablet_manager.cc:1434] T 8e77bedf9d0948ba8e13bba859bebc28 P a92541a7b83444d69002ca381b5364b2: Time spent starting tablet: real 0.001s	user 0.001s	sys 0.000s
I20260601 13:35:55.096673  2072 tablet_bootstrap.cc:492] T b16efa7dce5d4a7e876a74d45ec99b10 P a92541a7b83444d69002ca381b5364b2: Bootstrap starting.
I20260601 13:35:55.097170  2064 tablet_bootstrap.cc:654] T 22086b81afe74ea5826230d916db544e P b27664f5277f440fb1c10890d04e59f3: Neither blocks nor log segments found. Creating new log.
I20260601 13:35:55.097644  2072 tablet_bootstrap.cc:654] T b16efa7dce5d4a7e876a74d45ec99b10 P a92541a7b83444d69002ca381b5364b2: Neither blocks nor log segments found. Creating new log.
I20260601 13:35:55.098672  2065 tablet_bootstrap.cc:492] T 61c4da9b384b4d2192c505796531644c P a5a2c91c0f5a4e6fbf2674dfa2b35ad8: No bootstrap required, opened a new log
I20260601 13:35:55.098755  2064 tablet_bootstrap.cc:492] T 22086b81afe74ea5826230d916db544e P b27664f5277f440fb1c10890d04e59f3: No bootstrap required, opened a new log
I20260601 13:35:55.098768  2065 ts_tablet_manager.cc:1403] T 61c4da9b384b4d2192c505796531644c P a5a2c91c0f5a4e6fbf2674dfa2b35ad8: Time spent bootstrapping tablet: real 0.005s	user 0.001s	sys 0.001s
I20260601 13:35:55.098862  2064 ts_tablet_manager.cc:1403] T 22086b81afe74ea5826230d916db544e P b27664f5277f440fb1c10890d04e59f3: Time spent bootstrapping tablet: real 0.003s	user 0.002s	sys 0.000s
I20260601 13:35:55.099006  2072 tablet_bootstrap.cc:492] T b16efa7dce5d4a7e876a74d45ec99b10 P a92541a7b83444d69002ca381b5364b2: No bootstrap required, opened a new log
I20260601 13:35:55.099089  2072 ts_tablet_manager.cc:1403] T b16efa7dce5d4a7e876a74d45ec99b10 P a92541a7b83444d69002ca381b5364b2: Time spent bootstrapping tablet: real 0.002s	user 0.002s	sys 0.000s
I20260601 13:35:55.099282  2065 raft_consensus.cc:359] T 61c4da9b384b4d2192c505796531644c P a5a2c91c0f5a4e6fbf2674dfa2b35ad8 [term 0 FOLLOWER]: Replica starting. Triggering 0 pending ops. Active config: opid_index: -1 OBSOLETE_local: false peers { permanent_uuid: "a5a2c91c0f5a4e6fbf2674dfa2b35ad8" member_type: VOTER last_known_addr { host: "127.30.153.129" port: 39777 } } peers { permanent_uuid: "b27664f5277f440fb1c10890d04e59f3" member_type: VOTER last_known_addr { host: "127.30.153.130" port: 34789 } } peers { permanent_uuid: "a92541a7b83444d69002ca381b5364b2" member_type: VOTER last_known_addr { host: "127.30.153.131" port: 37745 } }
I20260601 13:35:55.099380  2065 raft_consensus.cc:385] T 61c4da9b384b4d2192c505796531644c P a5a2c91c0f5a4e6fbf2674dfa2b35ad8 [term 0 FOLLOWER]: Consensus starting up: Expiring failure detector timer to make a prompt election more likely
I20260601 13:35:55.099350  2064 raft_consensus.cc:359] T 22086b81afe74ea5826230d916db544e P b27664f5277f440fb1c10890d04e59f3 [term 0 FOLLOWER]: Replica starting. Triggering 0 pending ops. Active config: opid_index: -1 OBSOLETE_local: false peers { permanent_uuid: "a5a2c91c0f5a4e6fbf2674dfa2b35ad8" member_type: VOTER last_known_addr { host: "127.30.153.129" port: 39777 } } peers { permanent_uuid: "b27664f5277f440fb1c10890d04e59f3" member_type: VOTER last_known_addr { host: "127.30.153.130" port: 34789 } } peers { permanent_uuid: "a92541a7b83444d69002ca381b5364b2" member_type: VOTER last_known_addr { host: "127.30.153.131" port: 37745 } }
I20260601 13:35:55.099453  2065 raft_consensus.cc:740] T 61c4da9b384b4d2192c505796531644c P a5a2c91c0f5a4e6fbf2674dfa2b35ad8 [term 0 FOLLOWER]: Becoming Follower/Learner. State: Replica: a5a2c91c0f5a4e6fbf2674dfa2b35ad8, State: Initialized, Role: FOLLOWER
I20260601 13:35:55.099503  2064 raft_consensus.cc:385] T 22086b81afe74ea5826230d916db544e P b27664f5277f440fb1c10890d04e59f3 [term 0 FOLLOWER]: Consensus starting up: Expiring failure detector timer to make a prompt election more likely
I20260601 13:35:55.099553  2064 raft_consensus.cc:740] T 22086b81afe74ea5826230d916db544e P b27664f5277f440fb1c10890d04e59f3 [term 0 FOLLOWER]: Becoming Follower/Learner. State: Replica: b27664f5277f440fb1c10890d04e59f3, State: Initialized, Role: FOLLOWER
I20260601 13:35:55.099535  2072 raft_consensus.cc:359] T b16efa7dce5d4a7e876a74d45ec99b10 P a92541a7b83444d69002ca381b5364b2 [term 0 FOLLOWER]: Replica starting. Triggering 0 pending ops. Active config: opid_index: -1 OBSOLETE_local: false peers { permanent_uuid: "a5a2c91c0f5a4e6fbf2674dfa2b35ad8" member_type: VOTER last_known_addr { host: "127.30.153.129" port: 39777 } } peers { permanent_uuid: "b27664f5277f440fb1c10890d04e59f3" member_type: VOTER last_known_addr { host: "127.30.153.130" port: 34789 } } peers { permanent_uuid: "a92541a7b83444d69002ca381b5364b2" member_type: VOTER last_known_addr { host: "127.30.153.131" port: 37745 } }
I20260601 13:35:55.099617  2072 raft_consensus.cc:385] T b16efa7dce5d4a7e876a74d45ec99b10 P a92541a7b83444d69002ca381b5364b2 [term 0 FOLLOWER]: Consensus starting up: Expiring failure detector timer to make a prompt election more likely
I20260601 13:35:55.099586  2065 consensus_queue.cc:260] T 61c4da9b384b4d2192c505796531644c P a5a2c91c0f5a4e6fbf2674dfa2b35ad8 [NON_LEADER]: Queue going to NON_LEADER mode. State: All replicated index: 0, Majority replicated index: 0, Committed index: 0, Last appended: 0.0, Last appended by leader: 0, Current term: 0, Majority size: -1, State: 0, Mode: NON_LEADER, active raft config: opid_index: -1 OBSOLETE_local: false peers { permanent_uuid: "a5a2c91c0f5a4e6fbf2674dfa2b35ad8" member_type: VOTER last_known_addr { host: "127.30.153.129" port: 39777 } } peers { permanent_uuid: "b27664f5277f440fb1c10890d04e59f3" member_type: VOTER last_known_addr { host: "127.30.153.130" port: 34789 } } peers { permanent_uuid: "a92541a7b83444d69002ca381b5364b2" member_type: VOTER last_known_addr { host: "127.30.153.131" port: 37745 } }
I20260601 13:35:55.099655  2072 raft_consensus.cc:740] T b16efa7dce5d4a7e876a74d45ec99b10 P a92541a7b83444d69002ca381b5364b2 [term 0 FOLLOWER]: Becoming Follower/Learner. State: Replica: a92541a7b83444d69002ca381b5364b2, State: Initialized, Role: FOLLOWER
I20260601 13:35:55.099691  2064 consensus_queue.cc:260] T 22086b81afe74ea5826230d916db544e P b27664f5277f440fb1c10890d04e59f3 [NON_LEADER]: Queue going to NON_LEADER mode. State: All replicated index: 0, Majority replicated index: 0, Committed index: 0, Last appended: 0.0, Last appended by leader: 0, Current term: 0, Majority size: -1, State: 0, Mode: NON_LEADER, active raft config: opid_index: -1 OBSOLETE_local: false peers { permanent_uuid: "a5a2c91c0f5a4e6fbf2674dfa2b35ad8" member_type: VOTER last_known_addr { host: "127.30.153.129" port: 39777 } } peers { permanent_uuid: "b27664f5277f440fb1c10890d04e59f3" member_type: VOTER last_known_addr { host: "127.30.153.130" port: 34789 } } peers { permanent_uuid: "a92541a7b83444d69002ca381b5364b2" member_type: VOTER last_known_addr { host: "127.30.153.131" port: 37745 } }
I20260601 13:35:55.099783  2072 consensus_queue.cc:260] T b16efa7dce5d4a7e876a74d45ec99b10 P a92541a7b83444d69002ca381b5364b2 [NON_LEADER]: Queue going to NON_LEADER mode. State: All replicated index: 0, Majority replicated index: 0, Committed index: 0, Last appended: 0.0, Last appended by leader: 0, Current term: 0, Majority size: -1, State: 0, Mode: NON_LEADER, active raft config: opid_index: -1 OBSOLETE_local: false peers { permanent_uuid: "a5a2c91c0f5a4e6fbf2674dfa2b35ad8" member_type: VOTER last_known_addr { host: "127.30.153.129" port: 39777 } } peers { permanent_uuid: "b27664f5277f440fb1c10890d04e59f3" member_type: VOTER last_known_addr { host: "127.30.153.130" port: 34789 } } peers { permanent_uuid: "a92541a7b83444d69002ca381b5364b2" member_type: VOTER last_known_addr { host: "127.30.153.131" port: 37745 } }
I20260601 13:35:55.099839  2065 ts_tablet_manager.cc:1434] T 61c4da9b384b4d2192c505796531644c P a5a2c91c0f5a4e6fbf2674dfa2b35ad8: Time spent starting tablet: real 0.001s	user 0.001s	sys 0.000s
I20260601 13:35:55.099977  2064 ts_tablet_manager.cc:1434] T 22086b81afe74ea5826230d916db544e P b27664f5277f440fb1c10890d04e59f3: Time spent starting tablet: real 0.001s	user 0.001s	sys 0.000s
I20260601 13:35:55.100013  2065 tablet_bootstrap.cc:492] T c86348e385b3496cbff27d19008a3871 P a5a2c91c0f5a4e6fbf2674dfa2b35ad8: Bootstrap starting.
I20260601 13:35:55.100348  2064 tablet_bootstrap.cc:492] T 58f7e12c3e7949d996a77fac212fbc10 P b27664f5277f440fb1c10890d04e59f3: Bootstrap starting.
I20260601 13:35:55.100497  2072 ts_tablet_manager.cc:1434] T b16efa7dce5d4a7e876a74d45ec99b10 P a92541a7b83444d69002ca381b5364b2: Time spent starting tablet: real 0.001s	user 0.001s	sys 0.000s
I20260601 13:35:55.100674  2072 tablet_bootstrap.cc:492] T 58f7e12c3e7949d996a77fac212fbc10 P a92541a7b83444d69002ca381b5364b2: Bootstrap starting.
I20260601 13:35:55.100946  2065 tablet_bootstrap.cc:654] T c86348e385b3496cbff27d19008a3871 P a5a2c91c0f5a4e6fbf2674dfa2b35ad8: Neither blocks nor log segments found. Creating new log.
I20260601 13:35:55.101454  2064 tablet_bootstrap.cc:654] T 58f7e12c3e7949d996a77fac212fbc10 P b27664f5277f440fb1c10890d04e59f3: Neither blocks nor log segments found. Creating new log.
I20260601 13:35:55.101635  2072 tablet_bootstrap.cc:654] T 58f7e12c3e7949d996a77fac212fbc10 P a92541a7b83444d69002ca381b5364b2: Neither blocks nor log segments found. Creating new log.
I20260601 13:35:55.102701  2072 tablet_bootstrap.cc:492] T 58f7e12c3e7949d996a77fac212fbc10 P a92541a7b83444d69002ca381b5364b2: No bootstrap required, opened a new log
I20260601 13:35:55.102769  2065 tablet_bootstrap.cc:492] T c86348e385b3496cbff27d19008a3871 P a5a2c91c0f5a4e6fbf2674dfa2b35ad8: No bootstrap required, opened a new log
I20260601 13:35:55.103011  2065 ts_tablet_manager.cc:1403] T c86348e385b3496cbff27d19008a3871 P a5a2c91c0f5a4e6fbf2674dfa2b35ad8: Time spent bootstrapping tablet: real 0.003s	user 0.002s	sys 0.000s
I20260601 13:35:55.103351  2064 tablet_bootstrap.cc:492] T 58f7e12c3e7949d996a77fac212fbc10 P b27664f5277f440fb1c10890d04e59f3: No bootstrap required, opened a new log
I20260601 13:35:55.103434  2064 ts_tablet_manager.cc:1403] T 58f7e12c3e7949d996a77fac212fbc10 P b27664f5277f440fb1c10890d04e59f3: Time spent bootstrapping tablet: real 0.003s	user 0.002s	sys 0.000s
I20260601 13:35:55.103456  2065 raft_consensus.cc:359] T c86348e385b3496cbff27d19008a3871 P a5a2c91c0f5a4e6fbf2674dfa2b35ad8 [term 0 FOLLOWER]: Replica starting. Triggering 0 pending ops. Active config: opid_index: -1 OBSOLETE_local: false peers { permanent_uuid: "b27664f5277f440fb1c10890d04e59f3" member_type: VOTER last_known_addr { host: "127.30.153.130" port: 34789 } } peers { permanent_uuid: "a5a2c91c0f5a4e6fbf2674dfa2b35ad8" member_type: VOTER last_known_addr { host: "127.30.153.129" port: 39777 } } peers { permanent_uuid: "a92541a7b83444d69002ca381b5364b2" member_type: VOTER last_known_addr { host: "127.30.153.131" port: 37745 } }
I20260601 13:35:55.103585  2065 raft_consensus.cc:385] T c86348e385b3496cbff27d19008a3871 P a5a2c91c0f5a4e6fbf2674dfa2b35ad8 [term 0 FOLLOWER]: Consensus starting up: Expiring failure detector timer to make a prompt election more likely
I20260601 13:35:55.103627  2065 raft_consensus.cc:740] T c86348e385b3496cbff27d19008a3871 P a5a2c91c0f5a4e6fbf2674dfa2b35ad8 [term 0 FOLLOWER]: Becoming Follower/Learner. State: Replica: a5a2c91c0f5a4e6fbf2674dfa2b35ad8, State: Initialized, Role: FOLLOWER
I20260601 13:35:55.103756  2065 consensus_queue.cc:260] T c86348e385b3496cbff27d19008a3871 P a5a2c91c0f5a4e6fbf2674dfa2b35ad8 [NON_LEADER]: Queue going to NON_LEADER mode. State: All replicated index: 0, Majority replicated index: 0, Committed index: 0, Last appended: 0.0, Last appended by leader: 0, Current term: 0, Majority size: -1, State: 0, Mode: NON_LEADER, active raft config: opid_index: -1 OBSOLETE_local: false peers { permanent_uuid: "b27664f5277f440fb1c10890d04e59f3" member_type: VOTER last_known_addr { host: "127.30.153.130" port: 34789 } } peers { permanent_uuid: "a5a2c91c0f5a4e6fbf2674dfa2b35ad8" member_type: VOTER last_known_addr { host: "127.30.153.129" port: 39777 } } peers { permanent_uuid: "a92541a7b83444d69002ca381b5364b2" member_type: VOTER last_known_addr { host: "127.30.153.131" port: 37745 } }
I20260601 13:35:55.103883  2064 raft_consensus.cc:359] T 58f7e12c3e7949d996a77fac212fbc10 P b27664f5277f440fb1c10890d04e59f3 [term 0 FOLLOWER]: Replica starting. Triggering 0 pending ops. Active config: opid_index: -1 OBSOLETE_local: false peers { permanent_uuid: "a5a2c91c0f5a4e6fbf2674dfa2b35ad8" member_type: VOTER last_known_addr { host: "127.30.153.129" port: 39777 } } peers { permanent_uuid: "b27664f5277f440fb1c10890d04e59f3" member_type: VOTER last_known_addr { host: "127.30.153.130" port: 34789 } } peers { permanent_uuid: "a92541a7b83444d69002ca381b5364b2" member_type: VOTER last_known_addr { host: "127.30.153.131" port: 37745 } }
I20260601 13:35:55.103981  2064 raft_consensus.cc:385] T 58f7e12c3e7949d996a77fac212fbc10 P b27664f5277f440fb1c10890d04e59f3 [term 0 FOLLOWER]: Consensus starting up: Expiring failure detector timer to make a prompt election more likely
I20260601 13:35:55.104000  2065 ts_tablet_manager.cc:1434] T c86348e385b3496cbff27d19008a3871 P a5a2c91c0f5a4e6fbf2674dfa2b35ad8: Time spent starting tablet: real 0.001s	user 0.000s	sys 0.000s
I20260601 13:35:55.104197  2072 ts_tablet_manager.cc:1403] T 58f7e12c3e7949d996a77fac212fbc10 P a92541a7b83444d69002ca381b5364b2: Time spent bootstrapping tablet: real 0.004s	user 0.002s	sys 0.000s
I20260601 13:35:55.104216  2065 tablet_bootstrap.cc:492] T 58f7e12c3e7949d996a77fac212fbc10 P a5a2c91c0f5a4e6fbf2674dfa2b35ad8: Bootstrap starting.
I20260601 13:35:55.104611  2072 raft_consensus.cc:359] T 58f7e12c3e7949d996a77fac212fbc10 P a92541a7b83444d69002ca381b5364b2 [term 0 FOLLOWER]: Replica starting. Triggering 0 pending ops. Active config: opid_index: -1 OBSOLETE_local: false peers { permanent_uuid: "a5a2c91c0f5a4e6fbf2674dfa2b35ad8" member_type: VOTER last_known_addr { host: "127.30.153.129" port: 39777 } } peers { permanent_uuid: "b27664f5277f440fb1c10890d04e59f3" member_type: VOTER last_known_addr { host: "127.30.153.130" port: 34789 } } peers { permanent_uuid: "a92541a7b83444d69002ca381b5364b2" member_type: VOTER last_known_addr { host: "127.30.153.131" port: 37745 } }
I20260601 13:35:55.104679  2072 raft_consensus.cc:385] T 58f7e12c3e7949d996a77fac212fbc10 P a92541a7b83444d69002ca381b5364b2 [term 0 FOLLOWER]: Consensus starting up: Expiring failure detector timer to make a prompt election more likely
I20260601 13:35:55.104700  2072 raft_consensus.cc:740] T 58f7e12c3e7949d996a77fac212fbc10 P a92541a7b83444d69002ca381b5364b2 [term 0 FOLLOWER]: Becoming Follower/Learner. State: Replica: a92541a7b83444d69002ca381b5364b2, State: Initialized, Role: FOLLOWER
I20260601 13:35:55.104820  2072 consensus_queue.cc:260] T 58f7e12c3e7949d996a77fac212fbc10 P a92541a7b83444d69002ca381b5364b2 [NON_LEADER]: Queue going to NON_LEADER mode. State: All replicated index: 0, Majority replicated index: 0, Committed index: 0, Last appended: 0.0, Last appended by leader: 0, Current term: 0, Majority size: -1, State: 0, Mode: NON_LEADER, active raft config: opid_index: -1 OBSOLETE_local: false peers { permanent_uuid: "a5a2c91c0f5a4e6fbf2674dfa2b35ad8" member_type: VOTER last_known_addr { host: "127.30.153.129" port: 39777 } } peers { permanent_uuid: "b27664f5277f440fb1c10890d04e59f3" member_type: VOTER last_known_addr { host: "127.30.153.130" port: 34789 } } peers { permanent_uuid: "a92541a7b83444d69002ca381b5364b2" member_type: VOTER last_known_addr { host: "127.30.153.131" port: 37745 } }
I20260601 13:35:55.105077  2072 ts_tablet_manager.cc:1434] T 58f7e12c3e7949d996a77fac212fbc10 P a92541a7b83444d69002ca381b5364b2: Time spent starting tablet: real 0.001s	user 0.000s	sys 0.000s
I20260601 13:35:55.105213  2065 tablet_bootstrap.cc:654] T 58f7e12c3e7949d996a77fac212fbc10 P a5a2c91c0f5a4e6fbf2674dfa2b35ad8: Neither blocks nor log segments found. Creating new log.
I20260601 13:35:55.105221  2072 tablet_bootstrap.cc:492] T 401ce294bffd4c76b42a6b5d1216d930 P a92541a7b83444d69002ca381b5364b2: Bootstrap starting.
I20260601 13:35:55.104012  2064 raft_consensus.cc:740] T 58f7e12c3e7949d996a77fac212fbc10 P b27664f5277f440fb1c10890d04e59f3 [term 0 FOLLOWER]: Becoming Follower/Learner. State: Replica: b27664f5277f440fb1c10890d04e59f3, State: Initialized, Role: FOLLOWER
I20260601 13:35:55.106112  2064 consensus_queue.cc:260] T 58f7e12c3e7949d996a77fac212fbc10 P b27664f5277f440fb1c10890d04e59f3 [NON_LEADER]: Queue going to NON_LEADER mode. State: All replicated index: 0, Majority replicated index: 0, Committed index: 0, Last appended: 0.0, Last appended by leader: 0, Current term: 0, Majority size: -1, State: 0, Mode: NON_LEADER, active raft config: opid_index: -1 OBSOLETE_local: false peers { permanent_uuid: "a5a2c91c0f5a4e6fbf2674dfa2b35ad8" member_type: VOTER last_known_addr { host: "127.30.153.129" port: 39777 } } peers { permanent_uuid: "b27664f5277f440fb1c10890d04e59f3" member_type: VOTER last_known_addr { host: "127.30.153.130" port: 34789 } } peers { permanent_uuid: "a92541a7b83444d69002ca381b5364b2" member_type: VOTER last_known_addr { host: "127.30.153.131" port: 37745 } }
I20260601 13:35:55.106244  2072 tablet_bootstrap.cc:654] T 401ce294bffd4c76b42a6b5d1216d930 P a92541a7b83444d69002ca381b5364b2: Neither blocks nor log segments found. Creating new log.
I20260601 13:35:55.106448  2064 ts_tablet_manager.cc:1434] T 58f7e12c3e7949d996a77fac212fbc10 P b27664f5277f440fb1c10890d04e59f3: Time spent starting tablet: real 0.003s	user 0.001s	sys 0.000s
I20260601 13:35:55.107375  2072 tablet_bootstrap.cc:492] T 401ce294bffd4c76b42a6b5d1216d930 P a92541a7b83444d69002ca381b5364b2: No bootstrap required, opened a new log
I20260601 13:35:55.107502  2072 ts_tablet_manager.cc:1403] T 401ce294bffd4c76b42a6b5d1216d930 P a92541a7b83444d69002ca381b5364b2: Time spent bootstrapping tablet: real 0.002s	user 0.001s	sys 0.001s
I20260601 13:35:55.107918  2072 raft_consensus.cc:359] T 401ce294bffd4c76b42a6b5d1216d930 P a92541a7b83444d69002ca381b5364b2 [term 0 FOLLOWER]: Replica starting. Triggering 0 pending ops. Active config: opid_index: -1 OBSOLETE_local: false peers { permanent_uuid: "a5a2c91c0f5a4e6fbf2674dfa2b35ad8" member_type: VOTER last_known_addr { host: "127.30.153.129" port: 39777 } } peers { permanent_uuid: "b27664f5277f440fb1c10890d04e59f3" member_type: VOTER last_known_addr { host: "127.30.153.130" port: 34789 } } peers { permanent_uuid: "a92541a7b83444d69002ca381b5364b2" member_type: VOTER last_known_addr { host: "127.30.153.131" port: 37745 } }
I20260601 13:35:55.108062  2072 raft_consensus.cc:385] T 401ce294bffd4c76b42a6b5d1216d930 P a92541a7b83444d69002ca381b5364b2 [term 0 FOLLOWER]: Consensus starting up: Expiring failure detector timer to make a prompt election more likely
I20260601 13:35:55.108109  2072 raft_consensus.cc:740] T 401ce294bffd4c76b42a6b5d1216d930 P a92541a7b83444d69002ca381b5364b2 [term 0 FOLLOWER]: Becoming Follower/Learner. State: Replica: a92541a7b83444d69002ca381b5364b2, State: Initialized, Role: FOLLOWER
I20260601 13:35:55.108224  2072 consensus_queue.cc:260] T 401ce294bffd4c76b42a6b5d1216d930 P a92541a7b83444d69002ca381b5364b2 [NON_LEADER]: Queue going to NON_LEADER mode. State: All replicated index: 0, Majority replicated index: 0, Committed index: 0, Last appended: 0.0, Last appended by leader: 0, Current term: 0, Majority size: -1, State: 0, Mode: NON_LEADER, active raft config: opid_index: -1 OBSOLETE_local: false peers { permanent_uuid: "a5a2c91c0f5a4e6fbf2674dfa2b35ad8" member_type: VOTER last_known_addr { host: "127.30.153.129" port: 39777 } } peers { permanent_uuid: "b27664f5277f440fb1c10890d04e59f3" member_type: VOTER last_known_addr { host: "127.30.153.130" port: 34789 } } peers { permanent_uuid: "a92541a7b83444d69002ca381b5364b2" member_type: VOTER last_known_addr { host: "127.30.153.131" port: 37745 } }
I20260601 13:35:55.108500  2072 ts_tablet_manager.cc:1434] T 401ce294bffd4c76b42a6b5d1216d930 P a92541a7b83444d69002ca381b5364b2: Time spent starting tablet: real 0.001s	user 0.000s	sys 0.000s
I20260601 13:35:55.108668  2072 tablet_bootstrap.cc:492] T 61c4da9b384b4d2192c505796531644c P a92541a7b83444d69002ca381b5364b2: Bootstrap starting.
I20260601 13:35:55.109673  2072 tablet_bootstrap.cc:654] T 61c4da9b384b4d2192c505796531644c P a92541a7b83444d69002ca381b5364b2: Neither blocks nor log segments found. Creating new log.
I20260601 13:35:55.110878  2065 tablet_bootstrap.cc:492] T 58f7e12c3e7949d996a77fac212fbc10 P a5a2c91c0f5a4e6fbf2674dfa2b35ad8: No bootstrap required, opened a new log
I20260601 13:35:55.110878  2072 tablet_bootstrap.cc:492] T 61c4da9b384b4d2192c505796531644c P a92541a7b83444d69002ca381b5364b2: No bootstrap required, opened a new log
I20260601 13:35:55.111021  2072 ts_tablet_manager.cc:1403] T 61c4da9b384b4d2192c505796531644c P a92541a7b83444d69002ca381b5364b2: Time spent bootstrapping tablet: real 0.002s	user 0.000s	sys 0.002s
I20260601 13:35:55.111027  2065 ts_tablet_manager.cc:1403] T 58f7e12c3e7949d996a77fac212fbc10 P a5a2c91c0f5a4e6fbf2674dfa2b35ad8: Time spent bootstrapping tablet: real 0.007s	user 0.001s	sys 0.001s
I20260601 13:35:55.111575  2065 raft_consensus.cc:359] T 58f7e12c3e7949d996a77fac212fbc10 P a5a2c91c0f5a4e6fbf2674dfa2b35ad8 [term 0 FOLLOWER]: Replica starting. Triggering 0 pending ops. Active config: opid_index: -1 OBSOLETE_local: false peers { permanent_uuid: "a5a2c91c0f5a4e6fbf2674dfa2b35ad8" member_type: VOTER last_known_addr { host: "127.30.153.129" port: 39777 } } peers { permanent_uuid: "b27664f5277f440fb1c10890d04e59f3" member_type: VOTER last_known_addr { host: "127.30.153.130" port: 34789 } } peers { permanent_uuid: "a92541a7b83444d69002ca381b5364b2" member_type: VOTER last_known_addr { host: "127.30.153.131" port: 37745 } }
I20260601 13:35:55.111575  2072 raft_consensus.cc:359] T 61c4da9b384b4d2192c505796531644c P a92541a7b83444d69002ca381b5364b2 [term 0 FOLLOWER]: Replica starting. Triggering 0 pending ops. Active config: opid_index: -1 OBSOLETE_local: false peers { permanent_uuid: "a5a2c91c0f5a4e6fbf2674dfa2b35ad8" member_type: VOTER last_known_addr { host: "127.30.153.129" port: 39777 } } peers { permanent_uuid: "b27664f5277f440fb1c10890d04e59f3" member_type: VOTER last_known_addr { host: "127.30.153.130" port: 34789 } } peers { permanent_uuid: "a92541a7b83444d69002ca381b5364b2" member_type: VOTER last_known_addr { host: "127.30.153.131" port: 37745 } }
I20260601 13:35:55.111717  2065 raft_consensus.cc:385] T 58f7e12c3e7949d996a77fac212fbc10 P a5a2c91c0f5a4e6fbf2674dfa2b35ad8 [term 0 FOLLOWER]: Consensus starting up: Expiring failure detector timer to make a prompt election more likely
I20260601 13:35:55.111727  2072 raft_consensus.cc:385] T 61c4da9b384b4d2192c505796531644c P a92541a7b83444d69002ca381b5364b2 [term 0 FOLLOWER]: Consensus starting up: Expiring failure detector timer to make a prompt election more likely
I20260601 13:35:55.111765  2065 raft_consensus.cc:740] T 58f7e12c3e7949d996a77fac212fbc10 P a5a2c91c0f5a4e6fbf2674dfa2b35ad8 [term 0 FOLLOWER]: Becoming Follower/Learner. State: Replica: a5a2c91c0f5a4e6fbf2674dfa2b35ad8, State: Initialized, Role: FOLLOWER
I20260601 13:35:55.111780  2072 raft_consensus.cc:740] T 61c4da9b384b4d2192c505796531644c P a92541a7b83444d69002ca381b5364b2 [term 0 FOLLOWER]: Becoming Follower/Learner. State: Replica: a92541a7b83444d69002ca381b5364b2, State: Initialized, Role: FOLLOWER
I20260601 13:35:55.111896  2065 consensus_queue.cc:260] T 58f7e12c3e7949d996a77fac212fbc10 P a5a2c91c0f5a4e6fbf2674dfa2b35ad8 [NON_LEADER]: Queue going to NON_LEADER mode. State: All replicated index: 0, Majority replicated index: 0, Committed index: 0, Last appended: 0.0, Last appended by leader: 0, Current term: 0, Majority size: -1, State: 0, Mode: NON_LEADER, active raft config: opid_index: -1 OBSOLETE_local: false peers { permanent_uuid: "a5a2c91c0f5a4e6fbf2674dfa2b35ad8" member_type: VOTER last_known_addr { host: "127.30.153.129" port: 39777 } } peers { permanent_uuid: "b27664f5277f440fb1c10890d04e59f3" member_type: VOTER last_known_addr { host: "127.30.153.130" port: 34789 } } peers { permanent_uuid: "a92541a7b83444d69002ca381b5364b2" member_type: VOTER last_known_addr { host: "127.30.153.131" port: 37745 } }
I20260601 13:35:55.111905  2072 consensus_queue.cc:260] T 61c4da9b384b4d2192c505796531644c P a92541a7b83444d69002ca381b5364b2 [NON_LEADER]: Queue going to NON_LEADER mode. State: All replicated index: 0, Majority replicated index: 0, Committed index: 0, Last appended: 0.0, Last appended by leader: 0, Current term: 0, Majority size: -1, State: 0, Mode: NON_LEADER, active raft config: opid_index: -1 OBSOLETE_local: false peers { permanent_uuid: "a5a2c91c0f5a4e6fbf2674dfa2b35ad8" member_type: VOTER last_known_addr { host: "127.30.153.129" port: 39777 } } peers { permanent_uuid: "b27664f5277f440fb1c10890d04e59f3" member_type: VOTER last_known_addr { host: "127.30.153.130" port: 34789 } } peers { permanent_uuid: "a92541a7b83444d69002ca381b5364b2" member_type: VOTER last_known_addr { host: "127.30.153.131" port: 37745 } }
I20260601 13:35:55.112182  2065 ts_tablet_manager.cc:1434] T 58f7e12c3e7949d996a77fac212fbc10 P a5a2c91c0f5a4e6fbf2674dfa2b35ad8: Time spent starting tablet: real 0.001s	user 0.000s	sys 0.000s
I20260601 13:35:55.112182  2072 ts_tablet_manager.cc:1434] T 61c4da9b384b4d2192c505796531644c P a92541a7b83444d69002ca381b5364b2: Time spent starting tablet: real 0.001s	user 0.001s	sys 0.000s
I20260601 13:35:55.112389  2065 tablet_bootstrap.cc:492] T 22086b81afe74ea5826230d916db544e P a5a2c91c0f5a4e6fbf2674dfa2b35ad8: Bootstrap starting.
I20260601 13:35:55.112389  2072 tablet_bootstrap.cc:492] T 22086b81afe74ea5826230d916db544e P a92541a7b83444d69002ca381b5364b2: Bootstrap starting.
I20260601 13:35:55.113428  2072 tablet_bootstrap.cc:654] T 22086b81afe74ea5826230d916db544e P a92541a7b83444d69002ca381b5364b2: Neither blocks nor log segments found. Creating new log.
I20260601 13:35:55.113428  2065 tablet_bootstrap.cc:654] T 22086b81afe74ea5826230d916db544e P a5a2c91c0f5a4e6fbf2674dfa2b35ad8: Neither blocks nor log segments found. Creating new log.
I20260601 13:35:55.114683  2072 tablet_bootstrap.cc:492] T 22086b81afe74ea5826230d916db544e P a92541a7b83444d69002ca381b5364b2: No bootstrap required, opened a new log
I20260601 13:35:55.114683  2065 tablet_bootstrap.cc:492] T 22086b81afe74ea5826230d916db544e P a5a2c91c0f5a4e6fbf2674dfa2b35ad8: No bootstrap required, opened a new log
I20260601 13:35:55.114806  2072 ts_tablet_manager.cc:1403] T 22086b81afe74ea5826230d916db544e P a92541a7b83444d69002ca381b5364b2: Time spent bootstrapping tablet: real 0.002s	user 0.002s	sys 0.000s
I20260601 13:35:55.114806  2065 ts_tablet_manager.cc:1403] T 22086b81afe74ea5826230d916db544e P a5a2c91c0f5a4e6fbf2674dfa2b35ad8: Time spent bootstrapping tablet: real 0.002s	user 0.002s	sys 0.000s
I20260601 13:35:55.115309  2072 raft_consensus.cc:359] T 22086b81afe74ea5826230d916db544e P a92541a7b83444d69002ca381b5364b2 [term 0 FOLLOWER]: Replica starting. Triggering 0 pending ops. Active config: opid_index: -1 OBSOLETE_local: false peers { permanent_uuid: "a5a2c91c0f5a4e6fbf2674dfa2b35ad8" member_type: VOTER last_known_addr { host: "127.30.153.129" port: 39777 } } peers { permanent_uuid: "b27664f5277f440fb1c10890d04e59f3" member_type: VOTER last_known_addr { host: "127.30.153.130" port: 34789 } } peers { permanent_uuid: "a92541a7b83444d69002ca381b5364b2" member_type: VOTER last_known_addr { host: "127.30.153.131" port: 37745 } }
I20260601 13:35:55.115309  2065 raft_consensus.cc:359] T 22086b81afe74ea5826230d916db544e P a5a2c91c0f5a4e6fbf2674dfa2b35ad8 [term 0 FOLLOWER]: Replica starting. Triggering 0 pending ops. Active config: opid_index: -1 OBSOLETE_local: false peers { permanent_uuid: "a5a2c91c0f5a4e6fbf2674dfa2b35ad8" member_type: VOTER last_known_addr { host: "127.30.153.129" port: 39777 } } peers { permanent_uuid: "b27664f5277f440fb1c10890d04e59f3" member_type: VOTER last_known_addr { host: "127.30.153.130" port: 34789 } } peers { permanent_uuid: "a92541a7b83444d69002ca381b5364b2" member_type: VOTER last_known_addr { host: "127.30.153.131" port: 37745 } }
I20260601 13:35:55.115461  2065 raft_consensus.cc:385] T 22086b81afe74ea5826230d916db544e P a5a2c91c0f5a4e6fbf2674dfa2b35ad8 [term 0 FOLLOWER]: Consensus starting up: Expiring failure detector timer to make a prompt election more likely
I20260601 13:35:55.115450  2072 raft_consensus.cc:385] T 22086b81afe74ea5826230d916db544e P a92541a7b83444d69002ca381b5364b2 [term 0 FOLLOWER]: Consensus starting up: Expiring failure detector timer to make a prompt election more likely
I20260601 13:35:55.115547  2072 raft_consensus.cc:740] T 22086b81afe74ea5826230d916db544e P a92541a7b83444d69002ca381b5364b2 [term 0 FOLLOWER]: Becoming Follower/Learner. State: Replica: a92541a7b83444d69002ca381b5364b2, State: Initialized, Role: FOLLOWER
I20260601 13:35:55.115536  2065 raft_consensus.cc:740] T 22086b81afe74ea5826230d916db544e P a5a2c91c0f5a4e6fbf2674dfa2b35ad8 [term 0 FOLLOWER]: Becoming Follower/Learner. State: Replica: a5a2c91c0f5a4e6fbf2674dfa2b35ad8, State: Initialized, Role: FOLLOWER
I20260601 13:35:55.115700  2065 consensus_queue.cc:260] T 22086b81afe74ea5826230d916db544e P a5a2c91c0f5a4e6fbf2674dfa2b35ad8 [NON_LEADER]: Queue going to NON_LEADER mode. State: All replicated index: 0, Majority replicated index: 0, Committed index: 0, Last appended: 0.0, Last appended by leader: 0, Current term: 0, Majority size: -1, State: 0, Mode: NON_LEADER, active raft config: opid_index: -1 OBSOLETE_local: false peers { permanent_uuid: "a5a2c91c0f5a4e6fbf2674dfa2b35ad8" member_type: VOTER last_known_addr { host: "127.30.153.129" port: 39777 } } peers { permanent_uuid: "b27664f5277f440fb1c10890d04e59f3" member_type: VOTER last_known_addr { host: "127.30.153.130" port: 34789 } } peers { permanent_uuid: "a92541a7b83444d69002ca381b5364b2" member_type: VOTER last_known_addr { host: "127.30.153.131" port: 37745 } }
I20260601 13:35:55.115700  2072 consensus_queue.cc:260] T 22086b81afe74ea5826230d916db544e P a92541a7b83444d69002ca381b5364b2 [NON_LEADER]: Queue going to NON_LEADER mode. State: All replicated index: 0, Majority replicated index: 0, Committed index: 0, Last appended: 0.0, Last appended by leader: 0, Current term: 0, Majority size: -1, State: 0, Mode: NON_LEADER, active raft config: opid_index: -1 OBSOLETE_local: false peers { permanent_uuid: "a5a2c91c0f5a4e6fbf2674dfa2b35ad8" member_type: VOTER last_known_addr { host: "127.30.153.129" port: 39777 } } peers { permanent_uuid: "b27664f5277f440fb1c10890d04e59f3" member_type: VOTER last_known_addr { host: "127.30.153.130" port: 34789 } } peers { permanent_uuid: "a92541a7b83444d69002ca381b5364b2" member_type: VOTER last_known_addr { host: "127.30.153.131" port: 37745 } }
I20260601 13:35:55.115998  2072 ts_tablet_manager.cc:1434] T 22086b81afe74ea5826230d916db544e P a92541a7b83444d69002ca381b5364b2: Time spent starting tablet: real 0.001s	user 0.001s	sys 0.000s
I20260601 13:35:55.116006  2065 ts_tablet_manager.cc:1434] T 22086b81afe74ea5826230d916db544e P a5a2c91c0f5a4e6fbf2674dfa2b35ad8: Time spent starting tablet: real 0.001s	user 0.001s	sys 0.000s
I20260601 13:35:55.116215  2072 tablet_bootstrap.cc:492] T c86348e385b3496cbff27d19008a3871 P a92541a7b83444d69002ca381b5364b2: Bootstrap starting.
I20260601 13:35:55.117259  2072 tablet_bootstrap.cc:654] T c86348e385b3496cbff27d19008a3871 P a92541a7b83444d69002ca381b5364b2: Neither blocks nor log segments found. Creating new log.
I20260601 13:35:55.118491  2072 tablet_bootstrap.cc:492] T c86348e385b3496cbff27d19008a3871 P a92541a7b83444d69002ca381b5364b2: No bootstrap required, opened a new log
I20260601 13:35:55.118566  2072 ts_tablet_manager.cc:1403] T c86348e385b3496cbff27d19008a3871 P a92541a7b83444d69002ca381b5364b2: Time spent bootstrapping tablet: real 0.002s	user 0.002s	sys 0.000s
I20260601 13:35:55.119000  2072 raft_consensus.cc:359] T c86348e385b3496cbff27d19008a3871 P a92541a7b83444d69002ca381b5364b2 [term 0 FOLLOWER]: Replica starting. Triggering 0 pending ops. Active config: opid_index: -1 OBSOLETE_local: false peers { permanent_uuid: "b27664f5277f440fb1c10890d04e59f3" member_type: VOTER last_known_addr { host: "127.30.153.130" port: 34789 } } peers { permanent_uuid: "a5a2c91c0f5a4e6fbf2674dfa2b35ad8" member_type: VOTER last_known_addr { host: "127.30.153.129" port: 39777 } } peers { permanent_uuid: "a92541a7b83444d69002ca381b5364b2" member_type: VOTER last_known_addr { host: "127.30.153.131" port: 37745 } }
I20260601 13:35:55.119131  2072 raft_consensus.cc:385] T c86348e385b3496cbff27d19008a3871 P a92541a7b83444d69002ca381b5364b2 [term 0 FOLLOWER]: Consensus starting up: Expiring failure detector timer to make a prompt election more likely
I20260601 13:35:55.119202  2072 raft_consensus.cc:740] T c86348e385b3496cbff27d19008a3871 P a92541a7b83444d69002ca381b5364b2 [term 0 FOLLOWER]: Becoming Follower/Learner. State: Replica: a92541a7b83444d69002ca381b5364b2, State: Initialized, Role: FOLLOWER
I20260601 13:35:55.119336  2072 consensus_queue.cc:260] T c86348e385b3496cbff27d19008a3871 P a92541a7b83444d69002ca381b5364b2 [NON_LEADER]: Queue going to NON_LEADER mode. State: All replicated index: 0, Majority replicated index: 0, Committed index: 0, Last appended: 0.0, Last appended by leader: 0, Current term: 0, Majority size: -1, State: 0, Mode: NON_LEADER, active raft config: opid_index: -1 OBSOLETE_local: false peers { permanent_uuid: "b27664f5277f440fb1c10890d04e59f3" member_type: VOTER last_known_addr { host: "127.30.153.130" port: 34789 } } peers { permanent_uuid: "a5a2c91c0f5a4e6fbf2674dfa2b35ad8" member_type: VOTER last_known_addr { host: "127.30.153.129" port: 39777 } } peers { permanent_uuid: "a92541a7b83444d69002ca381b5364b2" member_type: VOTER last_known_addr { host: "127.30.153.131" port: 37745 } }
I20260601 13:35:55.119616  2072 ts_tablet_manager.cc:1434] T c86348e385b3496cbff27d19008a3871 P a92541a7b83444d69002ca381b5364b2: Time spent starting tablet: real 0.001s	user 0.000s	sys 0.001s
I20260601 13:35:55.128602  2071 raft_consensus.cc:493] T 8e77bedf9d0948ba8e13bba859bebc28 P a5a2c91c0f5a4e6fbf2674dfa2b35ad8 [term 0 FOLLOWER]: Starting pre-election (no leader contacted us within the election timeout)
I20260601 13:35:55.128772  2094 raft_consensus.cc:493] T 61c4da9b384b4d2192c505796531644c P a5a2c91c0f5a4e6fbf2674dfa2b35ad8 [term 0 FOLLOWER]: Starting pre-election (no leader contacted us within the election timeout)
I20260601 13:35:55.128764  2071 raft_consensus.cc:515] T 8e77bedf9d0948ba8e13bba859bebc28 P a5a2c91c0f5a4e6fbf2674dfa2b35ad8 [term 0 FOLLOWER]: Starting pre-election with config: opid_index: -1 OBSOLETE_local: false peers { permanent_uuid: "b27664f5277f440fb1c10890d04e59f3" member_type: VOTER last_known_addr { host: "127.30.153.130" port: 34789 } } peers { permanent_uuid: "a5a2c91c0f5a4e6fbf2674dfa2b35ad8" member_type: VOTER last_known_addr { host: "127.30.153.129" port: 39777 } } peers { permanent_uuid: "a92541a7b83444d69002ca381b5364b2" member_type: VOTER last_known_addr { host: "127.30.153.131" port: 37745 } }
