I20260601 13:34:57.936398 31292 log_block_manager.cc:4031] Time spent loading block containers with low live blocks: real 0.000s	user 0.000s	sys 0.000s
I20260601 13:34:57.936733 29671 fs_manager.cc:730] Time spent opening block manager: real 0.001s	user 0.001s	sys 0.001s
I20260601 13:34:57.936810 29671 fs_manager.cc:647] Opened local filesystem: /tmp/dist-test-taskS1XrOO/test-tmp/auto_rebalancer-test.0.AutoRebalancerTest.MovesScheduledIfAddTserver.1780320883631723-29671-0/minicluster-data/master-0-root
uuid: "8291d792a61547ce9a0ffdad85d7712a"
format_stamp: "Formatted at 2026-06-01 13:34:57 on dist-test-slave-pkzh"
I20260601 13:34:57.936867 29671 fs_report.cc:389] FS layout report
--------------------
wal directory: /tmp/dist-test-taskS1XrOO/test-tmp/auto_rebalancer-test.0.AutoRebalancerTest.MovesScheduledIfAddTserver.1780320883631723-29671-0/minicluster-data/master-0-root
metadata directory: /tmp/dist-test-taskS1XrOO/test-tmp/auto_rebalancer-test.0.AutoRebalancerTest.MovesScheduledIfAddTserver.1780320883631723-29671-0/minicluster-data/master-0-root
1 data directories: /tmp/dist-test-taskS1XrOO/test-tmp/auto_rebalancer-test.0.AutoRebalancerTest.MovesScheduledIfAddTserver.1780320883631723-29671-0/minicluster-data/master-0-root/data
Total live blocks: 0
Total live bytes: 0
Total live bytes (after alignment): 0
Total number of LBM containers: 0 (0 full)
Did not check for missing blocks
Did not check for orphaned blocks
Total full LBM containers with extra space: 0 (0 repaired)
Total full LBM container extra space in bytes: 0 (0 repaired)
Total incomplete LBM containers: 0 (0 repaired)
Total LBM partial records: 0 (0 repaired)
Total corrupted LBM metadata records in RocksDB: 0 (0 repaired)
I20260601 13:34:57.965065 29671 rpc_server.cc:225] running with OpenSSL 1.1.1  11 Sep 2018
I20260601 13:34:57.965463 29671 kserver.cc:163] Server-wide thread pool size limit: 3276
I20260601 13:34:57.969959 29671 rpc_server.cc:307] RPC server started. Bound to: 127.28.249.254:33499
I20260601 13:34:57.974143 31344 acceptor_pool.cc:272] collecting diagnostics on the listening RPC socket 127.28.249.254:33499 every 8 connection(s)
I20260601 13:34:57.974815 31345 data_dirs.cc:400] Could only allocate 1 dirs of requested 3 for tablet 00000000000000000000000000000000. 1 dirs total, 0 dirs full, 0 dirs failed
I20260601 13:34:57.976702 31345 tablet_bootstrap.cc:492] T 00000000000000000000000000000000 P 8291d792a61547ce9a0ffdad85d7712a: Bootstrap starting.
I20260601 13:34:57.977581 31345 tablet_bootstrap.cc:654] T 00000000000000000000000000000000 P 8291d792a61547ce9a0ffdad85d7712a: Neither blocks nor log segments found. Creating new log.
I20260601 13:34:57.979120 31345 tablet_bootstrap.cc:492] T 00000000000000000000000000000000 P 8291d792a61547ce9a0ffdad85d7712a: No bootstrap required, opened a new log
I20260601 13:34:57.979827 31345 raft_consensus.cc:359] T 00000000000000000000000000000000 P 8291d792a61547ce9a0ffdad85d7712a [term 0 FOLLOWER]: Replica starting. Triggering 0 pending ops. Active config: opid_index: -1 OBSOLETE_local: true peers { permanent_uuid: "8291d792a61547ce9a0ffdad85d7712a" member_type: VOTER }
I20260601 13:34:57.979950 31345 raft_consensus.cc:385] T 00000000000000000000000000000000 P 8291d792a61547ce9a0ffdad85d7712a [term 0 FOLLOWER]: Consensus starting up: Expiring failure detector timer to make a prompt election more likely
I20260601 13:34:57.979974 31345 raft_consensus.cc:740] T 00000000000000000000000000000000 P 8291d792a61547ce9a0ffdad85d7712a [term 0 FOLLOWER]: Becoming Follower/Learner. State: Replica: 8291d792a61547ce9a0ffdad85d7712a, State: Initialized, Role: FOLLOWER
I20260601 13:34:57.980163 31345 consensus_queue.cc:260] T 00000000000000000000000000000000 P 8291d792a61547ce9a0ffdad85d7712a [NON_LEADER]: Queue going to NON_LEADER mode. State: All replicated index: 0, Majority replicated index: 0, Committed index: 0, Last appended: 0.0, Last appended by leader: 0, Current term: 0, Majority size: -1, State: 0, Mode: NON_LEADER, active raft config: opid_index: -1 OBSOLETE_local: true peers { permanent_uuid: "8291d792a61547ce9a0ffdad85d7712a" member_type: VOTER }
I20260601 13:34:57.980240 31345 raft_consensus.cc:399] T 00000000000000000000000000000000 P 8291d792a61547ce9a0ffdad85d7712a [term 0 FOLLOWER]: Only one voter in the Raft config. Triggering election immediately
I20260601 13:34:57.980270 31345 raft_consensus.cc:493] T 00000000000000000000000000000000 P 8291d792a61547ce9a0ffdad85d7712a [term 0 FOLLOWER]: Starting leader election (initial election of a single-replica configuration)
I20260601 13:34:57.980325 31345 raft_consensus.cc:3060] T 00000000000000000000000000000000 P 8291d792a61547ce9a0ffdad85d7712a [term 0 FOLLOWER]: Advancing to term 1
I20260601 13:34:57.981338 31345 raft_consensus.cc:515] T 00000000000000000000000000000000 P 8291d792a61547ce9a0ffdad85d7712a [term 1 FOLLOWER]: Starting leader election with config: opid_index: -1 OBSOLETE_local: true peers { permanent_uuid: "8291d792a61547ce9a0ffdad85d7712a" member_type: VOTER }
I20260601 13:34:57.981493 31345 leader_election.cc:304] T 00000000000000000000000000000000 P 8291d792a61547ce9a0ffdad85d7712a [CANDIDATE]: Term 1 election: Election decided. Result: candidate won. Election summary: received 1 responses out of 1 voters: 1 yes votes; 0 no votes. yes voters: 8291d792a61547ce9a0ffdad85d7712a; no voters: 
I20260601 13:34:57.981950 31345 leader_election.cc:290] T 00000000000000000000000000000000 P 8291d792a61547ce9a0ffdad85d7712a [CANDIDATE]: Term 1 election: Requested vote from peers 
I20260601 13:34:57.982513 31348 raft_consensus.cc:2804] T 00000000000000000000000000000000 P 8291d792a61547ce9a0ffdad85d7712a [term 1 FOLLOWER]: Leader election won for term 1
I20260601 13:34:57.983325 31348 raft_consensus.cc:697] T 00000000000000000000000000000000 P 8291d792a61547ce9a0ffdad85d7712a [term 1 LEADER]: Becoming Leader. State: Replica: 8291d792a61547ce9a0ffdad85d7712a, State: Running, Role: LEADER
I20260601 13:34:57.985437 31348 consensus_queue.cc:237] T 00000000000000000000000000000000 P 8291d792a61547ce9a0ffdad85d7712a [LEADER]: Queue going to LEADER mode. State: All replicated index: 0, Majority replicated index: 0, Committed index: 0, Last appended: 0.0, Last appended by leader: 0, Current term: 1, Majority size: 1, State: 0, Mode: LEADER, active raft config: opid_index: -1 OBSOLETE_local: true peers { permanent_uuid: "8291d792a61547ce9a0ffdad85d7712a" member_type: VOTER }
I20260601 13:34:57.985549 31345 sys_catalog.cc:565] T 00000000000000000000000000000000 P 8291d792a61547ce9a0ffdad85d7712a [sys.catalog]: configured and running, proceeding with master startup.
I20260601 13:34:57.986485 31350 sys_catalog.cc:455] T 00000000000000000000000000000000 P 8291d792a61547ce9a0ffdad85d7712a [sys.catalog]: SysCatalogTable state changed. Reason: New leader 8291d792a61547ce9a0ffdad85d7712a. Latest consensus state: current_term: 1 leader_uuid: "8291d792a61547ce9a0ffdad85d7712a" committed_config { opid_index: -1 OBSOLETE_local: true peers { permanent_uuid: "8291d792a61547ce9a0ffdad85d7712a" member_type: VOTER } }
I20260601 13:34:57.986645 31350 sys_catalog.cc:458] T 00000000000000000000000000000000 P 8291d792a61547ce9a0ffdad85d7712a [sys.catalog]: This master's current role is: LEADER
I20260601 13:34:57.986459 31349 sys_catalog.cc:455] T 00000000000000000000000000000000 P 8291d792a61547ce9a0ffdad85d7712a [sys.catalog]: SysCatalogTable state changed. Reason: RaftConsensus started. Latest consensus state: current_term: 1 leader_uuid: "8291d792a61547ce9a0ffdad85d7712a" committed_config { opid_index: -1 OBSOLETE_local: true peers { permanent_uuid: "8291d792a61547ce9a0ffdad85d7712a" member_type: VOTER } }
I20260601 13:34:57.986794 31349 sys_catalog.cc:458] T 00000000000000000000000000000000 P 8291d792a61547ce9a0ffdad85d7712a [sys.catalog]: This master's current role is: LEADER
I20260601 13:34:57.987432 31355 catalog_manager.cc:1510] Loading table and tablet metadata into memory...
I20260601 13:34:57.988464 31355 catalog_manager.cc:1519] Initializing Kudu cluster ID...
I20260601 13:34:57.988839 29671 internal_mini_cluster.cc:184] Waiting to initialize catalog manager on master 0
I20260601 13:34:57.991206 31355 catalog_manager.cc:1382] Generated new cluster ID: ce83963c400a4e519ff233bbded7bf08
I20260601 13:34:57.991308 31355 catalog_manager.cc:1530] Initializing Kudu internal certificate authority...
I20260601 13:34:58.012557 31355 catalog_manager.cc:1405] Generated new certificate authority record
I20260601 13:34:58.013173 31355 catalog_manager.cc:1539] Loading token signing keys...
I20260601 13:34:58.018814 31355 catalog_manager.cc:6069] T 00000000000000000000000000000000 P 8291d792a61547ce9a0ffdad85d7712a: Generated new TSK 0
I20260601 13:34:58.019034 31355 catalog_manager.cc:1549] Initializing in-progress tserver states...
I20260601 13:34:58.021696 29671 file_cache.cc:492] Constructed file cache file cache with capacity 419430
W20260601 13:34:58.024583 31366 instance_detector.cc:116] could not retrieve AWS instance metadata: Network error: curl error: HTTP response code said error: The requested URL returned error: 404
W20260601 13:34:58.024721 31367 instance_detector.cc:116] could not retrieve Azure instance metadata: Network error: curl error: HTTP response code said error: The requested URL returned error: 404
W20260601 13:34:58.024583 31369 instance_detector.cc:116] could not retrieve OpenStack instance metadata: Network error: curl error: HTTP response code said error: The requested URL returned error: 404
I20260601 13:34:58.024878 29671 server_base.cc:1061] running on GCE node
I20260601 13:34:58.025105 29671 hybrid_clock.cc:584] initializing the hybrid clock with 'system_unsync' time source
W20260601 13:34:58.025188 29671 system_unsync_time.cc:38] NTP support is disabled. Clock error bounds will not be accurate. This configuration is not suitable for distributed clusters.
I20260601 13:34:58.025250 29671 hybrid_clock.cc:648] HybridClock initialized: now 1780320898025248 us; error 0 us; skew 500 ppm
I20260601 13:34:58.026510 29671 webserver.cc:533] Webserver started at http://127.28.249.193:46451/ using document root <none> and password file <none>
I20260601 13:34:58.026736 29671 fs_manager.cc:362] Metadata directory not provided
I20260601 13:34:58.026897 29671 fs_manager.cc:368] Using write-ahead log directory (fs_wal_dir) as metadata directory
I20260601 13:34:58.027050 29671 server_base.cc:909] This appears to be a new deployment of Kudu; creating new FS layout
I20260601 13:34:58.027498 29671 fs_manager.cc:1068] Generated new instance metadata in path /tmp/dist-test-taskS1XrOO/test-tmp/auto_rebalancer-test.0.AutoRebalancerTest.MovesScheduledIfAddTserver.1780320883631723-29671-0/minicluster-data/ts-0-root/instance:
uuid: "47f7c6d6dfeb4f8d9357cbbebde42b9c"
format_stamp: "Formatted at 2026-06-01 13:34:58 on dist-test-slave-pkzh"
I20260601 13:34:58.029274 29671 fs_manager.cc:696] Time spent creating directory manager: real 0.002s	user 0.000s	sys 0.002s
I20260601 13:34:58.030584 31374 log_block_manager.cc:4031] Time spent loading block containers with low live blocks: real 0.000s	user 0.000s	sys 0.000s
I20260601 13:34:58.030912 29671 fs_manager.cc:730] Time spent opening block manager: real 0.001s	user 0.000s	sys 0.001s
I20260601 13:34:58.031006 29671 fs_manager.cc:647] Opened local filesystem: /tmp/dist-test-taskS1XrOO/test-tmp/auto_rebalancer-test.0.AutoRebalancerTest.MovesScheduledIfAddTserver.1780320883631723-29671-0/minicluster-data/ts-0-root
uuid: "47f7c6d6dfeb4f8d9357cbbebde42b9c"
format_stamp: "Formatted at 2026-06-01 13:34:58 on dist-test-slave-pkzh"
I20260601 13:34:58.031097 29671 fs_report.cc:389] FS layout report
--------------------
wal directory: /tmp/dist-test-taskS1XrOO/test-tmp/auto_rebalancer-test.0.AutoRebalancerTest.MovesScheduledIfAddTserver.1780320883631723-29671-0/minicluster-data/ts-0-root
metadata directory: /tmp/dist-test-taskS1XrOO/test-tmp/auto_rebalancer-test.0.AutoRebalancerTest.MovesScheduledIfAddTserver.1780320883631723-29671-0/minicluster-data/ts-0-root
1 data directories: /tmp/dist-test-taskS1XrOO/test-tmp/auto_rebalancer-test.0.AutoRebalancerTest.MovesScheduledIfAddTserver.1780320883631723-29671-0/minicluster-data/ts-0-root/data
Total live blocks: 0
Total live bytes: 0
Total live bytes (after alignment): 0
Total number of LBM containers: 0 (0 full)
Did not check for missing blocks
Did not check for orphaned blocks
Total full LBM containers with extra space: 0 (0 repaired)
Total full LBM container extra space in bytes: 0 (0 repaired)
Total incomplete LBM containers: 0 (0 repaired)
Total LBM partial records: 0 (0 repaired)
Total corrupted LBM metadata records in RocksDB: 0 (0 repaired)
I20260601 13:34:58.061882 29671 rpc_server.cc:225] running with OpenSSL 1.1.1  11 Sep 2018
I20260601 13:34:58.062603 29671 kserver.cc:163] Server-wide thread pool size limit: 3276
I20260601 13:34:58.063004 29671 txn_system_client.cc:432] TxnSystemClient initialization is disabled...
I20260601 13:34:58.063716 29671 ts_tablet_manager.cc:585] Loaded tablet metadata (0 total tablets, 0 live tablets)
I20260601 13:34:58.063808 29671 ts_tablet_manager.cc:531] Time spent load tablet metadata: real 0.000s	user 0.000s	sys 0.000s
I20260601 13:34:58.063875 29671 ts_tablet_manager.cc:616] Registered 0 tablets
I20260601 13:34:58.064040 29671 ts_tablet_manager.cc:595] Time spent register tablets: real 0.000s	user 0.000s	sys 0.000s
I20260601 13:34:58.070088 29671 rpc_server.cc:307] RPC server started. Bound to: 127.28.249.193:43711
I20260601 13:34:58.070149 31437 acceptor_pool.cc:272] collecting diagnostics on the listening RPC socket 127.28.249.193:43711 every 8 connection(s)
I20260601 13:34:58.071180 29671 file_cache.cc:492] Constructed file cache file cache with capacity 419430
W20260601 13:34:58.073506 31445 instance_detector.cc:116] could not retrieve OpenStack instance metadata: Network error: curl error: HTTP response code said error: The requested URL returned error: 404
W20260601 13:34:58.073582 31443 instance_detector.cc:116] could not retrieve Azure instance metadata: Network error: curl error: HTTP response code said error: The requested URL returned error: 404
W20260601 13:34:58.073550 31442 instance_detector.cc:116] could not retrieve AWS instance metadata: Network error: curl error: HTTP response code said error: The requested URL returned error: 404
I20260601 13:34:58.073861 29671 server_base.cc:1061] running on GCE node
I20260601 13:34:58.074112 29671 hybrid_clock.cc:584] initializing the hybrid clock with 'system_unsync' time source
W20260601 13:34:58.074172 29671 system_unsync_time.cc:38] NTP support is disabled. Clock error bounds will not be accurate. This configuration is not suitable for distributed clusters.
I20260601 13:34:58.074195 29671 hybrid_clock.cc:648] HybridClock initialized: now 1780320898074194 us; error 0 us; skew 500 ppm
I20260601 13:34:58.075567 29671 webserver.cc:533] Webserver started at http://127.28.249.194:39223/ using document root <none> and password file <none>
I20260601 13:34:58.075760 29671 fs_manager.cc:362] Metadata directory not provided
I20260601 13:34:58.075860 29671 fs_manager.cc:368] Using write-ahead log directory (fs_wal_dir) as metadata directory
I20260601 13:34:58.075948 29671 server_base.cc:909] This appears to be a new deployment of Kudu; creating new FS layout
I20260601 13:34:58.076526 29671 fs_manager.cc:1068] Generated new instance metadata in path /tmp/dist-test-taskS1XrOO/test-tmp/auto_rebalancer-test.0.AutoRebalancerTest.MovesScheduledIfAddTserver.1780320883631723-29671-0/minicluster-data/ts-1-root/instance:
uuid: "ceba6faf2b5c4d69a237fb0342108afa"
format_stamp: "Formatted at 2026-06-01 13:34:58 on dist-test-slave-pkzh"
I20260601 13:34:58.078534 29671 fs_manager.cc:696] Time spent creating directory manager: real 0.002s	user 0.000s	sys 0.002s
I20260601 13:34:58.079865 31450 log_block_manager.cc:4031] Time spent loading block containers with low live blocks: real 0.000s	user 0.000s	sys 0.000s
I20260601 13:34:58.080400 29671 fs_manager.cc:730] Time spent opening block manager: real 0.001s	user 0.001s	sys 0.000s
I20260601 13:34:58.080564 29671 fs_manager.cc:647] Opened local filesystem: /tmp/dist-test-taskS1XrOO/test-tmp/auto_rebalancer-test.0.AutoRebalancerTest.MovesScheduledIfAddTserver.1780320883631723-29671-0/minicluster-data/ts-1-root
uuid: "ceba6faf2b5c4d69a237fb0342108afa"
format_stamp: "Formatted at 2026-06-01 13:34:58 on dist-test-slave-pkzh"
I20260601 13:34:58.080695 29671 fs_report.cc:389] FS layout report
--------------------
wal directory: /tmp/dist-test-taskS1XrOO/test-tmp/auto_rebalancer-test.0.AutoRebalancerTest.MovesScheduledIfAddTserver.1780320883631723-29671-0/minicluster-data/ts-1-root
metadata directory: /tmp/dist-test-taskS1XrOO/test-tmp/auto_rebalancer-test.0.AutoRebalancerTest.MovesScheduledIfAddTserver.1780320883631723-29671-0/minicluster-data/ts-1-root
1 data directories: /tmp/dist-test-taskS1XrOO/test-tmp/auto_rebalancer-test.0.AutoRebalancerTest.MovesScheduledIfAddTserver.1780320883631723-29671-0/minicluster-data/ts-1-root/data
Total live blocks: 0
Total live bytes: 0
Total live bytes (after alignment): 0
Total number of LBM containers: 0 (0 full)
Did not check for missing blocks
Did not check for orphaned blocks
Total full LBM containers with extra space: 0 (0 repaired)
Total full LBM container extra space in bytes: 0 (0 repaired)
Total incomplete LBM containers: 0 (0 repaired)
Total LBM partial records: 0 (0 repaired)
Total corrupted LBM metadata records in RocksDB: 0 (0 repaired)
I20260601 13:34:58.082109 31438 heartbeater.cc:344] Connected to a master server at 127.28.249.254:33499
I20260601 13:34:58.082265 31438 heartbeater.cc:461] Registering TS with master...
I20260601 13:34:58.082585 31438 heartbeater.cc:507] Master 127.28.249.254:33499 requested a full tablet report, sending...
I20260601 13:34:58.083365 31309 ts_manager.cc:194] Registered new tserver with Master: 47f7c6d6dfeb4f8d9357cbbebde42b9c (127.28.249.193:43711)
I20260601 13:34:58.084227 31309 master_service.cc:502] Signed X509 certificate for tserver {username='slave'} at 127.0.0.1:49616
I20260601 13:34:58.105824 29671 rpc_server.cc:225] running with OpenSSL 1.1.1  11 Sep 2018
I20260601 13:34:58.106596 29671 kserver.cc:163] Server-wide thread pool size limit: 3276
I20260601 13:34:58.107018 29671 txn_system_client.cc:432] TxnSystemClient initialization is disabled...
I20260601 13:34:58.107653 29671 ts_tablet_manager.cc:585] Loaded tablet metadata (0 total tablets, 0 live tablets)
I20260601 13:34:58.107722 29671 ts_tablet_manager.cc:531] Time spent load tablet metadata: real 0.000s	user 0.000s	sys 0.000s
I20260601 13:34:58.107777 29671 ts_tablet_manager.cc:616] Registered 0 tablets
I20260601 13:34:58.107828 29671 ts_tablet_manager.cc:595] Time spent register tablets: real 0.000s	user 0.000s	sys 0.000s
I20260601 13:34:58.112769 29671 rpc_server.cc:307] RPC server started. Bound to: 127.28.249.194:45255
I20260601 13:34:58.112790 31513 acceptor_pool.cc:272] collecting diagnostics on the listening RPC socket 127.28.249.194:45255 every 8 connection(s)
I20260601 13:34:58.113663 29671 file_cache.cc:492] Constructed file cache file cache with capacity 419430
W20260601 13:34:58.116266 31517 instance_detector.cc:116] could not retrieve AWS instance metadata: Network error: curl error: HTTP response code said error: The requested URL returned error: 404
W20260601 13:34:58.117076 31520 instance_detector.cc:116] could not retrieve OpenStack instance metadata: Network error: curl error: HTTP response code said error: The requested URL returned error: 404
I20260601 13:34:58.117533 29671 server_base.cc:1061] running on GCE node
W20260601 13:34:58.117789 31518 instance_detector.cc:116] could not retrieve Azure instance metadata: Network error: curl error: HTTP response code said error: The requested URL returned error: 404
I20260601 13:34:58.119067 29671 hybrid_clock.cc:584] initializing the hybrid clock with 'system_unsync' time source
W20260601 13:34:58.119242 29671 system_unsync_time.cc:38] NTP support is disabled. Clock error bounds will not be accurate. This configuration is not suitable for distributed clusters.
I20260601 13:34:58.119338 29671 hybrid_clock.cc:648] HybridClock initialized: now 1780320898119337 us; error 0 us; skew 500 ppm
I20260601 13:34:58.121373 29671 webserver.cc:533] Webserver started at http://127.28.249.195:37251/ using document root <none> and password file <none>
I20260601 13:34:58.121652 31514 heartbeater.cc:344] Connected to a master server at 127.28.249.254:33499
I20260601 13:34:58.121642 29671 fs_manager.cc:362] Metadata directory not provided
I20260601 13:34:58.121799 29671 fs_manager.cc:368] Using write-ahead log directory (fs_wal_dir) as metadata directory
I20260601 13:34:58.121810 31514 heartbeater.cc:461] Registering TS with master...
I20260601 13:34:58.121898 29671 server_base.cc:909] This appears to be a new deployment of Kudu; creating new FS layout
I20260601 13:34:58.122210 31514 heartbeater.cc:507] Master 127.28.249.254:33499 requested a full tablet report, sending...
I20260601 13:34:58.122520 29671 fs_manager.cc:1068] Generated new instance metadata in path /tmp/dist-test-taskS1XrOO/test-tmp/auto_rebalancer-test.0.AutoRebalancerTest.MovesScheduledIfAddTserver.1780320883631723-29671-0/minicluster-data/ts-2-root/instance:
uuid: "5b90894fc667412da21e646e119cee13"
format_stamp: "Formatted at 2026-06-01 13:34:58 on dist-test-slave-pkzh"
I20260601 13:34:58.123384 31309 ts_manager.cc:194] Registered new tserver with Master: ceba6faf2b5c4d69a237fb0342108afa (127.28.249.194:45255)
I20260601 13:34:58.124260 31309 master_service.cc:502] Signed X509 certificate for tserver {username='slave'} at 127.0.0.1:49626
I20260601 13:34:58.125403 29671 fs_manager.cc:696] Time spent creating directory manager: real 0.002s	user 0.001s	sys 0.002s
I20260601 13:34:58.126955 31525 log_block_manager.cc:4031] Time spent loading block containers with low live blocks: real 0.000s	user 0.000s	sys 0.000s
I20260601 13:34:58.127432 29671 fs_manager.cc:730] Time spent opening block manager: real 0.001s	user 0.001s	sys 0.000s
I20260601 13:34:58.127566 29671 fs_manager.cc:647] Opened local filesystem: /tmp/dist-test-taskS1XrOO/test-tmp/auto_rebalancer-test.0.AutoRebalancerTest.MovesScheduledIfAddTserver.1780320883631723-29671-0/minicluster-data/ts-2-root
uuid: "5b90894fc667412da21e646e119cee13"
format_stamp: "Formatted at 2026-06-01 13:34:58 on dist-test-slave-pkzh"
I20260601 13:34:58.127688 29671 fs_report.cc:389] FS layout report
--------------------
wal directory: /tmp/dist-test-taskS1XrOO/test-tmp/auto_rebalancer-test.0.AutoRebalancerTest.MovesScheduledIfAddTserver.1780320883631723-29671-0/minicluster-data/ts-2-root
metadata directory: /tmp/dist-test-taskS1XrOO/test-tmp/auto_rebalancer-test.0.AutoRebalancerTest.MovesScheduledIfAddTserver.1780320883631723-29671-0/minicluster-data/ts-2-root
1 data directories: /tmp/dist-test-taskS1XrOO/test-tmp/auto_rebalancer-test.0.AutoRebalancerTest.MovesScheduledIfAddTserver.1780320883631723-29671-0/minicluster-data/ts-2-root/data
Total live blocks: 0
Total live bytes: 0
Total live bytes (after alignment): 0
Total number of LBM containers: 0 (0 full)
Did not check for missing blocks
Did not check for orphaned blocks
Total full LBM containers with extra space: 0 (0 repaired)
Total full LBM container extra space in bytes: 0 (0 repaired)
Total incomplete LBM containers: 0 (0 repaired)
Total LBM partial records: 0 (0 repaired)
Total corrupted LBM metadata records in RocksDB: 0 (0 repaired)
I20260601 13:34:58.146157 29671 rpc_server.cc:225] running with OpenSSL 1.1.1  11 Sep 2018
I20260601 13:34:58.146802 29671 kserver.cc:163] Server-wide thread pool size limit: 3276
I20260601 13:34:58.147507 29671 txn_system_client.cc:432] TxnSystemClient initialization is disabled...
I20260601 13:34:58.148237 29671 ts_tablet_manager.cc:585] Loaded tablet metadata (0 total tablets, 0 live tablets)
I20260601 13:34:58.148321 29671 ts_tablet_manager.cc:531] Time spent load tablet metadata: real 0.000s	user 0.000s	sys 0.000s
I20260601 13:34:58.148393 29671 ts_tablet_manager.cc:616] Registered 0 tablets
I20260601 13:34:58.148429 29671 ts_tablet_manager.cc:595] Time spent register tablets: real 0.000s	user 0.000s	sys 0.000s
I20260601 13:34:58.153800 29671 rpc_server.cc:307] RPC server started. Bound to: 127.28.249.195:40845
I20260601 13:34:58.153834 31588 acceptor_pool.cc:272] collecting diagnostics on the listening RPC socket 127.28.249.195:40845 every 8 connection(s)
I20260601 13:34:58.162472 31589 heartbeater.cc:344] Connected to a master server at 127.28.249.254:33499
I20260601 13:34:58.162622 31589 heartbeater.cc:461] Registering TS with master...
I20260601 13:34:58.162925 31589 heartbeater.cc:507] Master 127.28.249.254:33499 requested a full tablet report, sending...
I20260601 13:34:58.164214 31309 ts_manager.cc:194] Registered new tserver with Master: 5b90894fc667412da21e646e119cee13 (127.28.249.195:40845)
I20260601 13:34:58.165125 31309 master_service.cc:502] Signed X509 certificate for tserver {username='slave'} at 127.0.0.1:49628
I20260601 13:34:58.164935 29671 internal_mini_cluster.cc:371] 3 TS(s) registered with all masters after 0.010806063s
I20260601 13:34:59.085345 31438 heartbeater.cc:499] Master 127.28.249.254:33499 was elected leader, sending a full tablet report...
I20260601 13:34:59.125581 31514 heartbeater.cc:499] Master 127.28.249.254:33499 was elected leader, sending a full tablet report...
I20260601 13:34:59.166522 31589 heartbeater.cc:499] Master 127.28.249.254:33499 was elected leader, sending a full tablet report...
I20260601 13:34:59.207491 31309 catalog_manager.cc:2282] Servicing CreateTable request from {username='slave'} at 127.0.0.1:49632:
name: "test-workload"
schema {
  columns {
    name: "key"
    type: INT32
    is_key: true
    is_nullable: false
    encoding: AUTO_ENCODING
    compression: DEFAULT_COMPRESSION
    cfile_block_size: 0
    immutable: false
  }
  columns {
    name: "int_val"
    type: INT32
    is_key: false
    is_nullable: false
    encoding: AUTO_ENCODING
    compression: DEFAULT_COMPRESSION
    cfile_block_size: 0
    immutable: false
  }
  columns {
    name: "string_val"
    type: STRING
    is_key: false
    is_nullable: true
    encoding: AUTO_ENCODING
    compression: DEFAULT_COMPRESSION
    cfile_block_size: 0
    immutable: false
  }
}
num_replicas: 3
split_rows_range_bounds {
  rows: "\004\001\000\377\377\377?""\004\001\000\377\377\377?"
  indirect_data: """"
}
partition_schema {
  range_schema {
    columns {
      name: "key"
    }
  }
}
W20260601 13:34:59.208444 31309 catalog_manager.cc:7076] The number of live tablet servers is not enough to re-replicate a tablet replica of the newly created table test-workload in case of a server failure: 4 tablet servers would be needed, 3 are available. Consider bringing up more tablet servers.
I20260601 13:34:59.225234 31402 tablet_service.cc:1511] Processing CreateTablet for tablet 7fe6da2216dd420e88128e23e1e78cdf (DEFAULT_TABLE table=test-workload [id=361f515aa26741508478e0d364a5b70c]), partition=RANGE (key) PARTITION VALUES < 1073741823
I20260601 13:34:59.225394 31401 tablet_service.cc:1511] Processing CreateTablet for tablet f68cd4f97cb04f9b9c6c75b640c55dae (DEFAULT_TABLE table=test-workload [id=361f515aa26741508478e0d364a5b70c]), partition=RANGE (key) PARTITION 1073741823 <= VALUES
I20260601 13:34:59.225740 31402 data_dirs.cc:400] Could only allocate 1 dirs of requested 3 for tablet 7fe6da2216dd420e88128e23e1e78cdf. 1 dirs total, 0 dirs full, 0 dirs failed
I20260601 13:34:59.226079 31401 data_dirs.cc:400] Could only allocate 1 dirs of requested 3 for tablet f68cd4f97cb04f9b9c6c75b640c55dae. 1 dirs total, 0 dirs full, 0 dirs failed
I20260601 13:34:59.226097 31477 tablet_service.cc:1511] Processing CreateTablet for tablet f68cd4f97cb04f9b9c6c75b640c55dae (DEFAULT_TABLE table=test-workload [id=361f515aa26741508478e0d364a5b70c]), partition=RANGE (key) PARTITION 1073741823 <= VALUES
I20260601 13:34:59.226279 31552 tablet_service.cc:1511] Processing CreateTablet for tablet f68cd4f97cb04f9b9c6c75b640c55dae (DEFAULT_TABLE table=test-workload [id=361f515aa26741508478e0d364a5b70c]), partition=RANGE (key) PARTITION 1073741823 <= VALUES
I20260601 13:34:59.226464 31477 data_dirs.cc:400] Could only allocate 1 dirs of requested 3 for tablet f68cd4f97cb04f9b9c6c75b640c55dae. 1 dirs total, 0 dirs full, 0 dirs failed
I20260601 13:34:59.226850 31552 data_dirs.cc:400] Could only allocate 1 dirs of requested 3 for tablet f68cd4f97cb04f9b9c6c75b640c55dae. 1 dirs total, 0 dirs full, 0 dirs failed
I20260601 13:34:59.229609 31553 tablet_service.cc:1511] Processing CreateTablet for tablet 7fe6da2216dd420e88128e23e1e78cdf (DEFAULT_TABLE table=test-workload [id=361f515aa26741508478e0d364a5b70c]), partition=RANGE (key) PARTITION VALUES < 1073741823
I20260601 13:34:59.229969 31553 data_dirs.cc:400] Could only allocate 1 dirs of requested 3 for tablet 7fe6da2216dd420e88128e23e1e78cdf. 1 dirs total, 0 dirs full, 0 dirs failed
I20260601 13:34:59.230329 31478 tablet_service.cc:1511] Processing CreateTablet for tablet 7fe6da2216dd420e88128e23e1e78cdf (DEFAULT_TABLE table=test-workload [id=361f515aa26741508478e0d364a5b70c]), partition=RANGE (key) PARTITION VALUES < 1073741823
I20260601 13:34:59.230573 31478 data_dirs.cc:400] Could only allocate 1 dirs of requested 3 for tablet 7fe6da2216dd420e88128e23e1e78cdf. 1 dirs total, 0 dirs full, 0 dirs failed
I20260601 13:34:59.231122 31609 tablet_bootstrap.cc:492] T f68cd4f97cb04f9b9c6c75b640c55dae P 5b90894fc667412da21e646e119cee13: Bootstrap starting.
I20260601 13:34:59.232378 31609 tablet_bootstrap.cc:654] T f68cd4f97cb04f9b9c6c75b640c55dae P 5b90894fc667412da21e646e119cee13: Neither blocks nor log segments found. Creating new log.
I20260601 13:34:59.232474 31610 tablet_bootstrap.cc:492] T f68cd4f97cb04f9b9c6c75b640c55dae P 47f7c6d6dfeb4f8d9357cbbebde42b9c: Bootstrap starting.
I20260601 13:34:59.232576 31611 tablet_bootstrap.cc:492] T f68cd4f97cb04f9b9c6c75b640c55dae P ceba6faf2b5c4d69a237fb0342108afa: Bootstrap starting.
I20260601 13:34:59.233548 31610 tablet_bootstrap.cc:654] T f68cd4f97cb04f9b9c6c75b640c55dae P 47f7c6d6dfeb4f8d9357cbbebde42b9c: Neither blocks nor log segments found. Creating new log.
I20260601 13:34:59.235337 31609 tablet_bootstrap.cc:492] T f68cd4f97cb04f9b9c6c75b640c55dae P 5b90894fc667412da21e646e119cee13: No bootstrap required, opened a new log
I20260601 13:34:59.235442 31609 ts_tablet_manager.cc:1403] T f68cd4f97cb04f9b9c6c75b640c55dae P 5b90894fc667412da21e646e119cee13: Time spent bootstrapping tablet: real 0.004s	user 0.003s	sys 0.000s
I20260601 13:34:59.235926 31611 tablet_bootstrap.cc:654] T f68cd4f97cb04f9b9c6c75b640c55dae P ceba6faf2b5c4d69a237fb0342108afa: Neither blocks nor log segments found. Creating new log.
I20260601 13:34:59.236294 31609 raft_consensus.cc:359] T f68cd4f97cb04f9b9c6c75b640c55dae P 5b90894fc667412da21e646e119cee13 [term 0 FOLLOWER]: Replica starting. Triggering 0 pending ops. Active config: opid_index: -1 OBSOLETE_local: false peers { permanent_uuid: "47f7c6d6dfeb4f8d9357cbbebde42b9c" member_type: VOTER last_known_addr { host: "127.28.249.193" port: 43711 } } peers { permanent_uuid: "ceba6faf2b5c4d69a237fb0342108afa" member_type: VOTER last_known_addr { host: "127.28.249.194" port: 45255 } } peers { permanent_uuid: "5b90894fc667412da21e646e119cee13" member_type: VOTER last_known_addr { host: "127.28.249.195" port: 40845 } }
I20260601 13:34:59.236443 31609 raft_consensus.cc:385] T f68cd4f97cb04f9b9c6c75b640c55dae P 5b90894fc667412da21e646e119cee13 [term 0 FOLLOWER]: Consensus starting up: Expiring failure detector timer to make a prompt election more likely
I20260601 13:34:59.236457 31610 tablet_bootstrap.cc:492] T f68cd4f97cb04f9b9c6c75b640c55dae P 47f7c6d6dfeb4f8d9357cbbebde42b9c: No bootstrap required, opened a new log
I20260601 13:34:59.236487 31609 raft_consensus.cc:740] T f68cd4f97cb04f9b9c6c75b640c55dae P 5b90894fc667412da21e646e119cee13 [term 0 FOLLOWER]: Becoming Follower/Learner. State: Replica: 5b90894fc667412da21e646e119cee13, State: Initialized, Role: FOLLOWER
I20260601 13:34:59.236538 31610 ts_tablet_manager.cc:1403] T f68cd4f97cb04f9b9c6c75b640c55dae P 47f7c6d6dfeb4f8d9357cbbebde42b9c: Time spent bootstrapping tablet: real 0.004s	user 0.000s	sys 0.002s
I20260601 13:34:59.236626 31609 consensus_queue.cc:260] T f68cd4f97cb04f9b9c6c75b640c55dae P 5b90894fc667412da21e646e119cee13 [NON_LEADER]: Queue going to NON_LEADER mode. State: All replicated index: 0, Majority replicated index: 0, Committed index: 0, Last appended: 0.0, Last appended by leader: 0, Current term: 0, Majority size: -1, State: 0, Mode: NON_LEADER, active raft config: opid_index: -1 OBSOLETE_local: false peers { permanent_uuid: "47f7c6d6dfeb4f8d9357cbbebde42b9c" member_type: VOTER last_known_addr { host: "127.28.249.193" port: 43711 } } peers { permanent_uuid: "ceba6faf2b5c4d69a237fb0342108afa" member_type: VOTER last_known_addr { host: "127.28.249.194" port: 45255 } } peers { permanent_uuid: "5b90894fc667412da21e646e119cee13" member_type: VOTER last_known_addr { host: "127.28.249.195" port: 40845 } }
I20260601 13:34:59.236972 31610 raft_consensus.cc:359] T f68cd4f97cb04f9b9c6c75b640c55dae P 47f7c6d6dfeb4f8d9357cbbebde42b9c [term 0 FOLLOWER]: Replica starting. Triggering 0 pending ops. Active config: opid_index: -1 OBSOLETE_local: false peers { permanent_uuid: "47f7c6d6dfeb4f8d9357cbbebde42b9c" member_type: VOTER last_known_addr { host: "127.28.249.193" port: 43711 } } peers { permanent_uuid: "ceba6faf2b5c4d69a237fb0342108afa" member_type: VOTER last_known_addr { host: "127.28.249.194" port: 45255 } } peers { permanent_uuid: "5b90894fc667412da21e646e119cee13" member_type: VOTER last_known_addr { host: "127.28.249.195" port: 40845 } }
I20260601 13:34:59.237036 31609 ts_tablet_manager.cc:1434] T f68cd4f97cb04f9b9c6c75b640c55dae P 5b90894fc667412da21e646e119cee13: Time spent starting tablet: real 0.002s	user 0.003s	sys 0.000s
I20260601 13:34:59.237107 31610 raft_consensus.cc:385] T f68cd4f97cb04f9b9c6c75b640c55dae P 47f7c6d6dfeb4f8d9357cbbebde42b9c [term 0 FOLLOWER]: Consensus starting up: Expiring failure detector timer to make a prompt election more likely
I20260601 13:34:59.237138 31610 raft_consensus.cc:740] T f68cd4f97cb04f9b9c6c75b640c55dae P 47f7c6d6dfeb4f8d9357cbbebde42b9c [term 0 FOLLOWER]: Becoming Follower/Learner. State: Replica: 47f7c6d6dfeb4f8d9357cbbebde42b9c, State: Initialized, Role: FOLLOWER
I20260601 13:34:59.237278 31610 consensus_queue.cc:260] T f68cd4f97cb04f9b9c6c75b640c55dae P 47f7c6d6dfeb4f8d9357cbbebde42b9c [NON_LEADER]: Queue going to NON_LEADER mode. State: All replicated index: 0, Majority replicated index: 0, Committed index: 0, Last appended: 0.0, Last appended by leader: 0, Current term: 0, Majority size: -1, State: 0, Mode: NON_LEADER, active raft config: opid_index: -1 OBSOLETE_local: false peers { permanent_uuid: "47f7c6d6dfeb4f8d9357cbbebde42b9c" member_type: VOTER last_known_addr { host: "127.28.249.193" port: 43711 } } peers { permanent_uuid: "ceba6faf2b5c4d69a237fb0342108afa" member_type: VOTER last_known_addr { host: "127.28.249.194" port: 45255 } } peers { permanent_uuid: "5b90894fc667412da21e646e119cee13" member_type: VOTER last_known_addr { host: "127.28.249.195" port: 40845 } }
I20260601 13:34:59.237380 31609 tablet_bootstrap.cc:492] T 7fe6da2216dd420e88128e23e1e78cdf P 5b90894fc667412da21e646e119cee13: Bootstrap starting.
I20260601 13:34:59.238315 31611 tablet_bootstrap.cc:492] T f68cd4f97cb04f9b9c6c75b640c55dae P ceba6faf2b5c4d69a237fb0342108afa: No bootstrap required, opened a new log
I20260601 13:34:59.238351 31610 ts_tablet_manager.cc:1434] T f68cd4f97cb04f9b9c6c75b640c55dae P 47f7c6d6dfeb4f8d9357cbbebde42b9c: Time spent starting tablet: real 0.002s	user 0.000s	sys 0.002s
I20260601 13:34:59.238472 31611 ts_tablet_manager.cc:1403] T f68cd4f97cb04f9b9c6c75b640c55dae P ceba6faf2b5c4d69a237fb0342108afa: Time spent bootstrapping tablet: real 0.006s	user 0.003s	sys 0.001s
I20260601 13:34:59.239037 31609 tablet_bootstrap.cc:654] T 7fe6da2216dd420e88128e23e1e78cdf P 5b90894fc667412da21e646e119cee13: Neither blocks nor log segments found. Creating new log.
I20260601 13:34:59.238970 31611 raft_consensus.cc:359] T f68cd4f97cb04f9b9c6c75b640c55dae P ceba6faf2b5c4d69a237fb0342108afa [term 0 FOLLOWER]: Replica starting. Triggering 0 pending ops. Active config: opid_index: -1 OBSOLETE_local: false peers { permanent_uuid: "47f7c6d6dfeb4f8d9357cbbebde42b9c" member_type: VOTER last_known_addr { host: "127.28.249.193" port: 43711 } } peers { permanent_uuid: "ceba6faf2b5c4d69a237fb0342108afa" member_type: VOTER last_known_addr { host: "127.28.249.194" port: 45255 } } peers { permanent_uuid: "5b90894fc667412da21e646e119cee13" member_type: VOTER last_known_addr { host: "127.28.249.195" port: 40845 } }
I20260601 13:34:59.239081 31611 raft_consensus.cc:385] T f68cd4f97cb04f9b9c6c75b640c55dae P ceba6faf2b5c4d69a237fb0342108afa [term 0 FOLLOWER]: Consensus starting up: Expiring failure detector timer to make a prompt election more likely
I20260601 13:34:59.240453 31611 raft_consensus.cc:740] T f68cd4f97cb04f9b9c6c75b640c55dae P ceba6faf2b5c4d69a237fb0342108afa [term 0 FOLLOWER]: Becoming Follower/Learner. State: Replica: ceba6faf2b5c4d69a237fb0342108afa, State: Initialized, Role: FOLLOWER
I20260601 13:34:59.241843 31611 consensus_queue.cc:260] T f68cd4f97cb04f9b9c6c75b640c55dae P ceba6faf2b5c4d69a237fb0342108afa [NON_LEADER]: Queue going to NON_LEADER mode. State: All replicated index: 0, Majority replicated index: 0, Committed index: 0, Last appended: 0.0, Last appended by leader: 0, Current term: 0, Majority size: -1, State: 0, Mode: NON_LEADER, active raft config: opid_index: -1 OBSOLETE_local: false peers { permanent_uuid: "47f7c6d6dfeb4f8d9357cbbebde42b9c" member_type: VOTER last_known_addr { host: "127.28.249.193" port: 43711 } } peers { permanent_uuid: "ceba6faf2b5c4d69a237fb0342108afa" member_type: VOTER last_known_addr { host: "127.28.249.194" port: 45255 } } peers { permanent_uuid: "5b90894fc667412da21e646e119cee13" member_type: VOTER last_known_addr { host: "127.28.249.195" port: 40845 } }
I20260601 13:34:59.242491 31611 ts_tablet_manager.cc:1434] T f68cd4f97cb04f9b9c6c75b640c55dae P ceba6faf2b5c4d69a237fb0342108afa: Time spent starting tablet: real 0.004s	user 0.001s	sys 0.001s
I20260601 13:34:59.243170 31611 tablet_bootstrap.cc:492] T 7fe6da2216dd420e88128e23e1e78cdf P ceba6faf2b5c4d69a237fb0342108afa: Bootstrap starting.
I20260601 13:34:59.243237 31609 tablet_bootstrap.cc:492] T 7fe6da2216dd420e88128e23e1e78cdf P 5b90894fc667412da21e646e119cee13: No bootstrap required, opened a new log
I20260601 13:34:59.239588 31610 tablet_bootstrap.cc:492] T 7fe6da2216dd420e88128e23e1e78cdf P 47f7c6d6dfeb4f8d9357cbbebde42b9c: Bootstrap starting.
I20260601 13:34:59.243438 31609 ts_tablet_manager.cc:1403] T 7fe6da2216dd420e88128e23e1e78cdf P 5b90894fc667412da21e646e119cee13: Time spent bootstrapping tablet: real 0.006s	user 0.005s	sys 0.000s
I20260601 13:34:59.244469 31609 raft_consensus.cc:359] T 7fe6da2216dd420e88128e23e1e78cdf P 5b90894fc667412da21e646e119cee13 [term 0 FOLLOWER]: Replica starting. Triggering 0 pending ops. Active config: opid_index: -1 OBSOLETE_local: false peers { permanent_uuid: "47f7c6d6dfeb4f8d9357cbbebde42b9c" member_type: VOTER last_known_addr { host: "127.28.249.193" port: 43711 } } peers { permanent_uuid: "ceba6faf2b5c4d69a237fb0342108afa" member_type: VOTER last_known_addr { host: "127.28.249.194" port: 45255 } } peers { permanent_uuid: "5b90894fc667412da21e646e119cee13" member_type: VOTER last_known_addr { host: "127.28.249.195" port: 40845 } }
I20260601 13:34:59.244648 31609 raft_consensus.cc:385] T 7fe6da2216dd420e88128e23e1e78cdf P 5b90894fc667412da21e646e119cee13 [term 0 FOLLOWER]: Consensus starting up: Expiring failure detector timer to make a prompt election more likely
I20260601 13:34:59.244697 31609 raft_consensus.cc:740] T 7fe6da2216dd420e88128e23e1e78cdf P 5b90894fc667412da21e646e119cee13 [term 0 FOLLOWER]: Becoming Follower/Learner. State: Replica: 5b90894fc667412da21e646e119cee13, State: Initialized, Role: FOLLOWER
I20260601 13:34:59.244848 31609 consensus_queue.cc:260] T 7fe6da2216dd420e88128e23e1e78cdf P 5b90894fc667412da21e646e119cee13 [NON_LEADER]: Queue going to NON_LEADER mode. State: All replicated index: 0, Majority replicated index: 0, Committed index: 0, Last appended: 0.0, Last appended by leader: 0, Current term: 0, Majority size: -1, State: 0, Mode: NON_LEADER, active raft config: opid_index: -1 OBSOLETE_local: false peers { permanent_uuid: "47f7c6d6dfeb4f8d9357cbbebde42b9c" member_type: VOTER last_known_addr { host: "127.28.249.193" port: 43711 } } peers { permanent_uuid: "ceba6faf2b5c4d69a237fb0342108afa" member_type: VOTER last_known_addr { host: "127.28.249.194" port: 45255 } } peers { permanent_uuid: "5b90894fc667412da21e646e119cee13" member_type: VOTER last_known_addr { host: "127.28.249.195" port: 40845 } }
I20260601 13:34:59.245460 31609 ts_tablet_manager.cc:1434] T 7fe6da2216dd420e88128e23e1e78cdf P 5b90894fc667412da21e646e119cee13: Time spent starting tablet: real 0.002s	user 0.002s	sys 0.000s
I20260601 13:34:59.245841 31610 tablet_bootstrap.cc:654] T 7fe6da2216dd420e88128e23e1e78cdf P 47f7c6d6dfeb4f8d9357cbbebde42b9c: Neither blocks nor log segments found. Creating new log.
I20260601 13:34:59.247419 31611 tablet_bootstrap.cc:654] T 7fe6da2216dd420e88128e23e1e78cdf P ceba6faf2b5c4d69a237fb0342108afa: Neither blocks nor log segments found. Creating new log.
I20260601 13:34:59.249042 31610 tablet_bootstrap.cc:492] T 7fe6da2216dd420e88128e23e1e78cdf P 47f7c6d6dfeb4f8d9357cbbebde42b9c: No bootstrap required, opened a new log
I20260601 13:34:59.249166 31610 ts_tablet_manager.cc:1403] T 7fe6da2216dd420e88128e23e1e78cdf P 47f7c6d6dfeb4f8d9357cbbebde42b9c: Time spent bootstrapping tablet: real 0.010s	user 0.003s	sys 0.001s
I20260601 13:34:59.249692 31611 tablet_bootstrap.cc:492] T 7fe6da2216dd420e88128e23e1e78cdf P ceba6faf2b5c4d69a237fb0342108afa: No bootstrap required, opened a new log
I20260601 13:34:59.249843 31611 ts_tablet_manager.cc:1403] T 7fe6da2216dd420e88128e23e1e78cdf P ceba6faf2b5c4d69a237fb0342108afa: Time spent bootstrapping tablet: real 0.007s	user 0.003s	sys 0.000s
I20260601 13:34:59.249689 31610 raft_consensus.cc:359] T 7fe6da2216dd420e88128e23e1e78cdf P 47f7c6d6dfeb4f8d9357cbbebde42b9c [term 0 FOLLOWER]: Replica starting. Triggering 0 pending ops. Active config: opid_index: -1 OBSOLETE_local: false peers { permanent_uuid: "47f7c6d6dfeb4f8d9357cbbebde42b9c" member_type: VOTER last_known_addr { host: "127.28.249.193" port: 43711 } } peers { permanent_uuid: "ceba6faf2b5c4d69a237fb0342108afa" member_type: VOTER last_known_addr { host: "127.28.249.194" port: 45255 } } peers { permanent_uuid: "5b90894fc667412da21e646e119cee13" member_type: VOTER last_known_addr { host: "127.28.249.195" port: 40845 } }
I20260601 13:34:59.249986 31610 raft_consensus.cc:385] T 7fe6da2216dd420e88128e23e1e78cdf P 47f7c6d6dfeb4f8d9357cbbebde42b9c [term 0 FOLLOWER]: Consensus starting up: Expiring failure detector timer to make a prompt election more likely
I20260601 13:34:59.250022 31610 raft_consensus.cc:740] T 7fe6da2216dd420e88128e23e1e78cdf P 47f7c6d6dfeb4f8d9357cbbebde42b9c [term 0 FOLLOWER]: Becoming Follower/Learner. State: Replica: 47f7c6d6dfeb4f8d9357cbbebde42b9c, State: Initialized, Role: FOLLOWER
I20260601 13:34:59.250195 31610 consensus_queue.cc:260] T 7fe6da2216dd420e88128e23e1e78cdf P 47f7c6d6dfeb4f8d9357cbbebde42b9c [NON_LEADER]: Queue going to NON_LEADER mode. State: All replicated index: 0, Majority replicated index: 0, Committed index: 0, Last appended: 0.0, Last appended by leader: 0, Current term: 0, Majority size: -1, State: 0, Mode: NON_LEADER, active raft config: opid_index: -1 OBSOLETE_local: false peers { permanent_uuid: "47f7c6d6dfeb4f8d9357cbbebde42b9c" member_type: VOTER last_known_addr { host: "127.28.249.193" port: 43711 } } peers { permanent_uuid: "ceba6faf2b5c4d69a237fb0342108afa" member_type: VOTER last_known_addr { host: "127.28.249.194" port: 45255 } } peers { permanent_uuid: "5b90894fc667412da21e646e119cee13" member_type: VOTER last_known_addr { host: "127.28.249.195" port: 40845 } }
I20260601 13:34:59.250372 31611 raft_consensus.cc:359] T 7fe6da2216dd420e88128e23e1e78cdf P ceba6faf2b5c4d69a237fb0342108afa [term 0 FOLLOWER]: Replica starting. Triggering 0 pending ops. Active config: opid_index: -1 OBSOLETE_local: false peers { permanent_uuid: "47f7c6d6dfeb4f8d9357cbbebde42b9c" member_type: VOTER last_known_addr { host: "127.28.249.193" port: 43711 } } peers { permanent_uuid: "ceba6faf2b5c4d69a237fb0342108afa" member_type: VOTER last_known_addr { host: "127.28.249.194" port: 45255 } } peers { permanent_uuid: "5b90894fc667412da21e646e119cee13" member_type: VOTER last_known_addr { host: "127.28.249.195" port: 40845 } }
I20260601 13:34:59.250452 31611 raft_consensus.cc:385] T 7fe6da2216dd420e88128e23e1e78cdf P ceba6faf2b5c4d69a237fb0342108afa [term 0 FOLLOWER]: Consensus starting up: Expiring failure detector timer to make a prompt election more likely
I20260601 13:34:59.250483 31611 raft_consensus.cc:740] T 7fe6da2216dd420e88128e23e1e78cdf P ceba6faf2b5c4d69a237fb0342108afa [term 0 FOLLOWER]: Becoming Follower/Learner. State: Replica: ceba6faf2b5c4d69a237fb0342108afa, State: Initialized, Role: FOLLOWER
I20260601 13:34:59.250502 31610 ts_tablet_manager.cc:1434] T 7fe6da2216dd420e88128e23e1e78cdf P 47f7c6d6dfeb4f8d9357cbbebde42b9c: Time spent starting tablet: real 0.001s	user 0.000s	sys 0.001s
I20260601 13:34:59.250597 31611 consensus_queue.cc:260] T 7fe6da2216dd420e88128e23e1e78cdf P ceba6faf2b5c4d69a237fb0342108afa [NON_LEADER]: Queue going to NON_LEADER mode. State: All replicated index: 0, Majority replicated index: 0, Committed index: 0, Last appended: 0.0, Last appended by leader: 0, Current term: 0, Majority size: -1, State: 0, Mode: NON_LEADER, active raft config: opid_index: -1 OBSOLETE_local: false peers { permanent_uuid: "47f7c6d6dfeb4f8d9357cbbebde42b9c" member_type: VOTER last_known_addr { host: "127.28.249.193" port: 43711 } } peers { permanent_uuid: "ceba6faf2b5c4d69a237fb0342108afa" member_type: VOTER last_known_addr { host: "127.28.249.194" port: 45255 } } peers { permanent_uuid: "5b90894fc667412da21e646e119cee13" member_type: VOTER last_known_addr { host: "127.28.249.195" port: 40845 } }
I20260601 13:34:59.250871 31611 ts_tablet_manager.cc:1434] T 7fe6da2216dd420e88128e23e1e78cdf P ceba6faf2b5c4d69a237fb0342108afa: Time spent starting tablet: real 0.001s	user 0.000s	sys 0.000s
I20260601 13:34:59.368593 31614 raft_consensus.cc:493] T 7fe6da2216dd420e88128e23e1e78cdf P 5b90894fc667412da21e646e119cee13 [term 0 FOLLOWER]: Starting pre-election (no leader contacted us within the election timeout)
I20260601 13:34:59.368835 31614 raft_consensus.cc:515] T 7fe6da2216dd420e88128e23e1e78cdf P 5b90894fc667412da21e646e119cee13 [term 0 FOLLOWER]: Starting pre-election with config: opid_index: -1 OBSOLETE_local: false peers { permanent_uuid: "47f7c6d6dfeb4f8d9357cbbebde42b9c" member_type: VOTER last_known_addr { host: "127.28.249.193" port: 43711 } } peers { permanent_uuid: "ceba6faf2b5c4d69a237fb0342108afa" member_type: VOTER last_known_addr { host: "127.28.249.194" port: 45255 } } peers { permanent_uuid: "5b90894fc667412da21e646e119cee13" member_type: VOTER last_known_addr { host: "127.28.249.195" port: 40845 } }
I20260601 13:34:59.369444 31614 leader_election.cc:290] T 7fe6da2216dd420e88128e23e1e78cdf P 5b90894fc667412da21e646e119cee13 [CANDIDATE]: Term 1 pre-election: Requested pre-vote from peers 47f7c6d6dfeb4f8d9357cbbebde42b9c (127.28.249.193:43711), ceba6faf2b5c4d69a237fb0342108afa (127.28.249.194:45255)
I20260601 13:34:59.375391 31412 tablet_service.cc:1917] Received RequestConsensusVote() RPC: tablet_id: "7fe6da2216dd420e88128e23e1e78cdf" candidate_uuid: "5b90894fc667412da21e646e119cee13" candidate_term: 1 candidate_status { last_received { term: 0 index: 0 } } ignore_live_leader: false dest_uuid: "47f7c6d6dfeb4f8d9357cbbebde42b9c" is_pre_election: true
I20260601 13:34:59.375679 31412 raft_consensus.cc:2468] T 7fe6da2216dd420e88128e23e1e78cdf P 47f7c6d6dfeb4f8d9357cbbebde42b9c [term 0 FOLLOWER]: Leader pre-election vote request: Granting yes vote for candidate 5b90894fc667412da21e646e119cee13 in term 0.
I20260601 13:34:59.375391 31488 tablet_service.cc:1917] Received RequestConsensusVote() RPC: tablet_id: "7fe6da2216dd420e88128e23e1e78cdf" candidate_uuid: "5b90894fc667412da21e646e119cee13" candidate_term: 1 candidate_status { last_received { term: 0 index: 0 } } ignore_live_leader: false dest_uuid: "ceba6faf2b5c4d69a237fb0342108afa" is_pre_election: true
I20260601 13:34:59.375881 31488 raft_consensus.cc:2468] T 7fe6da2216dd420e88128e23e1e78cdf P ceba6faf2b5c4d69a237fb0342108afa [term 0 FOLLOWER]: Leader pre-election vote request: Granting yes vote for candidate 5b90894fc667412da21e646e119cee13 in term 0.
I20260601 13:34:59.376269 31528 leader_election.cc:304] T 7fe6da2216dd420e88128e23e1e78cdf P 5b90894fc667412da21e646e119cee13 [CANDIDATE]: Term 1 pre-election: Election decided. Result: candidate won. Election summary: received 2 responses out of 3 voters: 2 yes votes; 0 no votes. yes voters: 5b90894fc667412da21e646e119cee13, ceba6faf2b5c4d69a237fb0342108afa; no voters: 
I20260601 13:34:59.376508 31614 raft_consensus.cc:2804] T 7fe6da2216dd420e88128e23e1e78cdf P 5b90894fc667412da21e646e119cee13 [term 0 FOLLOWER]: Leader pre-election won for term 1
I20260601 13:34:59.376571 31614 raft_consensus.cc:493] T 7fe6da2216dd420e88128e23e1e78cdf P 5b90894fc667412da21e646e119cee13 [term 0 FOLLOWER]: Starting leader election (no leader contacted us within the election timeout)
I20260601 13:34:59.376619 31614 raft_consensus.cc:3060] T 7fe6da2216dd420e88128e23e1e78cdf P 5b90894fc667412da21e646e119cee13 [term 0 FOLLOWER]: Advancing to term 1
