I20260601 13:34:49.697252 22585 rpc_server.cc:225] running with OpenSSL 1.1.1  11 Sep 2018
I20260601 13:34:49.697613 22585 kserver.cc:163] Server-wide thread pool size limit: 3276
I20260601 13:34:49.701571 22585 rpc_server.cc:307] RPC server started. Bound to: 127.22.14.126:35287
I20260601 13:34:49.702656 22585 file_cache.cc:492] Constructed file cache file cache with capacity 419430
I20260601 13:34:49.706988 23700 acceptor_pool.cc:272] collecting diagnostics on the listening RPC socket 127.22.14.126:35287 every 8 connection(s)
I20260601 13:34:49.707727 23701 data_dirs.cc:400] Could only allocate 1 dirs of requested 3 for tablet 00000000000000000000000000000000. 1 dirs total, 0 dirs full, 0 dirs failed
W20260601 13:34:49.707883 23704 instance_detector.cc:116] could not retrieve Azure instance metadata: Network error: curl error: HTTP response code said error: The requested URL returned error: 404
I20260601 13:34:49.707980 22585 server_base.cc:1061] running on GCE node
W20260601 13:34:49.707985 23703 instance_detector.cc:116] could not retrieve AWS instance metadata: Network error: curl error: HTTP response code said error: The requested URL returned error: 404
W20260601 13:34:49.708142 23706 instance_detector.cc:116] could not retrieve OpenStack instance metadata: Network error: curl error: HTTP response code said error: The requested URL returned error: 404
I20260601 13:34:49.708376 22585 hybrid_clock.cc:584] initializing the hybrid clock with 'system_unsync' time source
W20260601 13:34:49.708429 22585 system_unsync_time.cc:38] NTP support is disabled. Clock error bounds will not be accurate. This configuration is not suitable for distributed clusters.
I20260601 13:34:49.708449 22585 hybrid_clock.cc:648] HybridClock initialized: now 1780320889708449 us; error 0 us; skew 500 ppm
I20260601 13:34:49.709174 23701 sys_catalog.cc:422] member_type: VOTER last_known_addr { host: "127.22.14.126" port: 35287 } has no permanent_uuid. Determining permanent_uuid...
I20260601 13:34:49.709309 22585 webserver.cc:533] Webserver started at http://127.22.14.125:41979/ using document root <none> and password file <none>
I20260601 13:34:49.709441 22585 fs_manager.cc:362] Metadata directory not provided
I20260601 13:34:49.709504 22585 fs_manager.cc:368] Using write-ahead log directory (fs_wal_dir) as metadata directory
I20260601 13:34:49.709564 22585 server_base.cc:909] This appears to be a new deployment of Kudu; creating new FS layout
I20260601 13:34:49.709985 22585 fs_manager.cc:1068] Generated new instance metadata in path /tmp/dist-test-tasklO7kSO/test-tmp/auto_rebalancer-test.0.AutoRebalancerTest.NextLeaderResumesAutoRebalancing.1780320879636042-22585-0/minicluster-data/master-1-root/instance:
uuid: "0c2708427f1546d1ba554e7b68f6c49b"
format_stamp: "Formatted at 2026-06-01 13:34:49 on dist-test-slave-hzh5"
I20260601 13:34:49.712057 22585 fs_manager.cc:696] Time spent creating directory manager: real 0.002s	user 0.002s	sys 0.000s
I20260601 13:34:49.713194 23713 log_block_manager.cc:4031] Time spent loading block containers with low live blocks: real 0.000s	user 0.000s	sys 0.000s
I20260601 13:34:49.713464 22585 fs_manager.cc:730] Time spent opening block manager: real 0.001s	user 0.001s	sys 0.000s
I20260601 13:34:49.713518 23701 sys_catalog.cc:422] member_type: VOTER last_known_addr { host: "127.22.14.125" port: 36525 } has no permanent_uuid. Determining permanent_uuid...
I20260601 13:34:49.713548 22585 fs_manager.cc:647] Opened local filesystem: /tmp/dist-test-tasklO7kSO/test-tmp/auto_rebalancer-test.0.AutoRebalancerTest.NextLeaderResumesAutoRebalancing.1780320879636042-22585-0/minicluster-data/master-1-root
uuid: "0c2708427f1546d1ba554e7b68f6c49b"
format_stamp: "Formatted at 2026-06-01 13:34:49 on dist-test-slave-hzh5"
I20260601 13:34:49.713625 22585 fs_report.cc:389] FS layout report
--------------------
wal directory: /tmp/dist-test-tasklO7kSO/test-tmp/auto_rebalancer-test.0.AutoRebalancerTest.NextLeaderResumesAutoRebalancing.1780320879636042-22585-0/minicluster-data/master-1-root
metadata directory: /tmp/dist-test-tasklO7kSO/test-tmp/auto_rebalancer-test.0.AutoRebalancerTest.NextLeaderResumesAutoRebalancing.1780320879636042-22585-0/minicluster-data/master-1-root
1 data directories: /tmp/dist-test-tasklO7kSO/test-tmp/auto_rebalancer-test.0.AutoRebalancerTest.NextLeaderResumesAutoRebalancing.1780320879636042-22585-0/minicluster-data/master-1-root/data
Total live blocks: 0
Total live bytes: 0
Total live bytes (after alignment): 0
Total number of LBM containers: 0 (0 full)
Did not check for missing blocks
Did not check for orphaned blocks
Total full LBM containers with extra space: 0 (0 repaired)
Total full LBM container extra space in bytes: 0 (0 repaired)
Total incomplete LBM containers: 0 (0 repaired)
Total LBM partial records: 0 (0 repaired)
Total corrupted LBM metadata records in RocksDB: 0 (0 repaired)
W20260601 13:34:49.714166 23650 proxy.cc:239] Call had error, refreshing address and retrying: Network error: Client connection negotiation failed: client connection to 127.22.14.125:36525: connect: Connection refused (error 111) [suppressed 1 similar messages]
W20260601 13:34:49.714946 23701 consensus_peers.cc:760] Error getting permanent uuid from config peer 127.22.14.125:36525: Network error: Client connection negotiation failed: client connection to 127.22.14.125:36525: connect: Connection refused (error 111)
I20260601 13:34:49.738127 22585 rpc_server.cc:225] running with OpenSSL 1.1.1  11 Sep 2018
I20260601 13:34:49.738447 22585 kserver.cc:163] Server-wide thread pool size limit: 3276
I20260601 13:34:49.742259 22585 rpc_server.cc:307] RPC server started. Bound to: 127.22.14.125:36525
I20260601 13:34:49.742321 23766 acceptor_pool.cc:272] collecting diagnostics on the listening RPC socket 127.22.14.125:36525 every 8 connection(s)
I20260601 13:34:49.743022 22585 file_cache.cc:492] Constructed file cache file cache with capacity 419430
I20260601 13:34:49.743191 23767 data_dirs.cc:400] Could only allocate 1 dirs of requested 3 for tablet 00000000000000000000000000000000. 1 dirs total, 0 dirs full, 0 dirs failed
W20260601 13:34:49.744580 23769 instance_detector.cc:116] could not retrieve AWS instance metadata: Network error: curl error: HTTP response code said error: The requested URL returned error: 404
W20260601 13:34:49.744627 23770 instance_detector.cc:116] could not retrieve Azure instance metadata: Network error: curl error: HTTP response code said error: The requested URL returned error: 404
I20260601 13:34:49.744808 22585 server_base.cc:1061] running on GCE node
W20260601 13:34:49.744638 23772 instance_detector.cc:116] could not retrieve OpenStack instance metadata: Network error: curl error: HTTP response code said error: The requested URL returned error: 404
I20260601 13:34:49.744890 23767 sys_catalog.cc:422] member_type: VOTER last_known_addr { host: "127.22.14.126" port: 35287 } has no permanent_uuid. Determining permanent_uuid...
I20260601 13:34:49.745070 22585 hybrid_clock.cc:584] initializing the hybrid clock with 'system_unsync' time source
W20260601 13:34:49.745118 22585 system_unsync_time.cc:38] NTP support is disabled. Clock error bounds will not be accurate. This configuration is not suitable for distributed clusters.
I20260601 13:34:49.745141 22585 hybrid_clock.cc:648] HybridClock initialized: now 1780320889745141 us; error 0 us; skew 500 ppm
I20260601 13:34:49.746002 22585 webserver.cc:533] Webserver started at http://127.22.14.124:35111/ using document root <none> and password file <none>
I20260601 13:34:49.746147 22585 fs_manager.cc:362] Metadata directory not provided
I20260601 13:34:49.746201 22585 fs_manager.cc:368] Using write-ahead log directory (fs_wal_dir) as metadata directory
I20260601 13:34:49.746273 22585 server_base.cc:909] This appears to be a new deployment of Kudu; creating new FS layout
I20260601 13:34:49.746655 22585 fs_manager.cc:1068] Generated new instance metadata in path /tmp/dist-test-tasklO7kSO/test-tmp/auto_rebalancer-test.0.AutoRebalancerTest.NextLeaderResumesAutoRebalancing.1780320879636042-22585-0/minicluster-data/master-2-root/instance:
uuid: "8d87b3a7d09640cdaaab36c1a9167e05"
format_stamp: "Formatted at 2026-06-01 13:34:49 on dist-test-slave-hzh5"
I20260601 13:34:49.748564 22585 fs_manager.cc:696] Time spent creating directory manager: real 0.002s	user 0.002s	sys 0.000s
I20260601 13:34:49.749336 23767 sys_catalog.cc:422] member_type: VOTER last_known_addr { host: "127.22.14.125" port: 36525 } has no permanent_uuid. Determining permanent_uuid...
I20260601 13:34:49.749711 23778 log_block_manager.cc:4031] Time spent loading block containers with low live blocks: real 0.000s	user 0.000s	sys 0.000s
I20260601 13:34:49.750212 22585 fs_manager.cc:730] Time spent opening block manager: real 0.001s	user 0.001s	sys 0.000s
I20260601 13:34:49.750294 22585 fs_manager.cc:647] Opened local filesystem: /tmp/dist-test-tasklO7kSO/test-tmp/auto_rebalancer-test.0.AutoRebalancerTest.NextLeaderResumesAutoRebalancing.1780320879636042-22585-0/minicluster-data/master-2-root
uuid: "8d87b3a7d09640cdaaab36c1a9167e05"
format_stamp: "Formatted at 2026-06-01 13:34:49 on dist-test-slave-hzh5"
I20260601 13:34:49.750361 22585 fs_report.cc:389] FS layout report
--------------------
wal directory: /tmp/dist-test-tasklO7kSO/test-tmp/auto_rebalancer-test.0.AutoRebalancerTest.NextLeaderResumesAutoRebalancing.1780320879636042-22585-0/minicluster-data/master-2-root
metadata directory: /tmp/dist-test-tasklO7kSO/test-tmp/auto_rebalancer-test.0.AutoRebalancerTest.NextLeaderResumesAutoRebalancing.1780320879636042-22585-0/minicluster-data/master-2-root
1 data directories: /tmp/dist-test-tasklO7kSO/test-tmp/auto_rebalancer-test.0.AutoRebalancerTest.NextLeaderResumesAutoRebalancing.1780320879636042-22585-0/minicluster-data/master-2-root/data
Total live blocks: 0
Total live bytes: 0
Total live bytes (after alignment): 0
Total number of LBM containers: 0 (0 full)
Did not check for missing blocks
Did not check for orphaned blocks
Total full LBM containers with extra space: 0 (0 repaired)
Total full LBM container extra space in bytes: 0 (0 repaired)
Total incomplete LBM containers: 0 (0 repaired)
Total LBM partial records: 0 (0 repaired)
Total corrupted LBM metadata records in RocksDB: 0 (0 repaired)
I20260601 13:34:49.753345 23767 sys_catalog.cc:422] member_type: VOTER last_known_addr { host: "127.22.14.124" port: 35835 } has no permanent_uuid. Determining permanent_uuid...
W20260601 13:34:49.754611 23767 consensus_peers.cc:760] Error getting permanent uuid from config peer 127.22.14.124:35835: Network error: Client connection negotiation failed: client connection to 127.22.14.124:35835: connect: Connection refused (error 111)
I20260601 13:34:49.764030 22585 rpc_server.cc:225] running with OpenSSL 1.1.1  11 Sep 2018
I20260601 13:34:49.764299 22585 kserver.cc:163] Server-wide thread pool size limit: 3276
I20260601 13:34:49.767124 23701 consensus_peers.cc:770] Retrying to get permanent uuid for remote peer: member_type: VOTER last_known_addr { host: "127.22.14.125" port: 36525 } attempt: 1
I20260601 13:34:49.768453 22585 rpc_server.cc:307] RPC server started. Bound to: 127.22.14.124:35835
I20260601 13:34:49.768500 23832 acceptor_pool.cc:272] collecting diagnostics on the listening RPC socket 127.22.14.124:35835 every 8 connection(s)
I20260601 13:34:49.768930 22585 internal_mini_cluster.cc:184] Waiting to initialize catalog manager on master 0
I20260601 13:34:49.769308 23833 data_dirs.cc:400] Could only allocate 1 dirs of requested 3 for tablet 00000000000000000000000000000000. 1 dirs total, 0 dirs full, 0 dirs failed
I20260601 13:34:49.770659 23833 sys_catalog.cc:422] member_type: VOTER last_known_addr { host: "127.22.14.126" port: 35287 } has no permanent_uuid. Determining permanent_uuid...
I20260601 13:34:49.771061 23701 sys_catalog.cc:422] member_type: VOTER last_known_addr { host: "127.22.14.124" port: 35835 } has no permanent_uuid. Determining permanent_uuid...
I20260601 13:34:49.774350 23833 sys_catalog.cc:422] member_type: VOTER last_known_addr { host: "127.22.14.125" port: 36525 } has no permanent_uuid. Determining permanent_uuid...
I20260601 13:34:49.776160 23701 tablet_bootstrap.cc:492] T 00000000000000000000000000000000 P 8e4bcf06b2b14a10ad419a69c56f79ff: Bootstrap starting.
I20260601 13:34:49.777163 23701 tablet_bootstrap.cc:654] T 00000000000000000000000000000000 P 8e4bcf06b2b14a10ad419a69c56f79ff: Neither blocks nor log segments found. Creating new log.
I20260601 13:34:49.778147 23833 sys_catalog.cc:422] member_type: VOTER last_known_addr { host: "127.22.14.124" port: 35835 } has no permanent_uuid. Determining permanent_uuid...
I20260601 13:34:49.778369 23701 tablet_bootstrap.cc:492] T 00000000000000000000000000000000 P 8e4bcf06b2b14a10ad419a69c56f79ff: No bootstrap required, opened a new log
I20260601 13:34:49.778864 23701 raft_consensus.cc:359] T 00000000000000000000000000000000 P 8e4bcf06b2b14a10ad419a69c56f79ff [term 0 FOLLOWER]: Replica starting. Triggering 0 pending ops. Active config: opid_index: -1 OBSOLETE_local: false peers { permanent_uuid: "8e4bcf06b2b14a10ad419a69c56f79ff" member_type: VOTER last_known_addr { host: "127.22.14.126" port: 35287 } } peers { permanent_uuid: "0c2708427f1546d1ba554e7b68f6c49b" member_type: VOTER last_known_addr { host: "127.22.14.125" port: 36525 } } peers { permanent_uuid: "8d87b3a7d09640cdaaab36c1a9167e05" member_type: VOTER last_known_addr { host: "127.22.14.124" port: 35835 } }
I20260601 13:34:49.778990 23701 raft_consensus.cc:385] T 00000000000000000000000000000000 P 8e4bcf06b2b14a10ad419a69c56f79ff [term 0 FOLLOWER]: Consensus starting up: Expiring failure detector timer to make a prompt election more likely
I20260601 13:34:49.779068 23701 raft_consensus.cc:740] T 00000000000000000000000000000000 P 8e4bcf06b2b14a10ad419a69c56f79ff [term 0 FOLLOWER]: Becoming Follower/Learner. State: Replica: 8e4bcf06b2b14a10ad419a69c56f79ff, State: Initialized, Role: FOLLOWER
I20260601 13:34:49.779208 23701 consensus_queue.cc:260] T 00000000000000000000000000000000 P 8e4bcf06b2b14a10ad419a69c56f79ff [NON_LEADER]: Queue going to NON_LEADER mode. State: All replicated index: 0, Majority replicated index: 0, Committed index: 0, Last appended: 0.0, Last appended by leader: 0, Current term: 0, Majority size: -1, State: 0, Mode: NON_LEADER, active raft config: opid_index: -1 OBSOLETE_local: false peers { permanent_uuid: "8e4bcf06b2b14a10ad419a69c56f79ff" member_type: VOTER last_known_addr { host: "127.22.14.126" port: 35287 } } peers { permanent_uuid: "0c2708427f1546d1ba554e7b68f6c49b" member_type: VOTER last_known_addr { host: "127.22.14.125" port: 36525 } } peers { permanent_uuid: "8d87b3a7d09640cdaaab36c1a9167e05" member_type: VOTER last_known_addr { host: "127.22.14.124" port: 35835 } }
I20260601 13:34:49.779533 23838 sys_catalog.cc:455] T 00000000000000000000000000000000 P 8e4bcf06b2b14a10ad419a69c56f79ff [sys.catalog]: SysCatalogTable state changed. Reason: RaftConsensus started. Latest consensus state: current_term: 0 committed_config { opid_index: -1 OBSOLETE_local: false peers { permanent_uuid: "8e4bcf06b2b14a10ad419a69c56f79ff" member_type: VOTER last_known_addr { host: "127.22.14.126" port: 35287 } } peers { permanent_uuid: "0c2708427f1546d1ba554e7b68f6c49b" member_type: VOTER last_known_addr { host: "127.22.14.125" port: 36525 } } peers { permanent_uuid: "8d87b3a7d09640cdaaab36c1a9167e05" member_type: VOTER last_known_addr { host: "127.22.14.124" port: 35835 } } }
I20260601 13:34:49.779671 23838 sys_catalog.cc:458] T 00000000000000000000000000000000 P 8e4bcf06b2b14a10ad419a69c56f79ff [sys.catalog]: This master's current role is: FOLLOWER
I20260601 13:34:49.779745 23701 sys_catalog.cc:565] T 00000000000000000000000000000000 P 8e4bcf06b2b14a10ad419a69c56f79ff [sys.catalog]: configured and running, proceeding with master startup.
I20260601 13:34:49.781563 22585 internal_mini_cluster.cc:184] Waiting to initialize catalog manager on master 1
W20260601 13:34:49.782110 23849 catalog_manager.cc:1593] T 00000000000000000000000000000000 P 8e4bcf06b2b14a10ad419a69c56f79ff: loading cluster ID for follower catalog manager: Not found: cluster ID entry not found
W20260601 13:34:49.782188 23849 catalog_manager.cc:883] Not found: cluster ID entry not found: failed to prepare follower catalog manager, will retry
I20260601 13:34:49.782590 23833 tablet_bootstrap.cc:492] T 00000000000000000000000000000000 P 8d87b3a7d09640cdaaab36c1a9167e05: Bootstrap starting.
I20260601 13:34:49.783313 23833 tablet_bootstrap.cc:654] T 00000000000000000000000000000000 P 8d87b3a7d09640cdaaab36c1a9167e05: Neither blocks nor log segments found. Creating new log.
I20260601 13:34:49.784279 23833 tablet_bootstrap.cc:492] T 00000000000000000000000000000000 P 8d87b3a7d09640cdaaab36c1a9167e05: No bootstrap required, opened a new log
I20260601 13:34:49.784663 23833 raft_consensus.cc:359] T 00000000000000000000000000000000 P 8d87b3a7d09640cdaaab36c1a9167e05 [term 0 FOLLOWER]: Replica starting. Triggering 0 pending ops. Active config: opid_index: -1 OBSOLETE_local: false peers { permanent_uuid: "8e4bcf06b2b14a10ad419a69c56f79ff" member_type: VOTER last_known_addr { host: "127.22.14.126" port: 35287 } } peers { permanent_uuid: "0c2708427f1546d1ba554e7b68f6c49b" member_type: VOTER last_known_addr { host: "127.22.14.125" port: 36525 } } peers { permanent_uuid: "8d87b3a7d09640cdaaab36c1a9167e05" member_type: VOTER last_known_addr { host: "127.22.14.124" port: 35835 } }
I20260601 13:34:49.784744 23833 raft_consensus.cc:385] T 00000000000000000000000000000000 P 8d87b3a7d09640cdaaab36c1a9167e05 [term 0 FOLLOWER]: Consensus starting up: Expiring failure detector timer to make a prompt election more likely
I20260601 13:34:49.784765 23833 raft_consensus.cc:740] T 00000000000000000000000000000000 P 8d87b3a7d09640cdaaab36c1a9167e05 [term 0 FOLLOWER]: Becoming Follower/Learner. State: Replica: 8d87b3a7d09640cdaaab36c1a9167e05, State: Initialized, Role: FOLLOWER
I20260601 13:34:49.784932 23833 consensus_queue.cc:260] T 00000000000000000000000000000000 P 8d87b3a7d09640cdaaab36c1a9167e05 [NON_LEADER]: Queue going to NON_LEADER mode. State: All replicated index: 0, Majority replicated index: 0, Committed index: 0, Last appended: 0.0, Last appended by leader: 0, Current term: 0, Majority size: -1, State: 0, Mode: NON_LEADER, active raft config: opid_index: -1 OBSOLETE_local: false peers { permanent_uuid: "8e4bcf06b2b14a10ad419a69c56f79ff" member_type: VOTER last_known_addr { host: "127.22.14.126" port: 35287 } } peers { permanent_uuid: "0c2708427f1546d1ba554e7b68f6c49b" member_type: VOTER last_known_addr { host: "127.22.14.125" port: 36525 } } peers { permanent_uuid: "8d87b3a7d09640cdaaab36c1a9167e05" member_type: VOTER last_known_addr { host: "127.22.14.124" port: 35835 } }
I20260601 13:34:49.785248 23851 sys_catalog.cc:455] T 00000000000000000000000000000000 P 8d87b3a7d09640cdaaab36c1a9167e05 [sys.catalog]: SysCatalogTable state changed. Reason: RaftConsensus started. Latest consensus state: current_term: 0 committed_config { opid_index: -1 OBSOLETE_local: false peers { permanent_uuid: "8e4bcf06b2b14a10ad419a69c56f79ff" member_type: VOTER last_known_addr { host: "127.22.14.126" port: 35287 } } peers { permanent_uuid: "0c2708427f1546d1ba554e7b68f6c49b" member_type: VOTER last_known_addr { host: "127.22.14.125" port: 36525 } } peers { permanent_uuid: "8d87b3a7d09640cdaaab36c1a9167e05" member_type: VOTER last_known_addr { host: "127.22.14.124" port: 35835 } } }
I20260601 13:34:49.785355 23833 sys_catalog.cc:565] T 00000000000000000000000000000000 P 8d87b3a7d09640cdaaab36c1a9167e05 [sys.catalog]: configured and running, proceeding with master startup.
I20260601 13:34:49.785354 23851 sys_catalog.cc:458] T 00000000000000000000000000000000 P 8d87b3a7d09640cdaaab36c1a9167e05 [sys.catalog]: This master's current role is: FOLLOWER
W20260601 13:34:49.787200 23862 catalog_manager.cc:1593] T 00000000000000000000000000000000 P 8d87b3a7d09640cdaaab36c1a9167e05: loading cluster ID for follower catalog manager: Not found: cluster ID entry not found
W20260601 13:34:49.787286 23862 catalog_manager.cc:883] Not found: cluster ID entry not found: failed to prepare follower catalog manager, will retry
I20260601 13:34:49.810798 23767 consensus_peers.cc:770] Retrying to get permanent uuid for remote peer: member_type: VOTER last_known_addr { host: "127.22.14.124" port: 35835 } attempt: 1
I20260601 13:34:49.816143 23767 tablet_bootstrap.cc:492] T 00000000000000000000000000000000 P 0c2708427f1546d1ba554e7b68f6c49b: Bootstrap starting.
I20260601 13:34:49.817409 23767 tablet_bootstrap.cc:654] T 00000000000000000000000000000000 P 0c2708427f1546d1ba554e7b68f6c49b: Neither blocks nor log segments found. Creating new log.
I20260601 13:34:49.818725 23767 tablet_bootstrap.cc:492] T 00000000000000000000000000000000 P 0c2708427f1546d1ba554e7b68f6c49b: No bootstrap required, opened a new log
I20260601 13:34:49.819108 23767 raft_consensus.cc:359] T 00000000000000000000000000000000 P 0c2708427f1546d1ba554e7b68f6c49b [term 0 FOLLOWER]: Replica starting. Triggering 0 pending ops. Active config: opid_index: -1 OBSOLETE_local: false peers { permanent_uuid: "8e4bcf06b2b14a10ad419a69c56f79ff" member_type: VOTER last_known_addr { host: "127.22.14.126" port: 35287 } } peers { permanent_uuid: "0c2708427f1546d1ba554e7b68f6c49b" member_type: VOTER last_known_addr { host: "127.22.14.125" port: 36525 } } peers { permanent_uuid: "8d87b3a7d09640cdaaab36c1a9167e05" member_type: VOTER last_known_addr { host: "127.22.14.124" port: 35835 } }
I20260601 13:34:49.819199 23767 raft_consensus.cc:385] T 00000000000000000000000000000000 P 0c2708427f1546d1ba554e7b68f6c49b [term 0 FOLLOWER]: Consensus starting up: Expiring failure detector timer to make a prompt election more likely
I20260601 13:34:49.819221 23767 raft_consensus.cc:740] T 00000000000000000000000000000000 P 0c2708427f1546d1ba554e7b68f6c49b [term 0 FOLLOWER]: Becoming Follower/Learner. State: Replica: 0c2708427f1546d1ba554e7b68f6c49b, State: Initialized, Role: FOLLOWER
I20260601 13:34:49.819329 23767 consensus_queue.cc:260] T 00000000000000000000000000000000 P 0c2708427f1546d1ba554e7b68f6c49b [NON_LEADER]: Queue going to NON_LEADER mode. State: All replicated index: 0, Majority replicated index: 0, Committed index: 0, Last appended: 0.0, Last appended by leader: 0, Current term: 0, Majority size: -1, State: 0, Mode: NON_LEADER, active raft config: opid_index: -1 OBSOLETE_local: false peers { permanent_uuid: "8e4bcf06b2b14a10ad419a69c56f79ff" member_type: VOTER last_known_addr { host: "127.22.14.126" port: 35287 } } peers { permanent_uuid: "0c2708427f1546d1ba554e7b68f6c49b" member_type: VOTER last_known_addr { host: "127.22.14.125" port: 36525 } } peers { permanent_uuid: "8d87b3a7d09640cdaaab36c1a9167e05" member_type: VOTER last_known_addr { host: "127.22.14.124" port: 35835 } }
I20260601 13:34:49.819590 23864 sys_catalog.cc:455] T 00000000000000000000000000000000 P 0c2708427f1546d1ba554e7b68f6c49b [sys.catalog]: SysCatalogTable state changed. Reason: RaftConsensus started. Latest consensus state: current_term: 0 committed_config { opid_index: -1 OBSOLETE_local: false peers { permanent_uuid: "8e4bcf06b2b14a10ad419a69c56f79ff" member_type: VOTER last_known_addr { host: "127.22.14.126" port: 35287 } } peers { permanent_uuid: "0c2708427f1546d1ba554e7b68f6c49b" member_type: VOTER last_known_addr { host: "127.22.14.125" port: 36525 } } peers { permanent_uuid: "8d87b3a7d09640cdaaab36c1a9167e05" member_type: VOTER last_known_addr { host: "127.22.14.124" port: 35835 } } }
I20260601 13:34:49.819700 23864 sys_catalog.cc:458] T 00000000000000000000000000000000 P 0c2708427f1546d1ba554e7b68f6c49b [sys.catalog]: This master's current role is: FOLLOWER
I20260601 13:34:49.819739 23767 sys_catalog.cc:565] T 00000000000000000000000000000000 P 0c2708427f1546d1ba554e7b68f6c49b [sys.catalog]: configured and running, proceeding with master startup.
I20260601 13:34:49.821306 22585 internal_mini_cluster.cc:184] Waiting to initialize catalog manager on master 2
I20260601 13:34:49.821805 22585 file_cache.cc:492] Constructed file cache file cache with capacity 419430
W20260601 13:34:49.821971 23875 catalog_manager.cc:1593] T 00000000000000000000000000000000 P 0c2708427f1546d1ba554e7b68f6c49b: loading cluster ID for follower catalog manager: Not found: cluster ID entry not found
W20260601 13:34:49.822031 23875 catalog_manager.cc:883] Not found: cluster ID entry not found: failed to prepare follower catalog manager, will retry
W20260601 13:34:49.823761 23877 instance_detector.cc:116] could not retrieve Azure instance metadata: Network error: curl error: HTTP response code said error: The requested URL returned error: 404
W20260601 13:34:49.823875 23879 instance_detector.cc:116] could not retrieve OpenStack instance metadata: Network error: curl error: HTTP response code said error: The requested URL returned error: 404
I20260601 13:34:49.823933 22585 server_base.cc:1061] running on GCE node
W20260601 13:34:49.823761 23876 instance_detector.cc:116] could not retrieve AWS instance metadata: Network error: curl error: HTTP response code said error: The requested URL returned error: 404
I20260601 13:34:49.824194 22585 hybrid_clock.cc:584] initializing the hybrid clock with 'system_unsync' time source
W20260601 13:34:49.824239 22585 system_unsync_time.cc:38] NTP support is disabled. Clock error bounds will not be accurate. This configuration is not suitable for distributed clusters.
I20260601 13:34:49.824254 22585 hybrid_clock.cc:648] HybridClock initialized: now 1780320889824254 us; error 0 us; skew 500 ppm
I20260601 13:34:49.825058 22585 webserver.cc:533] Webserver started at http://127.22.14.65:37443/ using document root <none> and password file <none>
I20260601 13:34:49.825177 22585 fs_manager.cc:362] Metadata directory not provided
I20260601 13:34:49.825217 22585 fs_manager.cc:368] Using write-ahead log directory (fs_wal_dir) as metadata directory
I20260601 13:34:49.825268 22585 server_base.cc:909] This appears to be a new deployment of Kudu; creating new FS layout
I20260601 13:34:49.825618 22585 fs_manager.cc:1068] Generated new instance metadata in path /tmp/dist-test-tasklO7kSO/test-tmp/auto_rebalancer-test.0.AutoRebalancerTest.NextLeaderResumesAutoRebalancing.1780320879636042-22585-0/minicluster-data/ts-0-root/instance:
uuid: "f66fcf5b9e6e43e0ab33a72586ec4a3d"
format_stamp: "Formatted at 2026-06-01 13:34:49 on dist-test-slave-hzh5"
I20260601 13:34:49.826956 22585 fs_manager.cc:696] Time spent creating directory manager: real 0.001s	user 0.001s	sys 0.000s
I20260601 13:34:49.827721 23884 log_block_manager.cc:4031] Time spent loading block containers with low live blocks: real 0.000s	user 0.000s	sys 0.000s
I20260601 13:34:49.828006 22585 fs_manager.cc:730] Time spent opening block manager: real 0.001s	user 0.001s	sys 0.000s
I20260601 13:34:49.828071 22585 fs_manager.cc:647] Opened local filesystem: /tmp/dist-test-tasklO7kSO/test-tmp/auto_rebalancer-test.0.AutoRebalancerTest.NextLeaderResumesAutoRebalancing.1780320879636042-22585-0/minicluster-data/ts-0-root
uuid: "f66fcf5b9e6e43e0ab33a72586ec4a3d"
format_stamp: "Formatted at 2026-06-01 13:34:49 on dist-test-slave-hzh5"
I20260601 13:34:49.828115 22585 fs_report.cc:389] FS layout report
--------------------
wal directory: /tmp/dist-test-tasklO7kSO/test-tmp/auto_rebalancer-test.0.AutoRebalancerTest.NextLeaderResumesAutoRebalancing.1780320879636042-22585-0/minicluster-data/ts-0-root
metadata directory: /tmp/dist-test-tasklO7kSO/test-tmp/auto_rebalancer-test.0.AutoRebalancerTest.NextLeaderResumesAutoRebalancing.1780320879636042-22585-0/minicluster-data/ts-0-root
1 data directories: /tmp/dist-test-tasklO7kSO/test-tmp/auto_rebalancer-test.0.AutoRebalancerTest.NextLeaderResumesAutoRebalancing.1780320879636042-22585-0/minicluster-data/ts-0-root/data
Total live blocks: 0
Total live bytes: 0
Total live bytes (after alignment): 0
Total number of LBM containers: 0 (0 full)
Did not check for missing blocks
Did not check for orphaned blocks
Total full LBM containers with extra space: 0 (0 repaired)
Total full LBM container extra space in bytes: 0 (0 repaired)
Total incomplete LBM containers: 0 (0 repaired)
Total LBM partial records: 0 (0 repaired)
Total corrupted LBM metadata records in RocksDB: 0 (0 repaired)
I20260601 13:34:49.837025 22585 rpc_server.cc:225] running with OpenSSL 1.1.1  11 Sep 2018
I20260601 13:34:49.837350 22585 kserver.cc:163] Server-wide thread pool size limit: 3276
I20260601 13:34:49.837581 22585 txn_system_client.cc:432] TxnSystemClient initialization is disabled...
I20260601 13:34:49.838071 22585 ts_tablet_manager.cc:585] Loaded tablet metadata (0 total tablets, 0 live tablets)
I20260601 13:34:49.838109 22585 ts_tablet_manager.cc:531] Time spent load tablet metadata: real 0.000s	user 0.000s	sys 0.000s
I20260601 13:34:49.838162 22585 ts_tablet_manager.cc:616] Registered 0 tablets
I20260601 13:34:49.838200 22585 ts_tablet_manager.cc:595] Time spent register tablets: real 0.000s	user 0.000s	sys 0.000s
I20260601 13:34:49.842669 22585 rpc_server.cc:307] RPC server started. Bound to: 127.22.14.65:39363
I20260601 13:34:49.842741 23947 acceptor_pool.cc:272] collecting diagnostics on the listening RPC socket 127.22.14.65:39363 every 8 connection(s)
I20260601 13:34:49.843668 22585 file_cache.cc:492] Constructed file cache file cache with capacity 419430
I20260601 13:34:49.846248 22585 server_base.cc:1061] running on GCE node
W20260601 13:34:49.846432 23956 instance_detector.cc:116] could not retrieve Azure instance metadata: Network error: curl error: HTTP response code said error: The requested URL returned error: 404
W20260601 13:34:49.846695 23958 instance_detector.cc:116] could not retrieve OpenStack instance metadata: Network error: curl error: HTTP response code said error: The requested URL returned error: 404
W20260601 13:34:49.846830 23955 instance_detector.cc:116] could not retrieve AWS instance metadata: Network error: curl error: HTTP response code said error: The requested URL returned error: 404
I20260601 13:34:49.847714 22585 hybrid_clock.cc:584] initializing the hybrid clock with 'system_unsync' time source
W20260601 13:34:49.847785 22585 system_unsync_time.cc:38] NTP support is disabled. Clock error bounds will not be accurate. This configuration is not suitable for distributed clusters.
I20260601 13:34:49.847823 22585 hybrid_clock.cc:648] HybridClock initialized: now 1780320889847821 us; error 0 us; skew 500 ppm
I20260601 13:34:49.848670 23949 heartbeater.cc:344] Connected to a master server at 127.22.14.126:35287
I20260601 13:34:49.848752 22585 webserver.cc:533] Webserver started at http://127.22.14.66:39125/ using document root <none> and password file <none>
I20260601 13:34:49.848907 22585 fs_manager.cc:362] Metadata directory not provided
I20260601 13:34:49.848759 23949 heartbeater.cc:461] Registering TS with master...
I20260601 13:34:49.848968 22585 fs_manager.cc:368] Using write-ahead log directory (fs_wal_dir) as metadata directory
I20260601 13:34:49.848763 23948 heartbeater.cc:344] Connected to a master server at 127.22.14.124:35835
I20260601 13:34:49.849167 23948 heartbeater.cc:461] Registering TS with master...
I20260601 13:34:49.849184 22585 server_base.cc:909] This appears to be a new deployment of Kudu; creating new FS layout
I20260601 13:34:49.849222 23949 heartbeater.cc:507] Master 127.22.14.126:35287 requested a full tablet report, sending...
I20260601 13:34:49.849329 23950 heartbeater.cc:344] Connected to a master server at 127.22.14.125:36525
I20260601 13:34:49.849381 23950 heartbeater.cc:461] Registering TS with master...
I20260601 13:34:49.849365 23948 heartbeater.cc:507] Master 127.22.14.124:35835 requested a full tablet report, sending...
I20260601 13:34:49.849565 23950 heartbeater.cc:507] Master 127.22.14.125:36525 requested a full tablet report, sending...
I20260601 13:34:49.849681 22585 fs_manager.cc:1068] Generated new instance metadata in path /tmp/dist-test-tasklO7kSO/test-tmp/auto_rebalancer-test.0.AutoRebalancerTest.NextLeaderResumesAutoRebalancing.1780320879636042-22585-0/minicluster-data/ts-1-root/instance:
uuid: "210399a3814441f8a04fdcf4ad5f663c"
format_stamp: "Formatted at 2026-06-01 13:34:49 on dist-test-slave-hzh5"
I20260601 13:34:49.850016 23665 ts_manager.cc:194] Registered new tserver with Master: f66fcf5b9e6e43e0ab33a72586ec4a3d (127.22.14.65:39363)
I20260601 13:34:49.850133 23731 ts_manager.cc:194] Registered new tserver with Master: f66fcf5b9e6e43e0ab33a72586ec4a3d (127.22.14.65:39363)
I20260601 13:34:49.850441 23797 ts_manager.cc:194] Registered new tserver with Master: f66fcf5b9e6e43e0ab33a72586ec4a3d (127.22.14.65:39363)
I20260601 13:34:49.851464 22585 fs_manager.cc:696] Time spent creating directory manager: real 0.002s	user 0.002s	sys 0.000s
I20260601 13:34:49.852355 23963 log_block_manager.cc:4031] Time spent loading block containers with low live blocks: real 0.000s	user 0.000s	sys 0.000s
I20260601 13:34:49.852602 22585 fs_manager.cc:730] Time spent opening block manager: real 0.001s	user 0.000s	sys 0.000s
I20260601 13:34:49.852658 22585 fs_manager.cc:647] Opened local filesystem: /tmp/dist-test-tasklO7kSO/test-tmp/auto_rebalancer-test.0.AutoRebalancerTest.NextLeaderResumesAutoRebalancing.1780320879636042-22585-0/minicluster-data/ts-1-root
uuid: "210399a3814441f8a04fdcf4ad5f663c"
format_stamp: "Formatted at 2026-06-01 13:34:49 on dist-test-slave-hzh5"
I20260601 13:34:49.852705 22585 fs_report.cc:389] FS layout report
--------------------
wal directory: /tmp/dist-test-tasklO7kSO/test-tmp/auto_rebalancer-test.0.AutoRebalancerTest.NextLeaderResumesAutoRebalancing.1780320879636042-22585-0/minicluster-data/ts-1-root
metadata directory: /tmp/dist-test-tasklO7kSO/test-tmp/auto_rebalancer-test.0.AutoRebalancerTest.NextLeaderResumesAutoRebalancing.1780320879636042-22585-0/minicluster-data/ts-1-root
1 data directories: /tmp/dist-test-tasklO7kSO/test-tmp/auto_rebalancer-test.0.AutoRebalancerTest.NextLeaderResumesAutoRebalancing.1780320879636042-22585-0/minicluster-data/ts-1-root/data
Total live blocks: 0
Total live bytes: 0
Total live bytes (after alignment): 0
Total number of LBM containers: 0 (0 full)
Did not check for missing blocks
Did not check for orphaned blocks
Total full LBM containers with extra space: 0 (0 repaired)
Total full LBM container extra space in bytes: 0 (0 repaired)
Total incomplete LBM containers: 0 (0 repaired)
Total LBM partial records: 0 (0 repaired)
Total corrupted LBM metadata records in RocksDB: 0 (0 repaired)
I20260601 13:34:49.865700 22585 rpc_server.cc:225] running with OpenSSL 1.1.1  11 Sep 2018
I20260601 13:34:49.866042 22585 kserver.cc:163] Server-wide thread pool size limit: 3276
I20260601 13:34:49.866269 22585 txn_system_client.cc:432] TxnSystemClient initialization is disabled...
I20260601 13:34:49.866725 22585 ts_tablet_manager.cc:585] Loaded tablet metadata (0 total tablets, 0 live tablets)
I20260601 13:34:49.866765 22585 ts_tablet_manager.cc:531] Time spent load tablet metadata: real 0.000s	user 0.000s	sys 0.000s
I20260601 13:34:49.866816 22585 ts_tablet_manager.cc:616] Registered 0 tablets
I20260601 13:34:49.866858 22585 ts_tablet_manager.cc:595] Time spent register tablets: real 0.000s	user 0.000s	sys 0.000s
I20260601 13:34:49.871253 22585 rpc_server.cc:307] RPC server started. Bound to: 127.22.14.66:45983
I20260601 13:34:49.871344 24026 acceptor_pool.cc:272] collecting diagnostics on the listening RPC socket 127.22.14.66:45983 every 8 connection(s)
I20260601 13:34:49.872349 22585 file_cache.cc:492] Constructed file cache file cache with capacity 419430
I20260601 13:34:49.873556 23864 raft_consensus.cc:493] T 00000000000000000000000000000000 P 0c2708427f1546d1ba554e7b68f6c49b [term 0 FOLLOWER]: Starting pre-election (no leader contacted us within the election timeout)
I20260601 13:34:49.873659 23864 raft_consensus.cc:515] T 00000000000000000000000000000000 P 0c2708427f1546d1ba554e7b68f6c49b [term 0 FOLLOWER]: Starting pre-election with config: opid_index: -1 OBSOLETE_local: false peers { permanent_uuid: "8e4bcf06b2b14a10ad419a69c56f79ff" member_type: VOTER last_known_addr { host: "127.22.14.126" port: 35287 } } peers { permanent_uuid: "0c2708427f1546d1ba554e7b68f6c49b" member_type: VOTER last_known_addr { host: "127.22.14.125" port: 36525 } } peers { permanent_uuid: "8d87b3a7d09640cdaaab36c1a9167e05" member_type: VOTER last_known_addr { host: "127.22.14.124" port: 35835 } }
I20260601 13:34:49.874078 23864 leader_election.cc:290] T 00000000000000000000000000000000 P 0c2708427f1546d1ba554e7b68f6c49b [CANDIDATE]: Term 1 pre-election: Requested pre-vote from peers 8e4bcf06b2b14a10ad419a69c56f79ff (127.22.14.126:35287), 8d87b3a7d09640cdaaab36c1a9167e05 (127.22.14.124:35835)
I20260601 13:34:49.874542 23807 tablet_service.cc:1917] Received RequestConsensusVote() RPC: tablet_id: "00000000000000000000000000000000" candidate_uuid: "0c2708427f1546d1ba554e7b68f6c49b" candidate_term: 1 candidate_status { last_received { term: 0 index: 0 } } ignore_live_leader: false dest_uuid: "8d87b3a7d09640cdaaab36c1a9167e05" is_pre_election: true
I20260601 13:34:49.874663 23807 raft_consensus.cc:2468] T 00000000000000000000000000000000 P 8d87b3a7d09640cdaaab36c1a9167e05 [term 0 FOLLOWER]: Leader pre-election vote request: Granting yes vote for candidate 0c2708427f1546d1ba554e7b68f6c49b in term 0.
I20260601 13:34:49.874841 23675 tablet_service.cc:1917] Received RequestConsensusVote() RPC: tablet_id: "00000000000000000000000000000000" candidate_uuid: "0c2708427f1546d1ba554e7b68f6c49b" candidate_term: 1 candidate_status { last_received { term: 0 index: 0 } } ignore_live_leader: false dest_uuid: "8e4bcf06b2b14a10ad419a69c56f79ff" is_pre_election: true
I20260601 13:34:49.874972 23675 raft_consensus.cc:2468] T 00000000000000000000000000000000 P 8e4bcf06b2b14a10ad419a69c56f79ff [term 0 FOLLOWER]: Leader pre-election vote request: Granting yes vote for candidate 0c2708427f1546d1ba554e7b68f6c49b in term 0.
I20260601 13:34:49.875036 23718 leader_election.cc:304] T 00000000000000000000000000000000 P 0c2708427f1546d1ba554e7b68f6c49b [CANDIDATE]: Term 1 pre-election: Election decided. Result: candidate won. Election summary: received 2 responses out of 3 voters: 2 yes votes; 0 no votes. yes voters: 0c2708427f1546d1ba554e7b68f6c49b, 8d87b3a7d09640cdaaab36c1a9167e05; no voters: 
I20260601 13:34:49.875197 23864 raft_consensus.cc:2804] T 00000000000000000000000000000000 P 0c2708427f1546d1ba554e7b68f6c49b [term 0 FOLLOWER]: Leader pre-election won for term 1
I20260601 13:34:49.875248 23864 raft_consensus.cc:493] T 00000000000000000000000000000000 P 0c2708427f1546d1ba554e7b68f6c49b [term 0 FOLLOWER]: Starting leader election (no leader contacted us within the election timeout)
I20260601 13:34:49.875291 23864 raft_consensus.cc:3060] T 00000000000000000000000000000000 P 0c2708427f1546d1ba554e7b68f6c49b [term 0 FOLLOWER]: Advancing to term 1
W20260601 13:34:49.875535 24035 instance_detector.cc:116] could not retrieve Azure instance metadata: Network error: curl error: HTTP response code said error: The requested URL returned error: 404
W20260601 13:34:49.876017 24034 instance_detector.cc:116] could not retrieve AWS instance metadata: Network error: curl error: HTTP response code said error: The requested URL returned error: 404
W20260601 13:34:49.876412 24037 instance_detector.cc:116] could not retrieve OpenStack instance metadata: Network error: curl error: HTTP response code said error: The requested URL returned error: 404
I20260601 13:34:49.876729 22585 server_base.cc:1061] running on GCE node
I20260601 13:34:49.876837 23864 raft_consensus.cc:515] T 00000000000000000000000000000000 P 0c2708427f1546d1ba554e7b68f6c49b [term 1 FOLLOWER]: Starting leader election with config: opid_index: -1 OBSOLETE_local: false peers { permanent_uuid: "8e4bcf06b2b14a10ad419a69c56f79ff" member_type: VOTER last_known_addr { host: "127.22.14.126" port: 35287 } } peers { permanent_uuid: "0c2708427f1546d1ba554e7b68f6c49b" member_type: VOTER last_known_addr { host: "127.22.14.125" port: 36525 } } peers { permanent_uuid: "8d87b3a7d09640cdaaab36c1a9167e05" member_type: VOTER last_known_addr { host: "127.22.14.124" port: 35835 } }
I20260601 13:34:49.876950 22585 hybrid_clock.cc:584] initializing the hybrid clock with 'system_unsync' time source
W20260601 13:34:49.877015 22585 system_unsync_time.cc:38] NTP support is disabled. Clock error bounds will not be accurate. This configuration is not suitable for distributed clusters.
I20260601 13:34:49.877048 22585 hybrid_clock.cc:648] HybridClock initialized: now 1780320889877046 us; error 0 us; skew 500 ppm
I20260601 13:34:49.877223 23864 leader_election.cc:290] T 00000000000000000000000000000000 P 0c2708427f1546d1ba554e7b68f6c49b [CANDIDATE]: Term 1 election: Requested vote from peers 8e4bcf06b2b14a10ad419a69c56f79ff (127.22.14.126:35287), 8d87b3a7d09640cdaaab36c1a9167e05 (127.22.14.124:35835)
I20260601 13:34:49.877538 23675 tablet_service.cc:1917] Received RequestConsensusVote() RPC: tablet_id: "00000000000000000000000000000000" candidate_uuid: "0c2708427f1546d1ba554e7b68f6c49b" candidate_term: 1 candidate_status { last_received { term: 0 index: 0 } } ignore_live_leader: false dest_uuid: "8e4bcf06b2b14a10ad419a69c56f79ff"
I20260601 13:34:49.877626 23675 raft_consensus.cc:3060] T 00000000000000000000000000000000 P 8e4bcf06b2b14a10ad419a69c56f79ff [term 0 FOLLOWER]: Advancing to term 1
I20260601 13:34:49.877743 24027 heartbeater.cc:344] Connected to a master server at 127.22.14.124:35835
I20260601 13:34:49.877761 23807 tablet_service.cc:1917] Received RequestConsensusVote() RPC: tablet_id: "00000000000000000000000000000000" candidate_uuid: "0c2708427f1546d1ba554e7b68f6c49b" candidate_term: 1 candidate_status { last_received { term: 0 index: 0 } } ignore_live_leader: false dest_uuid: "8d87b3a7d09640cdaaab36c1a9167e05"
I20260601 13:34:49.877842 24027 heartbeater.cc:461] Registering TS with master...
I20260601 13:34:49.877871 23807 raft_consensus.cc:3060] T 00000000000000000000000000000000 P 8d87b3a7d09640cdaaab36c1a9167e05 [term 0 FOLLOWER]: Advancing to term 1
I20260601 13:34:49.878091 24027 heartbeater.cc:507] Master 127.22.14.124:35835 requested a full tablet report, sending...
I20260601 13:34:49.878625 23675 raft_consensus.cc:2468] T 00000000000000000000000000000000 P 8e4bcf06b2b14a10ad419a69c56f79ff [term 1 FOLLOWER]: Leader election vote request: Granting yes vote for candidate 0c2708427f1546d1ba554e7b68f6c49b in term 1.
I20260601 13:34:49.878731 22585 webserver.cc:533] Webserver started at http://127.22.14.67:35935/ using document root <none> and password file <none>
I20260601 13:34:49.878872 22585 fs_manager.cc:362] Metadata directory not provided
I20260601 13:34:49.878890 23807 raft_consensus.cc:2468] T 00000000000000000000000000000000 P 8d87b3a7d09640cdaaab36c1a9167e05 [term 1 FOLLOWER]: Leader election vote request: Granting yes vote for candidate 0c2708427f1546d1ba554e7b68f6c49b in term 1.
I20260601 13:34:49.878921 22585 fs_manager.cc:368] Using write-ahead log directory (fs_wal_dir) as metadata directory
I20260601 13:34:49.878930 23717 leader_election.cc:304] T 00000000000000000000000000000000 P 0c2708427f1546d1ba554e7b68f6c49b [CANDIDATE]: Term 1 election: Election decided. Result: candidate won. Election summary: received 2 responses out of 3 voters: 2 yes votes; 0 no votes. yes voters: 0c2708427f1546d1ba554e7b68f6c49b, 8e4bcf06b2b14a10ad419a69c56f79ff; no voters: 
I20260601 13:34:49.879027 22585 server_base.cc:909] This appears to be a new deployment of Kudu; creating new FS layout
I20260601 13:34:49.879212 23797 ts_manager.cc:194] Registered new tserver with Master: 210399a3814441f8a04fdcf4ad5f663c (127.22.14.66:45983)
I20260601 13:34:49.879431 22585 fs_manager.cc:1068] Generated new instance metadata in path /tmp/dist-test-tasklO7kSO/test-tmp/auto_rebalancer-test.0.AutoRebalancerTest.NextLeaderResumesAutoRebalancing.1780320879636042-22585-0/minicluster-data/ts-2-root/instance:
uuid: "016d70d036b6494d83be3bb5b1ac9fd1"
format_stamp: "Formatted at 2026-06-01 13:34:49 on dist-test-slave-hzh5"
I20260601 13:34:49.879531 24029 heartbeater.cc:344] Connected to a master server at 127.22.14.125:36525
I20260601 13:34:49.879601 24029 heartbeater.cc:461] Registering TS with master...
I20260601 13:34:49.879794 24029 heartbeater.cc:507] Master 127.22.14.125:36525 requested a full tablet report, sending...
I20260601 13:34:49.879818 23864 raft_consensus.cc:2804] T 00000000000000000000000000000000 P 0c2708427f1546d1ba554e7b68f6c49b [term 1 FOLLOWER]: Leader election won for term 1
I20260601 13:34:49.879999 23864 raft_consensus.cc:697] T 00000000000000000000000000000000 P 0c2708427f1546d1ba554e7b68f6c49b [term 1 LEADER]: Becoming Leader. State: Replica: 0c2708427f1546d1ba554e7b68f6c49b, State: Running, Role: LEADER
I20260601 13:34:49.880146 23864 consensus_queue.cc:237] T 00000000000000000000000000000000 P 0c2708427f1546d1ba554e7b68f6c49b [LEADER]: Queue going to LEADER mode. State: All replicated index: 0, Majority replicated index: 0, Committed index: 0, Last appended: 0.0, Last appended by leader: 0, Current term: 1, Majority size: 2, State: 0, Mode: LEADER, active raft config: opid_index: -1 OBSOLETE_local: false peers { permanent_uuid: "8e4bcf06b2b14a10ad419a69c56f79ff" member_type: VOTER last_known_addr { host: "127.22.14.126" port: 35287 } } peers { permanent_uuid: "0c2708427f1546d1ba554e7b68f6c49b" member_type: VOTER last_known_addr { host: "127.22.14.125" port: 36525 } } peers { permanent_uuid: "8d87b3a7d09640cdaaab36c1a9167e05" member_type: VOTER last_known_addr { host: "127.22.14.124" port: 35835 } }
I20260601 13:34:49.880776 24028 heartbeater.cc:344] Connected to a master server at 127.22.14.126:35287
I20260601 13:34:49.880851 24028 heartbeater.cc:461] Registering TS with master...
I20260601 13:34:49.880919 23731 ts_manager.cc:194] Registered new tserver with Master: 210399a3814441f8a04fdcf4ad5f663c (127.22.14.66:45983)
I20260601 13:34:49.880859 24041 sys_catalog.cc:455] T 00000000000000000000000000000000 P 0c2708427f1546d1ba554e7b68f6c49b [sys.catalog]: SysCatalogTable state changed. Reason: New leader 0c2708427f1546d1ba554e7b68f6c49b. Latest consensus state: current_term: 1 leader_uuid: "0c2708427f1546d1ba554e7b68f6c49b" committed_config { opid_index: -1 OBSOLETE_local: false peers { permanent_uuid: "8e4bcf06b2b14a10ad419a69c56f79ff" member_type: VOTER last_known_addr { host: "127.22.14.126" port: 35287 } } peers { permanent_uuid: "0c2708427f1546d1ba554e7b68f6c49b" member_type: VOTER last_known_addr { host: "127.22.14.125" port: 36525 } } peers { permanent_uuid: "8d87b3a7d09640cdaaab36c1a9167e05" member_type: VOTER last_known_addr { host: "127.22.14.124" port: 35835 } } }
I20260601 13:34:49.880981 24041 sys_catalog.cc:458] T 00000000000000000000000000000000 P 0c2708427f1546d1ba554e7b68f6c49b [sys.catalog]: This master's current role is: LEADER
I20260601 13:34:49.881062 24028 heartbeater.cc:507] Master 127.22.14.126:35287 requested a full tablet report, sending...
I20260601 13:34:49.881346 22585 fs_manager.cc:696] Time spent creating directory manager: real 0.002s	user 0.001s	sys 0.000s
I20260601 13:34:49.881559 24044 catalog_manager.cc:1510] Loading table and tablet metadata into memory...
I20260601 13:34:49.881682 23665 ts_manager.cc:194] Registered new tserver with Master: 210399a3814441f8a04fdcf4ad5f663c (127.22.14.66:45983)
I20260601 13:34:49.882485 24044 catalog_manager.cc:1519] Initializing Kudu cluster ID...
I20260601 13:34:49.882526 24045 log_block_manager.cc:4031] Time spent loading block containers with low live blocks: real 0.000s	user 0.000s	sys 0.000s
I20260601 13:34:49.882758 22585 fs_manager.cc:730] Time spent opening block manager: real 0.001s	user 0.001s	sys 0.000s
I20260601 13:34:49.882826 22585 fs_manager.cc:647] Opened local filesystem: /tmp/dist-test-tasklO7kSO/test-tmp/auto_rebalancer-test.0.AutoRebalancerTest.NextLeaderResumesAutoRebalancing.1780320879636042-22585-0/minicluster-data/ts-2-root
uuid: "016d70d036b6494d83be3bb5b1ac9fd1"
format_stamp: "Formatted at 2026-06-01 13:34:49 on dist-test-slave-hzh5"
I20260601 13:34:49.882881 22585 fs_report.cc:389] FS layout report
--------------------
wal directory: /tmp/dist-test-tasklO7kSO/test-tmp/auto_rebalancer-test.0.AutoRebalancerTest.NextLeaderResumesAutoRebalancing.1780320879636042-22585-0/minicluster-data/ts-2-root
metadata directory: /tmp/dist-test-tasklO7kSO/test-tmp/auto_rebalancer-test.0.AutoRebalancerTest.NextLeaderResumesAutoRebalancing.1780320879636042-22585-0/minicluster-data/ts-2-root
1 data directories: /tmp/dist-test-tasklO7kSO/test-tmp/auto_rebalancer-test.0.AutoRebalancerTest.NextLeaderResumesAutoRebalancing.1780320879636042-22585-0/minicluster-data/ts-2-root/data
Total live blocks: 0
Total live bytes: 0
Total live bytes (after alignment): 0
Total number of LBM containers: 0 (0 full)
Did not check for missing blocks
Did not check for orphaned blocks
Total full LBM containers with extra space: 0 (0 repaired)
Total full LBM container extra space in bytes: 0 (0 repaired)
Total incomplete LBM containers: 0 (0 repaired)
Total LBM partial records: 0 (0 repaired)
Total corrupted LBM metadata records in RocksDB: 0 (0 repaired)
I20260601 13:34:49.884516 23807 raft_consensus.cc:1275] T 00000000000000000000000000000000 P 8d87b3a7d09640cdaaab36c1a9167e05 [term 1 FOLLOWER]: Refusing update from remote peer 0c2708427f1546d1ba554e7b68f6c49b: Log matching property violated. Preceding OpId in replica: term: 0 index: 0. Preceding OpId from leader: term: 1 index: 2. (index mismatch)
I20260601 13:34:49.884516 23675 raft_consensus.cc:1275] T 00000000000000000000000000000000 P 8e4bcf06b2b14a10ad419a69c56f79ff [term 1 FOLLOWER]: Refusing update from remote peer 0c2708427f1546d1ba554e7b68f6c49b: Log matching property violated. Preceding OpId in replica: term: 0 index: 0. Preceding OpId from leader: term: 1 index: 2. (index mismatch)
