1 data directories: /tmp/dist-test-taskghpRJ5/test-tmp/auto_rebalancer-test.0.AutoRebalancerTest.NoReplicaMovesIfNoTablets.1780320878845476-25723-0/minicluster-data/master-0-root/data
Total live blocks: 0
Total live bytes: 0
Total live bytes (after alignment): 0
Total number of LBM containers: 0 (0 full)
Did not check for missing blocks
Did not check for orphaned blocks
Total full LBM containers with extra space: 0 (0 repaired)
Total full LBM container extra space in bytes: 0 (0 repaired)
Total incomplete LBM containers: 0 (0 repaired)
Total LBM partial records: 0 (0 repaired)
Total corrupted LBM metadata records in RocksDB: 0 (0 repaired)
I20260601 13:35:34.733361 25723 rpc_server.cc:225] running with OpenSSL 1.1.1  11 Sep 2018
I20260601 13:35:34.733783 25723 kserver.cc:163] Server-wide thread pool size limit: 3276
I20260601 13:35:34.738183 25723 rpc_server.cc:307] RPC server started. Bound to: 127.25.30.254:43381
I20260601 13:35:34.738948 27967 acceptor_pool.cc:272] collecting diagnostics on the listening RPC socket 127.25.30.254:43381 every 8 connection(s)
I20260601 13:35:34.739495 27968 data_dirs.cc:400] Could only allocate 1 dirs of requested 3 for tablet 00000000000000000000000000000000. 1 dirs total, 0 dirs full, 0 dirs failed
I20260601 13:35:34.741284 27968 tablet_bootstrap.cc:492] T 00000000000000000000000000000000 P d98e17b3e960467f94d47361c4078212: Bootstrap starting.
I20260601 13:35:34.742084 27968 tablet_bootstrap.cc:654] T 00000000000000000000000000000000 P d98e17b3e960467f94d47361c4078212: Neither blocks nor log segments found. Creating new log.
I20260601 13:35:34.743237 27968 tablet_bootstrap.cc:492] T 00000000000000000000000000000000 P d98e17b3e960467f94d47361c4078212: No bootstrap required, opened a new log
I20260601 13:35:34.743667 27968 raft_consensus.cc:359] T 00000000000000000000000000000000 P d98e17b3e960467f94d47361c4078212 [term 0 FOLLOWER]: Replica starting. Triggering 0 pending ops. Active config: opid_index: -1 OBSOLETE_local: true peers { permanent_uuid: "d98e17b3e960467f94d47361c4078212" member_type: VOTER }
I20260601 13:35:34.743772 27968 raft_consensus.cc:385] T 00000000000000000000000000000000 P d98e17b3e960467f94d47361c4078212 [term 0 FOLLOWER]: Consensus starting up: Expiring failure detector timer to make a prompt election more likely
I20260601 13:35:34.743795 27968 raft_consensus.cc:740] T 00000000000000000000000000000000 P d98e17b3e960467f94d47361c4078212 [term 0 FOLLOWER]: Becoming Follower/Learner. State: Replica: d98e17b3e960467f94d47361c4078212, State: Initialized, Role: FOLLOWER
I20260601 13:35:34.743896 27968 consensus_queue.cc:260] T 00000000000000000000000000000000 P d98e17b3e960467f94d47361c4078212 [NON_LEADER]: Queue going to NON_LEADER mode. State: All replicated index: 0, Majority replicated index: 0, Committed index: 0, Last appended: 0.0, Last appended by leader: 0, Current term: 0, Majority size: -1, State: 0, Mode: NON_LEADER, active raft config: opid_index: -1 OBSOLETE_local: true peers { permanent_uuid: "d98e17b3e960467f94d47361c4078212" member_type: VOTER }
I20260601 13:35:34.743952 27968 raft_consensus.cc:399] T 00000000000000000000000000000000 P d98e17b3e960467f94d47361c4078212 [term 0 FOLLOWER]: Only one voter in the Raft config. Triggering election immediately
I20260601 13:35:34.743979 27968 raft_consensus.cc:493] T 00000000000000000000000000000000 P d98e17b3e960467f94d47361c4078212 [term 0 FOLLOWER]: Starting leader election (initial election of a single-replica configuration)
I20260601 13:35:34.744017 27968 raft_consensus.cc:3060] T 00000000000000000000000000000000 P d98e17b3e960467f94d47361c4078212 [term 0 FOLLOWER]: Advancing to term 1
I20260601 13:35:34.745285 27968 raft_consensus.cc:515] T 00000000000000000000000000000000 P d98e17b3e960467f94d47361c4078212 [term 1 FOLLOWER]: Starting leader election with config: opid_index: -1 OBSOLETE_local: true peers { permanent_uuid: "d98e17b3e960467f94d47361c4078212" member_type: VOTER }
I20260601 13:35:34.745453 27968 leader_election.cc:304] T 00000000000000000000000000000000 P d98e17b3e960467f94d47361c4078212 [CANDIDATE]: Term 1 election: Election decided. Result: candidate won. Election summary: received 1 responses out of 1 voters: 1 yes votes; 0 no votes. yes voters: d98e17b3e960467f94d47361c4078212; no voters: 
I20260601 13:35:34.745636 27968 leader_election.cc:290] T 00000000000000000000000000000000 P d98e17b3e960467f94d47361c4078212 [CANDIDATE]: Term 1 election: Requested vote from peers 
I20260601 13:35:34.745797 27971 raft_consensus.cc:2804] T 00000000000000000000000000000000 P d98e17b3e960467f94d47361c4078212 [term 1 FOLLOWER]: Leader election won for term 1
I20260601 13:35:34.745983 27971 raft_consensus.cc:697] T 00000000000000000000000000000000 P d98e17b3e960467f94d47361c4078212 [term 1 LEADER]: Becoming Leader. State: Replica: d98e17b3e960467f94d47361c4078212, State: Running, Role: LEADER
I20260601 13:35:34.746122 27971 consensus_queue.cc:237] T 00000000000000000000000000000000 P d98e17b3e960467f94d47361c4078212 [LEADER]: Queue going to LEADER mode. State: All replicated index: 0, Majority replicated index: 0, Committed index: 0, Last appended: 0.0, Last appended by leader: 0, Current term: 1, Majority size: 1, State: 0, Mode: LEADER, active raft config: opid_index: -1 OBSOLETE_local: true peers { permanent_uuid: "d98e17b3e960467f94d47361c4078212" member_type: VOTER }
I20260601 13:35:34.746205 27968 sys_catalog.cc:565] T 00000000000000000000000000000000 P d98e17b3e960467f94d47361c4078212 [sys.catalog]: configured and running, proceeding with master startup.
I20260601 13:35:34.746572 27972 sys_catalog.cc:455] T 00000000000000000000000000000000 P d98e17b3e960467f94d47361c4078212 [sys.catalog]: SysCatalogTable state changed. Reason: RaftConsensus started. Latest consensus state: current_term: 1 leader_uuid: "d98e17b3e960467f94d47361c4078212" committed_config { opid_index: -1 OBSOLETE_local: true peers { permanent_uuid: "d98e17b3e960467f94d47361c4078212" member_type: VOTER } }
I20260601 13:35:34.746583 27973 sys_catalog.cc:455] T 00000000000000000000000000000000 P d98e17b3e960467f94d47361c4078212 [sys.catalog]: SysCatalogTable state changed. Reason: New leader d98e17b3e960467f94d47361c4078212. Latest consensus state: current_term: 1 leader_uuid: "d98e17b3e960467f94d47361c4078212" committed_config { opid_index: -1 OBSOLETE_local: true peers { permanent_uuid: "d98e17b3e960467f94d47361c4078212" member_type: VOTER } }
I20260601 13:35:34.746747 27973 sys_catalog.cc:458] T 00000000000000000000000000000000 P d98e17b3e960467f94d47361c4078212 [sys.catalog]: This master's current role is: LEADER
I20260601 13:35:34.746735 27972 sys_catalog.cc:458] T 00000000000000000000000000000000 P d98e17b3e960467f94d47361c4078212 [sys.catalog]: This master's current role is: LEADER
I20260601 13:35:34.747399 27975 catalog_manager.cc:1510] Loading table and tablet metadata into memory...
I20260601 13:35:34.748109 27975 catalog_manager.cc:1519] Initializing Kudu cluster ID...
I20260601 13:35:34.748306 25723 internal_mini_cluster.cc:184] Waiting to initialize catalog manager on master 0
I20260601 13:35:34.750124 27975 catalog_manager.cc:1382] Generated new cluster ID: c5183366a7334e039d5d7befc727b682
I20260601 13:35:34.750185 27975 catalog_manager.cc:1530] Initializing Kudu internal certificate authority...
I20260601 13:35:34.762306 27975 catalog_manager.cc:1405] Generated new certificate authority record
I20260601 13:35:34.762964 27975 catalog_manager.cc:1539] Loading token signing keys...
I20260601 13:35:34.772166 27975 catalog_manager.cc:6069] T 00000000000000000000000000000000 P d98e17b3e960467f94d47361c4078212: Generated new TSK 0
I20260601 13:35:34.772382 27975 catalog_manager.cc:1549] Initializing in-progress tserver states...
I20260601 13:35:34.781213 25723 file_cache.cc:492] Constructed file cache file cache with capacity 419430
I20260601 13:35:34.783768 25723 server_base.cc:1061] running on GCE node
W20260601 13:35:34.783807 27989 instance_detector.cc:116] could not retrieve AWS instance metadata: Network error: curl error: HTTP response code said error: The requested URL returned error: 404
W20260601 13:35:34.783720 27992 instance_detector.cc:116] could not retrieve OpenStack instance metadata: Network error: curl error: HTTP response code said error: The requested URL returned error: 404
W20260601 13:35:34.783726 27990 instance_detector.cc:116] could not retrieve Azure instance metadata: Network error: curl error: HTTP response code said error: The requested URL returned error: 404
I20260601 13:35:34.784149 25723 hybrid_clock.cc:584] initializing the hybrid clock with 'system_unsync' time source
W20260601 13:35:34.784198 25723 system_unsync_time.cc:38] NTP support is disabled. Clock error bounds will not be accurate. This configuration is not suitable for distributed clusters.
I20260601 13:35:34.784215 25723 hybrid_clock.cc:648] HybridClock initialized: now 1780320934784215 us; error 0 us; skew 500 ppm
I20260601 13:35:34.785102 25723 webserver.cc:533] Webserver started at http://127.25.30.193:45019/ using document root <none> and password file <none>
I20260601 13:35:34.785240 25723 fs_manager.cc:362] Metadata directory not provided
I20260601 13:35:34.785285 25723 fs_manager.cc:368] Using write-ahead log directory (fs_wal_dir) as metadata directory
I20260601 13:35:34.785346 25723 server_base.cc:909] This appears to be a new deployment of Kudu; creating new FS layout
I20260601 13:35:34.785815 25723 fs_manager.cc:1068] Generated new instance metadata in path /tmp/dist-test-taskghpRJ5/test-tmp/auto_rebalancer-test.0.AutoRebalancerTest.NoReplicaMovesIfNoTablets.1780320878845476-25723-0/minicluster-data/ts-0-root/instance:
uuid: "4e9b30c7beba49e39db036c489ec7dd7"
format_stamp: "Formatted at 2026-06-01 13:35:34 on dist-test-slave-gxzs"
I20260601 13:35:34.787571 25723 fs_manager.cc:696] Time spent creating directory manager: real 0.002s	user 0.002s	sys 0.000s
I20260601 13:35:34.788781 27997 log_block_manager.cc:4031] Time spent loading block containers with low live blocks: real 0.000s	user 0.000s	sys 0.000s
I20260601 13:35:34.789235 25723 fs_manager.cc:730] Time spent opening block manager: real 0.001s	user 0.001s	sys 0.000s
I20260601 13:35:34.789309 25723 fs_manager.cc:647] Opened local filesystem: /tmp/dist-test-taskghpRJ5/test-tmp/auto_rebalancer-test.0.AutoRebalancerTest.NoReplicaMovesIfNoTablets.1780320878845476-25723-0/minicluster-data/ts-0-root
uuid: "4e9b30c7beba49e39db036c489ec7dd7"
format_stamp: "Formatted at 2026-06-01 13:35:34 on dist-test-slave-gxzs"
I20260601 13:35:34.789366 25723 fs_report.cc:389] FS layout report
--------------------
wal directory: /tmp/dist-test-taskghpRJ5/test-tmp/auto_rebalancer-test.0.AutoRebalancerTest.NoReplicaMovesIfNoTablets.1780320878845476-25723-0/minicluster-data/ts-0-root
metadata directory: /tmp/dist-test-taskghpRJ5/test-tmp/auto_rebalancer-test.0.AutoRebalancerTest.NoReplicaMovesIfNoTablets.1780320878845476-25723-0/minicluster-data/ts-0-root
1 data directories: /tmp/dist-test-taskghpRJ5/test-tmp/auto_rebalancer-test.0.AutoRebalancerTest.NoReplicaMovesIfNoTablets.1780320878845476-25723-0/minicluster-data/ts-0-root/data
Total live blocks: 0
Total live bytes: 0
Total live bytes (after alignment): 0
Total number of LBM containers: 0 (0 full)
Did not check for missing blocks
Did not check for orphaned blocks
Total full LBM containers with extra space: 0 (0 repaired)
Total full LBM container extra space in bytes: 0 (0 repaired)
Total incomplete LBM containers: 0 (0 repaired)
Total LBM partial records: 0 (0 repaired)
Total corrupted LBM metadata records in RocksDB: 0 (0 repaired)
I20260601 13:35:34.799993 25723 rpc_server.cc:225] running with OpenSSL 1.1.1  11 Sep 2018
I20260601 13:35:34.800407 25723 kserver.cc:163] Server-wide thread pool size limit: 3276
I20260601 13:35:34.800805 25723 txn_system_client.cc:432] TxnSystemClient initialization is disabled...
I20260601 13:35:34.801326 25723 ts_tablet_manager.cc:585] Loaded tablet metadata (0 total tablets, 0 live tablets)
I20260601 13:35:34.801364 25723 ts_tablet_manager.cc:531] Time spent load tablet metadata: real 0.000s	user 0.000s	sys 0.000s
I20260601 13:35:34.801404 25723 ts_tablet_manager.cc:616] Registered 0 tablets
I20260601 13:35:34.801429 25723 ts_tablet_manager.cc:595] Time spent register tablets: real 0.000s	user 0.000s	sys 0.000s
I20260601 13:35:34.806068 25723 rpc_server.cc:307] RPC server started. Bound to: 127.25.30.193:44585
I20260601 13:35:34.806094 28060 acceptor_pool.cc:272] collecting diagnostics on the listening RPC socket 127.25.30.193:44585 every 8 connection(s)
I20260601 13:35:34.806988 25723 file_cache.cc:492] Constructed file cache file cache with capacity 419430
W20260601 13:35:34.808774 28065 instance_detector.cc:116] could not retrieve AWS instance metadata: Network error: curl error: HTTP response code said error: The requested URL returned error: 404
W20260601 13:35:34.808831 28068 instance_detector.cc:116] could not retrieve OpenStack instance metadata: Network error: curl error: HTTP response code said error: The requested URL returned error: 404
W20260601 13:35:34.809083 28066 instance_detector.cc:116] could not retrieve Azure instance metadata: Network error: curl error: HTTP response code said error: The requested URL returned error: 404
I20260601 13:35:34.809175 25723 server_base.cc:1061] running on GCE node
I20260601 13:35:34.809490 25723 hybrid_clock.cc:584] initializing the hybrid clock with 'system_unsync' time source
W20260601 13:35:34.809552 25723 system_unsync_time.cc:38] NTP support is disabled. Clock error bounds will not be accurate. This configuration is not suitable for distributed clusters.
I20260601 13:35:34.809588 25723 hybrid_clock.cc:648] HybridClock initialized: now 1780320934809587 us; error 0 us; skew 500 ppm
I20260601 13:35:34.810491 25723 webserver.cc:533] Webserver started at http://127.25.30.194:38085/ using document root <none> and password file <none>
I20260601 13:35:34.810672 25723 fs_manager.cc:362] Metadata directory not provided
I20260601 13:35:34.810732 25723 fs_manager.cc:368] Using write-ahead log directory (fs_wal_dir) as metadata directory
I20260601 13:35:34.810813 25723 server_base.cc:909] This appears to be a new deployment of Kudu; creating new FS layout
I20260601 13:35:34.811326 25723 fs_manager.cc:1068] Generated new instance metadata in path /tmp/dist-test-taskghpRJ5/test-tmp/auto_rebalancer-test.0.AutoRebalancerTest.NoReplicaMovesIfNoTablets.1780320878845476-25723-0/minicluster-data/ts-1-root/instance:
uuid: "b226c21f5fe047b38ecbc33d1bf99677"
format_stamp: "Formatted at 2026-06-01 13:35:34 on dist-test-slave-gxzs"
I20260601 13:35:34.811640 28061 heartbeater.cc:344] Connected to a master server at 127.25.30.254:43381
I20260601 13:35:34.811755 28061 heartbeater.cc:461] Registering TS with master...
I20260601 13:35:34.811980 28061 heartbeater.cc:507] Master 127.25.30.254:43381 requested a full tablet report, sending...
I20260601 13:35:34.812614 27932 ts_manager.cc:194] Registered new tserver with Master: 4e9b30c7beba49e39db036c489ec7dd7 (127.25.30.193:44585)
I20260601 13:35:34.812937 25723 fs_manager.cc:696] Time spent creating directory manager: real 0.001s	user 0.002s	sys 0.000s
I20260601 13:35:34.813369 27932 master_service.cc:502] Signed X509 certificate for tserver {username='slave'} at 127.0.0.1:51694
I20260601 13:35:34.813994 28073 log_block_manager.cc:4031] Time spent loading block containers with low live blocks: real 0.000s	user 0.000s	sys 0.000s
I20260601 13:35:34.814262 25723 fs_manager.cc:730] Time spent opening block manager: real 0.001s	user 0.001s	sys 0.000s
I20260601 13:35:34.814329 25723 fs_manager.cc:647] Opened local filesystem: /tmp/dist-test-taskghpRJ5/test-tmp/auto_rebalancer-test.0.AutoRebalancerTest.NoReplicaMovesIfNoTablets.1780320878845476-25723-0/minicluster-data/ts-1-root
uuid: "b226c21f5fe047b38ecbc33d1bf99677"
format_stamp: "Formatted at 2026-06-01 13:35:34 on dist-test-slave-gxzs"
I20260601 13:35:34.814388 25723 fs_report.cc:389] FS layout report
--------------------
wal directory: /tmp/dist-test-taskghpRJ5/test-tmp/auto_rebalancer-test.0.AutoRebalancerTest.NoReplicaMovesIfNoTablets.1780320878845476-25723-0/minicluster-data/ts-1-root
metadata directory: /tmp/dist-test-taskghpRJ5/test-tmp/auto_rebalancer-test.0.AutoRebalancerTest.NoReplicaMovesIfNoTablets.1780320878845476-25723-0/minicluster-data/ts-1-root
1 data directories: /tmp/dist-test-taskghpRJ5/test-tmp/auto_rebalancer-test.0.AutoRebalancerTest.NoReplicaMovesIfNoTablets.1780320878845476-25723-0/minicluster-data/ts-1-root/data
Total live blocks: 0
Total live bytes: 0
Total live bytes (after alignment): 0
Total number of LBM containers: 0 (0 full)
Did not check for missing blocks
Did not check for orphaned blocks
Total full LBM containers with extra space: 0 (0 repaired)
Total full LBM container extra space in bytes: 0 (0 repaired)
Total incomplete LBM containers: 0 (0 repaired)
Total LBM partial records: 0 (0 repaired)
Total corrupted LBM metadata records in RocksDB: 0 (0 repaired)
I20260601 13:35:34.825935 25723 rpc_server.cc:225] running with OpenSSL 1.1.1  11 Sep 2018
I20260601 13:35:34.826537 25723 kserver.cc:163] Server-wide thread pool size limit: 3276
I20260601 13:35:34.826890 25723 txn_system_client.cc:432] TxnSystemClient initialization is disabled...
I20260601 13:35:34.827596 25723 ts_tablet_manager.cc:585] Loaded tablet metadata (0 total tablets, 0 live tablets)
I20260601 13:35:34.827639 25723 ts_tablet_manager.cc:531] Time spent load tablet metadata: real 0.000s	user 0.000s	sys 0.000s
I20260601 13:35:34.827672 25723 ts_tablet_manager.cc:616] Registered 0 tablets
I20260601 13:35:34.827687 25723 ts_tablet_manager.cc:595] Time spent register tablets: real 0.000s	user 0.000s	sys 0.000s
I20260601 13:35:34.832094 25723 rpc_server.cc:307] RPC server started. Bound to: 127.25.30.194:40861
I20260601 13:35:34.832162 28136 acceptor_pool.cc:272] collecting diagnostics on the listening RPC socket 127.25.30.194:40861 every 8 connection(s)
I20260601 13:35:34.832892 25723 file_cache.cc:492] Constructed file cache file cache with capacity 419430
W20260601 13:35:34.834867 28141 instance_detector.cc:116] could not retrieve Azure instance metadata: Network error: curl error: HTTP response code said error: The requested URL returned error: 404
I20260601 13:35:34.835165 25723 server_base.cc:1061] running on GCE node
W20260601 13:35:34.835176 28140 instance_detector.cc:116] could not retrieve AWS instance metadata: Network error: curl error: HTTP response code said error: The requested URL returned error: 404
W20260601 13:35:34.835605 28143 instance_detector.cc:116] could not retrieve OpenStack instance metadata: Network error: curl error: HTTP response code said error: The requested URL returned error: 404
I20260601 13:35:34.835845 25723 hybrid_clock.cc:584] initializing the hybrid clock with 'system_unsync' time source
W20260601 13:35:34.835915 25723 system_unsync_time.cc:38] NTP support is disabled. Clock error bounds will not be accurate. This configuration is not suitable for distributed clusters.
I20260601 13:35:34.835937 25723 hybrid_clock.cc:648] HybridClock initialized: now 1780320934835937 us; error 0 us; skew 500 ppm
I20260601 13:35:34.836777 25723 webserver.cc:533] Webserver started at http://127.25.30.195:40679/ using document root <none> and password file <none>
I20260601 13:35:34.836956 25723 fs_manager.cc:362] Metadata directory not provided
I20260601 13:35:34.837015 25723 fs_manager.cc:368] Using write-ahead log directory (fs_wal_dir) as metadata directory
I20260601 13:35:34.837093 25723 server_base.cc:909] This appears to be a new deployment of Kudu; creating new FS layout
I20260601 13:35:34.837185 28137 heartbeater.cc:344] Connected to a master server at 127.25.30.254:43381
I20260601 13:35:34.837282 28137 heartbeater.cc:461] Registering TS with master...
I20260601 13:35:34.837510 28137 heartbeater.cc:507] Master 127.25.30.254:43381 requested a full tablet report, sending...
I20260601 13:35:34.837569 25723 fs_manager.cc:1068] Generated new instance metadata in path /tmp/dist-test-taskghpRJ5/test-tmp/auto_rebalancer-test.0.AutoRebalancerTest.NoReplicaMovesIfNoTablets.1780320878845476-25723-0/minicluster-data/ts-2-root/instance:
uuid: "69fd4606bd064079b54ead864c7ac7bd"
format_stamp: "Formatted at 2026-06-01 13:35:34 on dist-test-slave-gxzs"
I20260601 13:35:34.838210 27932 ts_manager.cc:194] Registered new tserver with Master: b226c21f5fe047b38ecbc33d1bf99677 (127.25.30.194:40861)
I20260601 13:35:34.838905 27932 master_service.cc:502] Signed X509 certificate for tserver {username='slave'} at 127.0.0.1:51706
I20260601 13:35:34.839432 25723 fs_manager.cc:696] Time spent creating directory manager: real 0.002s	user 0.002s	sys 0.000s
I20260601 13:35:34.840873 28148 log_block_manager.cc:4031] Time spent loading block containers with low live blocks: real 0.000s	user 0.000s	sys 0.000s
I20260601 13:35:34.841218 25723 fs_manager.cc:730] Time spent opening block manager: real 0.001s	user 0.001s	sys 0.000s
I20260601 13:35:34.841291 25723 fs_manager.cc:647] Opened local filesystem: /tmp/dist-test-taskghpRJ5/test-tmp/auto_rebalancer-test.0.AutoRebalancerTest.NoReplicaMovesIfNoTablets.1780320878845476-25723-0/minicluster-data/ts-2-root
uuid: "69fd4606bd064079b54ead864c7ac7bd"
format_stamp: "Formatted at 2026-06-01 13:35:34 on dist-test-slave-gxzs"
I20260601 13:35:34.841377 25723 fs_report.cc:389] FS layout report
--------------------
wal directory: /tmp/dist-test-taskghpRJ5/test-tmp/auto_rebalancer-test.0.AutoRebalancerTest.NoReplicaMovesIfNoTablets.1780320878845476-25723-0/minicluster-data/ts-2-root
metadata directory: /tmp/dist-test-taskghpRJ5/test-tmp/auto_rebalancer-test.0.AutoRebalancerTest.NoReplicaMovesIfNoTablets.1780320878845476-25723-0/minicluster-data/ts-2-root
1 data directories: /tmp/dist-test-taskghpRJ5/test-tmp/auto_rebalancer-test.0.AutoRebalancerTest.NoReplicaMovesIfNoTablets.1780320878845476-25723-0/minicluster-data/ts-2-root/data
Total live blocks: 0
Total live bytes: 0
Total live bytes (after alignment): 0
Total number of LBM containers: 0 (0 full)
Did not check for missing blocks
Did not check for orphaned blocks
Total full LBM containers with extra space: 0 (0 repaired)
Total full LBM container extra space in bytes: 0 (0 repaired)
Total incomplete LBM containers: 0 (0 repaired)
Total LBM partial records: 0 (0 repaired)
Total corrupted LBM metadata records in RocksDB: 0 (0 repaired)
I20260601 13:35:34.860766 25723 rpc_server.cc:225] running with OpenSSL 1.1.1  11 Sep 2018
I20260601 13:35:34.861259 25723 kserver.cc:163] Server-wide thread pool size limit: 3276
I20260601 13:35:34.861591 25723 txn_system_client.cc:432] TxnSystemClient initialization is disabled...
I20260601 13:35:34.862071 25723 ts_tablet_manager.cc:585] Loaded tablet metadata (0 total tablets, 0 live tablets)
I20260601 13:35:34.862138 25723 ts_tablet_manager.cc:531] Time spent load tablet metadata: real 0.000s	user 0.000s	sys 0.000s
I20260601 13:35:34.862188 25723 ts_tablet_manager.cc:616] Registered 0 tablets
I20260601 13:35:34.862233 25723 ts_tablet_manager.cc:595] Time spent register tablets: real 0.000s	user 0.000s	sys 0.000s
I20260601 13:35:34.867064 25723 rpc_server.cc:307] RPC server started. Bound to: 127.25.30.195:39341
I20260601 13:35:34.867195 28211 acceptor_pool.cc:272] collecting diagnostics on the listening RPC socket 127.25.30.195:39341 every 8 connection(s)
I20260601 13:35:34.871506 28212 heartbeater.cc:344] Connected to a master server at 127.25.30.254:43381
I20260601 13:35:34.871608 28212 heartbeater.cc:461] Registering TS with master...
I20260601 13:35:34.871851 28212 heartbeater.cc:507] Master 127.25.30.254:43381 requested a full tablet report, sending...
I20260601 13:35:34.872469 27932 ts_manager.cc:194] Registered new tserver with Master: 69fd4606bd064079b54ead864c7ac7bd (127.25.30.195:39341)
I20260601 13:35:34.872990 27932 master_service.cc:502] Signed X509 certificate for tserver {username='slave'} at 127.0.0.1:51718
I20260601 13:35:34.873142 25723 internal_mini_cluster.cc:371] 3 TS(s) registered with all masters after 0.005580691s
I20260601 13:35:35.814324 28061 heartbeater.cc:499] Master 127.25.30.254:43381 was elected leader, sending a full tablet report...
I20260601 13:35:35.839999 28137 heartbeater.cc:499] Master 127.25.30.254:43381 was elected leader, sending a full tablet report...
I20260601 13:35:35.873901 28212 heartbeater.cc:499] Master 127.25.30.254:43381 was elected leader, sending a full tablet report...
I20260601 13:35:36.748479 27986 auto_leader_rebalancer.cc:451] All tables' leader rebalancing finished this round
I20260601 13:35:38.748908 27986 auto_leader_rebalancer.cc:451] All tables' leader rebalancing finished this round
I20260601 13:35:40.749325 27986 auto_leader_rebalancer.cc:451] All tables' leader rebalancing finished this round
I20260601 13:35:42.749722 27986 auto_leader_rebalancer.cc:451] All tables' leader rebalancing finished this round
I20260601 13:35:44.750211 27986 auto_leader_rebalancer.cc:451] All tables' leader rebalancing finished this round
I20260601 13:35:46.750725 27986 auto_leader_rebalancer.cc:451] All tables' leader rebalancing finished this round
I20260601 13:35:46.951874 25723 tablet_server.cc:179] TabletServer@127.25.30.193:0 shutting down...
I20260601 13:35:46.955681 25723 ts_tablet_manager.cc:1507] Shutting down tablet manager...
I20260601 13:35:46.967845 25723 tablet_server.cc:196] TabletServer@127.25.30.193:0 shutdown complete.
I20260601 13:35:46.969908 25723 tablet_server.cc:179] TabletServer@127.25.30.194:0 shutting down...
I20260601 13:35:46.973544 25723 ts_tablet_manager.cc:1507] Shutting down tablet manager...
I20260601 13:35:46.985594 25723 tablet_server.cc:196] TabletServer@127.25.30.194:0 shutdown complete.
I20260601 13:35:46.987499 25723 tablet_server.cc:179] TabletServer@127.25.30.195:0 shutting down...
I20260601 13:35:46.991205 25723 ts_tablet_manager.cc:1507] Shutting down tablet manager...
I20260601 13:35:47.003181 25723 tablet_server.cc:196] TabletServer@127.25.30.195:0 shutdown complete.
I20260601 13:35:47.005184 25723 master.cc:562] Master@127.25.30.254:43381 shutting down...
I20260601 13:35:47.009234 25723 raft_consensus.cc:2243] T 00000000000000000000000000000000 P d98e17b3e960467f94d47361c4078212 [term 1 LEADER]: Raft consensus shutting down.
I20260601 13:35:47.009410 25723 raft_consensus.cc:2272] T 00000000000000000000000000000000 P d98e17b3e960467f94d47361c4078212 [term 1 FOLLOWER]: Raft consensus is shut down!
I20260601 13:35:47.009490 25723 tablet_replica.cc:333] T 00000000000000000000000000000000 P d98e17b3e960467f94d47361c4078212: stopping tablet replica
I20260601 13:35:47.021713 25723 master.cc:584] Master@127.25.30.254:43381 shutdown complete.
[       OK ] AutoRebalancerTest.NoReplicaMovesIfNoTablets (12311 ms)
[ RUN      ] AutoRebalancerTest.RangeAwareBuildClusterInfoGroupsByRange
I20260601 13:35:47.027729 25723 internal_mini_cluster.cc:156] Creating distributed mini masters. Addrs: 127.25.30.254:39607
I20260601 13:35:47.028096 25723 file_cache.cc:492] Constructed file cache file cache with capacity 419430
W20260601 13:35:47.030171 28219 instance_detector.cc:116] could not retrieve OpenStack instance metadata: Network error: curl error: HTTP response code said error: The requested URL returned error: 404
W20260601 13:35:47.030174 28217 instance_detector.cc:116] could not retrieve Azure instance metadata: Network error: curl error: HTTP response code said error: The requested URL returned error: 404
I20260601 13:35:47.030309 25723 server_base.cc:1061] running on GCE node
W20260601 13:35:47.030301 28216 instance_detector.cc:116] could not retrieve AWS instance metadata: Network error: curl error: HTTP response code said error: The requested URL returned error: 404
I20260601 13:35:47.030655 25723 hybrid_clock.cc:584] initializing the hybrid clock with 'system_unsync' time source
W20260601 13:35:47.030704 25723 system_unsync_time.cc:38] NTP support is disabled. Clock error bounds will not be accurate. This configuration is not suitable for distributed clusters.
I20260601 13:35:47.030719 25723 hybrid_clock.cc:648] HybridClock initialized: now 1780320947030719 us; error 0 us; skew 500 ppm
I20260601 13:35:47.031662 25723 webserver.cc:533] Webserver started at http://127.25.30.254:37725/ using document root <none> and password file <none>
I20260601 13:35:47.031823 25723 fs_manager.cc:362] Metadata directory not provided
I20260601 13:35:47.031893 25723 fs_manager.cc:368] Using write-ahead log directory (fs_wal_dir) as metadata directory
I20260601 13:35:47.031971 25723 server_base.cc:909] This appears to be a new deployment of Kudu; creating new FS layout
I20260601 13:35:47.032385 25723 fs_manager.cc:1068] Generated new instance metadata in path /tmp/dist-test-taskghpRJ5/test-tmp/auto_rebalancer-test.0.AutoRebalancerTest.RangeAwareBuildClusterInfoGroupsByRange.1780320878845476-25723-0/minicluster-data/master-0-root/instance:
uuid: "46734a593a5a44bfbbe3a9c7b6ec7ba4"
format_stamp: "Formatted at 2026-06-01 13:35:47 on dist-test-slave-gxzs"
I20260601 13:35:47.033856 25723 fs_manager.cc:696] Time spent creating directory manager: real 0.001s	user 0.002s	sys 0.000s
I20260601 13:35:47.034778 28224 log_block_manager.cc:4031] Time spent loading block containers with low live blocks: real 0.000s	user 0.000s	sys 0.000s
I20260601 13:35:47.035090 25723 fs_manager.cc:730] Time spent opening block manager: real 0.001s	user 0.001s	sys 0.000s
I20260601 13:35:47.035197 25723 fs_manager.cc:647] Opened local filesystem: /tmp/dist-test-taskghpRJ5/test-tmp/auto_rebalancer-test.0.AutoRebalancerTest.RangeAwareBuildClusterInfoGroupsByRange.1780320878845476-25723-0/minicluster-data/master-0-root
uuid: "46734a593a5a44bfbbe3a9c7b6ec7ba4"
format_stamp: "Formatted at 2026-06-01 13:35:47 on dist-test-slave-gxzs"
I20260601 13:35:47.035265 25723 fs_report.cc:389] FS layout report
--------------------
wal directory: /tmp/dist-test-taskghpRJ5/test-tmp/auto_rebalancer-test.0.AutoRebalancerTest.RangeAwareBuildClusterInfoGroupsByRange.1780320878845476-25723-0/minicluster-data/master-0-root
metadata directory: /tmp/dist-test-taskghpRJ5/test-tmp/auto_rebalancer-test.0.AutoRebalancerTest.RangeAwareBuildClusterInfoGroupsByRange.1780320878845476-25723-0/minicluster-data/master-0-root
1 data directories: /tmp/dist-test-taskghpRJ5/test-tmp/auto_rebalancer-test.0.AutoRebalancerTest.RangeAwareBuildClusterInfoGroupsByRange.1780320878845476-25723-0/minicluster-data/master-0-root/data
Total live blocks: 0
Total live bytes: 0
Total live bytes (after alignment): 0
Total number of LBM containers: 0 (0 full)
Did not check for missing blocks
Did not check for orphaned blocks
Total full LBM containers with extra space: 0 (0 repaired)
Total full LBM container extra space in bytes: 0 (0 repaired)
Total incomplete LBM containers: 0 (0 repaired)
Total LBM partial records: 0 (0 repaired)
Total corrupted LBM metadata records in RocksDB: 0 (0 repaired)
I20260601 13:35:47.040928 25723 rpc_server.cc:225] running with OpenSSL 1.1.1  11 Sep 2018
I20260601 13:35:47.041218 25723 kserver.cc:163] Server-wide thread pool size limit: 3276
I20260601 13:35:47.045405 25723 rpc_server.cc:307] RPC server started. Bound to: 127.25.30.254:39607
I20260601 13:35:47.046970 28276 acceptor_pool.cc:272] collecting diagnostics on the listening RPC socket 127.25.30.254:39607 every 8 connection(s)
I20260601 13:35:47.047505 28277 data_dirs.cc:400] Could only allocate 1 dirs of requested 3 for tablet 00000000000000000000000000000000. 1 dirs total, 0 dirs full, 0 dirs failed
I20260601 13:35:47.049233 28277 tablet_bootstrap.cc:492] T 00000000000000000000000000000000 P 46734a593a5a44bfbbe3a9c7b6ec7ba4: Bootstrap starting.
I20260601 13:35:47.049970 28277 tablet_bootstrap.cc:654] T 00000000000000000000000000000000 P 46734a593a5a44bfbbe3a9c7b6ec7ba4: Neither blocks nor log segments found. Creating new log.
I20260601 13:35:47.050931 28277 tablet_bootstrap.cc:492] T 00000000000000000000000000000000 P 46734a593a5a44bfbbe3a9c7b6ec7ba4: No bootstrap required, opened a new log
I20260601 13:35:47.051415 28277 raft_consensus.cc:359] T 00000000000000000000000000000000 P 46734a593a5a44bfbbe3a9c7b6ec7ba4 [term 0 FOLLOWER]: Replica starting. Triggering 0 pending ops. Active config: opid_index: -1 OBSOLETE_local: true peers { permanent_uuid: "46734a593a5a44bfbbe3a9c7b6ec7ba4" member_type: VOTER }
I20260601 13:35:47.051510 28277 raft_consensus.cc:385] T 00000000000000000000000000000000 P 46734a593a5a44bfbbe3a9c7b6ec7ba4 [term 0 FOLLOWER]: Consensus starting up: Expiring failure detector timer to make a prompt election more likely
I20260601 13:35:47.051533 28277 raft_consensus.cc:740] T 00000000000000000000000000000000 P 46734a593a5a44bfbbe3a9c7b6ec7ba4 [term 0 FOLLOWER]: Becoming Follower/Learner. State: Replica: 46734a593a5a44bfbbe3a9c7b6ec7ba4, State: Initialized, Role: FOLLOWER
I20260601 13:35:47.051630 28277 consensus_queue.cc:260] T 00000000000000000000000000000000 P 46734a593a5a44bfbbe3a9c7b6ec7ba4 [NON_LEADER]: Queue going to NON_LEADER mode. State: All replicated index: 0, Majority replicated index: 0, Committed index: 0, Last appended: 0.0, Last appended by leader: 0, Current term: 0, Majority size: -1, State: 0, Mode: NON_LEADER, active raft config: opid_index: -1 OBSOLETE_local: true peers { permanent_uuid: "46734a593a5a44bfbbe3a9c7b6ec7ba4" member_type: VOTER }
I20260601 13:35:47.051687 28277 raft_consensus.cc:399] T 00000000000000000000000000000000 P 46734a593a5a44bfbbe3a9c7b6ec7ba4 [term 0 FOLLOWER]: Only one voter in the Raft config. Triggering election immediately
I20260601 13:35:47.051707 28277 raft_consensus.cc:493] T 00000000000000000000000000000000 P 46734a593a5a44bfbbe3a9c7b6ec7ba4 [term 0 FOLLOWER]: Starting leader election (initial election of a single-replica configuration)
I20260601 13:35:47.051734 28277 raft_consensus.cc:3060] T 00000000000000000000000000000000 P 46734a593a5a44bfbbe3a9c7b6ec7ba4 [term 0 FOLLOWER]: Advancing to term 1
I20260601 13:35:47.052361 28277 raft_consensus.cc:515] T 00000000000000000000000000000000 P 46734a593a5a44bfbbe3a9c7b6ec7ba4 [term 1 FOLLOWER]: Starting leader election with config: opid_index: -1 OBSOLETE_local: true peers { permanent_uuid: "46734a593a5a44bfbbe3a9c7b6ec7ba4" member_type: VOTER }
I20260601 13:35:47.052469 28277 leader_election.cc:304] T 00000000000000000000000000000000 P 46734a593a5a44bfbbe3a9c7b6ec7ba4 [CANDIDATE]: Term 1 election: Election decided. Result: candidate won. Election summary: received 1 responses out of 1 voters: 1 yes votes; 0 no votes. yes voters: 46734a593a5a44bfbbe3a9c7b6ec7ba4; no voters: 
I20260601 13:35:47.052620 28277 leader_election.cc:290] T 00000000000000000000000000000000 P 46734a593a5a44bfbbe3a9c7b6ec7ba4 [CANDIDATE]: Term 1 election: Requested vote from peers 
I20260601 13:35:47.052759 28280 raft_consensus.cc:2804] T 00000000000000000000000000000000 P 46734a593a5a44bfbbe3a9c7b6ec7ba4 [term 1 FOLLOWER]: Leader election won for term 1
I20260601 13:35:47.052971 28280 raft_consensus.cc:697] T 00000000000000000000000000000000 P 46734a593a5a44bfbbe3a9c7b6ec7ba4 [term 1 LEADER]: Becoming Leader. State: Replica: 46734a593a5a44bfbbe3a9c7b6ec7ba4, State: Running, Role: LEADER
I20260601 13:35:47.053063 28277 sys_catalog.cc:565] T 00000000000000000000000000000000 P 46734a593a5a44bfbbe3a9c7b6ec7ba4 [sys.catalog]: configured and running, proceeding with master startup.
I20260601 13:35:47.053108 28280 consensus_queue.cc:237] T 00000000000000000000000000000000 P 46734a593a5a44bfbbe3a9c7b6ec7ba4 [LEADER]: Queue going to LEADER mode. State: All replicated index: 0, Majority replicated index: 0, Committed index: 0, Last appended: 0.0, Last appended by leader: 0, Current term: 1, Majority size: 1, State: 0, Mode: LEADER, active raft config: opid_index: -1 OBSOLETE_local: true peers { permanent_uuid: "46734a593a5a44bfbbe3a9c7b6ec7ba4" member_type: VOTER }
I20260601 13:35:47.053565 28281 sys_catalog.cc:455] T 00000000000000000000000000000000 P 46734a593a5a44bfbbe3a9c7b6ec7ba4 [sys.catalog]: SysCatalogTable state changed. Reason: RaftConsensus started. Latest consensus state: current_term: 1 leader_uuid: "46734a593a5a44bfbbe3a9c7b6ec7ba4" committed_config { opid_index: -1 OBSOLETE_local: true peers { permanent_uuid: "46734a593a5a44bfbbe3a9c7b6ec7ba4" member_type: VOTER } }
I20260601 13:35:47.053591 28282 sys_catalog.cc:455] T 00000000000000000000000000000000 P 46734a593a5a44bfbbe3a9c7b6ec7ba4 [sys.catalog]: SysCatalogTable state changed. Reason: New leader 46734a593a5a44bfbbe3a9c7b6ec7ba4. Latest consensus state: current_term: 1 leader_uuid: "46734a593a5a44bfbbe3a9c7b6ec7ba4" committed_config { opid_index: -1 OBSOLETE_local: true peers { permanent_uuid: "46734a593a5a44bfbbe3a9c7b6ec7ba4" member_type: VOTER } }
I20260601 13:35:47.053653 28281 sys_catalog.cc:458] T 00000000000000000000000000000000 P 46734a593a5a44bfbbe3a9c7b6ec7ba4 [sys.catalog]: This master's current role is: LEADER
I20260601 13:35:47.053674 28282 sys_catalog.cc:458] T 00000000000000000000000000000000 P 46734a593a5a44bfbbe3a9c7b6ec7ba4 [sys.catalog]: This master's current role is: LEADER
I20260601 13:35:47.054323 28285 catalog_manager.cc:1510] Loading table and tablet metadata into memory...
I20260601 13:35:47.055400 28285 catalog_manager.cc:1519] Initializing Kudu cluster ID...
I20260601 13:35:47.055608 25723 internal_mini_cluster.cc:184] Waiting to initialize catalog manager on master 0
I20260601 13:35:47.057305 28285 catalog_manager.cc:1382] Generated new cluster ID: ee811b66f10145bb9e3e9dad052ac36f
I20260601 13:35:47.057386 28285 catalog_manager.cc:1530] Initializing Kudu internal certificate authority...
I20260601 13:35:47.066995 28285 catalog_manager.cc:1405] Generated new certificate authority record
I20260601 13:35:47.067576 28285 catalog_manager.cc:1539] Loading token signing keys...
I20260601 13:35:47.073678 28285 catalog_manager.cc:6069] T 00000000000000000000000000000000 P 46734a593a5a44bfbbe3a9c7b6ec7ba4: Generated new TSK 0
I20260601 13:35:47.073848 28285 catalog_manager.cc:1549] Initializing in-progress tserver states...
I20260601 13:35:47.088084 25723 file_cache.cc:492] Constructed file cache file cache with capacity 419430
W20260601 13:35:47.090193 28298 instance_detector.cc:116] could not retrieve AWS instance metadata: Network error: curl error: HTTP response code said error: The requested URL returned error: 404
W20260601 13:35:47.090219 28301 instance_detector.cc:116] could not retrieve OpenStack instance metadata: Network error: curl error: HTTP response code said error: The requested URL returned error: 404
I20260601 13:35:47.090364 25723 server_base.cc:1061] running on GCE node
W20260601 13:35:47.090328 28299 instance_detector.cc:116] could not retrieve Azure instance metadata: Network error: curl error: HTTP response code said error: The requested URL returned error: 404
I20260601 13:35:47.090734 25723 hybrid_clock.cc:584] initializing the hybrid clock with 'system_unsync' time source
W20260601 13:35:47.090787 25723 system_unsync_time.cc:38] NTP support is disabled. Clock error bounds will not be accurate. This configuration is not suitable for distributed clusters.
I20260601 13:35:47.090803 25723 hybrid_clock.cc:648] HybridClock initialized: now 1780320947090803 us; error 0 us; skew 500 ppm
I20260601 13:35:47.091732 25723 webserver.cc:533] Webserver started at http://127.25.30.193:42401/ using document root <none> and password file <none>
I20260601 13:35:47.091872 25723 fs_manager.cc:362] Metadata directory not provided
I20260601 13:35:47.091924 25723 fs_manager.cc:368] Using write-ahead log directory (fs_wal_dir) as metadata directory
I20260601 13:35:47.091988 25723 server_base.cc:909] This appears to be a new deployment of Kudu; creating new FS layout
I20260601 13:35:47.092334 25723 fs_manager.cc:1068] Generated new instance metadata in path /tmp/dist-test-taskghpRJ5/test-tmp/auto_rebalancer-test.0.AutoRebalancerTest.RangeAwareBuildClusterInfoGroupsByRange.1780320878845476-25723-0/minicluster-data/ts-0-root/instance:
uuid: "793db746b54e40bd9452c4c00130b9e7"
format_stamp: "Formatted at 2026-06-01 13:35:47 on dist-test-slave-gxzs"
I20260601 13:35:47.093724 25723 fs_manager.cc:696] Time spent creating directory manager: real 0.001s	user 0.001s	sys 0.000s
I20260601 13:35:47.094623 28306 log_block_manager.cc:4031] Time spent loading block containers with low live blocks: real 0.000s	user 0.000s	sys 0.000s
I20260601 13:35:47.094914 25723 fs_manager.cc:730] Time spent opening block manager: real 0.001s	user 0.001s	sys 0.000s
I20260601 13:35:47.094974 25723 fs_manager.cc:647] Opened local filesystem: /tmp/dist-test-taskghpRJ5/test-tmp/auto_rebalancer-test.0.AutoRebalancerTest.RangeAwareBuildClusterInfoGroupsByRange.1780320878845476-25723-0/minicluster-data/ts-0-root
uuid: "793db746b54e40bd9452c4c00130b9e7"
format_stamp: "Formatted at 2026-06-01 13:35:47 on dist-test-slave-gxzs"
I20260601 13:35:47.095063 25723 fs_report.cc:389] FS layout report
--------------------
wal directory: /tmp/dist-test-taskghpRJ5/test-tmp/auto_rebalancer-test.0.AutoRebalancerTest.RangeAwareBuildClusterInfoGroupsByRange.1780320878845476-25723-0/minicluster-data/ts-0-root
metadata directory: /tmp/dist-test-taskghpRJ5/test-tmp/auto_rebalancer-test.0.AutoRebalancerTest.RangeAwareBuildClusterInfoGroupsByRange.1780320878845476-25723-0/minicluster-data/ts-0-root
1 data directories: /tmp/dist-test-taskghpRJ5/test-tmp/auto_rebalancer-test.0.AutoRebalancerTest.RangeAwareBuildClusterInfoGroupsByRange.1780320878845476-25723-0/minicluster-data/ts-0-root/data
Total live blocks: 0
Total live bytes: 0
Total live bytes (after alignment): 0
Total number of LBM containers: 0 (0 full)
Did not check for missing blocks
Did not check for orphaned blocks
Total full LBM containers with extra space: 0 (0 repaired)
Total full LBM container extra space in bytes: 0 (0 repaired)
Total incomplete LBM containers: 0 (0 repaired)
Total LBM partial records: 0 (0 repaired)
Total corrupted LBM metadata records in RocksDB: 0 (0 repaired)
I20260601 13:35:47.114106 25723 rpc_server.cc:225] running with OpenSSL 1.1.1  11 Sep 2018
I20260601 13:35:47.114574 25723 kserver.cc:163] Server-wide thread pool size limit: 3276
I20260601 13:35:47.114877 25723 txn_system_client.cc:432] TxnSystemClient initialization is disabled...
I20260601 13:35:47.115463 25723 ts_tablet_manager.cc:585] Loaded tablet metadata (0 total tablets, 0 live tablets)
I20260601 13:35:47.115525 25723 ts_tablet_manager.cc:531] Time spent load tablet metadata: real 0.000s	user 0.000s	sys 0.000s
I20260601 13:35:47.115574 25723 ts_tablet_manager.cc:616] Registered 0 tablets
I20260601 13:35:47.115626 25723 ts_tablet_manager.cc:595] Time spent register tablets: real 0.000s	user 0.000s	sys 0.000s
I20260601 13:35:47.119740 25723 rpc_server.cc:307] RPC server started. Bound to: 127.25.30.193:35859
I20260601 13:35:47.119781 28369 acceptor_pool.cc:272] collecting diagnostics on the listening RPC socket 127.25.30.193:35859 every 8 connection(s)
I20260601 13:35:47.120666 25723 file_cache.cc:492] Constructed file cache file cache with capacity 419430
W20260601 13:35:47.122640 28374 instance_detector.cc:116] could not retrieve AWS instance metadata: Network error: curl error: HTTP response code said error: The requested URL returned error: 404
W20260601 13:35:47.122720 28377 instance_detector.cc:116] could not retrieve OpenStack instance metadata: Network error: curl error: HTTP response code said error: The requested URL returned error: 404
W20260601 13:35:47.122727 28375 instance_detector.cc:116] could not retrieve Azure instance metadata: Network error: curl error: HTTP response code said error: The requested URL returned error: 404
I20260601 13:35:47.123279 25723 server_base.cc:1061] running on GCE node
I20260601 13:35:47.123438 25723 hybrid_clock.cc:584] initializing the hybrid clock with 'system_unsync' time source
W20260601 13:35:47.123493 25723 system_unsync_time.cc:38] NTP support is disabled. Clock error bounds will not be accurate. This configuration is not suitable for distributed clusters.
I20260601 13:35:47.123518 25723 hybrid_clock.cc:648] HybridClock initialized: now 1780320947123517 us; error 0 us; skew 500 ppm
I20260601 13:35:47.124526 25723 webserver.cc:533] Webserver started at http://127.25.30.194:33243/ using document root <none> and password file <none>
I20260601 13:35:47.124718 25723 fs_manager.cc:362] Metadata directory not provided
I20260601 13:35:47.124783 25723 fs_manager.cc:368] Using write-ahead log directory (fs_wal_dir) as metadata directory
I20260601 13:35:47.124859 25723 server_base.cc:909] This appears to be a new deployment of Kudu; creating new FS layout
I20260601 13:35:47.125252 25723 fs_manager.cc:1068] Generated new instance metadata in path /tmp/dist-test-taskghpRJ5/test-tmp/auto_rebalancer-test.0.AutoRebalancerTest.RangeAwareBuildClusterInfoGroupsByRange.1780320878845476-25723-0/minicluster-data/ts-1-root/instance:
uuid: "a228e525dd4b446fbf76a0b853c9f703"
format_stamp: "Formatted at 2026-06-01 13:35:47 on dist-test-slave-gxzs"
I20260601 13:35:47.126739 25723 fs_manager.cc:696] Time spent creating directory manager: real 0.001s	user 0.002s	sys 0.000s
I20260601 13:35:47.127817 28382 log_block_manager.cc:4031] Time spent loading block containers with low live blocks: real 0.000s	user 0.000s	sys 0.000s
I20260601 13:35:47.128090 25723 fs_manager.cc:730] Time spent opening block manager: real 0.001s	user 0.000s	sys 0.001s
I20260601 13:35:47.128175 25723 fs_manager.cc:647] Opened local filesystem: /tmp/dist-test-taskghpRJ5/test-tmp/auto_rebalancer-test.0.AutoRebalancerTest.RangeAwareBuildClusterInfoGroupsByRange.1780320878845476-25723-0/minicluster-data/ts-1-root
uuid: "a228e525dd4b446fbf76a0b853c9f703"
format_stamp: "Formatted at 2026-06-01 13:35:47 on dist-test-slave-gxzs"
I20260601 13:35:47.128265 25723 fs_report.cc:389] FS layout report
--------------------
wal directory: /tmp/dist-test-taskghpRJ5/test-tmp/auto_rebalancer-test.0.AutoRebalancerTest.RangeAwareBuildClusterInfoGroupsByRange.1780320878845476-25723-0/minicluster-data/ts-1-root
metadata directory: /tmp/dist-test-taskghpRJ5/test-tmp/auto_rebalancer-test.0.AutoRebalancerTest.RangeAwareBuildClusterInfoGroupsByRange.1780320878845476-25723-0/minicluster-data/ts-1-root
1 data directories: /tmp/dist-test-taskghpRJ5/test-tmp/auto_rebalancer-test.0.AutoRebalancerTest.RangeAwareBuildClusterInfoGroupsByRange.1780320878845476-25723-0/minicluster-data/ts-1-root/data
Total live blocks: 0
Total live bytes: 0
Total live bytes (after alignment): 0
Total number of LBM containers: 0 (0 full)
Did not check for missing blocks
Did not check for orphaned blocks
Total full LBM containers with extra space: 0 (0 repaired)
Total full LBM container extra space in bytes: 0 (0 repaired)
Total incomplete LBM containers: 0 (0 repaired)
Total LBM partial records: 0 (0 repaired)
Total corrupted LBM metadata records in RocksDB: 0 (0 repaired)
I20260601 13:35:47.130542 28370 heartbeater.cc:344] Connected to a master server at 127.25.30.254:39607
I20260601 13:35:47.130669 28370 heartbeater.cc:461] Registering TS with master...
I20260601 13:35:47.130913 28370 heartbeater.cc:507] Master 127.25.30.254:39607 requested a full tablet report, sending...
I20260601 13:35:47.131559 28241 ts_manager.cc:194] Registered new tserver with Master: 793db746b54e40bd9452c4c00130b9e7 (127.25.30.193:35859)
I20260601 13:35:47.132275 28241 master_service.cc:502] Signed X509 certificate for tserver {username='slave'} at 127.0.0.1:33156
I20260601 13:35:47.151196 25723 rpc_server.cc:225] running with OpenSSL 1.1.1  11 Sep 2018
I20260601 13:35:47.151635 25723 kserver.cc:163] Server-wide thread pool size limit: 3276
I20260601 13:35:47.151962 25723 txn_system_client.cc:432] TxnSystemClient initialization is disabled...
I20260601 13:35:47.152453 25723 ts_tablet_manager.cc:585] Loaded tablet metadata (0 total tablets, 0 live tablets)
I20260601 13:35:47.152513 25723 ts_tablet_manager.cc:531] Time spent load tablet metadata: real 0.000s	user 0.000s	sys 0.000s
I20260601 13:35:47.152561 25723 ts_tablet_manager.cc:616] Registered 0 tablets
I20260601 13:35:47.152611 25723 ts_tablet_manager.cc:595] Time spent register tablets: real 0.000s	user 0.000s	sys 0.000s
I20260601 13:35:47.157377 25723 rpc_server.cc:307] RPC server started. Bound to: 127.25.30.194:42895
I20260601 13:35:47.157413 28445 acceptor_pool.cc:272] collecting diagnostics on the listening RPC socket 127.25.30.194:42895 every 8 connection(s)
I20260601 13:35:47.158247 25723 file_cache.cc:492] Constructed file cache file cache with capacity 419430
W20260601 13:35:47.160416 28452 instance_detector.cc:116] could not retrieve OpenStack instance metadata: Network error: curl error: HTTP response code said error: The requested URL returned error: 404
W20260601 13:35:47.160476 28450 instance_detector.cc:116] could not retrieve Azure instance metadata: Network error: curl error: HTTP response code said error: The requested URL returned error: 404
W20260601 13:35:47.160586 28449 instance_detector.cc:116] could not retrieve AWS instance metadata: Network error: curl error: HTTP response code said error: The requested URL returned error: 404
I20260601 13:35:47.160849 25723 server_base.cc:1061] running on GCE node
I20260601 13:35:47.161036 25723 hybrid_clock.cc:584] initializing the hybrid clock with 'system_unsync' time source
W20260601 13:35:47.161105 25723 system_unsync_time.cc:38] NTP support is disabled. Clock error bounds will not be accurate. This configuration is not suitable for distributed clusters.
I20260601 13:35:47.161140 25723 hybrid_clock.cc:648] HybridClock initialized: now 1780320947161139 us; error 0 us; skew 500 ppm
I20260601 13:35:47.162111 25723 webserver.cc:533] Webserver started at http://127.25.30.195:34929/ using document root <none> and password file <none>
I20260601 13:35:47.162298 25723 fs_manager.cc:362] Metadata directory not provided
