I20260601 13:36:19.747164 20969 raft_consensus.cc:515] T d86af69934b04b31b4ad65f4908cfdf1 P a249bb7cfbfb4feeb799241d1ed30166 [term 1 FOLLOWER]: Starting leader election with config: opid_index: -1 OBSOLETE_local: false peers { permanent_uuid: "a249bb7cfbfb4feeb799241d1ed30166" member_type: VOTER last_known_addr { host: "127.15.245.129" port: 35025 } } peers { permanent_uuid: "629c3500a356427cbf15d0bbe3fbad25" member_type: VOTER last_known_addr { host: "127.15.245.130" port: 41341 } } peers { permanent_uuid: "f3f6ae5a8ae74434ad8282f4f890e0b5" member_type: VOTER last_known_addr { host: "127.15.245.131" port: 40063 } }
I20260601 13:36:19.747460 20969 leader_election.cc:290] T d86af69934b04b31b4ad65f4908cfdf1 P a249bb7cfbfb4feeb799241d1ed30166 [CANDIDATE]: Term 1 election: Requested vote from peers 629c3500a356427cbf15d0bbe3fbad25 (127.15.245.130:41341), f3f6ae5a8ae74434ad8282f4f890e0b5 (127.15.245.131:40063)
I20260601 13:36:19.747893 20843 tablet_service.cc:1917] Received RequestConsensusVote() RPC: tablet_id: "d86af69934b04b31b4ad65f4908cfdf1" candidate_uuid: "a249bb7cfbfb4feeb799241d1ed30166" candidate_term: 1 candidate_status { last_received { term: 0 index: 0 } } ignore_live_leader: false dest_uuid: "629c3500a356427cbf15d0bbe3fbad25"
I20260601 13:36:19.748003 20843 raft_consensus.cc:3060] T d86af69934b04b31b4ad65f4908cfdf1 P 629c3500a356427cbf15d0bbe3fbad25 [term 0 FOLLOWER]: Advancing to term 1
I20260601 13:36:19.748517 20917 tablet_service.cc:1917] Received RequestConsensusVote() RPC: tablet_id: "d86af69934b04b31b4ad65f4908cfdf1" candidate_uuid: "a249bb7cfbfb4feeb799241d1ed30166" candidate_term: 1 candidate_status { last_received { term: 0 index: 0 } } ignore_live_leader: false dest_uuid: "f3f6ae5a8ae74434ad8282f4f890e0b5"
I20260601 13:36:19.748641 20917 raft_consensus.cc:3060] T d86af69934b04b31b4ad65f4908cfdf1 P f3f6ae5a8ae74434ad8282f4f890e0b5 [term 0 FOLLOWER]: Advancing to term 1
I20260601 13:36:19.748932 20843 raft_consensus.cc:2468] T d86af69934b04b31b4ad65f4908cfdf1 P 629c3500a356427cbf15d0bbe3fbad25 [term 1 FOLLOWER]: Leader election vote request: Granting yes vote for candidate a249bb7cfbfb4feeb799241d1ed30166 in term 1.
I20260601 13:36:19.749192 20733 leader_election.cc:304] T d86af69934b04b31b4ad65f4908cfdf1 P a249bb7cfbfb4feeb799241d1ed30166 [CANDIDATE]: Term 1 election: Election decided. Result: candidate won. Election summary: received 2 responses out of 3 voters: 2 yes votes; 0 no votes. yes voters: 629c3500a356427cbf15d0bbe3fbad25, a249bb7cfbfb4feeb799241d1ed30166; no voters: 
I20260601 13:36:19.749349 20969 raft_consensus.cc:2804] T d86af69934b04b31b4ad65f4908cfdf1 P a249bb7cfbfb4feeb799241d1ed30166 [term 1 FOLLOWER]: Leader election won for term 1
I20260601 13:36:19.749447 20969 raft_consensus.cc:697] T d86af69934b04b31b4ad65f4908cfdf1 P a249bb7cfbfb4feeb799241d1ed30166 [term 1 LEADER]: Becoming Leader. State: Replica: a249bb7cfbfb4feeb799241d1ed30166, State: Running, Role: LEADER
I20260601 13:36:19.749593 20917 raft_consensus.cc:2468] T d86af69934b04b31b4ad65f4908cfdf1 P f3f6ae5a8ae74434ad8282f4f890e0b5 [term 1 FOLLOWER]: Leader election vote request: Granting yes vote for candidate a249bb7cfbfb4feeb799241d1ed30166 in term 1.
I20260601 13:36:19.749593 20969 consensus_queue.cc:237] T d86af69934b04b31b4ad65f4908cfdf1 P a249bb7cfbfb4feeb799241d1ed30166 [LEADER]: Queue going to LEADER mode. State: All replicated index: 0, Majority replicated index: 0, Committed index: 0, Last appended: 0.0, Last appended by leader: 0, Current term: 1, Majority size: 2, State: 0, Mode: LEADER, active raft config: opid_index: -1 OBSOLETE_local: false peers { permanent_uuid: "a249bb7cfbfb4feeb799241d1ed30166" member_type: VOTER last_known_addr { host: "127.15.245.129" port: 35025 } } peers { permanent_uuid: "629c3500a356427cbf15d0bbe3fbad25" member_type: VOTER last_known_addr { host: "127.15.245.130" port: 41341 } } peers { permanent_uuid: "f3f6ae5a8ae74434ad8282f4f890e0b5" member_type: VOTER last_known_addr { host: "127.15.245.131" port: 40063 } }
I20260601 13:36:19.751259 20662 catalog_manager.cc:5696] T d86af69934b04b31b4ad65f4908cfdf1 P a249bb7cfbfb4feeb799241d1ed30166 reported cstate change: term changed from 0 to 1, leader changed from <none> to a249bb7cfbfb4feeb799241d1ed30166 (127.15.245.129). New cstate: current_term: 1 leader_uuid: "a249bb7cfbfb4feeb799241d1ed30166" committed_config { opid_index: -1 OBSOLETE_local: false peers { permanent_uuid: "a249bb7cfbfb4feeb799241d1ed30166" member_type: VOTER last_known_addr { host: "127.15.245.129" port: 35025 } health_report { overall_health: HEALTHY } } peers { permanent_uuid: "629c3500a356427cbf15d0bbe3fbad25" member_type: VOTER last_known_addr { host: "127.15.245.130" port: 41341 } health_report { overall_health: UNKNOWN } } peers { permanent_uuid: "f3f6ae5a8ae74434ad8282f4f890e0b5" member_type: VOTER last_known_addr { host: "127.15.245.131" port: 40063 } health_report { overall_health: UNKNOWN } } }
I20260601 13:36:19.759506 20972 raft_consensus.cc:493] T a0db83dd8fa144e9b59c85964b1852fa P 629c3500a356427cbf15d0bbe3fbad25 [term 0 FOLLOWER]: Starting pre-election (no leader contacted us within the election timeout)
I20260601 13:36:19.759748 20972 raft_consensus.cc:515] T a0db83dd8fa144e9b59c85964b1852fa P 629c3500a356427cbf15d0bbe3fbad25 [term 0 FOLLOWER]: Starting pre-election with config: opid_index: -1 OBSOLETE_local: false peers { permanent_uuid: "a249bb7cfbfb4feeb799241d1ed30166" member_type: VOTER last_known_addr { host: "127.15.245.129" port: 35025 } } peers { permanent_uuid: "629c3500a356427cbf15d0bbe3fbad25" member_type: VOTER last_known_addr { host: "127.15.245.130" port: 41341 } } peers { permanent_uuid: "f3f6ae5a8ae74434ad8282f4f890e0b5" member_type: VOTER last_known_addr { host: "127.15.245.131" port: 40063 } }
I20260601 13:36:19.760195 20972 leader_election.cc:290] T a0db83dd8fa144e9b59c85964b1852fa P 629c3500a356427cbf15d0bbe3fbad25 [CANDIDATE]: Term 1 pre-election: Requested pre-vote from peers a249bb7cfbfb4feeb799241d1ed30166 (127.15.245.129:35025), f3f6ae5a8ae74434ad8282f4f890e0b5 (127.15.245.131:40063)
I20260601 13:36:19.760758 20767 tablet_service.cc:1917] Received RequestConsensusVote() RPC: tablet_id: "a0db83dd8fa144e9b59c85964b1852fa" candidate_uuid: "629c3500a356427cbf15d0bbe3fbad25" candidate_term: 1 candidate_status { last_received { term: 0 index: 0 } } ignore_live_leader: false dest_uuid: "a249bb7cfbfb4feeb799241d1ed30166" is_pre_election: true
I20260601 13:36:19.760758 20917 tablet_service.cc:1917] Received RequestConsensusVote() RPC: tablet_id: "a0db83dd8fa144e9b59c85964b1852fa" candidate_uuid: "629c3500a356427cbf15d0bbe3fbad25" candidate_term: 1 candidate_status { last_received { term: 0 index: 0 } } ignore_live_leader: false dest_uuid: "f3f6ae5a8ae74434ad8282f4f890e0b5" is_pre_election: true
I20260601 13:36:19.760910 20767 raft_consensus.cc:2468] T a0db83dd8fa144e9b59c85964b1852fa P a249bb7cfbfb4feeb799241d1ed30166 [term 0 FOLLOWER]: Leader pre-election vote request: Granting yes vote for candidate 629c3500a356427cbf15d0bbe3fbad25 in term 0.
I20260601 13:36:19.761034 20917 raft_consensus.cc:2468] T a0db83dd8fa144e9b59c85964b1852fa P f3f6ae5a8ae74434ad8282f4f890e0b5 [term 0 FOLLOWER]: Leader pre-election vote request: Granting yes vote for candidate 629c3500a356427cbf15d0bbe3fbad25 in term 0.
I20260601 13:36:19.761230 20809 leader_election.cc:304] T a0db83dd8fa144e9b59c85964b1852fa P 629c3500a356427cbf15d0bbe3fbad25 [CANDIDATE]: Term 1 pre-election: Election decided. Result: candidate won. Election summary: received 2 responses out of 3 voters: 2 yes votes; 0 no votes. yes voters: 629c3500a356427cbf15d0bbe3fbad25, a249bb7cfbfb4feeb799241d1ed30166; no voters: 
I20260601 13:36:19.761397 20972 raft_consensus.cc:2804] T a0db83dd8fa144e9b59c85964b1852fa P 629c3500a356427cbf15d0bbe3fbad25 [term 0 FOLLOWER]: Leader pre-election won for term 1
I20260601 13:36:19.761453 20972 raft_consensus.cc:493] T a0db83dd8fa144e9b59c85964b1852fa P 629c3500a356427cbf15d0bbe3fbad25 [term 0 FOLLOWER]: Starting leader election (no leader contacted us within the election timeout)
I20260601 13:36:19.761489 20972 raft_consensus.cc:3060] T a0db83dd8fa144e9b59c85964b1852fa P 629c3500a356427cbf15d0bbe3fbad25 [term 0 FOLLOWER]: Advancing to term 1
I20260601 13:36:19.762331 20972 raft_consensus.cc:515] T a0db83dd8fa144e9b59c85964b1852fa P 629c3500a356427cbf15d0bbe3fbad25 [term 1 FOLLOWER]: Starting leader election with config: opid_index: -1 OBSOLETE_local: false peers { permanent_uuid: "a249bb7cfbfb4feeb799241d1ed30166" member_type: VOTER last_known_addr { host: "127.15.245.129" port: 35025 } } peers { permanent_uuid: "629c3500a356427cbf15d0bbe3fbad25" member_type: VOTER last_known_addr { host: "127.15.245.130" port: 41341 } } peers { permanent_uuid: "f3f6ae5a8ae74434ad8282f4f890e0b5" member_type: VOTER last_known_addr { host: "127.15.245.131" port: 40063 } }
I20260601 13:36:19.762672 20972 leader_election.cc:290] T a0db83dd8fa144e9b59c85964b1852fa P 629c3500a356427cbf15d0bbe3fbad25 [CANDIDATE]: Term 1 election: Requested vote from peers a249bb7cfbfb4feeb799241d1ed30166 (127.15.245.129:35025), f3f6ae5a8ae74434ad8282f4f890e0b5 (127.15.245.131:40063)
I20260601 13:36:19.763072 20767 tablet_service.cc:1917] Received RequestConsensusVote() RPC: tablet_id: "a0db83dd8fa144e9b59c85964b1852fa" candidate_uuid: "629c3500a356427cbf15d0bbe3fbad25" candidate_term: 1 candidate_status { last_received { term: 0 index: 0 } } ignore_live_leader: false dest_uuid: "a249bb7cfbfb4feeb799241d1ed30166"
I20260601 13:36:19.763072 20917 tablet_service.cc:1917] Received RequestConsensusVote() RPC: tablet_id: "a0db83dd8fa144e9b59c85964b1852fa" candidate_uuid: "629c3500a356427cbf15d0bbe3fbad25" candidate_term: 1 candidate_status { last_received { term: 0 index: 0 } } ignore_live_leader: false dest_uuid: "f3f6ae5a8ae74434ad8282f4f890e0b5"
I20260601 13:36:19.763213 20767 raft_consensus.cc:3060] T a0db83dd8fa144e9b59c85964b1852fa P a249bb7cfbfb4feeb799241d1ed30166 [term 0 FOLLOWER]: Advancing to term 1
I20260601 13:36:19.763213 20917 raft_consensus.cc:3060] T a0db83dd8fa144e9b59c85964b1852fa P f3f6ae5a8ae74434ad8282f4f890e0b5 [term 0 FOLLOWER]: Advancing to term 1
I20260601 13:36:19.764140 20767 raft_consensus.cc:2468] T a0db83dd8fa144e9b59c85964b1852fa P a249bb7cfbfb4feeb799241d1ed30166 [term 1 FOLLOWER]: Leader election vote request: Granting yes vote for candidate 629c3500a356427cbf15d0bbe3fbad25 in term 1.
I20260601 13:36:19.764140 20917 raft_consensus.cc:2468] T a0db83dd8fa144e9b59c85964b1852fa P f3f6ae5a8ae74434ad8282f4f890e0b5 [term 1 FOLLOWER]: Leader election vote request: Granting yes vote for candidate 629c3500a356427cbf15d0bbe3fbad25 in term 1.
I20260601 13:36:19.764529 20809 leader_election.cc:304] T a0db83dd8fa144e9b59c85964b1852fa P 629c3500a356427cbf15d0bbe3fbad25 [CANDIDATE]: Term 1 election: Election decided. Result: candidate won. Election summary: received 2 responses out of 3 voters: 2 yes votes; 0 no votes. yes voters: 629c3500a356427cbf15d0bbe3fbad25, f3f6ae5a8ae74434ad8282f4f890e0b5; no voters: 
I20260601 13:36:19.764799 20972 raft_consensus.cc:2804] T a0db83dd8fa144e9b59c85964b1852fa P 629c3500a356427cbf15d0bbe3fbad25 [term 1 FOLLOWER]: Leader election won for term 1
I20260601 13:36:19.764914 20972 raft_consensus.cc:697] T a0db83dd8fa144e9b59c85964b1852fa P 629c3500a356427cbf15d0bbe3fbad25 [term 1 LEADER]: Becoming Leader. State: Replica: 629c3500a356427cbf15d0bbe3fbad25, State: Running, Role: LEADER
I20260601 13:36:19.765113 20972 consensus_queue.cc:237] T a0db83dd8fa144e9b59c85964b1852fa P 629c3500a356427cbf15d0bbe3fbad25 [LEADER]: Queue going to LEADER mode. State: All replicated index: 0, Majority replicated index: 0, Committed index: 0, Last appended: 0.0, Last appended by leader: 0, Current term: 1, Majority size: 2, State: 0, Mode: LEADER, active raft config: opid_index: -1 OBSOLETE_local: false peers { permanent_uuid: "a249bb7cfbfb4feeb799241d1ed30166" member_type: VOTER last_known_addr { host: "127.15.245.129" port: 35025 } } peers { permanent_uuid: "629c3500a356427cbf15d0bbe3fbad25" member_type: VOTER last_known_addr { host: "127.15.245.130" port: 41341 } } peers { permanent_uuid: "f3f6ae5a8ae74434ad8282f4f890e0b5" member_type: VOTER last_known_addr { host: "127.15.245.131" port: 40063 } }
I20260601 13:36:19.766986 20662 catalog_manager.cc:5696] T a0db83dd8fa144e9b59c85964b1852fa P 629c3500a356427cbf15d0bbe3fbad25 reported cstate change: term changed from 0 to 1, leader changed from <none> to 629c3500a356427cbf15d0bbe3fbad25 (127.15.245.130). New cstate: current_term: 1 leader_uuid: "629c3500a356427cbf15d0bbe3fbad25" committed_config { opid_index: -1 OBSOLETE_local: false peers { permanent_uuid: "a249bb7cfbfb4feeb799241d1ed30166" member_type: VOTER last_known_addr { host: "127.15.245.129" port: 35025 } health_report { overall_health: UNKNOWN } } peers { permanent_uuid: "629c3500a356427cbf15d0bbe3fbad25" member_type: VOTER last_known_addr { host: "127.15.245.130" port: 41341 } health_report { overall_health: HEALTHY } } peers { permanent_uuid: "f3f6ae5a8ae74434ad8282f4f890e0b5" member_type: VOTER last_known_addr { host: "127.15.245.131" port: 40063 } health_report { overall_health: UNKNOWN } } }
I20260601 13:36:19.801358 20981 raft_consensus.cc:493] T e4c1aedc769740f0abdfdb20a7cabf10 P f3f6ae5a8ae74434ad8282f4f890e0b5 [term 0 FOLLOWER]: Starting pre-election (no leader contacted us within the election timeout)
I20260601 13:36:19.801512 20981 raft_consensus.cc:515] T e4c1aedc769740f0abdfdb20a7cabf10 P f3f6ae5a8ae74434ad8282f4f890e0b5 [term 0 FOLLOWER]: Starting pre-election with config: opid_index: -1 OBSOLETE_local: false peers { permanent_uuid: "a249bb7cfbfb4feeb799241d1ed30166" member_type: VOTER last_known_addr { host: "127.15.245.129" port: 35025 } } peers { permanent_uuid: "629c3500a356427cbf15d0bbe3fbad25" member_type: VOTER last_known_addr { host: "127.15.245.130" port: 41341 } } peers { permanent_uuid: "f3f6ae5a8ae74434ad8282f4f890e0b5" member_type: VOTER last_known_addr { host: "127.15.245.131" port: 40063 } }
I20260601 13:36:19.802052 20981 leader_election.cc:290] T e4c1aedc769740f0abdfdb20a7cabf10 P f3f6ae5a8ae74434ad8282f4f890e0b5 [CANDIDATE]: Term 1 pre-election: Requested pre-vote from peers a249bb7cfbfb4feeb799241d1ed30166 (127.15.245.129:35025), 629c3500a356427cbf15d0bbe3fbad25 (127.15.245.130:41341)
I20260601 13:36:19.805809 20767 tablet_service.cc:1917] Received RequestConsensusVote() RPC: tablet_id: "e4c1aedc769740f0abdfdb20a7cabf10" candidate_uuid: "f3f6ae5a8ae74434ad8282f4f890e0b5" candidate_term: 1 candidate_status { last_received { term: 0 index: 0 } } ignore_live_leader: false dest_uuid: "a249bb7cfbfb4feeb799241d1ed30166" is_pre_election: true
I20260601 13:36:19.805810 20843 tablet_service.cc:1917] Received RequestConsensusVote() RPC: tablet_id: "e4c1aedc769740f0abdfdb20a7cabf10" candidate_uuid: "f3f6ae5a8ae74434ad8282f4f890e0b5" candidate_term: 1 candidate_status { last_received { term: 0 index: 0 } } ignore_live_leader: false dest_uuid: "629c3500a356427cbf15d0bbe3fbad25" is_pre_election: true
I20260601 13:36:19.805965 20767 raft_consensus.cc:2468] T e4c1aedc769740f0abdfdb20a7cabf10 P a249bb7cfbfb4feeb799241d1ed30166 [term 0 FOLLOWER]: Leader pre-election vote request: Granting yes vote for candidate f3f6ae5a8ae74434ad8282f4f890e0b5 in term 0.
I20260601 13:36:19.806003 20843 raft_consensus.cc:2468] T e4c1aedc769740f0abdfdb20a7cabf10 P 629c3500a356427cbf15d0bbe3fbad25 [term 0 FOLLOWER]: Leader pre-election vote request: Granting yes vote for candidate f3f6ae5a8ae74434ad8282f4f890e0b5 in term 0.
I20260601 13:36:19.806236 20884 leader_election.cc:304] T e4c1aedc769740f0abdfdb20a7cabf10 P f3f6ae5a8ae74434ad8282f4f890e0b5 [CANDIDATE]: Term 1 pre-election: Election decided. Result: candidate won. Election summary: received 2 responses out of 3 voters: 2 yes votes; 0 no votes. yes voters: a249bb7cfbfb4feeb799241d1ed30166, f3f6ae5a8ae74434ad8282f4f890e0b5; no voters: 
I20260601 13:36:19.806418 20981 raft_consensus.cc:2804] T e4c1aedc769740f0abdfdb20a7cabf10 P f3f6ae5a8ae74434ad8282f4f890e0b5 [term 0 FOLLOWER]: Leader pre-election won for term 1
I20260601 13:36:19.806473 20981 raft_consensus.cc:493] T e4c1aedc769740f0abdfdb20a7cabf10 P f3f6ae5a8ae74434ad8282f4f890e0b5 [term 0 FOLLOWER]: Starting leader election (no leader contacted us within the election timeout)
I20260601 13:36:19.806501 20981 raft_consensus.cc:3060] T e4c1aedc769740f0abdfdb20a7cabf10 P f3f6ae5a8ae74434ad8282f4f890e0b5 [term 0 FOLLOWER]: Advancing to term 1
I20260601 13:36:19.807333 20981 raft_consensus.cc:515] T e4c1aedc769740f0abdfdb20a7cabf10 P f3f6ae5a8ae74434ad8282f4f890e0b5 [term 1 FOLLOWER]: Starting leader election with config: opid_index: -1 OBSOLETE_local: false peers { permanent_uuid: "a249bb7cfbfb4feeb799241d1ed30166" member_type: VOTER last_known_addr { host: "127.15.245.129" port: 35025 } } peers { permanent_uuid: "629c3500a356427cbf15d0bbe3fbad25" member_type: VOTER last_known_addr { host: "127.15.245.130" port: 41341 } } peers { permanent_uuid: "f3f6ae5a8ae74434ad8282f4f890e0b5" member_type: VOTER last_known_addr { host: "127.15.245.131" port: 40063 } }
I20260601 13:36:19.807670 20981 leader_election.cc:290] T e4c1aedc769740f0abdfdb20a7cabf10 P f3f6ae5a8ae74434ad8282f4f890e0b5 [CANDIDATE]: Term 1 election: Requested vote from peers a249bb7cfbfb4feeb799241d1ed30166 (127.15.245.129:35025), 629c3500a356427cbf15d0bbe3fbad25 (127.15.245.130:41341)
I20260601 13:36:19.808024 20767 tablet_service.cc:1917] Received RequestConsensusVote() RPC: tablet_id: "e4c1aedc769740f0abdfdb20a7cabf10" candidate_uuid: "f3f6ae5a8ae74434ad8282f4f890e0b5" candidate_term: 1 candidate_status { last_received { term: 0 index: 0 } } ignore_live_leader: false dest_uuid: "a249bb7cfbfb4feeb799241d1ed30166"
I20260601 13:36:19.808072 20843 tablet_service.cc:1917] Received RequestConsensusVote() RPC: tablet_id: "e4c1aedc769740f0abdfdb20a7cabf10" candidate_uuid: "f3f6ae5a8ae74434ad8282f4f890e0b5" candidate_term: 1 candidate_status { last_received { term: 0 index: 0 } } ignore_live_leader: false dest_uuid: "629c3500a356427cbf15d0bbe3fbad25"
I20260601 13:36:19.808123 20767 raft_consensus.cc:3060] T e4c1aedc769740f0abdfdb20a7cabf10 P a249bb7cfbfb4feeb799241d1ed30166 [term 0 FOLLOWER]: Advancing to term 1
I20260601 13:36:19.808188 20843 raft_consensus.cc:3060] T e4c1aedc769740f0abdfdb20a7cabf10 P 629c3500a356427cbf15d0bbe3fbad25 [term 0 FOLLOWER]: Advancing to term 1
I20260601 13:36:19.808917 20767 raft_consensus.cc:2468] T e4c1aedc769740f0abdfdb20a7cabf10 P a249bb7cfbfb4feeb799241d1ed30166 [term 1 FOLLOWER]: Leader election vote request: Granting yes vote for candidate f3f6ae5a8ae74434ad8282f4f890e0b5 in term 1.
I20260601 13:36:19.808952 20843 raft_consensus.cc:2468] T e4c1aedc769740f0abdfdb20a7cabf10 P 629c3500a356427cbf15d0bbe3fbad25 [term 1 FOLLOWER]: Leader election vote request: Granting yes vote for candidate f3f6ae5a8ae74434ad8282f4f890e0b5 in term 1.
I20260601 13:36:19.809170 20884 leader_election.cc:304] T e4c1aedc769740f0abdfdb20a7cabf10 P f3f6ae5a8ae74434ad8282f4f890e0b5 [CANDIDATE]: Term 1 election: Election decided. Result: candidate won. Election summary: received 2 responses out of 3 voters: 2 yes votes; 0 no votes. yes voters: 629c3500a356427cbf15d0bbe3fbad25, f3f6ae5a8ae74434ad8282f4f890e0b5; no voters: 
I20260601 13:36:19.809336 20981 raft_consensus.cc:2804] T e4c1aedc769740f0abdfdb20a7cabf10 P f3f6ae5a8ae74434ad8282f4f890e0b5 [term 1 FOLLOWER]: Leader election won for term 1
I20260601 13:36:19.809535 20981 raft_consensus.cc:697] T e4c1aedc769740f0abdfdb20a7cabf10 P f3f6ae5a8ae74434ad8282f4f890e0b5 [term 1 LEADER]: Becoming Leader. State: Replica: f3f6ae5a8ae74434ad8282f4f890e0b5, State: Running, Role: LEADER
I20260601 13:36:19.809670 20981 consensus_queue.cc:237] T e4c1aedc769740f0abdfdb20a7cabf10 P f3f6ae5a8ae74434ad8282f4f890e0b5 [LEADER]: Queue going to LEADER mode. State: All replicated index: 0, Majority replicated index: 0, Committed index: 0, Last appended: 0.0, Last appended by leader: 0, Current term: 1, Majority size: 2, State: 0, Mode: LEADER, active raft config: opid_index: -1 OBSOLETE_local: false peers { permanent_uuid: "a249bb7cfbfb4feeb799241d1ed30166" member_type: VOTER last_known_addr { host: "127.15.245.129" port: 35025 } } peers { permanent_uuid: "629c3500a356427cbf15d0bbe3fbad25" member_type: VOTER last_known_addr { host: "127.15.245.130" port: 41341 } } peers { permanent_uuid: "f3f6ae5a8ae74434ad8282f4f890e0b5" member_type: VOTER last_known_addr { host: "127.15.245.131" port: 40063 } }
I20260601 13:36:19.811318 20662 catalog_manager.cc:5696] T e4c1aedc769740f0abdfdb20a7cabf10 P f3f6ae5a8ae74434ad8282f4f890e0b5 reported cstate change: term changed from 0 to 1, leader changed from <none> to f3f6ae5a8ae74434ad8282f4f890e0b5 (127.15.245.131). New cstate: current_term: 1 leader_uuid: "f3f6ae5a8ae74434ad8282f4f890e0b5" committed_config { opid_index: -1 OBSOLETE_local: false peers { permanent_uuid: "a249bb7cfbfb4feeb799241d1ed30166" member_type: VOTER last_known_addr { host: "127.15.245.129" port: 35025 } health_report { overall_health: UNKNOWN } } peers { permanent_uuid: "629c3500a356427cbf15d0bbe3fbad25" member_type: VOTER last_known_addr { host: "127.15.245.130" port: 41341 } health_report { overall_health: UNKNOWN } } peers { permanent_uuid: "f3f6ae5a8ae74434ad8282f4f890e0b5" member_type: VOTER last_known_addr { host: "127.15.245.131" port: 40063 } health_report { overall_health: HEALTHY } } }
I20260601 13:36:19.823922 20969 raft_consensus.cc:493] T dafeb5264fb8409ba879c858fbc68c2d P a249bb7cfbfb4feeb799241d1ed30166 [term 0 FOLLOWER]: Starting pre-election (no leader contacted us within the election timeout)
I20260601 13:36:19.824077 20969 raft_consensus.cc:515] T dafeb5264fb8409ba879c858fbc68c2d P a249bb7cfbfb4feeb799241d1ed30166 [term 0 FOLLOWER]: Starting pre-election with config: opid_index: -1 OBSOLETE_local: false peers { permanent_uuid: "a249bb7cfbfb4feeb799241d1ed30166" member_type: VOTER last_known_addr { host: "127.15.245.129" port: 35025 } } peers { permanent_uuid: "629c3500a356427cbf15d0bbe3fbad25" member_type: VOTER last_known_addr { host: "127.15.245.130" port: 41341 } } peers { permanent_uuid: "f3f6ae5a8ae74434ad8282f4f890e0b5" member_type: VOTER last_known_addr { host: "127.15.245.131" port: 40063 } }
I20260601 13:36:19.824529 20969 leader_election.cc:290] T dafeb5264fb8409ba879c858fbc68c2d P a249bb7cfbfb4feeb799241d1ed30166 [CANDIDATE]: Term 1 pre-election: Requested pre-vote from peers 629c3500a356427cbf15d0bbe3fbad25 (127.15.245.130:41341), f3f6ae5a8ae74434ad8282f4f890e0b5 (127.15.245.131:40063)
I20260601 13:36:19.824976 20843 tablet_service.cc:1917] Received RequestConsensusVote() RPC: tablet_id: "dafeb5264fb8409ba879c858fbc68c2d" candidate_uuid: "a249bb7cfbfb4feeb799241d1ed30166" candidate_term: 1 candidate_status { last_received { term: 0 index: 0 } } ignore_live_leader: false dest_uuid: "629c3500a356427cbf15d0bbe3fbad25" is_pre_election: true
I20260601 13:36:19.824976 20917 tablet_service.cc:1917] Received RequestConsensusVote() RPC: tablet_id: "dafeb5264fb8409ba879c858fbc68c2d" candidate_uuid: "a249bb7cfbfb4feeb799241d1ed30166" candidate_term: 1 candidate_status { last_received { term: 0 index: 0 } } ignore_live_leader: false dest_uuid: "f3f6ae5a8ae74434ad8282f4f890e0b5" is_pre_election: true
I20260601 13:36:19.825112 20843 raft_consensus.cc:2468] T dafeb5264fb8409ba879c858fbc68c2d P 629c3500a356427cbf15d0bbe3fbad25 [term 0 FOLLOWER]: Leader pre-election vote request: Granting yes vote for candidate a249bb7cfbfb4feeb799241d1ed30166 in term 0.
I20260601 13:36:19.825120 20917 raft_consensus.cc:2468] T dafeb5264fb8409ba879c858fbc68c2d P f3f6ae5a8ae74434ad8282f4f890e0b5 [term 0 FOLLOWER]: Leader pre-election vote request: Granting yes vote for candidate a249bb7cfbfb4feeb799241d1ed30166 in term 0.
I20260601 13:36:19.825366 20733 leader_election.cc:304] T dafeb5264fb8409ba879c858fbc68c2d P a249bb7cfbfb4feeb799241d1ed30166 [CANDIDATE]: Term 1 pre-election: Election decided. Result: candidate won. Election summary: received 2 responses out of 3 voters: 2 yes votes; 0 no votes. yes voters: 629c3500a356427cbf15d0bbe3fbad25, a249bb7cfbfb4feeb799241d1ed30166; no voters: 
I20260601 13:36:19.825526 20969 raft_consensus.cc:2804] T dafeb5264fb8409ba879c858fbc68c2d P a249bb7cfbfb4feeb799241d1ed30166 [term 0 FOLLOWER]: Leader pre-election won for term 1
I20260601 13:36:19.825594 20969 raft_consensus.cc:493] T dafeb5264fb8409ba879c858fbc68c2d P a249bb7cfbfb4feeb799241d1ed30166 [term 0 FOLLOWER]: Starting leader election (no leader contacted us within the election timeout)
I20260601 13:36:19.825641 20969 raft_consensus.cc:3060] T dafeb5264fb8409ba879c858fbc68c2d P a249bb7cfbfb4feeb799241d1ed30166 [term 0 FOLLOWER]: Advancing to term 1
I20260601 13:36:19.826434 20969 raft_consensus.cc:515] T dafeb5264fb8409ba879c858fbc68c2d P a249bb7cfbfb4feeb799241d1ed30166 [term 1 FOLLOWER]: Starting leader election with config: opid_index: -1 OBSOLETE_local: false peers { permanent_uuid: "a249bb7cfbfb4feeb799241d1ed30166" member_type: VOTER last_known_addr { host: "127.15.245.129" port: 35025 } } peers { permanent_uuid: "629c3500a356427cbf15d0bbe3fbad25" member_type: VOTER last_known_addr { host: "127.15.245.130" port: 41341 } } peers { permanent_uuid: "f3f6ae5a8ae74434ad8282f4f890e0b5" member_type: VOTER last_known_addr { host: "127.15.245.131" port: 40063 } }
I20260601 13:36:19.826748 20969 leader_election.cc:290] T dafeb5264fb8409ba879c858fbc68c2d P a249bb7cfbfb4feeb799241d1ed30166 [CANDIDATE]: Term 1 election: Requested vote from peers 629c3500a356427cbf15d0bbe3fbad25 (127.15.245.130:41341), f3f6ae5a8ae74434ad8282f4f890e0b5 (127.15.245.131:40063)
I20260601 13:36:19.827121 20917 tablet_service.cc:1917] Received RequestConsensusVote() RPC: tablet_id: "dafeb5264fb8409ba879c858fbc68c2d" candidate_uuid: "a249bb7cfbfb4feeb799241d1ed30166" candidate_term: 1 candidate_status { last_received { term: 0 index: 0 } } ignore_live_leader: false dest_uuid: "f3f6ae5a8ae74434ad8282f4f890e0b5"
I20260601 13:36:19.827121 20843 tablet_service.cc:1917] Received RequestConsensusVote() RPC: tablet_id: "dafeb5264fb8409ba879c858fbc68c2d" candidate_uuid: "a249bb7cfbfb4feeb799241d1ed30166" candidate_term: 1 candidate_status { last_received { term: 0 index: 0 } } ignore_live_leader: false dest_uuid: "629c3500a356427cbf15d0bbe3fbad25"
I20260601 13:36:19.827250 20843 raft_consensus.cc:3060] T dafeb5264fb8409ba879c858fbc68c2d P 629c3500a356427cbf15d0bbe3fbad25 [term 0 FOLLOWER]: Advancing to term 1
I20260601 13:36:19.827239 20917 raft_consensus.cc:3060] T dafeb5264fb8409ba879c858fbc68c2d P f3f6ae5a8ae74434ad8282f4f890e0b5 [term 0 FOLLOWER]: Advancing to term 1
I20260601 13:36:19.827979 20843 raft_consensus.cc:2468] T dafeb5264fb8409ba879c858fbc68c2d P 629c3500a356427cbf15d0bbe3fbad25 [term 1 FOLLOWER]: Leader election vote request: Granting yes vote for candidate a249bb7cfbfb4feeb799241d1ed30166 in term 1.
I20260601 13:36:19.828047 20917 raft_consensus.cc:2468] T dafeb5264fb8409ba879c858fbc68c2d P f3f6ae5a8ae74434ad8282f4f890e0b5 [term 1 FOLLOWER]: Leader election vote request: Granting yes vote for candidate a249bb7cfbfb4feeb799241d1ed30166 in term 1.
I20260601 13:36:19.828248 20733 leader_election.cc:304] T dafeb5264fb8409ba879c858fbc68c2d P a249bb7cfbfb4feeb799241d1ed30166 [CANDIDATE]: Term 1 election: Election decided. Result: candidate won. Election summary: received 2 responses out of 3 voters: 2 yes votes; 0 no votes. yes voters: 629c3500a356427cbf15d0bbe3fbad25, a249bb7cfbfb4feeb799241d1ed30166; no voters: 
I20260601 13:36:19.828411 20969 raft_consensus.cc:2804] T dafeb5264fb8409ba879c858fbc68c2d P a249bb7cfbfb4feeb799241d1ed30166 [term 1 FOLLOWER]: Leader election won for term 1
I20260601 13:36:19.828495 20969 raft_consensus.cc:697] T dafeb5264fb8409ba879c858fbc68c2d P a249bb7cfbfb4feeb799241d1ed30166 [term 1 LEADER]: Becoming Leader. State: Replica: a249bb7cfbfb4feeb799241d1ed30166, State: Running, Role: LEADER
I20260601 13:36:19.828639 20969 consensus_queue.cc:237] T dafeb5264fb8409ba879c858fbc68c2d P a249bb7cfbfb4feeb799241d1ed30166 [LEADER]: Queue going to LEADER mode. State: All replicated index: 0, Majority replicated index: 0, Committed index: 0, Last appended: 0.0, Last appended by leader: 0, Current term: 1, Majority size: 2, State: 0, Mode: LEADER, active raft config: opid_index: -1 OBSOLETE_local: false peers { permanent_uuid: "a249bb7cfbfb4feeb799241d1ed30166" member_type: VOTER last_known_addr { host: "127.15.245.129" port: 35025 } } peers { permanent_uuid: "629c3500a356427cbf15d0bbe3fbad25" member_type: VOTER last_known_addr { host: "127.15.245.130" port: 41341 } } peers { permanent_uuid: "f3f6ae5a8ae74434ad8282f4f890e0b5" member_type: VOTER last_known_addr { host: "127.15.245.131" port: 40063 } }
I20260601 13:36:19.830400 20662 catalog_manager.cc:5696] T dafeb5264fb8409ba879c858fbc68c2d P a249bb7cfbfb4feeb799241d1ed30166 reported cstate change: term changed from 0 to 1, leader changed from <none> to a249bb7cfbfb4feeb799241d1ed30166 (127.15.245.129). New cstate: current_term: 1 leader_uuid: "a249bb7cfbfb4feeb799241d1ed30166" committed_config { opid_index: -1 OBSOLETE_local: false peers { permanent_uuid: "a249bb7cfbfb4feeb799241d1ed30166" member_type: VOTER last_known_addr { host: "127.15.245.129" port: 35025 } health_report { overall_health: HEALTHY } } peers { permanent_uuid: "629c3500a356427cbf15d0bbe3fbad25" member_type: VOTER last_known_addr { host: "127.15.245.130" port: 41341 } health_report { overall_health: UNKNOWN } } peers { permanent_uuid: "f3f6ae5a8ae74434ad8282f4f890e0b5" member_type: VOTER last_known_addr { host: "127.15.245.131" port: 40063 } health_report { overall_health: UNKNOWN } } }
I20260601 13:36:19.893895 20969 raft_consensus.cc:493] T c59461a3ad7d4a4ab25851ed029f8508 P a249bb7cfbfb4feeb799241d1ed30166 [term 0 FOLLOWER]: Starting pre-election (no leader contacted us within the election timeout)
I20260601 13:36:19.894155 20969 raft_consensus.cc:515] T c59461a3ad7d4a4ab25851ed029f8508 P a249bb7cfbfb4feeb799241d1ed30166 [term 0 FOLLOWER]: Starting pre-election with config: opid_index: -1 OBSOLETE_local: false peers { permanent_uuid: "f3f6ae5a8ae74434ad8282f4f890e0b5" member_type: VOTER last_known_addr { host: "127.15.245.131" port: 40063 } } peers { permanent_uuid: "629c3500a356427cbf15d0bbe3fbad25" member_type: VOTER last_known_addr { host: "127.15.245.130" port: 41341 } } peers { permanent_uuid: "a249bb7cfbfb4feeb799241d1ed30166" member_type: VOTER last_known_addr { host: "127.15.245.129" port: 35025 } }
I20260601 13:36:19.894707 20969 leader_election.cc:290] T c59461a3ad7d4a4ab25851ed029f8508 P a249bb7cfbfb4feeb799241d1ed30166 [CANDIDATE]: Term 1 pre-election: Requested pre-vote from peers f3f6ae5a8ae74434ad8282f4f890e0b5 (127.15.245.131:40063), 629c3500a356427cbf15d0bbe3fbad25 (127.15.245.130:41341)
I20260601 13:36:19.895249 20917 tablet_service.cc:1917] Received RequestConsensusVote() RPC: tablet_id: "c59461a3ad7d4a4ab25851ed029f8508" candidate_uuid: "a249bb7cfbfb4feeb799241d1ed30166" candidate_term: 1 candidate_status { last_received { term: 0 index: 0 } } ignore_live_leader: false dest_uuid: "f3f6ae5a8ae74434ad8282f4f890e0b5" is_pre_election: true
I20260601 13:36:19.895268 20843 tablet_service.cc:1917] Received RequestConsensusVote() RPC: tablet_id: "c59461a3ad7d4a4ab25851ed029f8508" candidate_uuid: "a249bb7cfbfb4feeb799241d1ed30166" candidate_term: 1 candidate_status { last_received { term: 0 index: 0 } } ignore_live_leader: false dest_uuid: "629c3500a356427cbf15d0bbe3fbad25" is_pre_election: true
I20260601 13:36:19.895401 20917 raft_consensus.cc:2468] T c59461a3ad7d4a4ab25851ed029f8508 P f3f6ae5a8ae74434ad8282f4f890e0b5 [term 0 FOLLOWER]: Leader pre-election vote request: Granting yes vote for candidate a249bb7cfbfb4feeb799241d1ed30166 in term 0.
I20260601 13:36:19.895429 20843 raft_consensus.cc:2468] T c59461a3ad7d4a4ab25851ed029f8508 P 629c3500a356427cbf15d0bbe3fbad25 [term 0 FOLLOWER]: Leader pre-election vote request: Granting yes vote for candidate a249bb7cfbfb4feeb799241d1ed30166 in term 0.
I20260601 13:36:19.895714 20733 leader_election.cc:304] T c59461a3ad7d4a4ab25851ed029f8508 P a249bb7cfbfb4feeb799241d1ed30166 [CANDIDATE]: Term 1 pre-election: Election decided. Result: candidate won. Election summary: received 2 responses out of 3 voters: 2 yes votes; 0 no votes. yes voters: 629c3500a356427cbf15d0bbe3fbad25, a249bb7cfbfb4feeb799241d1ed30166; no voters: 
I20260601 13:36:19.895948 20969 raft_consensus.cc:2804] T c59461a3ad7d4a4ab25851ed029f8508 P a249bb7cfbfb4feeb799241d1ed30166 [term 0 FOLLOWER]: Leader pre-election won for term 1
I20260601 13:36:19.896011 20969 raft_consensus.cc:493] T c59461a3ad7d4a4ab25851ed029f8508 P a249bb7cfbfb4feeb799241d1ed30166 [term 0 FOLLOWER]: Starting leader election (no leader contacted us within the election timeout)
I20260601 13:36:19.896039 20969 raft_consensus.cc:3060] T c59461a3ad7d4a4ab25851ed029f8508 P a249bb7cfbfb4feeb799241d1ed30166 [term 0 FOLLOWER]: Advancing to term 1
I20260601 13:36:19.897142 20969 raft_consensus.cc:515] T c59461a3ad7d4a4ab25851ed029f8508 P a249bb7cfbfb4feeb799241d1ed30166 [term 1 FOLLOWER]: Starting leader election with config: opid_index: -1 OBSOLETE_local: false peers { permanent_uuid: "f3f6ae5a8ae74434ad8282f4f890e0b5" member_type: VOTER last_known_addr { host: "127.15.245.131" port: 40063 } } peers { permanent_uuid: "629c3500a356427cbf15d0bbe3fbad25" member_type: VOTER last_known_addr { host: "127.15.245.130" port: 41341 } } peers { permanent_uuid: "a249bb7cfbfb4feeb799241d1ed30166" member_type: VOTER last_known_addr { host: "127.15.245.129" port: 35025 } }
I20260601 13:36:19.897615 20969 leader_election.cc:290] T c59461a3ad7d4a4ab25851ed029f8508 P a249bb7cfbfb4feeb799241d1ed30166 [CANDIDATE]: Term 1 election: Requested vote from peers f3f6ae5a8ae74434ad8282f4f890e0b5 (127.15.245.131:40063), 629c3500a356427cbf15d0bbe3fbad25 (127.15.245.130:41341)
I20260601 13:36:19.898120 20843 tablet_service.cc:1917] Received RequestConsensusVote() RPC: tablet_id: "c59461a3ad7d4a4ab25851ed029f8508" candidate_uuid: "a249bb7cfbfb4feeb799241d1ed30166" candidate_term: 1 candidate_status { last_received { term: 0 index: 0 } } ignore_live_leader: false dest_uuid: "629c3500a356427cbf15d0bbe3fbad25"
I20260601 13:36:19.898130 20917 tablet_service.cc:1917] Received RequestConsensusVote() RPC: tablet_id: "c59461a3ad7d4a4ab25851ed029f8508" candidate_uuid: "a249bb7cfbfb4feeb799241d1ed30166" candidate_term: 1 candidate_status { last_received { term: 0 index: 0 } } ignore_live_leader: false dest_uuid: "f3f6ae5a8ae74434ad8282f4f890e0b5"
I20260601 13:36:19.898326 20843 raft_consensus.cc:3060] T c59461a3ad7d4a4ab25851ed029f8508 P 629c3500a356427cbf15d0bbe3fbad25 [term 0 FOLLOWER]: Advancing to term 1
I20260601 13:36:19.898334 20917 raft_consensus.cc:3060] T c59461a3ad7d4a4ab25851ed029f8508 P f3f6ae5a8ae74434ad8282f4f890e0b5 [term 0 FOLLOWER]: Advancing to term 1
I20260601 13:36:19.899097 20917 raft_consensus.cc:2468] T c59461a3ad7d4a4ab25851ed029f8508 P f3f6ae5a8ae74434ad8282f4f890e0b5 [term 1 FOLLOWER]: Leader election vote request: Granting yes vote for candidate a249bb7cfbfb4feeb799241d1ed30166 in term 1.
I20260601 13:36:19.899104 20843 raft_consensus.cc:2468] T c59461a3ad7d4a4ab25851ed029f8508 P 629c3500a356427cbf15d0bbe3fbad25 [term 1 FOLLOWER]: Leader election vote request: Granting yes vote for candidate a249bb7cfbfb4feeb799241d1ed30166 in term 1.
I20260601 13:36:19.899416 20733 leader_election.cc:304] T c59461a3ad7d4a4ab25851ed029f8508 P a249bb7cfbfb4feeb799241d1ed30166 [CANDIDATE]: Term 1 election: Election decided. Result: candidate won. Election summary: received 2 responses out of 3 voters: 2 yes votes; 0 no votes. yes voters: 629c3500a356427cbf15d0bbe3fbad25, a249bb7cfbfb4feeb799241d1ed30166; no voters: 
I20260601 13:36:19.899619 20969 raft_consensus.cc:2804] T c59461a3ad7d4a4ab25851ed029f8508 P a249bb7cfbfb4feeb799241d1ed30166 [term 1 FOLLOWER]: Leader election won for term 1
I20260601 13:36:19.899732 20969 raft_consensus.cc:697] T c59461a3ad7d4a4ab25851ed029f8508 P a249bb7cfbfb4feeb799241d1ed30166 [term 1 LEADER]: Becoming Leader. State: Replica: a249bb7cfbfb4feeb799241d1ed30166, State: Running, Role: LEADER
I20260601 13:36:19.899868 20969 consensus_queue.cc:237] T c59461a3ad7d4a4ab25851ed029f8508 P a249bb7cfbfb4feeb799241d1ed30166 [LEADER]: Queue going to LEADER mode. State: All replicated index: 0, Majority replicated index: 0, Committed index: 0, Last appended: 0.0, Last appended by leader: 0, Current term: 1, Majority size: 2, State: 0, Mode: LEADER, active raft config: opid_index: -1 OBSOLETE_local: false peers { permanent_uuid: "f3f6ae5a8ae74434ad8282f4f890e0b5" member_type: VOTER last_known_addr { host: "127.15.245.131" port: 40063 } } peers { permanent_uuid: "629c3500a356427cbf15d0bbe3fbad25" member_type: VOTER last_known_addr { host: "127.15.245.130" port: 41341 } } peers { permanent_uuid: "a249bb7cfbfb4feeb799241d1ed30166" member_type: VOTER last_known_addr { host: "127.15.245.129" port: 35025 } }
I20260601 13:36:19.901255 20969 raft_consensus.cc:493] T 33760bfba8fc4ba2af24243f89e8a0d2 P a249bb7cfbfb4feeb799241d1ed30166 [term 0 FOLLOWER]: Starting pre-election (no leader contacted us within the election timeout)
I20260601 13:36:19.901340 20969 raft_consensus.cc:515] T 33760bfba8fc4ba2af24243f89e8a0d2 P a249bb7cfbfb4feeb799241d1ed30166 [term 0 FOLLOWER]: Starting pre-election with config: opid_index: -1 OBSOLETE_local: false peers { permanent_uuid: "a249bb7cfbfb4feeb799241d1ed30166" member_type: VOTER last_known_addr { host: "127.15.245.129" port: 35025 } } peers { permanent_uuid: "629c3500a356427cbf15d0bbe3fbad25" member_type: VOTER last_known_addr { host: "127.15.245.130" port: 41341 } } peers { permanent_uuid: "f3f6ae5a8ae74434ad8282f4f890e0b5" member_type: VOTER last_known_addr { host: "127.15.245.131" port: 40063 } }
I20260601 13:36:19.901674 20969 leader_election.cc:290] T 33760bfba8fc4ba2af24243f89e8a0d2 P a249bb7cfbfb4feeb799241d1ed30166 [CANDIDATE]: Term 1 pre-election: Requested pre-vote from peers 629c3500a356427cbf15d0bbe3fbad25 (127.15.245.130:41341), f3f6ae5a8ae74434ad8282f4f890e0b5 (127.15.245.131:40063)
I20260601 13:36:19.901678 20662 catalog_manager.cc:5696] T c59461a3ad7d4a4ab25851ed029f8508 P a249bb7cfbfb4feeb799241d1ed30166 reported cstate change: term changed from 0 to 1, leader changed from <none> to a249bb7cfbfb4feeb799241d1ed30166 (127.15.245.129). New cstate: current_term: 1 leader_uuid: "a249bb7cfbfb4feeb799241d1ed30166" committed_config { opid_index: -1 OBSOLETE_local: false peers { permanent_uuid: "f3f6ae5a8ae74434ad8282f4f890e0b5" member_type: VOTER last_known_addr { host: "127.15.245.131" port: 40063 } health_report { overall_health: UNKNOWN } } peers { permanent_uuid: "629c3500a356427cbf15d0bbe3fbad25" member_type: VOTER last_known_addr { host: "127.15.245.130" port: 41341 } health_report { overall_health: UNKNOWN } } peers { permanent_uuid: "a249bb7cfbfb4feeb799241d1ed30166" member_type: VOTER last_known_addr { host: "127.15.245.129" port: 35025 } health_report { overall_health: HEALTHY } } }
I20260601 13:36:19.902014 20917 tablet_service.cc:1917] Received RequestConsensusVote() RPC: tablet_id: "33760bfba8fc4ba2af24243f89e8a0d2" candidate_uuid: "a249bb7cfbfb4feeb799241d1ed30166" candidate_term: 1 candidate_status { last_received { term: 0 index: 0 } } ignore_live_leader: false dest_uuid: "f3f6ae5a8ae74434ad8282f4f890e0b5" is_pre_election: true
I20260601 13:36:19.902056 20843 tablet_service.cc:1917] Received RequestConsensusVote() RPC: tablet_id: "33760bfba8fc4ba2af24243f89e8a0d2" candidate_uuid: "a249bb7cfbfb4feeb799241d1ed30166" candidate_term: 1 candidate_status { last_received { term: 0 index: 0 } } ignore_live_leader: false dest_uuid: "629c3500a356427cbf15d0bbe3fbad25" is_pre_election: true
I20260601 13:36:19.902113 20917 raft_consensus.cc:2468] T 33760bfba8fc4ba2af24243f89e8a0d2 P f3f6ae5a8ae74434ad8282f4f890e0b5 [term 0 FOLLOWER]: Leader pre-election vote request: Granting yes vote for candidate a249bb7cfbfb4feeb799241d1ed30166 in term 0.
I20260601 13:36:19.902158 20843 raft_consensus.cc:2468] T 33760bfba8fc4ba2af24243f89e8a0d2 P 629c3500a356427cbf15d0bbe3fbad25 [term 0 FOLLOWER]: Leader pre-election vote request: Granting yes vote for candidate a249bb7cfbfb4feeb799241d1ed30166 in term 0.
I20260601 13:36:19.902381 20733 leader_election.cc:304] T 33760bfba8fc4ba2af24243f89e8a0d2 P a249bb7cfbfb4feeb799241d1ed30166 [CANDIDATE]: Term 1 pre-election: Election decided. Result: candidate won. Election summary: received 2 responses out of 3 voters: 2 yes votes; 0 no votes. yes voters: 629c3500a356427cbf15d0bbe3fbad25, a249bb7cfbfb4feeb799241d1ed30166; no voters: 
I20260601 13:36:19.902518 20969 raft_consensus.cc:2804] T 33760bfba8fc4ba2af24243f89e8a0d2 P a249bb7cfbfb4feeb799241d1ed30166 [term 0 FOLLOWER]: Leader pre-election won for term 1
I20260601 13:36:19.902575 20969 raft_consensus.cc:493] T 33760bfba8fc4ba2af24243f89e8a0d2 P a249bb7cfbfb4feeb799241d1ed30166 [term 0 FOLLOWER]: Starting leader election (no leader contacted us within the election timeout)
I20260601 13:36:19.902621 20969 raft_consensus.cc:3060] T 33760bfba8fc4ba2af24243f89e8a0d2 P a249bb7cfbfb4feeb799241d1ed30166 [term 0 FOLLOWER]: Advancing to term 1
I20260601 13:36:19.903489 20969 raft_consensus.cc:515] T 33760bfba8fc4ba2af24243f89e8a0d2 P a249bb7cfbfb4feeb799241d1ed30166 [term 1 FOLLOWER]: Starting leader election with config: opid_index: -1 OBSOLETE_local: false peers { permanent_uuid: "a249bb7cfbfb4feeb799241d1ed30166" member_type: VOTER last_known_addr { host: "127.15.245.129" port: 35025 } } peers { permanent_uuid: "629c3500a356427cbf15d0bbe3fbad25" member_type: VOTER last_known_addr { host: "127.15.245.130" port: 41341 } } peers { permanent_uuid: "f3f6ae5a8ae74434ad8282f4f890e0b5" member_type: VOTER last_known_addr { host: "127.15.245.131" port: 40063 } }
I20260601 13:36:19.903805 20969 leader_election.cc:290] T 33760bfba8fc4ba2af24243f89e8a0d2 P a249bb7cfbfb4feeb799241d1ed30166 [CANDIDATE]: Term 1 election: Requested vote from peers 629c3500a356427cbf15d0bbe3fbad25 (127.15.245.130:41341), f3f6ae5a8ae74434ad8282f4f890e0b5 (127.15.245.131:40063)
I20260601 13:36:19.904140 20917 tablet_service.cc:1917] Received RequestConsensusVote() RPC: tablet_id: "33760bfba8fc4ba2af24243f89e8a0d2" candidate_uuid: "a249bb7cfbfb4feeb799241d1ed30166" candidate_term: 1 candidate_status { last_received { term: 0 index: 0 } } ignore_live_leader: false dest_uuid: "f3f6ae5a8ae74434ad8282f4f890e0b5"
I20260601 13:36:19.904145 20843 tablet_service.cc:1917] Received RequestConsensusVote() RPC: tablet_id: "33760bfba8fc4ba2af24243f89e8a0d2" candidate_uuid: "a249bb7cfbfb4feeb799241d1ed30166" candidate_term: 1 candidate_status { last_received { term: 0 index: 0 } } ignore_live_leader: false dest_uuid: "629c3500a356427cbf15d0bbe3fbad25"
I20260601 13:36:19.904274 20917 raft_consensus.cc:3060] T 33760bfba8fc4ba2af24243f89e8a0d2 P f3f6ae5a8ae74434ad8282f4f890e0b5 [term 0 FOLLOWER]: Advancing to term 1
I20260601 13:36:19.904289 20843 raft_consensus.cc:3060] T 33760bfba8fc4ba2af24243f89e8a0d2 P 629c3500a356427cbf15d0bbe3fbad25 [term 0 FOLLOWER]: Advancing to term 1
I20260601 13:36:19.904976 20843 raft_consensus.cc:2468] T 33760bfba8fc4ba2af24243f89e8a0d2 P 629c3500a356427cbf15d0bbe3fbad25 [term 1 FOLLOWER]: Leader election vote request: Granting yes vote for candidate a249bb7cfbfb4feeb799241d1ed30166 in term 1.
I20260601 13:36:19.905005 20917 raft_consensus.cc:2468] T 33760bfba8fc4ba2af24243f89e8a0d2 P f3f6ae5a8ae74434ad8282f4f890e0b5 [term 1 FOLLOWER]: Leader election vote request: Granting yes vote for candidate a249bb7cfbfb4feeb799241d1ed30166 in term 1.
I20260601 13:36:19.905216 20733 leader_election.cc:304] T 33760bfba8fc4ba2af24243f89e8a0d2 P a249bb7cfbfb4feeb799241d1ed30166 [CANDIDATE]: Term 1 election: Election decided. Result: candidate won. Election summary: received 2 responses out of 3 voters: 2 yes votes; 0 no votes. yes voters: 629c3500a356427cbf15d0bbe3fbad25, a249bb7cfbfb4feeb799241d1ed30166; no voters: 
I20260601 13:36:19.905375 20969 raft_consensus.cc:2804] T 33760bfba8fc4ba2af24243f89e8a0d2 P a249bb7cfbfb4feeb799241d1ed30166 [term 1 FOLLOWER]: Leader election won for term 1
I20260601 13:36:19.905454 20969 raft_consensus.cc:697] T 33760bfba8fc4ba2af24243f89e8a0d2 P a249bb7cfbfb4feeb799241d1ed30166 [term 1 LEADER]: Becoming Leader. State: Replica: a249bb7cfbfb4feeb799241d1ed30166, State: Running, Role: LEADER
I20260601 13:36:19.905583 20969 consensus_queue.cc:237] T 33760bfba8fc4ba2af24243f89e8a0d2 P a249bb7cfbfb4feeb799241d1ed30166 [LEADER]: Queue going to LEADER mode. State: All replicated index: 0, Majority replicated index: 0, Committed index: 0, Last appended: 0.0, Last appended by leader: 0, Current term: 1, Majority size: 2, State: 0, Mode: LEADER, active raft config: opid_index: -1 OBSOLETE_local: false peers { permanent_uuid: "a249bb7cfbfb4feeb799241d1ed30166" member_type: VOTER last_known_addr { host: "127.15.245.129" port: 35025 } } peers { permanent_uuid: "629c3500a356427cbf15d0bbe3fbad25" member_type: VOTER last_known_addr { host: "127.15.245.130" port: 41341 } } peers { permanent_uuid: "f3f6ae5a8ae74434ad8282f4f890e0b5" member_type: VOTER last_known_addr { host: "127.15.245.131" port: 40063 } }
I20260601 13:36:19.907107 20662 catalog_manager.cc:5696] T 33760bfba8fc4ba2af24243f89e8a0d2 P a249bb7cfbfb4feeb799241d1ed30166 reported cstate change: term changed from 0 to 1, leader changed from <none> to a249bb7cfbfb4feeb799241d1ed30166 (127.15.245.129). New cstate: current_term: 1 leader_uuid: "a249bb7cfbfb4feeb799241d1ed30166" committed_config { opid_index: -1 OBSOLETE_local: false peers { permanent_uuid: "a249bb7cfbfb4feeb799241d1ed30166" member_type: VOTER last_known_addr { host: "127.15.245.129" port: 35025 } health_report { overall_health: HEALTHY } } peers { permanent_uuid: "629c3500a356427cbf15d0bbe3fbad25" member_type: VOTER last_known_addr { host: "127.15.245.130" port: 41341 } health_report { overall_health: UNKNOWN } } peers { permanent_uuid: "f3f6ae5a8ae74434ad8282f4f890e0b5" member_type: VOTER last_known_addr { host: "127.15.245.131" port: 40063 } health_report { overall_health: UNKNOWN } } }
I20260601 13:36:19.915429 20972 raft_consensus.cc:493] T 30eceb6bb8e94c33bab06c45a30832f0 P 629c3500a356427cbf15d0bbe3fbad25 [term 0 FOLLOWER]: Starting pre-election (no leader contacted us within the election timeout)
I20260601 13:36:19.915570 20972 raft_consensus.cc:515] T 30eceb6bb8e94c33bab06c45a30832f0 P 629c3500a356427cbf15d0bbe3fbad25 [term 0 FOLLOWER]: Starting pre-election with config: opid_index: -1 OBSOLETE_local: false peers { permanent_uuid: "a249bb7cfbfb4feeb799241d1ed30166" member_type: VOTER last_known_addr { host: "127.15.245.129" port: 35025 } } peers { permanent_uuid: "629c3500a356427cbf15d0bbe3fbad25" member_type: VOTER last_known_addr { host: "127.15.245.130" port: 41341 } } peers { permanent_uuid: "f3f6ae5a8ae74434ad8282f4f890e0b5" member_type: VOTER last_known_addr { host: "127.15.245.131" port: 40063 } }
I20260601 13:36:19.915961 20972 leader_election.cc:290] T 30eceb6bb8e94c33bab06c45a30832f0 P 629c3500a356427cbf15d0bbe3fbad25 [CANDIDATE]: Term 1 pre-election: Requested pre-vote from peers a249bb7cfbfb4feeb799241d1ed30166 (127.15.245.129:35025), f3f6ae5a8ae74434ad8282f4f890e0b5 (127.15.245.131:40063)
I20260601 13:36:19.916359 20767 tablet_service.cc:1917] Received RequestConsensusVote() RPC: tablet_id: "30eceb6bb8e94c33bab06c45a30832f0" candidate_uuid: "629c3500a356427cbf15d0bbe3fbad25" candidate_term: 1 candidate_status { last_received { term: 0 index: 0 } } ignore_live_leader: false dest_uuid: "a249bb7cfbfb4feeb799241d1ed30166" is_pre_election: true
I20260601 13:36:19.916405 20917 tablet_service.cc:1917] Received RequestConsensusVote() RPC: tablet_id: "30eceb6bb8e94c33bab06c45a30832f0" candidate_uuid: "629c3500a356427cbf15d0bbe3fbad25" candidate_term: 1 candidate_status { last_received { term: 0 index: 0 } } ignore_live_leader: false dest_uuid: "f3f6ae5a8ae74434ad8282f4f890e0b5" is_pre_election: true
I20260601 13:36:19.916500 20767 raft_consensus.cc:2468] T 30eceb6bb8e94c33bab06c45a30832f0 P a249bb7cfbfb4feeb799241d1ed30166 [term 0 FOLLOWER]: Leader pre-election vote request: Granting yes vote for candidate 629c3500a356427cbf15d0bbe3fbad25 in term 0.
I20260601 13:36:19.916543 20917 raft_consensus.cc:2468] T 30eceb6bb8e94c33bab06c45a30832f0 P f3f6ae5a8ae74434ad8282f4f890e0b5 [term 0 FOLLOWER]: Leader pre-election vote request: Granting yes vote for candidate 629c3500a356427cbf15d0bbe3fbad25 in term 0.
I20260601 13:36:19.916756 20809 leader_election.cc:304] T 30eceb6bb8e94c33bab06c45a30832f0 P 629c3500a356427cbf15d0bbe3fbad25 [CANDIDATE]: Term 1 pre-election: Election decided. Result: candidate won. Election summary: received 2 responses out of 3 voters: 2 yes votes; 0 no votes. yes voters: 629c3500a356427cbf15d0bbe3fbad25, a249bb7cfbfb4feeb799241d1ed30166; no voters: 
I20260601 13:36:19.916947 20972 raft_consensus.cc:2804] T 30eceb6bb8e94c33bab06c45a30832f0 P 629c3500a356427cbf15d0bbe3fbad25 [term 0 FOLLOWER]: Leader pre-election won for term 1
I20260601 13:36:19.917014 20972 raft_consensus.cc:493] T 30eceb6bb8e94c33bab06c45a30832f0 P 629c3500a356427cbf15d0bbe3fbad25 [term 0 FOLLOWER]: Starting leader election (no leader contacted us within the election timeout)
I20260601 13:36:19.917059 20972 raft_consensus.cc:3060] T 30eceb6bb8e94c33bab06c45a30832f0 P 629c3500a356427cbf15d0bbe3fbad25 [term 0 FOLLOWER]: Advancing to term 1
