I20260601 13:35:43.159384 29804 consensus_queue.cc:1048] T 40c394647f9349918e9128e836fb18c8 P 0a94ed2cbace454f8a90c65cdad17495 [LEADER]: Connected to new peer: Peer: permanent_uuid: "bb34fc7219104d439ca721aeda879a14" member_type: VOTER last_known_addr { host: "127.25.228.129" port: 45933 }, Status: LMP_MISMATCH, Last received: 0.0, Next index: 1, Last known committed idx: 0, Time since last communication: 0.000s
I20260601 13:35:43.161007 29712 consensus_queue.cc:1048] T d0ca3b5fc7474d47bcbd1fcdb2e2f31f P fe12e5f12e0844149820511e0112dbc0 [LEADER]: Connected to new peer: Peer: permanent_uuid: "0a94ed2cbace454f8a90c65cdad17495" member_type: VOTER last_known_addr { host: "127.25.228.132" port: 36527 }, Status: LMP_MISMATCH, Last received: 0.0, Next index: 1, Last known committed idx: 0, Time since last communication: 0.000s
I20260601 13:35:43.162845 29860 consensus_queue.cc:1048] T 40c394647f9349918e9128e836fb18c8 P 0a94ed2cbace454f8a90c65cdad17495 [LEADER]: Connected to new peer: Peer: permanent_uuid: "e806f040df514512a174fab94db7dc4d" member_type: VOTER last_known_addr { host: "127.25.228.130" port: 39723 }, Status: LMP_MISMATCH, Last received: 0.0, Next index: 1, Last known committed idx: 0, Time since last communication: 0.000s
I20260601 13:35:43.166250 29833 consensus_queue.cc:1048] T d0ca3b5fc7474d47bcbd1fcdb2e2f31f P fe12e5f12e0844149820511e0112dbc0 [LEADER]: Connected to new peer: Peer: permanent_uuid: "bb34fc7219104d439ca721aeda879a14" member_type: VOTER last_known_addr { host: "127.25.228.129" port: 45933 }, Status: LMP_MISMATCH, Last received: 0.0, Next index: 1, Last known committed idx: 0, Time since last communication: 0.000s
I20260601 13:35:43.170527 29860 consensus_queue.cc:1048] T 8218bc36e65145cd9951d93188d0d29a P 0a94ed2cbace454f8a90c65cdad17495 [LEADER]: Connected to new peer: Peer: permanent_uuid: "e806f040df514512a174fab94db7dc4d" member_type: VOTER last_known_addr { host: "127.25.228.130" port: 39723 }, Status: LMP_MISMATCH, Last received: 0.0, Next index: 1, Last known committed idx: 0, Time since last communication: 0.000s
I20260601 13:35:43.173524 29628 raft_consensus.cc:3060] T 8218bc36e65145cd9951d93188d0d29a P fe12e5f12e0844149820511e0112dbc0 [term 0 FOLLOWER]: Advancing to term 1
I20260601 13:35:43.174991 29812 consensus_queue.cc:1048] T 8218bc36e65145cd9951d93188d0d29a P 0a94ed2cbace454f8a90c65cdad17495 [LEADER]: Connected to new peer: Peer: permanent_uuid: "fe12e5f12e0844149820511e0112dbc0" member_type: VOTER last_known_addr { host: "127.25.228.131" port: 43749 }, Status: LMP_MISMATCH, Last received: 0.0, Next index: 1, Last known committed idx: 0, Time since last communication: 0.000s
I20260601 13:35:43.177222 29428 auto_leader_rebalancer.cc:140] leader rebalance for table range_aware_rebalance_new_range
I20260601 13:35:43.184151 29553 tablet_service.cc:2072] Received LeaderStepDown RPC: tablet_id: "9a706d48a6ed4eb6bcfc376a67a3eede"
dest_uuid: "e806f040df514512a174fab94db7dc4d"
mode: GRACEFUL
new_leader_uuid: "bb34fc7219104d439ca721aeda879a14"
 from {username='slave'} at 127.0.0.1:34628
I20260601 13:35:43.184325 29553 raft_consensus.cc:606] T 9a706d48a6ed4eb6bcfc376a67a3eede P e806f040df514512a174fab94db7dc4d [term 1 LEADER]: Received request to transfer leadership to TS bb34fc7219104d439ca721aeda879a14
I20260601 13:35:43.184752 29552 consensus_queue.cc:237] T b03a31b1916343fe9778d1499839a279 P e806f040df514512a174fab94db7dc4d [LEADER]: Queue going to LEADER mode. State: All replicated index: 0, Majority replicated index: 1, Committed index: 1, Last appended: 1.1, Last appended by leader: 0, Current term: 1, Majority size: 2, State: 0, Mode: LEADER, active raft config: opid_index: 2 OBSOLETE_local: false peers { permanent_uuid: "e806f040df514512a174fab94db7dc4d" member_type: VOTER last_known_addr { host: "127.25.228.130" port: 39723 } } peers { permanent_uuid: "bb34fc7219104d439ca721aeda879a14" member_type: VOTER last_known_addr { host: "127.25.228.129" port: 45933 } attrs { replace: true } } peers { permanent_uuid: "fe12e5f12e0844149820511e0112dbc0" member_type: VOTER last_known_addr { host: "127.25.228.131" port: 43749 } } peers { permanent_uuid: "0a94ed2cbace454f8a90c65cdad17495" member_type: NON_VOTER last_known_addr { host: "127.25.228.132" port: 36527 } attrs { promote: true } }
I20260601 13:35:43.185102 29553 tablet_service.cc:2072] Received LeaderStepDown RPC: tablet_id: "f9df152476b8413e99d1f678cef46aee"
dest_uuid: "e806f040df514512a174fab94db7dc4d"
mode: GRACEFUL
new_leader_uuid: "bb34fc7219104d439ca721aeda879a14"
 from {username='slave'} at 127.0.0.1:34628
I20260601 13:35:43.185202 29553 raft_consensus.cc:606] T f9df152476b8413e99d1f678cef46aee P e806f040df514512a174fab94db7dc4d [term 1 LEADER]: Received request to transfer leadership to TS bb34fc7219104d439ca721aeda879a14
I20260601 13:35:43.185467 29428 auto_leader_rebalancer.cc:388] table: range_aware_rebalance_new_range, leader rebalance finish, leader transfer count: 2
I20260601 13:35:43.185606 29428 auto_leader_rebalancer.cc:451] All tables' leader rebalancing finished this round
I20260601 13:35:43.186157 29476 raft_consensus.cc:1275] T b03a31b1916343fe9778d1499839a279 P bb34fc7219104d439ca721aeda879a14 [term 1 FOLLOWER]: Refusing update from remote peer e806f040df514512a174fab94db7dc4d: Log matching property violated. Preceding OpId in replica: term: 1 index: 1. Preceding OpId from leader: term: 1 index: 2. (index mismatch)
W20260601 13:35:43.186357 29517 consensus_peers.cc:597] T b03a31b1916343fe9778d1499839a279 P e806f040df514512a174fab94db7dc4d -> Peer 0a94ed2cbace454f8a90c65cdad17495 (127.25.228.132:36527): Couldn't send request to peer 0a94ed2cbace454f8a90c65cdad17495. Error code: TABLET_NOT_FOUND (6). Status: Not found: Tablet not found: b03a31b1916343fe9778d1499839a279. This is attempt 1: this message will repeat every 5th retry.
I20260601 13:35:43.186416 29628 raft_consensus.cc:1275] T b03a31b1916343fe9778d1499839a279 P fe12e5f12e0844149820511e0112dbc0 [term 1 FOLLOWER]: Refusing update from remote peer e806f040df514512a174fab94db7dc4d: Log matching property violated. Preceding OpId in replica: term: 1 index: 1. Preceding OpId from leader: term: 1 index: 2. (index mismatch)
I20260601 13:35:43.186468 29682 consensus_queue.cc:1048] T b03a31b1916343fe9778d1499839a279 P e806f040df514512a174fab94db7dc4d [LEADER]: Connected to new peer: Peer: permanent_uuid: "bb34fc7219104d439ca721aeda879a14" member_type: VOTER last_known_addr { host: "127.25.228.129" port: 45933 } attrs { replace: true }, Status: LMP_MISMATCH, Last received: 0.0, Next index: 2, Last known committed idx: 1, Time since last communication: 0.000s
I20260601 13:35:43.186753 29838 consensus_queue.cc:1048] T b03a31b1916343fe9778d1499839a279 P e806f040df514512a174fab94db7dc4d [LEADER]: Connected to new peer: Peer: permanent_uuid: "fe12e5f12e0844149820511e0112dbc0" member_type: VOTER last_known_addr { host: "127.25.228.131" port: 43749 }, Status: LMP_MISMATCH, Last received: 0.0, Next index: 2, Last known committed idx: 1, Time since last communication: 0.000s
I20260601 13:35:43.187829 29682 raft_consensus.cc:2955] T b03a31b1916343fe9778d1499839a279 P e806f040df514512a174fab94db7dc4d [term 1 LEADER]: Committing config change with OpId 1.2: config changed from index -1 to 2, NON_VOTER 0a94ed2cbace454f8a90c65cdad17495 (127.25.228.132) added. New config: { opid_index: 2 OBSOLETE_local: false peers { permanent_uuid: "e806f040df514512a174fab94db7dc4d" member_type: VOTER last_known_addr { host: "127.25.228.130" port: 39723 } } peers { permanent_uuid: "bb34fc7219104d439ca721aeda879a14" member_type: VOTER last_known_addr { host: "127.25.228.129" port: 45933 } attrs { replace: true } } peers { permanent_uuid: "fe12e5f12e0844149820511e0112dbc0" member_type: VOTER last_known_addr { host: "127.25.228.131" port: 43749 } } peers { permanent_uuid: "0a94ed2cbace454f8a90c65cdad17495" member_type: NON_VOTER last_known_addr { host: "127.25.228.132" port: 36527 } attrs { promote: true } } }
I20260601 13:35:43.188300 29476 raft_consensus.cc:2955] T b03a31b1916343fe9778d1499839a279 P bb34fc7219104d439ca721aeda879a14 [term 1 FOLLOWER]: Committing config change with OpId 1.2: config changed from index -1 to 2, NON_VOTER 0a94ed2cbace454f8a90c65cdad17495 (127.25.228.132) added. New config: { opid_index: 2 OBSOLETE_local: false peers { permanent_uuid: "e806f040df514512a174fab94db7dc4d" member_type: VOTER last_known_addr { host: "127.25.228.130" port: 39723 } } peers { permanent_uuid: "bb34fc7219104d439ca721aeda879a14" member_type: VOTER last_known_addr { host: "127.25.228.129" port: 45933 } attrs { replace: true } } peers { permanent_uuid: "fe12e5f12e0844149820511e0112dbc0" member_type: VOTER last_known_addr { host: "127.25.228.131" port: 43749 } } peers { permanent_uuid: "0a94ed2cbace454f8a90c65cdad17495" member_type: NON_VOTER last_known_addr { host: "127.25.228.132" port: 36527 } attrs { promote: true } } }
I20260601 13:35:43.188652 29628 raft_consensus.cc:2955] T b03a31b1916343fe9778d1499839a279 P fe12e5f12e0844149820511e0112dbc0 [term 1 FOLLOWER]: Committing config change with OpId 1.2: config changed from index -1 to 2, NON_VOTER 0a94ed2cbace454f8a90c65cdad17495 (127.25.228.132) added. New config: { opid_index: 2 OBSOLETE_local: false peers { permanent_uuid: "e806f040df514512a174fab94db7dc4d" member_type: VOTER last_known_addr { host: "127.25.228.130" port: 39723 } } peers { permanent_uuid: "bb34fc7219104d439ca721aeda879a14" member_type: VOTER last_known_addr { host: "127.25.228.129" port: 45933 } attrs { replace: true } } peers { permanent_uuid: "fe12e5f12e0844149820511e0112dbc0" member_type: VOTER last_known_addr { host: "127.25.228.131" port: 43749 } } peers { permanent_uuid: "0a94ed2cbace454f8a90c65cdad17495" member_type: NON_VOTER last_known_addr { host: "127.25.228.132" port: 36527 } attrs { promote: true } } }
I20260601 13:35:43.190438 29374 catalog_manager.cc:5696] T b03a31b1916343fe9778d1499839a279 P e806f040df514512a174fab94db7dc4d reported cstate change: config changed from index -1 to 2, NON_VOTER 0a94ed2cbace454f8a90c65cdad17495 (127.25.228.132) added. New cstate: current_term: 1 leader_uuid: "e806f040df514512a174fab94db7dc4d" committed_config { opid_index: 2 OBSOLETE_local: false peers { permanent_uuid: "e806f040df514512a174fab94db7dc4d" member_type: VOTER last_known_addr { host: "127.25.228.130" port: 39723 } health_report { overall_health: HEALTHY } } peers { permanent_uuid: "bb34fc7219104d439ca721aeda879a14" member_type: VOTER last_known_addr { host: "127.25.228.129" port: 45933 } attrs { replace: true } health_report { overall_health: HEALTHY } } peers { permanent_uuid: "fe12e5f12e0844149820511e0112dbc0" member_type: VOTER last_known_addr { host: "127.25.228.131" port: 43749 } health_report { overall_health: HEALTHY } } peers { permanent_uuid: "0a94ed2cbace454f8a90c65cdad17495" member_type: NON_VOTER last_known_addr { host: "127.25.228.132" port: 36527 } attrs { promote: true } health_report { overall_health: UNKNOWN } } }
I20260601 13:35:43.194156 29628 consensus_queue.cc:237] T ff2d4448823a4e31aa1843ffa94756c2 P fe12e5f12e0844149820511e0112dbc0 [LEADER]: Queue going to LEADER mode. State: All replicated index: 0, Majority replicated index: 1, Committed index: 1, Last appended: 1.1, Last appended by leader: 0, Current term: 1, Majority size: 2, State: 0, Mode: LEADER, active raft config: opid_index: 2 OBSOLETE_local: false peers { permanent_uuid: "e806f040df514512a174fab94db7dc4d" member_type: VOTER last_known_addr { host: "127.25.228.130" port: 39723 } attrs { replace: true } } peers { permanent_uuid: "bb34fc7219104d439ca721aeda879a14" member_type: VOTER last_known_addr { host: "127.25.228.129" port: 45933 } } peers { permanent_uuid: "fe12e5f12e0844149820511e0112dbc0" member_type: VOTER last_known_addr { host: "127.25.228.131" port: 43749 } } peers { permanent_uuid: "0a94ed2cbace454f8a90c65cdad17495" member_type: NON_VOTER last_known_addr { host: "127.25.228.132" port: 36527 } attrs { promote: true } }
I20260601 13:35:43.195405 29552 raft_consensus.cc:1275] T ff2d4448823a4e31aa1843ffa94756c2 P e806f040df514512a174fab94db7dc4d [term 1 FOLLOWER]: Refusing update from remote peer fe12e5f12e0844149820511e0112dbc0: Log matching property violated. Preceding OpId in replica: term: 1 index: 1. Preceding OpId from leader: term: 1 index: 2. (index mismatch)
I20260601 13:35:43.195459 29476 raft_consensus.cc:1275] T ff2d4448823a4e31aa1843ffa94756c2 P bb34fc7219104d439ca721aeda879a14 [term 1 FOLLOWER]: Refusing update from remote peer fe12e5f12e0844149820511e0112dbc0: Log matching property violated. Preceding OpId in replica: term: 1 index: 1. Preceding OpId from leader: term: 1 index: 2. (index mismatch)
I20260601 13:35:43.195749 29712 consensus_queue.cc:1048] T ff2d4448823a4e31aa1843ffa94756c2 P fe12e5f12e0844149820511e0112dbc0 [LEADER]: Connected to new peer: Peer: permanent_uuid: "bb34fc7219104d439ca721aeda879a14" member_type: VOTER last_known_addr { host: "127.25.228.129" port: 45933 }, Status: LMP_MISMATCH, Last received: 0.0, Next index: 2, Last known committed idx: 1, Time since last communication: 0.000s
I20260601 13:35:43.195876 29833 consensus_queue.cc:1048] T ff2d4448823a4e31aa1843ffa94756c2 P fe12e5f12e0844149820511e0112dbc0 [LEADER]: Connected to new peer: Peer: permanent_uuid: "e806f040df514512a174fab94db7dc4d" member_type: VOTER last_known_addr { host: "127.25.228.130" port: 39723 } attrs { replace: true }, Status: LMP_MISMATCH, Last received: 0.0, Next index: 2, Last known committed idx: 1, Time since last communication: 0.000s
W20260601 13:35:43.196045 29592 consensus_peers.cc:597] T ff2d4448823a4e31aa1843ffa94756c2 P fe12e5f12e0844149820511e0112dbc0 -> Peer 0a94ed2cbace454f8a90c65cdad17495 (127.25.228.132:36527): Couldn't send request to peer 0a94ed2cbace454f8a90c65cdad17495. Error code: TABLET_NOT_FOUND (6). Status: Not found: Tablet not found: ff2d4448823a4e31aa1843ffa94756c2. This is attempt 1: this message will repeat every 5th retry.
I20260601 13:35:43.197253 29833 raft_consensus.cc:2955] T ff2d4448823a4e31aa1843ffa94756c2 P fe12e5f12e0844149820511e0112dbc0 [term 1 LEADER]: Committing config change with OpId 1.2: config changed from index -1 to 2, NON_VOTER 0a94ed2cbace454f8a90c65cdad17495 (127.25.228.132) added. New config: { opid_index: 2 OBSOLETE_local: false peers { permanent_uuid: "e806f040df514512a174fab94db7dc4d" member_type: VOTER last_known_addr { host: "127.25.228.130" port: 39723 } attrs { replace: true } } peers { permanent_uuid: "bb34fc7219104d439ca721aeda879a14" member_type: VOTER last_known_addr { host: "127.25.228.129" port: 45933 } } peers { permanent_uuid: "fe12e5f12e0844149820511e0112dbc0" member_type: VOTER last_known_addr { host: "127.25.228.131" port: 43749 } } peers { permanent_uuid: "0a94ed2cbace454f8a90c65cdad17495" member_type: NON_VOTER last_known_addr { host: "127.25.228.132" port: 36527 } attrs { promote: true } } }
I20260601 13:35:43.197669 29476 raft_consensus.cc:2955] T ff2d4448823a4e31aa1843ffa94756c2 P bb34fc7219104d439ca721aeda879a14 [term 1 FOLLOWER]: Committing config change with OpId 1.2: config changed from index -1 to 2, NON_VOTER 0a94ed2cbace454f8a90c65cdad17495 (127.25.228.132) added. New config: { opid_index: 2 OBSOLETE_local: false peers { permanent_uuid: "e806f040df514512a174fab94db7dc4d" member_type: VOTER last_known_addr { host: "127.25.228.130" port: 39723 } attrs { replace: true } } peers { permanent_uuid: "bb34fc7219104d439ca721aeda879a14" member_type: VOTER last_known_addr { host: "127.25.228.129" port: 45933 } } peers { permanent_uuid: "fe12e5f12e0844149820511e0112dbc0" member_type: VOTER last_known_addr { host: "127.25.228.131" port: 43749 } } peers { permanent_uuid: "0a94ed2cbace454f8a90c65cdad17495" member_type: NON_VOTER last_known_addr { host: "127.25.228.132" port: 36527 } attrs { promote: true } } }
I20260601 13:35:43.197646 29552 raft_consensus.cc:2955] T ff2d4448823a4e31aa1843ffa94756c2 P e806f040df514512a174fab94db7dc4d [term 1 FOLLOWER]: Committing config change with OpId 1.2: config changed from index -1 to 2, NON_VOTER 0a94ed2cbace454f8a90c65cdad17495 (127.25.228.132) added. New config: { opid_index: 2 OBSOLETE_local: false peers { permanent_uuid: "e806f040df514512a174fab94db7dc4d" member_type: VOTER last_known_addr { host: "127.25.228.130" port: 39723 } attrs { replace: true } } peers { permanent_uuid: "bb34fc7219104d439ca721aeda879a14" member_type: VOTER last_known_addr { host: "127.25.228.129" port: 45933 } } peers { permanent_uuid: "fe12e5f12e0844149820511e0112dbc0" member_type: VOTER last_known_addr { host: "127.25.228.131" port: 43749 } } peers { permanent_uuid: "0a94ed2cbace454f8a90c65cdad17495" member_type: NON_VOTER last_known_addr { host: "127.25.228.132" port: 36527 } attrs { promote: true } } }
I20260601 13:35:43.199934 29372 catalog_manager.cc:5696] T ff2d4448823a4e31aa1843ffa94756c2 P bb34fc7219104d439ca721aeda879a14 reported cstate change: config changed from index -1 to 2, NON_VOTER 0a94ed2cbace454f8a90c65cdad17495 (127.25.228.132) added. New cstate: current_term: 1 leader_uuid: "fe12e5f12e0844149820511e0112dbc0" committed_config { opid_index: 2 OBSOLETE_local: false peers { permanent_uuid: "e806f040df514512a174fab94db7dc4d" member_type: VOTER last_known_addr { host: "127.25.228.130" port: 39723 } attrs { replace: true } } peers { permanent_uuid: "bb34fc7219104d439ca721aeda879a14" member_type: VOTER last_known_addr { host: "127.25.228.129" port: 45933 } } peers { permanent_uuid: "fe12e5f12e0844149820511e0112dbc0" member_type: VOTER last_known_addr { host: "127.25.228.131" port: 43749 } } peers { permanent_uuid: "0a94ed2cbace454f8a90c65cdad17495" member_type: NON_VOTER last_known_addr { host: "127.25.228.132" port: 36527 } attrs { promote: true } } }
I20260601 13:35:43.204445 29476 consensus_queue.cc:237] T cb5b8d9541864ebfb9260c282bdb0b75 P bb34fc7219104d439ca721aeda879a14 [LEADER]: Queue going to LEADER mode. State: All replicated index: 0, Majority replicated index: 1, Committed index: 1, Last appended: 1.1, Last appended by leader: 0, Current term: 1, Majority size: 2, State: 0, Mode: LEADER, active raft config: opid_index: 2 OBSOLETE_local: false peers { permanent_uuid: "bb34fc7219104d439ca721aeda879a14" member_type: VOTER last_known_addr { host: "127.25.228.129" port: 45933 } } peers { permanent_uuid: "e806f040df514512a174fab94db7dc4d" member_type: VOTER last_known_addr { host: "127.25.228.130" port: 39723 } } peers { permanent_uuid: "fe12e5f12e0844149820511e0112dbc0" member_type: VOTER last_known_addr { host: "127.25.228.131" port: 43749 } attrs { replace: true } } peers { permanent_uuid: "0a94ed2cbace454f8a90c65cdad17495" member_type: NON_VOTER last_known_addr { host: "127.25.228.132" port: 36527 } attrs { promote: true } }
I20260601 13:35:43.205685 29628 raft_consensus.cc:1275] T cb5b8d9541864ebfb9260c282bdb0b75 P fe12e5f12e0844149820511e0112dbc0 [term 1 FOLLOWER]: Refusing update from remote peer bb34fc7219104d439ca721aeda879a14: Log matching property violated. Preceding OpId in replica: term: 1 index: 1. Preceding OpId from leader: term: 1 index: 2. (index mismatch)
I20260601 13:35:43.205716 29552 raft_consensus.cc:1275] T cb5b8d9541864ebfb9260c282bdb0b75 P e806f040df514512a174fab94db7dc4d [term 1 FOLLOWER]: Refusing update from remote peer bb34fc7219104d439ca721aeda879a14: Log matching property violated. Preceding OpId in replica: term: 1 index: 1. Preceding OpId from leader: term: 1 index: 2. (index mismatch)
I20260601 13:35:43.206007 29688 consensus_queue.cc:1048] T cb5b8d9541864ebfb9260c282bdb0b75 P bb34fc7219104d439ca721aeda879a14 [LEADER]: Connected to new peer: Peer: permanent_uuid: "fe12e5f12e0844149820511e0112dbc0" member_type: VOTER last_known_addr { host: "127.25.228.131" port: 43749 } attrs { replace: true }, Status: LMP_MISMATCH, Last received: 0.0, Next index: 2, Last known committed idx: 1, Time since last communication: 0.000s
W20260601 13:35:43.206127 29441 consensus_peers.cc:597] T cb5b8d9541864ebfb9260c282bdb0b75 P bb34fc7219104d439ca721aeda879a14 -> Peer 0a94ed2cbace454f8a90c65cdad17495 (127.25.228.132:36527): Couldn't send request to peer 0a94ed2cbace454f8a90c65cdad17495. Error code: TABLET_NOT_FOUND (6). Status: Not found: Tablet not found: cb5b8d9541864ebfb9260c282bdb0b75. This is attempt 1: this message will repeat every 5th retry.
I20260601 13:35:43.206152 29843 consensus_queue.cc:1048] T cb5b8d9541864ebfb9260c282bdb0b75 P bb34fc7219104d439ca721aeda879a14 [LEADER]: Connected to new peer: Peer: permanent_uuid: "e806f040df514512a174fab94db7dc4d" member_type: VOTER last_known_addr { host: "127.25.228.130" port: 39723 }, Status: LMP_MISMATCH, Last received: 0.0, Next index: 2, Last known committed idx: 1, Time since last communication: 0.000s
I20260601 13:35:43.207549 29684 raft_consensus.cc:2955] T cb5b8d9541864ebfb9260c282bdb0b75 P bb34fc7219104d439ca721aeda879a14 [term 1 LEADER]: Committing config change with OpId 1.2: config changed from index -1 to 2, NON_VOTER 0a94ed2cbace454f8a90c65cdad17495 (127.25.228.132) added. New config: { opid_index: 2 OBSOLETE_local: false peers { permanent_uuid: "bb34fc7219104d439ca721aeda879a14" member_type: VOTER last_known_addr { host: "127.25.228.129" port: 45933 } } peers { permanent_uuid: "e806f040df514512a174fab94db7dc4d" member_type: VOTER last_known_addr { host: "127.25.228.130" port: 39723 } } peers { permanent_uuid: "fe12e5f12e0844149820511e0112dbc0" member_type: VOTER last_known_addr { host: "127.25.228.131" port: 43749 } attrs { replace: true } } peers { permanent_uuid: "0a94ed2cbace454f8a90c65cdad17495" member_type: NON_VOTER last_known_addr { host: "127.25.228.132" port: 36527 } attrs { promote: true } } }
I20260601 13:35:43.208916 29628 raft_consensus.cc:2955] T cb5b8d9541864ebfb9260c282bdb0b75 P fe12e5f12e0844149820511e0112dbc0 [term 1 FOLLOWER]: Committing config change with OpId 1.2: config changed from index -1 to 2, NON_VOTER 0a94ed2cbace454f8a90c65cdad17495 (127.25.228.132) added. New config: { opid_index: 2 OBSOLETE_local: false peers { permanent_uuid: "bb34fc7219104d439ca721aeda879a14" member_type: VOTER last_known_addr { host: "127.25.228.129" port: 45933 } } peers { permanent_uuid: "e806f040df514512a174fab94db7dc4d" member_type: VOTER last_known_addr { host: "127.25.228.130" port: 39723 } } peers { permanent_uuid: "fe12e5f12e0844149820511e0112dbc0" member_type: VOTER last_known_addr { host: "127.25.228.131" port: 43749 } attrs { replace: true } } peers { permanent_uuid: "0a94ed2cbace454f8a90c65cdad17495" member_type: NON_VOTER last_known_addr { host: "127.25.228.132" port: 36527 } attrs { promote: true } } }
I20260601 13:35:43.209408 29552 raft_consensus.cc:2955] T cb5b8d9541864ebfb9260c282bdb0b75 P e806f040df514512a174fab94db7dc4d [term 1 FOLLOWER]: Committing config change with OpId 1.2: config changed from index -1 to 2, NON_VOTER 0a94ed2cbace454f8a90c65cdad17495 (127.25.228.132) added. New config: { opid_index: 2 OBSOLETE_local: false peers { permanent_uuid: "bb34fc7219104d439ca721aeda879a14" member_type: VOTER last_known_addr { host: "127.25.228.129" port: 45933 } } peers { permanent_uuid: "e806f040df514512a174fab94db7dc4d" member_type: VOTER last_known_addr { host: "127.25.228.130" port: 39723 } } peers { permanent_uuid: "fe12e5f12e0844149820511e0112dbc0" member_type: VOTER last_known_addr { host: "127.25.228.131" port: 43749 } attrs { replace: true } } peers { permanent_uuid: "0a94ed2cbace454f8a90c65cdad17495" member_type: NON_VOTER last_known_addr { host: "127.25.228.132" port: 36527 } attrs { promote: true } } }
I20260601 13:35:43.209849 29371 catalog_manager.cc:5696] T cb5b8d9541864ebfb9260c282bdb0b75 P bb34fc7219104d439ca721aeda879a14 reported cstate change: config changed from index -1 to 2, NON_VOTER 0a94ed2cbace454f8a90c65cdad17495 (127.25.228.132) added. New cstate: current_term: 1 leader_uuid: "bb34fc7219104d439ca721aeda879a14" committed_config { opid_index: 2 OBSOLETE_local: false peers { permanent_uuid: "bb34fc7219104d439ca721aeda879a14" member_type: VOTER last_known_addr { host: "127.25.228.129" port: 45933 } health_report { overall_health: HEALTHY } } peers { permanent_uuid: "e806f040df514512a174fab94db7dc4d" member_type: VOTER last_known_addr { host: "127.25.228.130" port: 39723 } health_report { overall_health: HEALTHY } } peers { permanent_uuid: "fe12e5f12e0844149820511e0112dbc0" member_type: VOTER last_known_addr { host: "127.25.228.131" port: 43749 } attrs { replace: true } health_report { overall_health: HEALTHY } } peers { permanent_uuid: "0a94ed2cbace454f8a90c65cdad17495" member_type: NON_VOTER last_known_addr { host: "127.25.228.132" port: 36527 } attrs { promote: true } health_report { overall_health: UNKNOWN } } }
I20260601 13:35:43.211426 29553 consensus_queue.cc:237] T f00fe8a7820e4b63b9e9f2a1fd41d25d P e806f040df514512a174fab94db7dc4d [LEADER]: Queue going to LEADER mode. State: All replicated index: 0, Majority replicated index: 1, Committed index: 1, Last appended: 1.1, Last appended by leader: 0, Current term: 1, Majority size: 2, State: 0, Mode: LEADER, active raft config: opid_index: 2 OBSOLETE_local: false peers { permanent_uuid: "fe12e5f12e0844149820511e0112dbc0" member_type: VOTER last_known_addr { host: "127.25.228.131" port: 43749 } } peers { permanent_uuid: "bb34fc7219104d439ca721aeda879a14" member_type: VOTER last_known_addr { host: "127.25.228.129" port: 45933 } attrs { replace: true } } peers { permanent_uuid: "e806f040df514512a174fab94db7dc4d" member_type: VOTER last_known_addr { host: "127.25.228.130" port: 39723 } } peers { permanent_uuid: "0a94ed2cbace454f8a90c65cdad17495" member_type: NON_VOTER last_known_addr { host: "127.25.228.132" port: 36527 } attrs { promote: true } }
I20260601 13:35:43.212659 29628 raft_consensus.cc:1275] T f00fe8a7820e4b63b9e9f2a1fd41d25d P fe12e5f12e0844149820511e0112dbc0 [term 1 FOLLOWER]: Refusing update from remote peer e806f040df514512a174fab94db7dc4d: Log matching property violated. Preceding OpId in replica: term: 1 index: 1. Preceding OpId from leader: term: 1 index: 2. (index mismatch)
W20260601 13:35:43.212821 29517 consensus_peers.cc:597] T f00fe8a7820e4b63b9e9f2a1fd41d25d P e806f040df514512a174fab94db7dc4d -> Peer 0a94ed2cbace454f8a90c65cdad17495 (127.25.228.132:36527): Couldn't send request to peer 0a94ed2cbace454f8a90c65cdad17495. Error code: TABLET_NOT_FOUND (6). Status: Not found: Tablet not found: f00fe8a7820e4b63b9e9f2a1fd41d25d. This is attempt 1: this message will repeat every 5th retry.
I20260601 13:35:43.213017 29476 raft_consensus.cc:1275] T f00fe8a7820e4b63b9e9f2a1fd41d25d P bb34fc7219104d439ca721aeda879a14 [term 1 FOLLOWER]: Refusing update from remote peer e806f040df514512a174fab94db7dc4d: Log matching property violated. Preceding OpId in replica: term: 1 index: 1. Preceding OpId from leader: term: 1 index: 2. (index mismatch)
I20260601 13:35:43.213379 29682 consensus_queue.cc:1048] T f00fe8a7820e4b63b9e9f2a1fd41d25d P e806f040df514512a174fab94db7dc4d [LEADER]: Connected to new peer: Peer: permanent_uuid: "fe12e5f12e0844149820511e0112dbc0" member_type: VOTER last_known_addr { host: "127.25.228.131" port: 43749 }, Status: LMP_MISMATCH, Last received: 0.0, Next index: 2, Last known committed idx: 1, Time since last communication: 0.000s
I20260601 13:35:43.213510 29691 consensus_queue.cc:1048] T f00fe8a7820e4b63b9e9f2a1fd41d25d P e806f040df514512a174fab94db7dc4d [LEADER]: Connected to new peer: Peer: permanent_uuid: "bb34fc7219104d439ca721aeda879a14" member_type: VOTER last_known_addr { host: "127.25.228.129" port: 45933 } attrs { replace: true }, Status: LMP_MISMATCH, Last received: 0.0, Next index: 2, Last known committed idx: 1, Time since last communication: 0.000s
I20260601 13:35:43.215178 29838 raft_consensus.cc:2955] T f00fe8a7820e4b63b9e9f2a1fd41d25d P e806f040df514512a174fab94db7dc4d [term 1 LEADER]: Committing config change with OpId 1.2: config changed from index -1 to 2, NON_VOTER 0a94ed2cbace454f8a90c65cdad17495 (127.25.228.132) added. New config: { opid_index: 2 OBSOLETE_local: false peers { permanent_uuid: "fe12e5f12e0844149820511e0112dbc0" member_type: VOTER last_known_addr { host: "127.25.228.131" port: 43749 } } peers { permanent_uuid: "bb34fc7219104d439ca721aeda879a14" member_type: VOTER last_known_addr { host: "127.25.228.129" port: 45933 } attrs { replace: true } } peers { permanent_uuid: "e806f040df514512a174fab94db7dc4d" member_type: VOTER last_known_addr { host: "127.25.228.130" port: 39723 } } peers { permanent_uuid: "0a94ed2cbace454f8a90c65cdad17495" member_type: NON_VOTER last_known_addr { host: "127.25.228.132" port: 36527 } attrs { promote: true } } }
I20260601 13:35:43.215811 29628 raft_consensus.cc:2955] T f00fe8a7820e4b63b9e9f2a1fd41d25d P fe12e5f12e0844149820511e0112dbc0 [term 1 FOLLOWER]: Committing config change with OpId 1.2: config changed from index -1 to 2, NON_VOTER 0a94ed2cbace454f8a90c65cdad17495 (127.25.228.132) added. New config: { opid_index: 2 OBSOLETE_local: false peers { permanent_uuid: "fe12e5f12e0844149820511e0112dbc0" member_type: VOTER last_known_addr { host: "127.25.228.131" port: 43749 } } peers { permanent_uuid: "bb34fc7219104d439ca721aeda879a14" member_type: VOTER last_known_addr { host: "127.25.228.129" port: 45933 } attrs { replace: true } } peers { permanent_uuid: "e806f040df514512a174fab94db7dc4d" member_type: VOTER last_known_addr { host: "127.25.228.130" port: 39723 } } peers { permanent_uuid: "0a94ed2cbace454f8a90c65cdad17495" member_type: NON_VOTER last_known_addr { host: "127.25.228.132" port: 36527 } attrs { promote: true } } }
I20260601 13:35:43.217517 29476 raft_consensus.cc:2955] T f00fe8a7820e4b63b9e9f2a1fd41d25d P bb34fc7219104d439ca721aeda879a14 [term 1 FOLLOWER]: Committing config change with OpId 1.2: config changed from index -1 to 2, NON_VOTER 0a94ed2cbace454f8a90c65cdad17495 (127.25.228.132) added. New config: { opid_index: 2 OBSOLETE_local: false peers { permanent_uuid: "fe12e5f12e0844149820511e0112dbc0" member_type: VOTER last_known_addr { host: "127.25.228.131" port: 43749 } } peers { permanent_uuid: "bb34fc7219104d439ca721aeda879a14" member_type: VOTER last_known_addr { host: "127.25.228.129" port: 45933 } attrs { replace: true } } peers { permanent_uuid: "e806f040df514512a174fab94db7dc4d" member_type: VOTER last_known_addr { host: "127.25.228.130" port: 39723 } } peers { permanent_uuid: "0a94ed2cbace454f8a90c65cdad17495" member_type: NON_VOTER last_known_addr { host: "127.25.228.132" port: 36527 } attrs { promote: true } } }
I20260601 13:35:43.217715 29372 catalog_manager.cc:5696] T f00fe8a7820e4b63b9e9f2a1fd41d25d P e806f040df514512a174fab94db7dc4d reported cstate change: config changed from index -1 to 2, NON_VOTER 0a94ed2cbace454f8a90c65cdad17495 (127.25.228.132) added. New cstate: current_term: 1 leader_uuid: "e806f040df514512a174fab94db7dc4d" committed_config { opid_index: 2 OBSOLETE_local: false peers { permanent_uuid: "fe12e5f12e0844149820511e0112dbc0" member_type: VOTER last_known_addr { host: "127.25.228.131" port: 43749 } health_report { overall_health: HEALTHY } } peers { permanent_uuid: "bb34fc7219104d439ca721aeda879a14" member_type: VOTER last_known_addr { host: "127.25.228.129" port: 45933 } attrs { replace: true } health_report { overall_health: HEALTHY } } peers { permanent_uuid: "e806f040df514512a174fab94db7dc4d" member_type: VOTER last_known_addr { host: "127.25.228.130" port: 39723 } health_report { overall_health: HEALTHY } } peers { permanent_uuid: "0a94ed2cbace454f8a90c65cdad17495" member_type: NON_VOTER last_known_addr { host: "127.25.228.132" port: 36527 } attrs { promote: true } health_report { overall_health: UNKNOWN } } }
I20260601 13:35:43.287524 29812 consensus_queue.cc:1048] T 749dabd44b1549d69e53197eda9cb999 P 0a94ed2cbace454f8a90c65cdad17495 [LEADER]: Connected to new peer: Peer: permanent_uuid: "bb34fc7219104d439ca721aeda879a14" member_type: VOTER last_known_addr { host: "127.25.228.129" port: 45933 }, Status: LMP_MISMATCH, Last received: 0.0, Next index: 1, Last known committed idx: 0, Time since last communication: 0.000s
I20260601 13:35:43.291220 29812 consensus_queue.cc:1048] T 749dabd44b1549d69e53197eda9cb999 P 0a94ed2cbace454f8a90c65cdad17495 [LEADER]: Connected to new peer: Peer: permanent_uuid: "e806f040df514512a174fab94db7dc4d" member_type: VOTER last_known_addr { host: "127.25.228.130" port: 39723 }, Status: LMP_MISMATCH, Last received: 0.0, Next index: 1, Last known committed idx: 0, Time since last communication: 0.000s
I20260601 13:35:43.308208 29766 raft_consensus.cc:3060] T c3cdab73b7294368b96dffee8b7553f2 P 0a94ed2cbace454f8a90c65cdad17495 [term 0 FOLLOWER]: Advancing to term 1
I20260601 13:35:43.310024 29691 consensus_queue.cc:1048] T c3cdab73b7294368b96dffee8b7553f2 P e806f040df514512a174fab94db7dc4d [LEADER]: Connected to new peer: Peer: permanent_uuid: "0a94ed2cbace454f8a90c65cdad17495" member_type: VOTER last_known_addr { host: "127.25.228.132" port: 36527 }, Status: LMP_MISMATCH, Last received: 0.0, Next index: 1, Last known committed idx: 0, Time since last communication: 0.000s
I20260601 13:35:43.313490 29682 consensus_queue.cc:1048] T c3cdab73b7294368b96dffee8b7553f2 P e806f040df514512a174fab94db7dc4d [LEADER]: Connected to new peer: Peer: permanent_uuid: "fe12e5f12e0844149820511e0112dbc0" member_type: VOTER last_known_addr { host: "127.25.228.131" port: 43749 }, Status: LMP_MISMATCH, Last received: 0.0, Next index: 1, Last known committed idx: 0, Time since last communication: 0.000s
I20260601 13:35:43.379664 29843 consensus_queue.cc:1048] T 5f683772312449fcb6d29c26f16b460e P bb34fc7219104d439ca721aeda879a14 [LEADER]: Connected to new peer: Peer: permanent_uuid: "e806f040df514512a174fab94db7dc4d" member_type: VOTER last_known_addr { host: "127.25.228.130" port: 39723 }, Status: LMP_MISMATCH, Last received: 0.0, Next index: 1, Last known committed idx: 0, Time since last communication: 0.000s
I20260601 13:35:43.382836 29766 raft_consensus.cc:3060] T 5f683772312449fcb6d29c26f16b460e P 0a94ed2cbace454f8a90c65cdad17495 [term 0 FOLLOWER]: Advancing to term 1
I20260601 13:35:43.384382 29684 consensus_queue.cc:1048] T 5f683772312449fcb6d29c26f16b460e P bb34fc7219104d439ca721aeda879a14 [LEADER]: Connected to new peer: Peer: permanent_uuid: "0a94ed2cbace454f8a90c65cdad17495" member_type: VOTER last_known_addr { host: "127.25.228.132" port: 36527 }, Status: LMP_MISMATCH, Last received: 0.0, Next index: 1, Last known committed idx: 0, Time since last communication: 0.000s
I20260601 13:35:43.402650 29712 consensus_queue.cc:1048] T 2b3b9cb5b4ae4b3da0b75605679ce21b P fe12e5f12e0844149820511e0112dbc0 [LEADER]: Connected to new peer: Peer: permanent_uuid: "0a94ed2cbace454f8a90c65cdad17495" member_type: VOTER last_known_addr { host: "127.25.228.132" port: 36527 }, Status: LMP_MISMATCH, Last received: 0.0, Next index: 1, Last known committed idx: 0, Time since last communication: 0.000s
I20260601 13:35:43.406767 29712 consensus_queue.cc:1048] T 2b3b9cb5b4ae4b3da0b75605679ce21b P fe12e5f12e0844149820511e0112dbc0 [LEADER]: Connected to new peer: Peer: permanent_uuid: "bb34fc7219104d439ca721aeda879a14" member_type: VOTER last_known_addr { host: "127.25.228.129" port: 45933 }, Status: LMP_MISMATCH, Last received: 0.0, Next index: 1, Last known committed idx: 0, Time since last communication: 0.000s
I20260601 13:35:43.482378 29682 raft_consensus.cc:993] T f9df152476b8413e99d1f678cef46aee P e806f040df514512a174fab94db7dc4d: : Instructing follower bb34fc7219104d439ca721aeda879a14 to start an election
I20260601 13:35:43.482514 29682 raft_consensus.cc:1081] T f9df152476b8413e99d1f678cef46aee P e806f040df514512a174fab94db7dc4d [term 1 LEADER]: Signalling peer bb34fc7219104d439ca721aeda879a14 to start an election
I20260601 13:35:43.483100 29476 tablet_service.cc:2044] Received Run Leader Election RPC: tablet_id: "f9df152476b8413e99d1f678cef46aee"
dest_uuid: "bb34fc7219104d439ca721aeda879a14"
 from {username='slave'} at 127.0.0.1:39546
I20260601 13:35:43.483254 29476 raft_consensus.cc:493] T f9df152476b8413e99d1f678cef46aee P bb34fc7219104d439ca721aeda879a14 [term 1 FOLLOWER]: Starting forced leader election (received explicit request)
I20260601 13:35:43.483314 29476 raft_consensus.cc:3060] T f9df152476b8413e99d1f678cef46aee P bb34fc7219104d439ca721aeda879a14 [term 1 FOLLOWER]: Advancing to term 2
I20260601 13:35:43.484364 29476 raft_consensus.cc:515] T f9df152476b8413e99d1f678cef46aee P bb34fc7219104d439ca721aeda879a14 [term 2 FOLLOWER]: Starting forced leader election with config: opid_index: -1 OBSOLETE_local: false peers { permanent_uuid: "bb34fc7219104d439ca721aeda879a14" member_type: VOTER last_known_addr { host: "127.25.228.129" port: 45933 } } peers { permanent_uuid: "e806f040df514512a174fab94db7dc4d" member_type: VOTER last_known_addr { host: "127.25.228.130" port: 39723 } } peers { permanent_uuid: "fe12e5f12e0844149820511e0112dbc0" member_type: VOTER last_known_addr { host: "127.25.228.131" port: 43749 } }
I20260601 13:35:43.484776 29476 leader_election.cc:290] T f9df152476b8413e99d1f678cef46aee P bb34fc7219104d439ca721aeda879a14 [CANDIDATE]: Term 2 election: Requested vote from peers e806f040df514512a174fab94db7dc4d (127.25.228.130:39723), fe12e5f12e0844149820511e0112dbc0 (127.25.228.131:43749)
I20260601 13:35:43.485314 29628 tablet_service.cc:1917] Received RequestConsensusVote() RPC: tablet_id: "f9df152476b8413e99d1f678cef46aee" candidate_uuid: "bb34fc7219104d439ca721aeda879a14" candidate_term: 2 candidate_status { last_received { term: 1 index: 1 } } ignore_live_leader: true dest_uuid: "fe12e5f12e0844149820511e0112dbc0"
I20260601 13:35:43.485427 29628 raft_consensus.cc:3060] T f9df152476b8413e99d1f678cef46aee P fe12e5f12e0844149820511e0112dbc0 [term 1 FOLLOWER]: Advancing to term 2
I20260601 13:35:43.485425 29553 tablet_service.cc:1917] Received RequestConsensusVote() RPC: tablet_id: "f9df152476b8413e99d1f678cef46aee" candidate_uuid: "bb34fc7219104d439ca721aeda879a14" candidate_term: 2 candidate_status { last_received { term: 1 index: 1 } } ignore_live_leader: true dest_uuid: "e806f040df514512a174fab94db7dc4d"
I20260601 13:35:43.485618 29553 raft_consensus.cc:3055] T f9df152476b8413e99d1f678cef46aee P e806f040df514512a174fab94db7dc4d [term 1 LEADER]: Stepping down as leader of term 1
I20260601 13:35:43.485716 29553 raft_consensus.cc:740] T f9df152476b8413e99d1f678cef46aee P e806f040df514512a174fab94db7dc4d [term 1 LEADER]: Becoming Follower/Learner. State: Replica: e806f040df514512a174fab94db7dc4d, State: Running, Role: LEADER
I20260601 13:35:43.485918 29553 consensus_queue.cc:260] T f9df152476b8413e99d1f678cef46aee P e806f040df514512a174fab94db7dc4d [NON_LEADER]: Queue going to NON_LEADER mode. State: All replicated index: 0, Majority replicated index: 1, Committed index: 1, Last appended: 1.1, Last appended by leader: 1, Current term: 1, Majority size: -1, State: 0, Mode: NON_LEADER, active raft config: opid_index: -1 OBSOLETE_local: false peers { permanent_uuid: "bb34fc7219104d439ca721aeda879a14" member_type: VOTER last_known_addr { host: "127.25.228.129" port: 45933 } } peers { permanent_uuid: "e806f040df514512a174fab94db7dc4d" member_type: VOTER last_known_addr { host: "127.25.228.130" port: 39723 } } peers { permanent_uuid: "fe12e5f12e0844149820511e0112dbc0" member_type: VOTER last_known_addr { host: "127.25.228.131" port: 43749 } }
I20260601 13:35:43.486114 29553 raft_consensus.cc:3060] T f9df152476b8413e99d1f678cef46aee P e806f040df514512a174fab94db7dc4d [term 1 FOLLOWER]: Advancing to term 2
I20260601 13:35:43.486505 29628 raft_consensus.cc:2468] T f9df152476b8413e99d1f678cef46aee P fe12e5f12e0844149820511e0112dbc0 [term 2 FOLLOWER]: Leader election vote request: Granting yes vote for candidate bb34fc7219104d439ca721aeda879a14 in term 2.
I20260601 13:35:43.486907 29440 leader_election.cc:304] T f9df152476b8413e99d1f678cef46aee P bb34fc7219104d439ca721aeda879a14 [CANDIDATE]: Term 2 election: Election decided. Result: candidate won. Election summary: received 2 responses out of 3 voters: 2 yes votes; 0 no votes. yes voters: bb34fc7219104d439ca721aeda879a14, fe12e5f12e0844149820511e0112dbc0; no voters: 
I20260601 13:35:43.487103 29684 raft_consensus.cc:2804] T f9df152476b8413e99d1f678cef46aee P bb34fc7219104d439ca721aeda879a14 [term 2 FOLLOWER]: Leader election won for term 2
I20260601 13:35:43.487161 29553 raft_consensus.cc:2468] T f9df152476b8413e99d1f678cef46aee P e806f040df514512a174fab94db7dc4d [term 2 FOLLOWER]: Leader election vote request: Granting yes vote for candidate bb34fc7219104d439ca721aeda879a14 in term 2.
I20260601 13:35:43.487175 29684 raft_consensus.cc:697] T f9df152476b8413e99d1f678cef46aee P bb34fc7219104d439ca721aeda879a14 [term 2 LEADER]: Becoming Leader. State: Replica: bb34fc7219104d439ca721aeda879a14, State: Running, Role: LEADER
I20260601 13:35:43.487339 29684 consensus_queue.cc:237] T f9df152476b8413e99d1f678cef46aee P bb34fc7219104d439ca721aeda879a14 [LEADER]: Queue going to LEADER mode. State: All replicated index: 0, Majority replicated index: 1, Committed index: 1, Last appended: 1.1, Last appended by leader: 1, Current term: 2, Majority size: 2, State: 0, Mode: LEADER, active raft config: opid_index: -1 OBSOLETE_local: false peers { permanent_uuid: "bb34fc7219104d439ca721aeda879a14" member_type: VOTER last_known_addr { host: "127.25.228.129" port: 45933 } } peers { permanent_uuid: "e806f040df514512a174fab94db7dc4d" member_type: VOTER last_known_addr { host: "127.25.228.130" port: 39723 } } peers { permanent_uuid: "fe12e5f12e0844149820511e0112dbc0" member_type: VOTER last_known_addr { host: "127.25.228.131" port: 43749 } }
I20260601 13:35:43.488988 29371 catalog_manager.cc:5696] T f9df152476b8413e99d1f678cef46aee P bb34fc7219104d439ca721aeda879a14 reported cstate change: term changed from 1 to 2, leader changed from e806f040df514512a174fab94db7dc4d (127.25.228.130) to bb34fc7219104d439ca721aeda879a14 (127.25.228.129). New cstate: current_term: 2 leader_uuid: "bb34fc7219104d439ca721aeda879a14" committed_config { opid_index: -1 OBSOLETE_local: false peers { permanent_uuid: "bb34fc7219104d439ca721aeda879a14" member_type: VOTER last_known_addr { host: "127.25.228.129" port: 45933 } health_report { overall_health: HEALTHY } } peers { permanent_uuid: "e806f040df514512a174fab94db7dc4d" member_type: VOTER last_known_addr { host: "127.25.228.130" port: 39723 } health_report { overall_health: UNKNOWN } } peers { permanent_uuid: "fe12e5f12e0844149820511e0112dbc0" member_type: VOTER last_known_addr { host: "127.25.228.131" port: 43749 } health_report { overall_health: UNKNOWN } } }
I20260601 13:35:43.578364 29879 ts_tablet_manager.cc:933] T ff2d4448823a4e31aa1843ffa94756c2 P 0a94ed2cbace454f8a90c65cdad17495: Initiating tablet copy from peer fe12e5f12e0844149820511e0112dbc0 (127.25.228.131:43749)
I20260601 13:35:43.578783 29879 tablet_copy_client.cc:323] T ff2d4448823a4e31aa1843ffa94756c2 P 0a94ed2cbace454f8a90c65cdad17495: tablet copy: Beginning tablet copy session from remote peer at address 127.25.228.131:43749
I20260601 13:35:43.579304 29638 tablet_copy_service.cc:140] P fe12e5f12e0844149820511e0112dbc0: Received BeginTabletCopySession request for tablet ff2d4448823a4e31aa1843ffa94756c2 from peer 0a94ed2cbace454f8a90c65cdad17495 ({username='slave'} at 127.0.0.1:44024)
I20260601 13:35:43.579416 29638 tablet_copy_service.cc:161] P fe12e5f12e0844149820511e0112dbc0: Beginning new tablet copy session on tablet ff2d4448823a4e31aa1843ffa94756c2 from peer 0a94ed2cbace454f8a90c65cdad17495 at {username='slave'} at 127.0.0.1:44024: session id = 0a94ed2cbace454f8a90c65cdad17495-ff2d4448823a4e31aa1843ffa94756c2
I20260601 13:35:43.580421 29638 tablet_copy_source_session.cc:215] T ff2d4448823a4e31aa1843ffa94756c2 P fe12e5f12e0844149820511e0112dbc0: Tablet Copy: opened 0 blocks and 1 log segments
I20260601 13:35:43.581403 29879 data_dirs.cc:400] Could only allocate 1 dirs of requested 3 for tablet ff2d4448823a4e31aa1843ffa94756c2. 1 dirs total, 0 dirs full, 0 dirs failed
I20260601 13:35:43.583197 29879 tablet_copy_client.cc:806] T ff2d4448823a4e31aa1843ffa94756c2 P 0a94ed2cbace454f8a90c65cdad17495: tablet copy: Starting download of 0 data blocks...
I20260601 13:35:43.583377 29879 tablet_copy_client.cc:670] T ff2d4448823a4e31aa1843ffa94756c2 P 0a94ed2cbace454f8a90c65cdad17495: tablet copy: Starting download of 1 WAL segments...
I20260601 13:35:43.584569 29879 tablet_copy_client.cc:538] T ff2d4448823a4e31aa1843ffa94756c2 P 0a94ed2cbace454f8a90c65cdad17495: tablet copy: Tablet Copy complete. Replacing tablet superblock.
I20260601 13:35:43.585723 29879 tablet_bootstrap.cc:492] T ff2d4448823a4e31aa1843ffa94756c2 P 0a94ed2cbace454f8a90c65cdad17495: Bootstrap starting.
I20260601 13:35:43.589630 29879 tablet_bootstrap.cc:492] T ff2d4448823a4e31aa1843ffa94756c2 P 0a94ed2cbace454f8a90c65cdad17495: Bootstrap replayed 1/1 log segments. Stats: ops{read=2 overwritten=0 applied=2 ignored=0} inserts{seen=0 ignored=0} mutations{seen=0 ignored=0} orphaned_commits=0. Pending: 0 replicates
I20260601 13:35:43.589886 29879 tablet_bootstrap.cc:492] T ff2d4448823a4e31aa1843ffa94756c2 P 0a94ed2cbace454f8a90c65cdad17495: Bootstrap complete.
I20260601 13:35:43.590075 29879 ts_tablet_manager.cc:1403] T ff2d4448823a4e31aa1843ffa94756c2 P 0a94ed2cbace454f8a90c65cdad17495: Time spent bootstrapping tablet: real 0.004s	user 0.002s	sys 0.001s
I20260601 13:35:43.590557 29879 raft_consensus.cc:359] T ff2d4448823a4e31aa1843ffa94756c2 P 0a94ed2cbace454f8a90c65cdad17495 [term 1 LEARNER]: Replica starting. Triggering 0 pending ops. Active config: opid_index: 2 OBSOLETE_local: false peers { permanent_uuid: "e806f040df514512a174fab94db7dc4d" member_type: VOTER last_known_addr { host: "127.25.228.130" port: 39723 } attrs { replace: true } } peers { permanent_uuid: "bb34fc7219104d439ca721aeda879a14" member_type: VOTER last_known_addr { host: "127.25.228.129" port: 45933 } } peers { permanent_uuid: "fe12e5f12e0844149820511e0112dbc0" member_type: VOTER last_known_addr { host: "127.25.228.131" port: 43749 } } peers { permanent_uuid: "0a94ed2cbace454f8a90c65cdad17495" member_type: NON_VOTER last_known_addr { host: "127.25.228.132" port: 36527 } attrs { promote: true } }
I20260601 13:35:43.590699 29879 raft_consensus.cc:740] T ff2d4448823a4e31aa1843ffa94756c2 P 0a94ed2cbace454f8a90c65cdad17495 [term 1 LEARNER]: Becoming Follower/Learner. State: Replica: 0a94ed2cbace454f8a90c65cdad17495, State: Initialized, Role: LEARNER
I20260601 13:35:43.590814 29879 consensus_queue.cc:260] T ff2d4448823a4e31aa1843ffa94756c2 P 0a94ed2cbace454f8a90c65cdad17495 [NON_LEADER]: Queue going to NON_LEADER mode. State: All replicated index: 0, Majority replicated index: 0, Committed index: 2, Last appended: 1.2, Last appended by leader: 2, Current term: 0, Majority size: -1, State: 0, Mode: NON_LEADER, active raft config: opid_index: 2 OBSOLETE_local: false peers { permanent_uuid: "e806f040df514512a174fab94db7dc4d" member_type: VOTER last_known_addr { host: "127.25.228.130" port: 39723 } attrs { replace: true } } peers { permanent_uuid: "bb34fc7219104d439ca721aeda879a14" member_type: VOTER last_known_addr { host: "127.25.228.129" port: 45933 } } peers { permanent_uuid: "fe12e5f12e0844149820511e0112dbc0" member_type: VOTER last_known_addr { host: "127.25.228.131" port: 43749 } } peers { permanent_uuid: "0a94ed2cbace454f8a90c65cdad17495" member_type: NON_VOTER last_known_addr { host: "127.25.228.132" port: 36527 } attrs { promote: true } }
I20260601 13:35:43.591094 29879 ts_tablet_manager.cc:1434] T ff2d4448823a4e31aa1843ffa94756c2 P 0a94ed2cbace454f8a90c65cdad17495: Time spent starting tablet: real 0.001s	user 0.000s	sys 0.000s
I20260601 13:35:43.591514 29638 tablet_copy_service.cc:342] P fe12e5f12e0844149820511e0112dbc0: Request end of tablet copy session 0a94ed2cbace454f8a90c65cdad17495-ff2d4448823a4e31aa1843ffa94756c2 received from {username='slave'} at 127.0.0.1:44024
I20260601 13:35:43.591599 29638 tablet_copy_service.cc:434] P fe12e5f12e0844149820511e0112dbc0: ending tablet copy session 0a94ed2cbace454f8a90c65cdad17495-ff2d4448823a4e31aa1843ffa94756c2 on tablet ff2d4448823a4e31aa1843ffa94756c2 with peer 0a94ed2cbace454f8a90c65cdad17495
I20260601 13:35:43.626391 29691 raft_consensus.cc:993] T 9a706d48a6ed4eb6bcfc376a67a3eede P e806f040df514512a174fab94db7dc4d: : Instructing follower bb34fc7219104d439ca721aeda879a14 to start an election
I20260601 13:35:43.626528 29691 raft_consensus.cc:1081] T 9a706d48a6ed4eb6bcfc376a67a3eede P e806f040df514512a174fab94db7dc4d [term 1 LEADER]: Signalling peer bb34fc7219104d439ca721aeda879a14 to start an election
I20260601 13:35:43.627027 29476 tablet_service.cc:2044] Received Run Leader Election RPC: tablet_id: "9a706d48a6ed4eb6bcfc376a67a3eede"
dest_uuid: "bb34fc7219104d439ca721aeda879a14"
 from {username='slave'} at 127.0.0.1:39546
I20260601 13:35:43.627166 29476 raft_consensus.cc:493] T 9a706d48a6ed4eb6bcfc376a67a3eede P bb34fc7219104d439ca721aeda879a14 [term 1 FOLLOWER]: Starting forced leader election (received explicit request)
I20260601 13:35:43.627224 29476 raft_consensus.cc:3060] T 9a706d48a6ed4eb6bcfc376a67a3eede P bb34fc7219104d439ca721aeda879a14 [term 1 FOLLOWER]: Advancing to term 2
I20260601 13:35:43.628245 29476 raft_consensus.cc:515] T 9a706d48a6ed4eb6bcfc376a67a3eede P bb34fc7219104d439ca721aeda879a14 [term 2 FOLLOWER]: Starting forced leader election with config: opid_index: -1 OBSOLETE_local: false peers { permanent_uuid: "bb34fc7219104d439ca721aeda879a14" member_type: VOTER last_known_addr { host: "127.25.228.129" port: 45933 } } peers { permanent_uuid: "e806f040df514512a174fab94db7dc4d" member_type: VOTER last_known_addr { host: "127.25.228.130" port: 39723 } } peers { permanent_uuid: "fe12e5f12e0844149820511e0112dbc0" member_type: VOTER last_known_addr { host: "127.25.228.131" port: 43749 } }
