I20260601 13:22:34.764150 15601 raft_consensus.cc:1081] T fbdb45cbd05f45f8b29d030ddf400cbd P 219deb0e65294d689da31f41797c54d1 [term 1 LEADER]: Signalling peer 966e7464ba8b4aa9930d40f850e7ca75 to start an election
I20260601 13:22:34.764600 15402 tablet_service.cc:2044] Received Run Leader Election RPC: tablet_id: "fbdb45cbd05f45f8b29d030ddf400cbd"
dest_uuid: "966e7464ba8b4aa9930d40f850e7ca75"
 from {username='slave'} at 127.0.0.1:40850
I20260601 13:22:34.764751 15402 raft_consensus.cc:493] T fbdb45cbd05f45f8b29d030ddf400cbd P 966e7464ba8b4aa9930d40f850e7ca75 [term 1 FOLLOWER]: Starting forced leader election (received explicit request)
I20260601 13:22:34.764828 15402 raft_consensus.cc:3060] T fbdb45cbd05f45f8b29d030ddf400cbd P 966e7464ba8b4aa9930d40f850e7ca75 [term 1 FOLLOWER]: Advancing to term 2
I20260601 13:22:34.765923 15402 raft_consensus.cc:515] T fbdb45cbd05f45f8b29d030ddf400cbd P 966e7464ba8b4aa9930d40f850e7ca75 [term 2 FOLLOWER]: Starting forced leader election with config: opid_index: -1 OBSOLETE_local: false peers { permanent_uuid: "219deb0e65294d689da31f41797c54d1" member_type: VOTER last_known_addr { host: "127.11.255.68" port: 42439 } } peers { permanent_uuid: "ab9dd94f03fb4657bd7c9e3e5fdc6803" member_type: VOTER last_known_addr { host: "127.11.255.65" port: 45483 } } peers { permanent_uuid: "966e7464ba8b4aa9930d40f850e7ca75" member_type: VOTER last_known_addr { host: "127.11.255.67" port: 34905 } }
I20260601 13:22:34.766348 15402 leader_election.cc:290] T fbdb45cbd05f45f8b29d030ddf400cbd P 966e7464ba8b4aa9930d40f850e7ca75 [CANDIDATE]: Term 2 election: Requested vote from peers 219deb0e65294d689da31f41797c54d1 (127.11.255.68:42439), ab9dd94f03fb4657bd7c9e3e5fdc6803 (127.11.255.65:45483)
I20260601 13:22:34.767001 15542 tablet_service.cc:1917] Received RequestConsensusVote() RPC: tablet_id: "fbdb45cbd05f45f8b29d030ddf400cbd" candidate_uuid: "966e7464ba8b4aa9930d40f850e7ca75" candidate_term: 2 candidate_status { last_received { term: 1 index: 1 } } ignore_live_leader: true dest_uuid: "219deb0e65294d689da31f41797c54d1"
I20260601 13:22:34.767175 15542 raft_consensus.cc:3055] T fbdb45cbd05f45f8b29d030ddf400cbd P 219deb0e65294d689da31f41797c54d1 [term 1 LEADER]: Stepping down as leader of term 1
I20260601 13:22:34.767222 15542 raft_consensus.cc:740] T fbdb45cbd05f45f8b29d030ddf400cbd P 219deb0e65294d689da31f41797c54d1 [term 1 LEADER]: Becoming Follower/Learner. State: Replica: 219deb0e65294d689da31f41797c54d1, State: Running, Role: LEADER
I20260601 13:22:34.767377 15542 consensus_queue.cc:260] T fbdb45cbd05f45f8b29d030ddf400cbd P 219deb0e65294d689da31f41797c54d1 [NON_LEADER]: Queue going to NON_LEADER mode. State: All replicated index: 0, Majority replicated index: 1, Committed index: 1, Last appended: 1.1, Last appended by leader: 1, Current term: 1, Majority size: -1, State: 0, Mode: NON_LEADER, active raft config: opid_index: -1 OBSOLETE_local: false peers { permanent_uuid: "219deb0e65294d689da31f41797c54d1" member_type: VOTER last_known_addr { host: "127.11.255.68" port: 42439 } } peers { permanent_uuid: "ab9dd94f03fb4657bd7c9e3e5fdc6803" member_type: VOTER last_known_addr { host: "127.11.255.65" port: 45483 } } peers { permanent_uuid: "966e7464ba8b4aa9930d40f850e7ca75" member_type: VOTER last_known_addr { host: "127.11.255.67" port: 34905 } }
I20260601 13:22:34.767557 15542 raft_consensus.cc:3060] T fbdb45cbd05f45f8b29d030ddf400cbd P 219deb0e65294d689da31f41797c54d1 [term 1 FOLLOWER]: Advancing to term 2
I20260601 13:22:34.768450 15542 raft_consensus.cc:2468] T fbdb45cbd05f45f8b29d030ddf400cbd P 219deb0e65294d689da31f41797c54d1 [term 2 FOLLOWER]: Leader election vote request: Granting yes vote for candidate 966e7464ba8b4aa9930d40f850e7ca75 in term 2.
I20260601 13:22:34.767001 15251 tablet_service.cc:1917] Received RequestConsensusVote() RPC: tablet_id: "fbdb45cbd05f45f8b29d030ddf400cbd" candidate_uuid: "966e7464ba8b4aa9930d40f850e7ca75" candidate_term: 2 candidate_status { last_received { term: 1 index: 1 } } ignore_live_leader: true dest_uuid: "ab9dd94f03fb4657bd7c9e3e5fdc6803"
I20260601 13:22:34.768666 15251 raft_consensus.cc:3060] T fbdb45cbd05f45f8b29d030ddf400cbd P ab9dd94f03fb4657bd7c9e3e5fdc6803 [term 1 FOLLOWER]: Advancing to term 2
I20260601 13:22:34.768784 15366 leader_election.cc:304] T fbdb45cbd05f45f8b29d030ddf400cbd P 966e7464ba8b4aa9930d40f850e7ca75 [CANDIDATE]: Term 2 election: Election decided. Result: candidate won. Election summary: received 2 responses out of 3 voters: 2 yes votes; 0 no votes. yes voters: 219deb0e65294d689da31f41797c54d1, 966e7464ba8b4aa9930d40f850e7ca75; no voters: 
I20260601 13:22:34.768957 15490 raft_consensus.cc:2804] T fbdb45cbd05f45f8b29d030ddf400cbd P 966e7464ba8b4aa9930d40f850e7ca75 [term 2 FOLLOWER]: Leader election won for term 2
I20260601 13:22:34.769047 15490 raft_consensus.cc:697] T fbdb45cbd05f45f8b29d030ddf400cbd P 966e7464ba8b4aa9930d40f850e7ca75 [term 2 LEADER]: Becoming Leader. State: Replica: 966e7464ba8b4aa9930d40f850e7ca75, State: Running, Role: LEADER
I20260601 13:22:34.769168 15490 consensus_queue.cc:237] T fbdb45cbd05f45f8b29d030ddf400cbd P 966e7464ba8b4aa9930d40f850e7ca75 [LEADER]: Queue going to LEADER mode. State: All replicated index: 0, Majority replicated index: 1, Committed index: 1, Last appended: 1.1, Last appended by leader: 1, Current term: 2, Majority size: 2, State: 0, Mode: LEADER, active raft config: opid_index: -1 OBSOLETE_local: false peers { permanent_uuid: "219deb0e65294d689da31f41797c54d1" member_type: VOTER last_known_addr { host: "127.11.255.68" port: 42439 } } peers { permanent_uuid: "ab9dd94f03fb4657bd7c9e3e5fdc6803" member_type: VOTER last_known_addr { host: "127.11.255.65" port: 45483 } } peers { permanent_uuid: "966e7464ba8b4aa9930d40f850e7ca75" member_type: VOTER last_known_addr { host: "127.11.255.67" port: 34905 } }
I20260601 13:22:34.769699 15251 raft_consensus.cc:2468] T fbdb45cbd05f45f8b29d030ddf400cbd P ab9dd94f03fb4657bd7c9e3e5fdc6803 [term 2 FOLLOWER]: Leader election vote request: Granting yes vote for candidate 966e7464ba8b4aa9930d40f850e7ca75 in term 2.
I20260601 13:22:34.770608 15147 catalog_manager.cc:5696] T fbdb45cbd05f45f8b29d030ddf400cbd P 966e7464ba8b4aa9930d40f850e7ca75 reported cstate change: term changed from 1 to 2, leader changed from 219deb0e65294d689da31f41797c54d1 (127.11.255.68) to 966e7464ba8b4aa9930d40f850e7ca75 (127.11.255.67). New cstate: current_term: 2 leader_uuid: "966e7464ba8b4aa9930d40f850e7ca75" committed_config { opid_index: -1 OBSOLETE_local: false peers { permanent_uuid: "219deb0e65294d689da31f41797c54d1" member_type: VOTER last_known_addr { host: "127.11.255.68" port: 42439 } health_report { overall_health: UNKNOWN } } peers { permanent_uuid: "ab9dd94f03fb4657bd7c9e3e5fdc6803" member_type: VOTER last_known_addr { host: "127.11.255.65" port: 45483 } health_report { overall_health: UNKNOWN } } peers { permanent_uuid: "966e7464ba8b4aa9930d40f850e7ca75" member_type: VOTER last_known_addr { host: "127.11.255.67" port: 34905 } health_report { overall_health: HEALTHY } } }
I20260601 13:22:34.887377 15643 consensus_queue.cc:1048] T 740f9727cb6048c78f2489d9212761ac P 17390b8bee294d0e9ee884059558d330 [LEADER]: Connected to new peer: Peer: permanent_uuid: "ab9dd94f03fb4657bd7c9e3e5fdc6803" member_type: VOTER last_known_addr { host: "127.11.255.65" port: 45483 }, Status: LMP_MISMATCH, Last received: 0.0, Next index: 1, Last known committed idx: 0, Time since last communication: 0.000s
I20260601 13:22:34.890720 15542 raft_consensus.cc:3060] T 740f9727cb6048c78f2489d9212761ac P 219deb0e65294d689da31f41797c54d1 [term 0 FOLLOWER]: Advancing to term 1
I20260601 13:22:34.891099 15462 raft_consensus.cc:993] T 740f9727cb6048c78f2489d9212761ac P 17390b8bee294d0e9ee884059558d330: : Instructing follower ab9dd94f03fb4657bd7c9e3e5fdc6803 to start an election
I20260601 13:22:34.891191 15462 raft_consensus.cc:1081] T 740f9727cb6048c78f2489d9212761ac P 17390b8bee294d0e9ee884059558d330 [term 1 LEADER]: Signalling peer ab9dd94f03fb4657bd7c9e3e5fdc6803 to start an election
I20260601 13:22:34.892163 15250 tablet_service.cc:2044] Received Run Leader Election RPC: tablet_id: "740f9727cb6048c78f2489d9212761ac"
dest_uuid: "ab9dd94f03fb4657bd7c9e3e5fdc6803"
 from {username='slave'} at 127.0.0.1:46838
I20260601 13:22:34.892264 15250 raft_consensus.cc:493] T 740f9727cb6048c78f2489d9212761ac P ab9dd94f03fb4657bd7c9e3e5fdc6803 [term 1 FOLLOWER]: Starting forced leader election (received explicit request)
I20260601 13:22:34.892313 15250 raft_consensus.cc:3060] T 740f9727cb6048c78f2489d9212761ac P ab9dd94f03fb4657bd7c9e3e5fdc6803 [term 1 FOLLOWER]: Advancing to term 2
I20260601 13:22:34.893195 15250 raft_consensus.cc:515] T 740f9727cb6048c78f2489d9212761ac P ab9dd94f03fb4657bd7c9e3e5fdc6803 [term 2 FOLLOWER]: Starting forced leader election with config: opid_index: -1 OBSOLETE_local: false peers { permanent_uuid: "219deb0e65294d689da31f41797c54d1" member_type: VOTER last_known_addr { host: "127.11.255.68" port: 42439 } } peers { permanent_uuid: "17390b8bee294d0e9ee884059558d330" member_type: VOTER last_known_addr { host: "127.11.255.66" port: 36159 } } peers { permanent_uuid: "ab9dd94f03fb4657bd7c9e3e5fdc6803" member_type: VOTER last_known_addr { host: "127.11.255.65" port: 45483 } }
I20260601 13:22:34.893585 15250 leader_election.cc:290] T 740f9727cb6048c78f2489d9212761ac P ab9dd94f03fb4657bd7c9e3e5fdc6803 [CANDIDATE]: Term 2 election: Requested vote from peers 219deb0e65294d689da31f41797c54d1 (127.11.255.68:42439), 17390b8bee294d0e9ee884059558d330 (127.11.255.66:36159)
I20260601 13:22:34.893842 15326 tablet_service.cc:1917] Received RequestConsensusVote() RPC: tablet_id: "740f9727cb6048c78f2489d9212761ac" candidate_uuid: "ab9dd94f03fb4657bd7c9e3e5fdc6803" candidate_term: 2 candidate_status { last_received { term: 1 index: 1 } } ignore_live_leader: true dest_uuid: "17390b8bee294d0e9ee884059558d330"
I20260601 13:22:34.893932 15326 raft_consensus.cc:3055] T 740f9727cb6048c78f2489d9212761ac P 17390b8bee294d0e9ee884059558d330 [term 1 LEADER]: Stepping down as leader of term 1
I20260601 13:22:34.893970 15326 raft_consensus.cc:740] T 740f9727cb6048c78f2489d9212761ac P 17390b8bee294d0e9ee884059558d330 [term 1 LEADER]: Becoming Follower/Learner. State: Replica: 17390b8bee294d0e9ee884059558d330, State: Running, Role: LEADER
I20260601 13:22:34.894089 15326 consensus_queue.cc:260] T 740f9727cb6048c78f2489d9212761ac P 17390b8bee294d0e9ee884059558d330 [NON_LEADER]: Queue going to NON_LEADER mode. State: All replicated index: 0, Majority replicated index: 1, Committed index: 1, Last appended: 1.1, Last appended by leader: 1, Current term: 1, Majority size: -1, State: 0, Mode: NON_LEADER, active raft config: opid_index: -1 OBSOLETE_local: false peers { permanent_uuid: "219deb0e65294d689da31f41797c54d1" member_type: VOTER last_known_addr { host: "127.11.255.68" port: 42439 } } peers { permanent_uuid: "17390b8bee294d0e9ee884059558d330" member_type: VOTER last_known_addr { host: "127.11.255.66" port: 36159 } } peers { permanent_uuid: "ab9dd94f03fb4657bd7c9e3e5fdc6803" member_type: VOTER last_known_addr { host: "127.11.255.65" port: 45483 } }
I20260601 13:22:34.894219 15326 raft_consensus.cc:3060] T 740f9727cb6048c78f2489d9212761ac P 17390b8bee294d0e9ee884059558d330 [term 1 FOLLOWER]: Advancing to term 2
I20260601 13:22:34.894366 15542 tablet_service.cc:1917] Received RequestConsensusVote() RPC: tablet_id: "740f9727cb6048c78f2489d9212761ac" candidate_uuid: "ab9dd94f03fb4657bd7c9e3e5fdc6803" candidate_term: 2 candidate_status { last_received { term: 1 index: 1 } } ignore_live_leader: true dest_uuid: "219deb0e65294d689da31f41797c54d1"
I20260601 13:22:34.894450 15542 raft_consensus.cc:3060] T 740f9727cb6048c78f2489d9212761ac P 219deb0e65294d689da31f41797c54d1 [term 1 FOLLOWER]: Advancing to term 2
I20260601 13:22:34.894529 15490 consensus_queue.cc:1048] T f3faebb5e92d4ca89a866684f6b492ad P 966e7464ba8b4aa9930d40f850e7ca75 [LEADER]: Connected to new peer: Peer: permanent_uuid: "ab9dd94f03fb4657bd7c9e3e5fdc6803" member_type: VOTER last_known_addr { host: "127.11.255.65" port: 45483 }, Status: LMP_MISMATCH, Last received: 0.0, Next index: 1, Last known committed idx: 0, Time since last communication: 0.000s
I20260601 13:22:34.895069 15326 raft_consensus.cc:2468] T 740f9727cb6048c78f2489d9212761ac P 17390b8bee294d0e9ee884059558d330 [term 2 FOLLOWER]: Leader election vote request: Granting yes vote for candidate ab9dd94f03fb4657bd7c9e3e5fdc6803 in term 2.
I20260601 13:22:34.895112 15542 raft_consensus.cc:2468] T 740f9727cb6048c78f2489d9212761ac P 219deb0e65294d689da31f41797c54d1 [term 2 FOLLOWER]: Leader election vote request: Granting yes vote for candidate ab9dd94f03fb4657bd7c9e3e5fdc6803 in term 2.
I20260601 13:22:34.895327 15215 leader_election.cc:304] T 740f9727cb6048c78f2489d9212761ac P ab9dd94f03fb4657bd7c9e3e5fdc6803 [CANDIDATE]: Term 2 election: Election decided. Result: candidate won. Election summary: received 2 responses out of 3 voters: 2 yes votes; 0 no votes. yes voters: 219deb0e65294d689da31f41797c54d1, ab9dd94f03fb4657bd7c9e3e5fdc6803; no voters: 
I20260601 13:22:34.895473 15608 raft_consensus.cc:2804] T 740f9727cb6048c78f2489d9212761ac P ab9dd94f03fb4657bd7c9e3e5fdc6803 [term 2 FOLLOWER]: Leader election won for term 2
I20260601 13:22:34.895539 15608 raft_consensus.cc:697] T 740f9727cb6048c78f2489d9212761ac P ab9dd94f03fb4657bd7c9e3e5fdc6803 [term 2 LEADER]: Becoming Leader. State: Replica: ab9dd94f03fb4657bd7c9e3e5fdc6803, State: Running, Role: LEADER
I20260601 13:22:34.895649 15608 consensus_queue.cc:237] T 740f9727cb6048c78f2489d9212761ac P ab9dd94f03fb4657bd7c9e3e5fdc6803 [LEADER]: Queue going to LEADER mode. State: All replicated index: 0, Majority replicated index: 1, Committed index: 1, Last appended: 1.1, Last appended by leader: 1, Current term: 2, Majority size: 2, State: 0, Mode: LEADER, active raft config: opid_index: -1 OBSOLETE_local: false peers { permanent_uuid: "219deb0e65294d689da31f41797c54d1" member_type: VOTER last_known_addr { host: "127.11.255.68" port: 42439 } } peers { permanent_uuid: "17390b8bee294d0e9ee884059558d330" member_type: VOTER last_known_addr { host: "127.11.255.66" port: 36159 } } peers { permanent_uuid: "ab9dd94f03fb4657bd7c9e3e5fdc6803" member_type: VOTER last_known_addr { host: "127.11.255.65" port: 45483 } }
I20260601 13:22:34.897110 15453 consensus_queue.cc:1048] T f3faebb5e92d4ca89a866684f6b492ad P 966e7464ba8b4aa9930d40f850e7ca75 [LEADER]: Connected to new peer: Peer: permanent_uuid: "219deb0e65294d689da31f41797c54d1" member_type: VOTER last_known_addr { host: "127.11.255.68" port: 42439 }, Status: LMP_MISMATCH, Last received: 0.0, Next index: 1, Last known committed idx: 0, Time since last communication: 0.000s
I20260601 13:22:34.897485 15146 catalog_manager.cc:5696] T 740f9727cb6048c78f2489d9212761ac P ab9dd94f03fb4657bd7c9e3e5fdc6803 reported cstate change: term changed from 1 to 2, leader changed from 17390b8bee294d0e9ee884059558d330 (127.11.255.66) to ab9dd94f03fb4657bd7c9e3e5fdc6803 (127.11.255.65). New cstate: current_term: 2 leader_uuid: "ab9dd94f03fb4657bd7c9e3e5fdc6803" committed_config { opid_index: -1 OBSOLETE_local: false peers { permanent_uuid: "219deb0e65294d689da31f41797c54d1" member_type: VOTER last_known_addr { host: "127.11.255.68" port: 42439 } health_report { overall_health: UNKNOWN } } peers { permanent_uuid: "17390b8bee294d0e9ee884059558d330" member_type: VOTER last_known_addr { host: "127.11.255.66" port: 36159 } health_report { overall_health: UNKNOWN } } peers { permanent_uuid: "ab9dd94f03fb4657bd7c9e3e5fdc6803" member_type: VOTER last_known_addr { host: "127.11.255.65" port: 45483 } health_report { overall_health: HEALTHY } } }
I20260601 13:22:34.977728 15637 consensus_queue.cc:1048] T 8c9f8fdde63a4a4cb5c53f97c0258f5f P 219deb0e65294d689da31f41797c54d1 [LEADER]: Connected to new peer: Peer: permanent_uuid: "ab9dd94f03fb4657bd7c9e3e5fdc6803" member_type: VOTER last_known_addr { host: "127.11.255.65" port: 45483 }, Status: LMP_MISMATCH, Last received: 0.0, Next index: 1, Last known committed idx: 0, Time since last communication: 0.000s
I20260601 13:22:34.980786 15637 consensus_queue.cc:1048] T 8c9f8fdde63a4a4cb5c53f97c0258f5f P 219deb0e65294d689da31f41797c54d1 [LEADER]: Connected to new peer: Peer: permanent_uuid: "17390b8bee294d0e9ee884059558d330" member_type: VOTER last_known_addr { host: "127.11.255.66" port: 36159 }, Status: LMP_MISMATCH, Last received: 0.0, Next index: 1, Last known committed idx: 0, Time since last communication: 0.000s
I20260601 13:22:34.982836 15589 consensus_queue.cc:1048] T b09238e1d7f744f482cc4bfc3b01f9f0 P 219deb0e65294d689da31f41797c54d1 [LEADER]: Connected to new peer: Peer: permanent_uuid: "17390b8bee294d0e9ee884059558d330" member_type: VOTER last_known_addr { host: "127.11.255.66" port: 36159 }, Status: LMP_MISMATCH, Last received: 0.0, Next index: 1, Last known committed idx: 0, Time since last communication: 0.000s
I20260601 13:22:34.985432 15601 consensus_queue.cc:1048] T b09238e1d7f744f482cc4bfc3b01f9f0 P 219deb0e65294d689da31f41797c54d1 [LEADER]: Connected to new peer: Peer: permanent_uuid: "966e7464ba8b4aa9930d40f850e7ca75" member_type: VOTER last_known_addr { host: "127.11.255.67" port: 34905 }, Status: LMP_MISMATCH, Last received: 0.0, Next index: 1, Last known committed idx: 0, Time since last communication: 0.000s
I20260601 13:22:34.994685 15651 ts_tablet_manager.cc:933] T 63bc146ace5b4dadbd198fef18cd57aa P 219deb0e65294d689da31f41797c54d1: Initiating tablet copy from peer 17390b8bee294d0e9ee884059558d330 (127.11.255.66:36159)
I20260601 13:22:34.995069 15651 tablet_copy_client.cc:323] T 63bc146ace5b4dadbd198fef18cd57aa P 219deb0e65294d689da31f41797c54d1: tablet copy: Beginning tablet copy session from remote peer at address 127.11.255.66:36159
I20260601 13:22:34.995535 15337 tablet_copy_service.cc:140] P 17390b8bee294d0e9ee884059558d330: Received BeginTabletCopySession request for tablet 63bc146ace5b4dadbd198fef18cd57aa from peer 219deb0e65294d689da31f41797c54d1 ({username='slave'} at 127.0.0.1:49040)
I20260601 13:22:34.995622 15337 tablet_copy_service.cc:161] P 17390b8bee294d0e9ee884059558d330: Beginning new tablet copy session on tablet 63bc146ace5b4dadbd198fef18cd57aa from peer 219deb0e65294d689da31f41797c54d1 at {username='slave'} at 127.0.0.1:49040: session id = 219deb0e65294d689da31f41797c54d1-63bc146ace5b4dadbd198fef18cd57aa
I20260601 13:22:34.996404 15337 tablet_copy_source_session.cc:215] T 63bc146ace5b4dadbd198fef18cd57aa P 17390b8bee294d0e9ee884059558d330: Tablet Copy: opened 0 blocks and 1 log segments
I20260601 13:22:34.997179 15651 data_dirs.cc:400] Could only allocate 1 dirs of requested 3 for tablet 63bc146ace5b4dadbd198fef18cd57aa. 1 dirs total, 0 dirs full, 0 dirs failed
I20260601 13:22:34.998858 15651 tablet_copy_client.cc:806] T 63bc146ace5b4dadbd198fef18cd57aa P 219deb0e65294d689da31f41797c54d1: tablet copy: Starting download of 0 data blocks...
I20260601 13:22:34.998997 15651 tablet_copy_client.cc:670] T 63bc146ace5b4dadbd198fef18cd57aa P 219deb0e65294d689da31f41797c54d1: tablet copy: Starting download of 1 WAL segments...
I20260601 13:22:35.000056 15651 tablet_copy_client.cc:538] T 63bc146ace5b4dadbd198fef18cd57aa P 219deb0e65294d689da31f41797c54d1: tablet copy: Tablet Copy complete. Replacing tablet superblock.
I20260601 13:22:35.001219 15651 tablet_bootstrap.cc:492] T 63bc146ace5b4dadbd198fef18cd57aa P 219deb0e65294d689da31f41797c54d1: Bootstrap starting.
I20260601 13:22:35.004480 15651 tablet_bootstrap.cc:492] T 63bc146ace5b4dadbd198fef18cd57aa P 219deb0e65294d689da31f41797c54d1: Bootstrap replayed 1/1 log segments. Stats: ops{read=2 overwritten=0 applied=2 ignored=0} inserts{seen=0 ignored=0} mutations{seen=0 ignored=0} orphaned_commits=0. Pending: 0 replicates
I20260601 13:22:35.004720 15651 tablet_bootstrap.cc:492] T 63bc146ace5b4dadbd198fef18cd57aa P 219deb0e65294d689da31f41797c54d1: Bootstrap complete.
I20260601 13:22:35.004870 15651 ts_tablet_manager.cc:1403] T 63bc146ace5b4dadbd198fef18cd57aa P 219deb0e65294d689da31f41797c54d1: Time spent bootstrapping tablet: real 0.004s	user 0.003s	sys 0.000s
I20260601 13:22:35.005321 15651 raft_consensus.cc:359] T 63bc146ace5b4dadbd198fef18cd57aa P 219deb0e65294d689da31f41797c54d1 [term 1 LEARNER]: Replica starting. Triggering 0 pending ops. Active config: opid_index: 2 OBSOLETE_local: false peers { permanent_uuid: "ab9dd94f03fb4657bd7c9e3e5fdc6803" member_type: VOTER last_known_addr { host: "127.11.255.65" port: 45483 } attrs { replace: true } } peers { permanent_uuid: "17390b8bee294d0e9ee884059558d330" member_type: VOTER last_known_addr { host: "127.11.255.66" port: 36159 } } peers { permanent_uuid: "966e7464ba8b4aa9930d40f850e7ca75" member_type: VOTER last_known_addr { host: "127.11.255.67" port: 34905 } } peers { permanent_uuid: "219deb0e65294d689da31f41797c54d1" member_type: NON_VOTER last_known_addr { host: "127.11.255.68" port: 42439 } attrs { promote: true } }
I20260601 13:22:35.005471 15651 raft_consensus.cc:740] T 63bc146ace5b4dadbd198fef18cd57aa P 219deb0e65294d689da31f41797c54d1 [term 1 LEARNER]: Becoming Follower/Learner. State: Replica: 219deb0e65294d689da31f41797c54d1, State: Initialized, Role: LEARNER
I20260601 13:22:35.005585 15651 consensus_queue.cc:260] T 63bc146ace5b4dadbd198fef18cd57aa P 219deb0e65294d689da31f41797c54d1 [NON_LEADER]: Queue going to NON_LEADER mode. State: All replicated index: 0, Majority replicated index: 0, Committed index: 2, Last appended: 1.2, Last appended by leader: 2, Current term: 0, Majority size: -1, State: 0, Mode: NON_LEADER, active raft config: opid_index: 2 OBSOLETE_local: false peers { permanent_uuid: "ab9dd94f03fb4657bd7c9e3e5fdc6803" member_type: VOTER last_known_addr { host: "127.11.255.65" port: 45483 } attrs { replace: true } } peers { permanent_uuid: "17390b8bee294d0e9ee884059558d330" member_type: VOTER last_known_addr { host: "127.11.255.66" port: 36159 } } peers { permanent_uuid: "966e7464ba8b4aa9930d40f850e7ca75" member_type: VOTER last_known_addr { host: "127.11.255.67" port: 34905 } } peers { permanent_uuid: "219deb0e65294d689da31f41797c54d1" member_type: NON_VOTER last_known_addr { host: "127.11.255.68" port: 42439 } attrs { promote: true } }
I20260601 13:22:35.005932 15651 ts_tablet_manager.cc:1434] T 63bc146ace5b4dadbd198fef18cd57aa P 219deb0e65294d689da31f41797c54d1: Time spent starting tablet: real 0.001s	user 0.002s	sys 0.000s
I20260601 13:22:35.006345 15337 tablet_copy_service.cc:342] P 17390b8bee294d0e9ee884059558d330: Request end of tablet copy session 219deb0e65294d689da31f41797c54d1-63bc146ace5b4dadbd198fef18cd57aa received from {username='slave'} at 127.0.0.1:49040
I20260601 13:22:35.006433 15337 tablet_copy_service.cc:434] P 17390b8bee294d0e9ee884059558d330: ending tablet copy session 219deb0e65294d689da31f41797c54d1-63bc146ace5b4dadbd198fef18cd57aa on tablet 63bc146ace5b4dadbd198fef18cd57aa with peer 219deb0e65294d689da31f41797c54d1
I20260601 13:22:35.170522 15651 ts_tablet_manager.cc:933] T 3c722b83651547b58427edd6df2ec9fb P 219deb0e65294d689da31f41797c54d1: Initiating tablet copy from peer 966e7464ba8b4aa9930d40f850e7ca75 (127.11.255.67:34905)
I20260601 13:22:35.171465 15651 tablet_copy_client.cc:323] T 3c722b83651547b58427edd6df2ec9fb P 219deb0e65294d689da31f41797c54d1: tablet copy: Beginning tablet copy session from remote peer at address 127.11.255.67:34905
I20260601 13:22:35.171869 15412 tablet_copy_service.cc:140] P 966e7464ba8b4aa9930d40f850e7ca75: Received BeginTabletCopySession request for tablet 3c722b83651547b58427edd6df2ec9fb from peer 219deb0e65294d689da31f41797c54d1 ({username='slave'} at 127.0.0.1:40850)
I20260601 13:22:35.171973 15412 tablet_copy_service.cc:161] P 966e7464ba8b4aa9930d40f850e7ca75: Beginning new tablet copy session on tablet 3c722b83651547b58427edd6df2ec9fb from peer 219deb0e65294d689da31f41797c54d1 at {username='slave'} at 127.0.0.1:40850: session id = 219deb0e65294d689da31f41797c54d1-3c722b83651547b58427edd6df2ec9fb
I20260601 13:22:35.172905 15412 tablet_copy_source_session.cc:215] T 3c722b83651547b58427edd6df2ec9fb P 966e7464ba8b4aa9930d40f850e7ca75: Tablet Copy: opened 0 blocks and 1 log segments
I20260601 13:22:35.173630 15651 data_dirs.cc:400] Could only allocate 1 dirs of requested 3 for tablet 3c722b83651547b58427edd6df2ec9fb. 1 dirs total, 0 dirs full, 0 dirs failed
I20260601 13:22:35.175475 15651 tablet_copy_client.cc:806] T 3c722b83651547b58427edd6df2ec9fb P 219deb0e65294d689da31f41797c54d1: tablet copy: Starting download of 0 data blocks...
I20260601 13:22:35.175609 15651 tablet_copy_client.cc:670] T 3c722b83651547b58427edd6df2ec9fb P 219deb0e65294d689da31f41797c54d1: tablet copy: Starting download of 1 WAL segments...
I20260601 13:22:35.176605 15651 tablet_copy_client.cc:538] T 3c722b83651547b58427edd6df2ec9fb P 219deb0e65294d689da31f41797c54d1: tablet copy: Tablet Copy complete. Replacing tablet superblock.
I20260601 13:22:35.177641 15651 tablet_bootstrap.cc:492] T 3c722b83651547b58427edd6df2ec9fb P 219deb0e65294d689da31f41797c54d1: Bootstrap starting.
I20260601 13:22:35.180491 15651 tablet_bootstrap.cc:492] T 3c722b83651547b58427edd6df2ec9fb P 219deb0e65294d689da31f41797c54d1: Bootstrap replayed 1/1 log segments. Stats: ops{read=2 overwritten=0 applied=2 ignored=0} inserts{seen=0 ignored=0} mutations{seen=0 ignored=0} orphaned_commits=0. Pending: 0 replicates
I20260601 13:22:35.180691 15651 tablet_bootstrap.cc:492] T 3c722b83651547b58427edd6df2ec9fb P 219deb0e65294d689da31f41797c54d1: Bootstrap complete.
I20260601 13:22:35.180828 15651 ts_tablet_manager.cc:1403] T 3c722b83651547b58427edd6df2ec9fb P 219deb0e65294d689da31f41797c54d1: Time spent bootstrapping tablet: real 0.003s	user 0.002s	sys 0.000s
I20260601 13:22:35.181200 15651 raft_consensus.cc:359] T 3c722b83651547b58427edd6df2ec9fb P 219deb0e65294d689da31f41797c54d1 [term 1 LEARNER]: Replica starting. Triggering 0 pending ops. Active config: opid_index: 2 OBSOLETE_local: false peers { permanent_uuid: "ab9dd94f03fb4657bd7c9e3e5fdc6803" member_type: VOTER last_known_addr { host: "127.11.255.65" port: 45483 } attrs { replace: true } } peers { permanent_uuid: "17390b8bee294d0e9ee884059558d330" member_type: VOTER last_known_addr { host: "127.11.255.66" port: 36159 } } peers { permanent_uuid: "966e7464ba8b4aa9930d40f850e7ca75" member_type: VOTER last_known_addr { host: "127.11.255.67" port: 34905 } } peers { permanent_uuid: "219deb0e65294d689da31f41797c54d1" member_type: NON_VOTER last_known_addr { host: "127.11.255.68" port: 42439 } attrs { promote: true } }
I20260601 13:22:35.181304 15651 raft_consensus.cc:740] T 3c722b83651547b58427edd6df2ec9fb P 219deb0e65294d689da31f41797c54d1 [term 1 LEARNER]: Becoming Follower/Learner. State: Replica: 219deb0e65294d689da31f41797c54d1, State: Initialized, Role: LEARNER
I20260601 13:22:35.181391 15651 consensus_queue.cc:260] T 3c722b83651547b58427edd6df2ec9fb P 219deb0e65294d689da31f41797c54d1 [NON_LEADER]: Queue going to NON_LEADER mode. State: All replicated index: 0, Majority replicated index: 0, Committed index: 2, Last appended: 1.2, Last appended by leader: 2, Current term: 0, Majority size: -1, State: 0, Mode: NON_LEADER, active raft config: opid_index: 2 OBSOLETE_local: false peers { permanent_uuid: "ab9dd94f03fb4657bd7c9e3e5fdc6803" member_type: VOTER last_known_addr { host: "127.11.255.65" port: 45483 } attrs { replace: true } } peers { permanent_uuid: "17390b8bee294d0e9ee884059558d330" member_type: VOTER last_known_addr { host: "127.11.255.66" port: 36159 } } peers { permanent_uuid: "966e7464ba8b4aa9930d40f850e7ca75" member_type: VOTER last_known_addr { host: "127.11.255.67" port: 34905 } } peers { permanent_uuid: "219deb0e65294d689da31f41797c54d1" member_type: NON_VOTER last_known_addr { host: "127.11.255.68" port: 42439 } attrs { promote: true } }
I20260601 13:22:35.181700 15651 ts_tablet_manager.cc:1434] T 3c722b83651547b58427edd6df2ec9fb P 219deb0e65294d689da31f41797c54d1: Time spent starting tablet: real 0.001s	user 0.000s	sys 0.002s
I20260601 13:22:35.182196 15412 tablet_copy_service.cc:342] P 966e7464ba8b4aa9930d40f850e7ca75: Request end of tablet copy session 219deb0e65294d689da31f41797c54d1-3c722b83651547b58427edd6df2ec9fb received from {username='slave'} at 127.0.0.1:40850
I20260601 13:22:35.182277 15412 tablet_copy_service.cc:434] P 966e7464ba8b4aa9930d40f850e7ca75: ending tablet copy session 219deb0e65294d689da31f41797c54d1-3c722b83651547b58427edd6df2ec9fb on tablet 3c722b83651547b58427edd6df2ec9fb with peer 219deb0e65294d689da31f41797c54d1
I20260601 13:22:35.189821 15651 ts_tablet_manager.cc:933] T acbfddd87e324cee8143703de896a628 P 219deb0e65294d689da31f41797c54d1: Initiating tablet copy from peer ab9dd94f03fb4657bd7c9e3e5fdc6803 (127.11.255.65:45483)
I20260601 13:22:35.190145 15651 tablet_copy_client.cc:323] T acbfddd87e324cee8143703de896a628 P 219deb0e65294d689da31f41797c54d1: tablet copy: Beginning tablet copy session from remote peer at address 127.11.255.65:45483
I20260601 13:22:35.190560 15261 tablet_copy_service.cc:140] P ab9dd94f03fb4657bd7c9e3e5fdc6803: Received BeginTabletCopySession request for tablet acbfddd87e324cee8143703de896a628 from peer 219deb0e65294d689da31f41797c54d1 ({username='slave'} at 127.0.0.1:46858)
I20260601 13:22:35.190644 15261 tablet_copy_service.cc:161] P ab9dd94f03fb4657bd7c9e3e5fdc6803: Beginning new tablet copy session on tablet acbfddd87e324cee8143703de896a628 from peer 219deb0e65294d689da31f41797c54d1 at {username='slave'} at 127.0.0.1:46858: session id = 219deb0e65294d689da31f41797c54d1-acbfddd87e324cee8143703de896a628
I20260601 13:22:35.191458 15261 tablet_copy_source_session.cc:215] T acbfddd87e324cee8143703de896a628 P ab9dd94f03fb4657bd7c9e3e5fdc6803: Tablet Copy: opened 0 blocks and 1 log segments
I20260601 13:22:35.192175 15651 data_dirs.cc:400] Could only allocate 1 dirs of requested 3 for tablet acbfddd87e324cee8143703de896a628. 1 dirs total, 0 dirs full, 0 dirs failed
I20260601 13:22:35.193809 15651 tablet_copy_client.cc:806] T acbfddd87e324cee8143703de896a628 P 219deb0e65294d689da31f41797c54d1: tablet copy: Starting download of 0 data blocks...
I20260601 13:22:35.193971 15651 tablet_copy_client.cc:670] T acbfddd87e324cee8143703de896a628 P 219deb0e65294d689da31f41797c54d1: tablet copy: Starting download of 1 WAL segments...
I20260601 13:22:35.195019 15651 tablet_copy_client.cc:538] T acbfddd87e324cee8143703de896a628 P 219deb0e65294d689da31f41797c54d1: tablet copy: Tablet Copy complete. Replacing tablet superblock.
I20260601 13:22:35.196072 15651 tablet_bootstrap.cc:492] T acbfddd87e324cee8143703de896a628 P 219deb0e65294d689da31f41797c54d1: Bootstrap starting.
I20260601 13:22:35.196638 15658 ts_tablet_manager.cc:933] T f7267946ae624fa7989ee9e15e5bee2b P 219deb0e65294d689da31f41797c54d1: Initiating tablet copy from peer ab9dd94f03fb4657bd7c9e3e5fdc6803 (127.11.255.65:45483)
I20260601 13:22:35.197013 15658 tablet_copy_client.cc:323] T f7267946ae624fa7989ee9e15e5bee2b P 219deb0e65294d689da31f41797c54d1: tablet copy: Beginning tablet copy session from remote peer at address 127.11.255.65:45483
I20260601 13:22:35.197453 15261 tablet_copy_service.cc:140] P ab9dd94f03fb4657bd7c9e3e5fdc6803: Received BeginTabletCopySession request for tablet f7267946ae624fa7989ee9e15e5bee2b from peer 219deb0e65294d689da31f41797c54d1 ({username='slave'} at 127.0.0.1:46858)
I20260601 13:22:35.197562 15261 tablet_copy_service.cc:161] P ab9dd94f03fb4657bd7c9e3e5fdc6803: Beginning new tablet copy session on tablet f7267946ae624fa7989ee9e15e5bee2b from peer 219deb0e65294d689da31f41797c54d1 at {username='slave'} at 127.0.0.1:46858: session id = 219deb0e65294d689da31f41797c54d1-f7267946ae624fa7989ee9e15e5bee2b
I20260601 13:22:35.198369 15261 tablet_copy_source_session.cc:215] T f7267946ae624fa7989ee9e15e5bee2b P ab9dd94f03fb4657bd7c9e3e5fdc6803: Tablet Copy: opened 0 blocks and 1 log segments
I20260601 13:22:35.199064 15658 data_dirs.cc:400] Could only allocate 1 dirs of requested 3 for tablet f7267946ae624fa7989ee9e15e5bee2b. 1 dirs total, 0 dirs full, 0 dirs failed
I20260601 13:22:35.199465 15651 tablet_bootstrap.cc:492] T acbfddd87e324cee8143703de896a628 P 219deb0e65294d689da31f41797c54d1: Bootstrap replayed 1/1 log segments. Stats: ops{read=2 overwritten=0 applied=2 ignored=0} inserts{seen=0 ignored=0} mutations{seen=0 ignored=0} orphaned_commits=0. Pending: 0 replicates
I20260601 13:22:35.199690 15651 tablet_bootstrap.cc:492] T acbfddd87e324cee8143703de896a628 P 219deb0e65294d689da31f41797c54d1: Bootstrap complete.
I20260601 13:22:35.199846 15651 ts_tablet_manager.cc:1403] T acbfddd87e324cee8143703de896a628 P 219deb0e65294d689da31f41797c54d1: Time spent bootstrapping tablet: real 0.004s	user 0.003s	sys 0.000s
I20260601 13:22:35.200290 15651 raft_consensus.cc:359] T acbfddd87e324cee8143703de896a628 P 219deb0e65294d689da31f41797c54d1 [term 1 LEARNER]: Replica starting. Triggering 0 pending ops. Active config: opid_index: 2 OBSOLETE_local: false peers { permanent_uuid: "ab9dd94f03fb4657bd7c9e3e5fdc6803" member_type: VOTER last_known_addr { host: "127.11.255.65" port: 45483 } } peers { permanent_uuid: "17390b8bee294d0e9ee884059558d330" member_type: VOTER last_known_addr { host: "127.11.255.66" port: 36159 } attrs { replace: true } } peers { permanent_uuid: "966e7464ba8b4aa9930d40f850e7ca75" member_type: VOTER last_known_addr { host: "127.11.255.67" port: 34905 } } peers { permanent_uuid: "219deb0e65294d689da31f41797c54d1" member_type: NON_VOTER last_known_addr { host: "127.11.255.68" port: 42439 } attrs { promote: true } }
I20260601 13:22:35.200407 15651 raft_consensus.cc:740] T acbfddd87e324cee8143703de896a628 P 219deb0e65294d689da31f41797c54d1 [term 1 LEARNER]: Becoming Follower/Learner. State: Replica: 219deb0e65294d689da31f41797c54d1, State: Initialized, Role: LEARNER
I20260601 13:22:35.200505 15651 consensus_queue.cc:260] T acbfddd87e324cee8143703de896a628 P 219deb0e65294d689da31f41797c54d1 [NON_LEADER]: Queue going to NON_LEADER mode. State: All replicated index: 0, Majority replicated index: 0, Committed index: 2, Last appended: 1.2, Last appended by leader: 2, Current term: 0, Majority size: -1, State: 0, Mode: NON_LEADER, active raft config: opid_index: 2 OBSOLETE_local: false peers { permanent_uuid: "ab9dd94f03fb4657bd7c9e3e5fdc6803" member_type: VOTER last_known_addr { host: "127.11.255.65" port: 45483 } } peers { permanent_uuid: "17390b8bee294d0e9ee884059558d330" member_type: VOTER last_known_addr { host: "127.11.255.66" port: 36159 } attrs { replace: true } } peers { permanent_uuid: "966e7464ba8b4aa9930d40f850e7ca75" member_type: VOTER last_known_addr { host: "127.11.255.67" port: 34905 } } peers { permanent_uuid: "219deb0e65294d689da31f41797c54d1" member_type: NON_VOTER last_known_addr { host: "127.11.255.68" port: 42439 } attrs { promote: true } }
I20260601 13:22:35.201023 15658 tablet_copy_client.cc:806] T f7267946ae624fa7989ee9e15e5bee2b P 219deb0e65294d689da31f41797c54d1: tablet copy: Starting download of 0 data blocks...
I20260601 13:22:35.201153 15658 tablet_copy_client.cc:670] T f7267946ae624fa7989ee9e15e5bee2b P 219deb0e65294d689da31f41797c54d1: tablet copy: Starting download of 1 WAL segments...
I20260601 13:22:35.201169 15651 ts_tablet_manager.cc:1434] T acbfddd87e324cee8143703de896a628 P 219deb0e65294d689da31f41797c54d1: Time spent starting tablet: real 0.001s	user 0.002s	sys 0.000s
I20260601 13:22:35.201628 15261 tablet_copy_service.cc:342] P ab9dd94f03fb4657bd7c9e3e5fdc6803: Request end of tablet copy session 219deb0e65294d689da31f41797c54d1-acbfddd87e324cee8143703de896a628 received from {username='slave'} at 127.0.0.1:46858
I20260601 13:22:35.201713 15261 tablet_copy_service.cc:434] P ab9dd94f03fb4657bd7c9e3e5fdc6803: ending tablet copy session 219deb0e65294d689da31f41797c54d1-acbfddd87e324cee8143703de896a628 on tablet acbfddd87e324cee8143703de896a628 with peer 219deb0e65294d689da31f41797c54d1
I20260601 13:22:35.202435 15658 tablet_copy_client.cc:538] T f7267946ae624fa7989ee9e15e5bee2b P 219deb0e65294d689da31f41797c54d1: tablet copy: Tablet Copy complete. Replacing tablet superblock.
I20260601 13:22:35.203703 15658 tablet_bootstrap.cc:492] T f7267946ae624fa7989ee9e15e5bee2b P 219deb0e65294d689da31f41797c54d1: Bootstrap starting.
I20260601 13:22:35.207317 15658 tablet_bootstrap.cc:492] T f7267946ae624fa7989ee9e15e5bee2b P 219deb0e65294d689da31f41797c54d1: Bootstrap replayed 1/1 log segments. Stats: ops{read=2 overwritten=0 applied=2 ignored=0} inserts{seen=0 ignored=0} mutations{seen=0 ignored=0} orphaned_commits=0. Pending: 0 replicates
I20260601 13:22:35.207569 15658 tablet_bootstrap.cc:492] T f7267946ae624fa7989ee9e15e5bee2b P 219deb0e65294d689da31f41797c54d1: Bootstrap complete.
I20260601 13:22:35.207723 15658 ts_tablet_manager.cc:1403] T f7267946ae624fa7989ee9e15e5bee2b P 219deb0e65294d689da31f41797c54d1: Time spent bootstrapping tablet: real 0.004s	user 0.003s	sys 0.000s
I20260601 13:22:35.208168 15658 raft_consensus.cc:359] T f7267946ae624fa7989ee9e15e5bee2b P 219deb0e65294d689da31f41797c54d1 [term 1 LEARNER]: Replica starting. Triggering 0 pending ops. Active config: opid_index: 2 OBSOLETE_local: false peers { permanent_uuid: "ab9dd94f03fb4657bd7c9e3e5fdc6803" member_type: VOTER last_known_addr { host: "127.11.255.65" port: 45483 } } peers { permanent_uuid: "17390b8bee294d0e9ee884059558d330" member_type: VOTER last_known_addr { host: "127.11.255.66" port: 36159 } } peers { permanent_uuid: "966e7464ba8b4aa9930d40f850e7ca75" member_type: VOTER last_known_addr { host: "127.11.255.67" port: 34905 } attrs { replace: true } } peers { permanent_uuid: "219deb0e65294d689da31f41797c54d1" member_type: NON_VOTER last_known_addr { host: "127.11.255.68" port: 42439 } attrs { promote: true } }
I20260601 13:22:35.208299 15658 raft_consensus.cc:740] T f7267946ae624fa7989ee9e15e5bee2b P 219deb0e65294d689da31f41797c54d1 [term 1 LEARNER]: Becoming Follower/Learner. State: Replica: 219deb0e65294d689da31f41797c54d1, State: Initialized, Role: LEARNER
I20260601 13:22:35.208395 15658 consensus_queue.cc:260] T f7267946ae624fa7989ee9e15e5bee2b P 219deb0e65294d689da31f41797c54d1 [NON_LEADER]: Queue going to NON_LEADER mode. State: All replicated index: 0, Majority replicated index: 0, Committed index: 2, Last appended: 1.2, Last appended by leader: 2, Current term: 0, Majority size: -1, State: 0, Mode: NON_LEADER, active raft config: opid_index: 2 OBSOLETE_local: false peers { permanent_uuid: "ab9dd94f03fb4657bd7c9e3e5fdc6803" member_type: VOTER last_known_addr { host: "127.11.255.65" port: 45483 } } peers { permanent_uuid: "17390b8bee294d0e9ee884059558d330" member_type: VOTER last_known_addr { host: "127.11.255.66" port: 36159 } } peers { permanent_uuid: "966e7464ba8b4aa9930d40f850e7ca75" member_type: VOTER last_known_addr { host: "127.11.255.67" port: 34905 } attrs { replace: true } } peers { permanent_uuid: "219deb0e65294d689da31f41797c54d1" member_type: NON_VOTER last_known_addr { host: "127.11.255.68" port: 42439 } attrs { promote: true } }
I20260601 13:22:35.208681 15658 ts_tablet_manager.cc:1434] T f7267946ae624fa7989ee9e15e5bee2b P 219deb0e65294d689da31f41797c54d1: Time spent starting tablet: real 0.001s	user 0.000s	sys 0.000s
I20260601 13:22:35.209762 15261 tablet_copy_service.cc:342] P ab9dd94f03fb4657bd7c9e3e5fdc6803: Request end of tablet copy session 219deb0e65294d689da31f41797c54d1-f7267946ae624fa7989ee9e15e5bee2b received from {username='slave'} at 127.0.0.1:46858
I20260601 13:22:35.209837 15261 tablet_copy_service.cc:434] P ab9dd94f03fb4657bd7c9e3e5fdc6803: ending tablet copy session 219deb0e65294d689da31f41797c54d1-f7267946ae624fa7989ee9e15e5bee2b on tablet f7267946ae624fa7989ee9e15e5bee2b with peer 219deb0e65294d689da31f41797c54d1
I20260601 13:22:35.294255 15543 raft_consensus.cc:1275] T fbdb45cbd05f45f8b29d030ddf400cbd P 219deb0e65294d689da31f41797c54d1 [term 2 FOLLOWER]: Refusing update from remote peer 966e7464ba8b4aa9930d40f850e7ca75: Log matching property violated. Preceding OpId in replica: term: 1 index: 1. Preceding OpId from leader: term: 2 index: 2. (index mismatch)
I20260601 13:22:35.294727 15453 consensus_queue.cc:1048] T fbdb45cbd05f45f8b29d030ddf400cbd P 966e7464ba8b4aa9930d40f850e7ca75 [LEADER]: Connected to new peer: Peer: permanent_uuid: "219deb0e65294d689da31f41797c54d1" member_type: VOTER last_known_addr { host: "127.11.255.68" port: 42439 }, Status: LMP_MISMATCH, Last received: 0.0, Next index: 2, Last known committed idx: 1, Time since last communication: 0.000s
I20260601 13:22:35.297535 15250 raft_consensus.cc:1275] T fbdb45cbd05f45f8b29d030ddf400cbd P ab9dd94f03fb4657bd7c9e3e5fdc6803 [term 2 FOLLOWER]: Refusing update from remote peer 966e7464ba8b4aa9930d40f850e7ca75: Log matching property violated. Preceding OpId in replica: term: 1 index: 1. Preceding OpId from leader: term: 2 index: 2. (index mismatch)
I20260601 13:22:35.298022 15662 consensus_queue.cc:1048] T fbdb45cbd05f45f8b29d030ddf400cbd P 966e7464ba8b4aa9930d40f850e7ca75 [LEADER]: Connected to new peer: Peer: permanent_uuid: "ab9dd94f03fb4657bd7c9e3e5fdc6803" member_type: VOTER last_known_addr { host: "127.11.255.65" port: 45483 }, Status: LMP_MISMATCH, Last received: 0.0, Next index: 2, Last known committed idx: 1, Time since last communication: 0.000s
I20260601 13:22:35.311985 15543 raft_consensus.cc:1275] T 740f9727cb6048c78f2489d9212761ac P 219deb0e65294d689da31f41797c54d1 [term 2 FOLLOWER]: Refusing update from remote peer ab9dd94f03fb4657bd7c9e3e5fdc6803: Log matching property violated. Preceding OpId in replica: term: 0 index: 0. Preceding OpId from leader: term: 2 index: 2. (index mismatch)
I20260601 13:22:35.312417 15654 consensus_queue.cc:1048] T 740f9727cb6048c78f2489d9212761ac P ab9dd94f03fb4657bd7c9e3e5fdc6803 [LEADER]: Connected to new peer: Peer: permanent_uuid: "219deb0e65294d689da31f41797c54d1" member_type: VOTER last_known_addr { host: "127.11.255.68" port: 42439 }, Status: LMP_MISMATCH, Last received: 0.0, Next index: 2, Last known committed idx: 0, Time since last communication: 0.000s
I20260601 13:22:35.315891 15326 raft_consensus.cc:1275] T 740f9727cb6048c78f2489d9212761ac P 17390b8bee294d0e9ee884059558d330 [term 2 FOLLOWER]: Refusing update from remote peer ab9dd94f03fb4657bd7c9e3e5fdc6803: Log matching property violated. Preceding OpId in replica: term: 1 index: 1. Preceding OpId from leader: term: 2 index: 2. (index mismatch)
I20260601 13:22:35.316545 15608 consensus_queue.cc:1048] T 740f9727cb6048c78f2489d9212761ac P ab9dd94f03fb4657bd7c9e3e5fdc6803 [LEADER]: Connected to new peer: Peer: permanent_uuid: "17390b8bee294d0e9ee884059558d330" member_type: VOTER last_known_addr { host: "127.11.255.66" port: 36159 }, Status: LMP_MISMATCH, Last received: 0.0, Next index: 2, Last known committed idx: 1, Time since last communication: 0.000s
I20260601 13:22:35.371857 15543 raft_consensus.cc:1217] T 63bc146ace5b4dadbd198fef18cd57aa P 219deb0e65294d689da31f41797c54d1 [term 1 LEARNER]: Deduplicated request from leader. Original: 1.1->[1.2-1.2]   Dedup: 1.2->[]
I20260601 13:22:35.597296 15543 raft_consensus.cc:1217] T 3c722b83651547b58427edd6df2ec9fb P 219deb0e65294d689da31f41797c54d1 [term 1 LEARNER]: Deduplicated request from leader. Original: 1.1->[1.2-1.2]   Dedup: 1.2->[]
I20260601 13:22:35.658424 15543 raft_consensus.cc:1217] T acbfddd87e324cee8143703de896a628 P 219deb0e65294d689da31f41797c54d1 [term 1 LEARNER]: Deduplicated request from leader. Original: 1.1->[1.2-1.2]   Dedup: 1.2->[]
I20260601 13:22:35.693481 15543 raft_consensus.cc:1217] T f7267946ae624fa7989ee9e15e5bee2b P 219deb0e65294d689da31f41797c54d1 [term 1 LEARNER]: Deduplicated request from leader. Original: 1.1->[1.2-1.2]   Dedup: 1.2->[]
I20260601 13:22:35.809733 15643 raft_consensus.cc:1064] T 63bc146ace5b4dadbd198fef18cd57aa P 17390b8bee294d0e9ee884059558d330: attempting to promote NON_VOTER 219deb0e65294d689da31f41797c54d1 to VOTER
I20260601 13:22:35.810195 15643 consensus_queue.cc:237] T 63bc146ace5b4dadbd198fef18cd57aa P 17390b8bee294d0e9ee884059558d330 [LEADER]: Queue going to LEADER mode. State: All replicated index: 0, Majority replicated index: 2, Committed index: 2, Last appended: 1.2, Last appended by leader: 0, Current term: 1, Majority size: 3, State: 0, Mode: LEADER, active raft config: opid_index: 3 OBSOLETE_local: false peers { permanent_uuid: "ab9dd94f03fb4657bd7c9e3e5fdc6803" member_type: VOTER last_known_addr { host: "127.11.255.65" port: 45483 } attrs { replace: true } } peers { permanent_uuid: "17390b8bee294d0e9ee884059558d330" member_type: VOTER last_known_addr { host: "127.11.255.66" port: 36159 } } peers { permanent_uuid: "966e7464ba8b4aa9930d40f850e7ca75" member_type: VOTER last_known_addr { host: "127.11.255.67" port: 34905 } } peers { permanent_uuid: "219deb0e65294d689da31f41797c54d1" member_type: VOTER last_known_addr { host: "127.11.255.68" port: 42439 } attrs { promote: false } }
I20260601 13:22:35.811510 15402 raft_consensus.cc:1275] T 63bc146ace5b4dadbd198fef18cd57aa P 966e7464ba8b4aa9930d40f850e7ca75 [term 1 FOLLOWER]: Refusing update from remote peer 17390b8bee294d0e9ee884059558d330: Log matching property violated. Preceding OpId in replica: term: 1 index: 2. Preceding OpId from leader: term: 1 index: 3. (index mismatch)
I20260601 13:22:35.811614 15543 raft_consensus.cc:1275] T 63bc146ace5b4dadbd198fef18cd57aa P 219deb0e65294d689da31f41797c54d1 [term 1 LEARNER]: Refusing update from remote peer 17390b8bee294d0e9ee884059558d330: Log matching property violated. Preceding OpId in replica: term: 1 index: 2. Preceding OpId from leader: term: 1 index: 3. (index mismatch)
I20260601 13:22:35.811919 15462 consensus_queue.cc:1048] T 63bc146ace5b4dadbd198fef18cd57aa P 17390b8bee294d0e9ee884059558d330 [LEADER]: Connected to new peer: Peer: permanent_uuid: "966e7464ba8b4aa9930d40f850e7ca75" member_type: VOTER last_known_addr { host: "127.11.255.67" port: 34905 }, Status: LMP_MISMATCH, Last received: 0.0, Next index: 3, Last known committed idx: 2, Time since last communication: 0.000s
I20260601 13:22:35.812070 15250 raft_consensus.cc:1275] T 63bc146ace5b4dadbd198fef18cd57aa P ab9dd94f03fb4657bd7c9e3e5fdc6803 [term 1 FOLLOWER]: Refusing update from remote peer 17390b8bee294d0e9ee884059558d330: Log matching property violated. Preceding OpId in replica: term: 1 index: 2. Preceding OpId from leader: term: 1 index: 3. (index mismatch)
I20260601 13:22:35.812418 15643 consensus_queue.cc:1048] T 63bc146ace5b4dadbd198fef18cd57aa P 17390b8bee294d0e9ee884059558d330 [LEADER]: Connected to new peer: Peer: permanent_uuid: "219deb0e65294d689da31f41797c54d1" member_type: VOTER last_known_addr { host: "127.11.255.68" port: 42439 } attrs { promote: false }, Status: LMP_MISMATCH, Last received: 0.0, Next index: 3, Last known committed idx: 2, Time since last communication: 0.000s
I20260601 13:22:35.812683 15462 consensus_queue.cc:1048] T 63bc146ace5b4dadbd198fef18cd57aa P 17390b8bee294d0e9ee884059558d330 [LEADER]: Connected to new peer: Peer: permanent_uuid: "ab9dd94f03fb4657bd7c9e3e5fdc6803" member_type: VOTER last_known_addr { host: "127.11.255.65" port: 45483 } attrs { replace: true }, Status: LMP_MISMATCH, Last received: 0.0, Next index: 3, Last known committed idx: 2, Time since last communication: 0.000s
I20260601 13:22:35.814276 15462 raft_consensus.cc:2955] T 63bc146ace5b4dadbd198fef18cd57aa P 17390b8bee294d0e9ee884059558d330 [term 1 LEADER]: Committing config change with OpId 1.3: config changed from index 2 to 3, 219deb0e65294d689da31f41797c54d1 (127.11.255.68) changed from NON_VOTER to VOTER. New config: { opid_index: 3 OBSOLETE_local: false peers { permanent_uuid: "ab9dd94f03fb4657bd7c9e3e5fdc6803" member_type: VOTER last_known_addr { host: "127.11.255.65" port: 45483 } attrs { replace: true } } peers { permanent_uuid: "17390b8bee294d0e9ee884059558d330" member_type: VOTER last_known_addr { host: "127.11.255.66" port: 36159 } } peers { permanent_uuid: "966e7464ba8b4aa9930d40f850e7ca75" member_type: VOTER last_known_addr { host: "127.11.255.67" port: 34905 } } peers { permanent_uuid: "219deb0e65294d689da31f41797c54d1" member_type: VOTER last_known_addr { host: "127.11.255.68" port: 42439 } attrs { promote: false } } }
I20260601 13:22:35.814741 15402 raft_consensus.cc:2955] T 63bc146ace5b4dadbd198fef18cd57aa P 966e7464ba8b4aa9930d40f850e7ca75 [term 1 FOLLOWER]: Committing config change with OpId 1.3: config changed from index 2 to 3, 219deb0e65294d689da31f41797c54d1 (127.11.255.68) changed from NON_VOTER to VOTER. New config: { opid_index: 3 OBSOLETE_local: false peers { permanent_uuid: "ab9dd94f03fb4657bd7c9e3e5fdc6803" member_type: VOTER last_known_addr { host: "127.11.255.65" port: 45483 } attrs { replace: true } } peers { permanent_uuid: "17390b8bee294d0e9ee884059558d330" member_type: VOTER last_known_addr { host: "127.11.255.66" port: 36159 } } peers { permanent_uuid: "966e7464ba8b4aa9930d40f850e7ca75" member_type: VOTER last_known_addr { host: "127.11.255.67" port: 34905 } } peers { permanent_uuid: "219deb0e65294d689da31f41797c54d1" member_type: VOTER last_known_addr { host: "127.11.255.68" port: 42439 } attrs { promote: false } } }
I20260601 13:22:35.816217 15543 raft_consensus.cc:2955] T 63bc146ace5b4dadbd198fef18cd57aa P 219deb0e65294d689da31f41797c54d1 [term 1 FOLLOWER]: Committing config change with OpId 1.3: config changed from index 2 to 3, 219deb0e65294d689da31f41797c54d1 (127.11.255.68) changed from NON_VOTER to VOTER. New config: { opid_index: 3 OBSOLETE_local: false peers { permanent_uuid: "ab9dd94f03fb4657bd7c9e3e5fdc6803" member_type: VOTER last_known_addr { host: "127.11.255.65" port: 45483 } attrs { replace: true } } peers { permanent_uuid: "17390b8bee294d0e9ee884059558d330" member_type: VOTER last_known_addr { host: "127.11.255.66" port: 36159 } } peers { permanent_uuid: "966e7464ba8b4aa9930d40f850e7ca75" member_type: VOTER last_known_addr { host: "127.11.255.67" port: 34905 } } peers { permanent_uuid: "219deb0e65294d689da31f41797c54d1" member_type: VOTER last_known_addr { host: "127.11.255.68" port: 42439 } attrs { promote: false } } }
