I20260601 13:34:36.090560  6701 tablet_bootstrap.cc:492] T d7130553e83342d1ab67302fe1815e90 P ab39c6dcd03d4177a16e16b443ec6299: No bootstrap required, opened a new log
I20260601 13:34:36.090658  6701 ts_tablet_manager.cc:1403] T d7130553e83342d1ab67302fe1815e90 P ab39c6dcd03d4177a16e16b443ec6299: Time spent bootstrapping tablet: real 0.003s	user 0.002s	sys 0.000s
I20260601 13:34:36.091121  6701 raft_consensus.cc:359] T d7130553e83342d1ab67302fe1815e90 P ab39c6dcd03d4177a16e16b443ec6299 [term 0 FOLLOWER]: Replica starting. Triggering 0 pending ops. Active config: opid_index: -1 OBSOLETE_local: false peers { permanent_uuid: "02e1d31993a641468b6c1810ab59ee43" member_type: VOTER last_known_addr { host: "127.4.165.1" port: 34819 } } peers { permanent_uuid: "ab39c6dcd03d4177a16e16b443ec6299" member_type: VOTER last_known_addr { host: "127.4.165.2" port: 45061 } } peers { permanent_uuid: "ffc6fe1353c64a5aaa989626877ce3f8" member_type: VOTER last_known_addr { host: "127.4.165.3" port: 45919 } }
I20260601 13:34:36.091253  6701 raft_consensus.cc:385] T d7130553e83342d1ab67302fe1815e90 P ab39c6dcd03d4177a16e16b443ec6299 [term 0 FOLLOWER]: Consensus starting up: Expiring failure detector timer to make a prompt election more likely
I20260601 13:34:36.091298  6701 raft_consensus.cc:740] T d7130553e83342d1ab67302fe1815e90 P ab39c6dcd03d4177a16e16b443ec6299 [term 0 FOLLOWER]: Becoming Follower/Learner. State: Replica: ab39c6dcd03d4177a16e16b443ec6299, State: Initialized, Role: FOLLOWER
I20260601 13:34:36.091427  6701 consensus_queue.cc:260] T d7130553e83342d1ab67302fe1815e90 P ab39c6dcd03d4177a16e16b443ec6299 [NON_LEADER]: Queue going to NON_LEADER mode. State: All replicated index: 0, Majority replicated index: 0, Committed index: 0, Last appended: 0.0, Last appended by leader: 0, Current term: 0, Majority size: -1, State: 0, Mode: NON_LEADER, active raft config: opid_index: -1 OBSOLETE_local: false peers { permanent_uuid: "02e1d31993a641468b6c1810ab59ee43" member_type: VOTER last_known_addr { host: "127.4.165.1" port: 34819 } } peers { permanent_uuid: "ab39c6dcd03d4177a16e16b443ec6299" member_type: VOTER last_known_addr { host: "127.4.165.2" port: 45061 } } peers { permanent_uuid: "ffc6fe1353c64a5aaa989626877ce3f8" member_type: VOTER last_known_addr { host: "127.4.165.3" port: 45919 } }
I20260601 13:34:36.087847  6700 tablet_bootstrap.cc:492] T e20320029a5d451290cc4eb7ea852737 P ffc6fe1353c64a5aaa989626877ce3f8: Bootstrap starting.
I20260601 13:34:36.091774  6701 ts_tablet_manager.cc:1434] T d7130553e83342d1ab67302fe1815e90 P ab39c6dcd03d4177a16e16b443ec6299: Time spent starting tablet: real 0.001s	user 0.001s	sys 0.000s
I20260601 13:34:36.092476  6700 tablet_bootstrap.cc:654] T e20320029a5d451290cc4eb7ea852737 P ffc6fe1353c64a5aaa989626877ce3f8: Neither blocks nor log segments found. Creating new log.
I20260601 13:34:36.093369  6703 tablet_bootstrap.cc:492] T d7130553e83342d1ab67302fe1815e90 P 02e1d31993a641468b6c1810ab59ee43: No bootstrap required, opened a new log
I20260601 13:34:36.093453  6703 ts_tablet_manager.cc:1403] T d7130553e83342d1ab67302fe1815e90 P 02e1d31993a641468b6c1810ab59ee43: Time spent bootstrapping tablet: real 0.004s	user 0.002s	sys 0.000s
I20260601 13:34:36.093586  6700 tablet_bootstrap.cc:492] T e20320029a5d451290cc4eb7ea852737 P ffc6fe1353c64a5aaa989626877ce3f8: No bootstrap required, opened a new log
I20260601 13:34:36.093663  6700 ts_tablet_manager.cc:1403] T e20320029a5d451290cc4eb7ea852737 P ffc6fe1353c64a5aaa989626877ce3f8: Time spent bootstrapping tablet: real 0.006s	user 0.001s	sys 0.000s
I20260601 13:34:36.093874  6703 raft_consensus.cc:359] T d7130553e83342d1ab67302fe1815e90 P 02e1d31993a641468b6c1810ab59ee43 [term 0 FOLLOWER]: Replica starting. Triggering 0 pending ops. Active config: opid_index: -1 OBSOLETE_local: false peers { permanent_uuid: "02e1d31993a641468b6c1810ab59ee43" member_type: VOTER last_known_addr { host: "127.4.165.1" port: 34819 } } peers { permanent_uuid: "ab39c6dcd03d4177a16e16b443ec6299" member_type: VOTER last_known_addr { host: "127.4.165.2" port: 45061 } } peers { permanent_uuid: "ffc6fe1353c64a5aaa989626877ce3f8" member_type: VOTER last_known_addr { host: "127.4.165.3" port: 45919 } }
I20260601 13:34:36.093973  6703 raft_consensus.cc:385] T d7130553e83342d1ab67302fe1815e90 P 02e1d31993a641468b6c1810ab59ee43 [term 0 FOLLOWER]: Consensus starting up: Expiring failure detector timer to make a prompt election more likely
I20260601 13:34:36.094013  6703 raft_consensus.cc:740] T d7130553e83342d1ab67302fe1815e90 P 02e1d31993a641468b6c1810ab59ee43 [term 0 FOLLOWER]: Becoming Follower/Learner. State: Replica: 02e1d31993a641468b6c1810ab59ee43, State: Initialized, Role: FOLLOWER
I20260601 13:34:36.094043  6700 raft_consensus.cc:359] T e20320029a5d451290cc4eb7ea852737 P ffc6fe1353c64a5aaa989626877ce3f8 [term 0 FOLLOWER]: Replica starting. Triggering 0 pending ops. Active config: opid_index: -1 OBSOLETE_local: false peers { permanent_uuid: "02e1d31993a641468b6c1810ab59ee43" member_type: VOTER last_known_addr { host: "127.4.165.1" port: 34819 } } peers { permanent_uuid: "ab39c6dcd03d4177a16e16b443ec6299" member_type: VOTER last_known_addr { host: "127.4.165.2" port: 45061 } } peers { permanent_uuid: "ffc6fe1353c64a5aaa989626877ce3f8" member_type: VOTER last_known_addr { host: "127.4.165.3" port: 45919 } }
I20260601 13:34:36.094134  6700 raft_consensus.cc:385] T e20320029a5d451290cc4eb7ea852737 P ffc6fe1353c64a5aaa989626877ce3f8 [term 0 FOLLOWER]: Consensus starting up: Expiring failure detector timer to make a prompt election more likely
I20260601 13:34:36.094170  6700 raft_consensus.cc:740] T e20320029a5d451290cc4eb7ea852737 P ffc6fe1353c64a5aaa989626877ce3f8 [term 0 FOLLOWER]: Becoming Follower/Learner. State: Replica: ffc6fe1353c64a5aaa989626877ce3f8, State: Initialized, Role: FOLLOWER
I20260601 13:34:36.094151  6703 consensus_queue.cc:260] T d7130553e83342d1ab67302fe1815e90 P 02e1d31993a641468b6c1810ab59ee43 [NON_LEADER]: Queue going to NON_LEADER mode. State: All replicated index: 0, Majority replicated index: 0, Committed index: 0, Last appended: 0.0, Last appended by leader: 0, Current term: 0, Majority size: -1, State: 0, Mode: NON_LEADER, active raft config: opid_index: -1 OBSOLETE_local: false peers { permanent_uuid: "02e1d31993a641468b6c1810ab59ee43" member_type: VOTER last_known_addr { host: "127.4.165.1" port: 34819 } } peers { permanent_uuid: "ab39c6dcd03d4177a16e16b443ec6299" member_type: VOTER last_known_addr { host: "127.4.165.2" port: 45061 } } peers { permanent_uuid: "ffc6fe1353c64a5aaa989626877ce3f8" member_type: VOTER last_known_addr { host: "127.4.165.3" port: 45919 } }
I20260601 13:34:36.094287  6700 consensus_queue.cc:260] T e20320029a5d451290cc4eb7ea852737 P ffc6fe1353c64a5aaa989626877ce3f8 [NON_LEADER]: Queue going to NON_LEADER mode. State: All replicated index: 0, Majority replicated index: 0, Committed index: 0, Last appended: 0.0, Last appended by leader: 0, Current term: 0, Majority size: -1, State: 0, Mode: NON_LEADER, active raft config: opid_index: -1 OBSOLETE_local: false peers { permanent_uuid: "02e1d31993a641468b6c1810ab59ee43" member_type: VOTER last_known_addr { host: "127.4.165.1" port: 34819 } } peers { permanent_uuid: "ab39c6dcd03d4177a16e16b443ec6299" member_type: VOTER last_known_addr { host: "127.4.165.2" port: 45061 } } peers { permanent_uuid: "ffc6fe1353c64a5aaa989626877ce3f8" member_type: VOTER last_known_addr { host: "127.4.165.3" port: 45919 } }
I20260601 13:34:36.094455  6703 ts_tablet_manager.cc:1434] T d7130553e83342d1ab67302fe1815e90 P 02e1d31993a641468b6c1810ab59ee43: Time spent starting tablet: real 0.001s	user 0.001s	sys 0.000s
I20260601 13:34:36.094893  6700 ts_tablet_manager.cc:1434] T e20320029a5d451290cc4eb7ea852737 P ffc6fe1353c64a5aaa989626877ce3f8: Time spent starting tablet: real 0.001s	user 0.001s	sys 0.000s
I20260601 13:34:36.164390  6707 raft_consensus.cc:493] T e20320029a5d451290cc4eb7ea852737 P ffc6fe1353c64a5aaa989626877ce3f8 [term 0 FOLLOWER]: Starting pre-election (no leader contacted us within the election timeout)
I20260601 13:34:36.164549  6707 raft_consensus.cc:515] T e20320029a5d451290cc4eb7ea852737 P ffc6fe1353c64a5aaa989626877ce3f8 [term 0 FOLLOWER]: Starting pre-election with config: opid_index: -1 OBSOLETE_local: false peers { permanent_uuid: "02e1d31993a641468b6c1810ab59ee43" member_type: VOTER last_known_addr { host: "127.4.165.1" port: 34819 } } peers { permanent_uuid: "ab39c6dcd03d4177a16e16b443ec6299" member_type: VOTER last_known_addr { host: "127.4.165.2" port: 45061 } } peers { permanent_uuid: "ffc6fe1353c64a5aaa989626877ce3f8" member_type: VOTER last_known_addr { host: "127.4.165.3" port: 45919 } }
I20260601 13:34:36.165223  6707 leader_election.cc:290] T e20320029a5d451290cc4eb7ea852737 P ffc6fe1353c64a5aaa989626877ce3f8 [CANDIDATE]: Term 1 pre-election: Requested pre-vote from peers 02e1d31993a641468b6c1810ab59ee43 (127.4.165.1:34819), ab39c6dcd03d4177a16e16b443ec6299 (127.4.165.2:45061)
I20260601 13:34:36.168967  6503 tablet_service.cc:1917] Received RequestConsensusVote() RPC: tablet_id: "e20320029a5d451290cc4eb7ea852737" candidate_uuid: "ffc6fe1353c64a5aaa989626877ce3f8" candidate_term: 1 candidate_status { last_received { term: 0 index: 0 } } ignore_live_leader: false dest_uuid: "02e1d31993a641468b6c1810ab59ee43" is_pre_election: true
I20260601 13:34:36.169000  6579 tablet_service.cc:1917] Received RequestConsensusVote() RPC: tablet_id: "e20320029a5d451290cc4eb7ea852737" candidate_uuid: "ffc6fe1353c64a5aaa989626877ce3f8" candidate_term: 1 candidate_status { last_received { term: 0 index: 0 } } ignore_live_leader: false dest_uuid: "ab39c6dcd03d4177a16e16b443ec6299" is_pre_election: true
I20260601 13:34:36.169162  6503 raft_consensus.cc:2468] T e20320029a5d451290cc4eb7ea852737 P 02e1d31993a641468b6c1810ab59ee43 [term 0 FOLLOWER]: Leader pre-election vote request: Granting yes vote for candidate ffc6fe1353c64a5aaa989626877ce3f8 in term 0.
I20260601 13:34:36.169227  6579 raft_consensus.cc:2468] T e20320029a5d451290cc4eb7ea852737 P ab39c6dcd03d4177a16e16b443ec6299 [term 0 FOLLOWER]: Leader pre-election vote request: Granting yes vote for candidate ffc6fe1353c64a5aaa989626877ce3f8 in term 0.
I20260601 13:34:36.169548  6617 leader_election.cc:304] T e20320029a5d451290cc4eb7ea852737 P ffc6fe1353c64a5aaa989626877ce3f8 [CANDIDATE]: Term 1 pre-election: Election decided. Result: candidate won. Election summary: received 2 responses out of 3 voters: 2 yes votes; 0 no votes. yes voters: 02e1d31993a641468b6c1810ab59ee43, ffc6fe1353c64a5aaa989626877ce3f8; no voters: 
I20260601 13:34:36.169745  6707 raft_consensus.cc:2804] T e20320029a5d451290cc4eb7ea852737 P ffc6fe1353c64a5aaa989626877ce3f8 [term 0 FOLLOWER]: Leader pre-election won for term 1
I20260601 13:34:36.169812  6707 raft_consensus.cc:493] T e20320029a5d451290cc4eb7ea852737 P ffc6fe1353c64a5aaa989626877ce3f8 [term 0 FOLLOWER]: Starting leader election (no leader contacted us within the election timeout)
I20260601 13:34:36.169853  6707 raft_consensus.cc:3060] T e20320029a5d451290cc4eb7ea852737 P ffc6fe1353c64a5aaa989626877ce3f8 [term 0 FOLLOWER]: Advancing to term 1
I20260601 13:34:36.170881  6707 raft_consensus.cc:515] T e20320029a5d451290cc4eb7ea852737 P ffc6fe1353c64a5aaa989626877ce3f8 [term 1 FOLLOWER]: Starting leader election with config: opid_index: -1 OBSOLETE_local: false peers { permanent_uuid: "02e1d31993a641468b6c1810ab59ee43" member_type: VOTER last_known_addr { host: "127.4.165.1" port: 34819 } } peers { permanent_uuid: "ab39c6dcd03d4177a16e16b443ec6299" member_type: VOTER last_known_addr { host: "127.4.165.2" port: 45061 } } peers { permanent_uuid: "ffc6fe1353c64a5aaa989626877ce3f8" member_type: VOTER last_known_addr { host: "127.4.165.3" port: 45919 } }
I20260601 13:34:36.171218  6707 leader_election.cc:290] T e20320029a5d451290cc4eb7ea852737 P ffc6fe1353c64a5aaa989626877ce3f8 [CANDIDATE]: Term 1 election: Requested vote from peers 02e1d31993a641468b6c1810ab59ee43 (127.4.165.1:34819), ab39c6dcd03d4177a16e16b443ec6299 (127.4.165.2:45061)
I20260601 13:34:36.171475  6579 tablet_service.cc:1917] Received RequestConsensusVote() RPC: tablet_id: "e20320029a5d451290cc4eb7ea852737" candidate_uuid: "ffc6fe1353c64a5aaa989626877ce3f8" candidate_term: 1 candidate_status { last_received { term: 0 index: 0 } } ignore_live_leader: false dest_uuid: "ab39c6dcd03d4177a16e16b443ec6299"
I20260601 13:34:36.171564  6579 raft_consensus.cc:3060] T e20320029a5d451290cc4eb7ea852737 P ab39c6dcd03d4177a16e16b443ec6299 [term 0 FOLLOWER]: Advancing to term 1
I20260601 13:34:36.172299  6579 raft_consensus.cc:2468] T e20320029a5d451290cc4eb7ea852737 P ab39c6dcd03d4177a16e16b443ec6299 [term 1 FOLLOWER]: Leader election vote request: Granting yes vote for candidate ffc6fe1353c64a5aaa989626877ce3f8 in term 1.
I20260601 13:34:36.172525  6503 tablet_service.cc:1917] Received RequestConsensusVote() RPC: tablet_id: "e20320029a5d451290cc4eb7ea852737" candidate_uuid: "ffc6fe1353c64a5aaa989626877ce3f8" candidate_term: 1 candidate_status { last_received { term: 0 index: 0 } } ignore_live_leader: false dest_uuid: "02e1d31993a641468b6c1810ab59ee43"
I20260601 13:34:36.172581  6618 leader_election.cc:304] T e20320029a5d451290cc4eb7ea852737 P ffc6fe1353c64a5aaa989626877ce3f8 [CANDIDATE]: Term 1 election: Election decided. Result: candidate won. Election summary: received 2 responses out of 3 voters: 2 yes votes; 0 no votes. yes voters: ab39c6dcd03d4177a16e16b443ec6299, ffc6fe1353c64a5aaa989626877ce3f8; no voters: 
I20260601 13:34:36.172631  6503 raft_consensus.cc:3060] T e20320029a5d451290cc4eb7ea852737 P 02e1d31993a641468b6c1810ab59ee43 [term 0 FOLLOWER]: Advancing to term 1
I20260601 13:34:36.172773  6707 raft_consensus.cc:2804] T e20320029a5d451290cc4eb7ea852737 P ffc6fe1353c64a5aaa989626877ce3f8 [term 1 FOLLOWER]: Leader election won for term 1
I20260601 13:34:36.173029  6707 raft_consensus.cc:697] T e20320029a5d451290cc4eb7ea852737 P ffc6fe1353c64a5aaa989626877ce3f8 [term 1 LEADER]: Becoming Leader. State: Replica: ffc6fe1353c64a5aaa989626877ce3f8, State: Running, Role: LEADER
I20260601 13:34:36.173189  6707 consensus_queue.cc:237] T e20320029a5d451290cc4eb7ea852737 P ffc6fe1353c64a5aaa989626877ce3f8 [LEADER]: Queue going to LEADER mode. State: All replicated index: 0, Majority replicated index: 0, Committed index: 0, Last appended: 0.0, Last appended by leader: 0, Current term: 1, Majority size: 2, State: 0, Mode: LEADER, active raft config: opid_index: -1 OBSOLETE_local: false peers { permanent_uuid: "02e1d31993a641468b6c1810ab59ee43" member_type: VOTER last_known_addr { host: "127.4.165.1" port: 34819 } } peers { permanent_uuid: "ab39c6dcd03d4177a16e16b443ec6299" member_type: VOTER last_known_addr { host: "127.4.165.2" port: 45061 } } peers { permanent_uuid: "ffc6fe1353c64a5aaa989626877ce3f8" member_type: VOTER last_known_addr { host: "127.4.165.3" port: 45919 } }
I20260601 13:34:36.173590  6503 raft_consensus.cc:2468] T e20320029a5d451290cc4eb7ea852737 P 02e1d31993a641468b6c1810ab59ee43 [term 1 FOLLOWER]: Leader election vote request: Granting yes vote for candidate ffc6fe1353c64a5aaa989626877ce3f8 in term 1.
I20260601 13:34:36.174816  6400 catalog_manager.cc:5696] T e20320029a5d451290cc4eb7ea852737 P ffc6fe1353c64a5aaa989626877ce3f8 reported cstate change: term changed from 0 to 1, leader changed from <none> to ffc6fe1353c64a5aaa989626877ce3f8 (127.4.165.3). New cstate: current_term: 1 leader_uuid: "ffc6fe1353c64a5aaa989626877ce3f8" committed_config { opid_index: -1 OBSOLETE_local: false peers { permanent_uuid: "02e1d31993a641468b6c1810ab59ee43" member_type: VOTER last_known_addr { host: "127.4.165.1" port: 34819 } health_report { overall_health: UNKNOWN } } peers { permanent_uuid: "ab39c6dcd03d4177a16e16b443ec6299" member_type: VOTER last_known_addr { host: "127.4.165.2" port: 45061 } health_report { overall_health: UNKNOWN } } peers { permanent_uuid: "ffc6fe1353c64a5aaa989626877ce3f8" member_type: VOTER last_known_addr { host: "127.4.165.3" port: 45919 } health_report { overall_health: HEALTHY } } }
I20260601 13:34:36.181015  6708 raft_consensus.cc:493] T d7130553e83342d1ab67302fe1815e90 P 02e1d31993a641468b6c1810ab59ee43 [term 0 FOLLOWER]: Starting pre-election (no leader contacted us within the election timeout)
I20260601 13:34:36.181110  6708 raft_consensus.cc:515] T d7130553e83342d1ab67302fe1815e90 P 02e1d31993a641468b6c1810ab59ee43 [term 0 FOLLOWER]: Starting pre-election with config: opid_index: -1 OBSOLETE_local: false peers { permanent_uuid: "02e1d31993a641468b6c1810ab59ee43" member_type: VOTER last_known_addr { host: "127.4.165.1" port: 34819 } } peers { permanent_uuid: "ab39c6dcd03d4177a16e16b443ec6299" member_type: VOTER last_known_addr { host: "127.4.165.2" port: 45061 } } peers { permanent_uuid: "ffc6fe1353c64a5aaa989626877ce3f8" member_type: VOTER last_known_addr { host: "127.4.165.3" port: 45919 } }
I20260601 13:34:36.181581  6708 leader_election.cc:290] T d7130553e83342d1ab67302fe1815e90 P 02e1d31993a641468b6c1810ab59ee43 [CANDIDATE]: Term 1 pre-election: Requested pre-vote from peers ab39c6dcd03d4177a16e16b443ec6299 (127.4.165.2:45061), ffc6fe1353c64a5aaa989626877ce3f8 (127.4.165.3:45919)
I20260601 13:34:36.185267  6579 tablet_service.cc:1917] Received RequestConsensusVote() RPC: tablet_id: "d7130553e83342d1ab67302fe1815e90" candidate_uuid: "02e1d31993a641468b6c1810ab59ee43" candidate_term: 1 candidate_status { last_received { term: 0 index: 0 } } ignore_live_leader: false dest_uuid: "ab39c6dcd03d4177a16e16b443ec6299" is_pre_election: true
I20260601 13:34:36.185438  6579 raft_consensus.cc:2468] T d7130553e83342d1ab67302fe1815e90 P ab39c6dcd03d4177a16e16b443ec6299 [term 0 FOLLOWER]: Leader pre-election vote request: Granting yes vote for candidate 02e1d31993a641468b6c1810ab59ee43 in term 0.
I20260601 13:34:36.185483  6654 tablet_service.cc:1917] Received RequestConsensusVote() RPC: tablet_id: "d7130553e83342d1ab67302fe1815e90" candidate_uuid: "02e1d31993a641468b6c1810ab59ee43" candidate_term: 1 candidate_status { last_received { term: 0 index: 0 } } ignore_live_leader: false dest_uuid: "ffc6fe1353c64a5aaa989626877ce3f8" is_pre_election: true
I20260601 13:34:36.185634  6654 raft_consensus.cc:2468] T d7130553e83342d1ab67302fe1815e90 P ffc6fe1353c64a5aaa989626877ce3f8 [term 0 FOLLOWER]: Leader pre-election vote request: Granting yes vote for candidate 02e1d31993a641468b6c1810ab59ee43 in term 0.
I20260601 13:34:36.185782  6467 leader_election.cc:304] T d7130553e83342d1ab67302fe1815e90 P 02e1d31993a641468b6c1810ab59ee43 [CANDIDATE]: Term 1 pre-election: Election decided. Result: candidate won. Election summary: received 2 responses out of 3 voters: 2 yes votes; 0 no votes. yes voters: 02e1d31993a641468b6c1810ab59ee43, ab39c6dcd03d4177a16e16b443ec6299; no voters: 
I20260601 13:34:36.185997  6708 raft_consensus.cc:2804] T d7130553e83342d1ab67302fe1815e90 P 02e1d31993a641468b6c1810ab59ee43 [term 0 FOLLOWER]: Leader pre-election won for term 1
I20260601 13:34:36.186077  6708 raft_consensus.cc:493] T d7130553e83342d1ab67302fe1815e90 P 02e1d31993a641468b6c1810ab59ee43 [term 0 FOLLOWER]: Starting leader election (no leader contacted us within the election timeout)
I20260601 13:34:36.186133  6708 raft_consensus.cc:3060] T d7130553e83342d1ab67302fe1815e90 P 02e1d31993a641468b6c1810ab59ee43 [term 0 FOLLOWER]: Advancing to term 1
I20260601 13:34:36.186955  6708 raft_consensus.cc:515] T d7130553e83342d1ab67302fe1815e90 P 02e1d31993a641468b6c1810ab59ee43 [term 1 FOLLOWER]: Starting leader election with config: opid_index: -1 OBSOLETE_local: false peers { permanent_uuid: "02e1d31993a641468b6c1810ab59ee43" member_type: VOTER last_known_addr { host: "127.4.165.1" port: 34819 } } peers { permanent_uuid: "ab39c6dcd03d4177a16e16b443ec6299" member_type: VOTER last_known_addr { host: "127.4.165.2" port: 45061 } } peers { permanent_uuid: "ffc6fe1353c64a5aaa989626877ce3f8" member_type: VOTER last_known_addr { host: "127.4.165.3" port: 45919 } }
I20260601 13:34:36.187294  6708 leader_election.cc:290] T d7130553e83342d1ab67302fe1815e90 P 02e1d31993a641468b6c1810ab59ee43 [CANDIDATE]: Term 1 election: Requested vote from peers ab39c6dcd03d4177a16e16b443ec6299 (127.4.165.2:45061), ffc6fe1353c64a5aaa989626877ce3f8 (127.4.165.3:45919)
I20260601 13:34:36.187595  6579 tablet_service.cc:1917] Received RequestConsensusVote() RPC: tablet_id: "d7130553e83342d1ab67302fe1815e90" candidate_uuid: "02e1d31993a641468b6c1810ab59ee43" candidate_term: 1 candidate_status { last_received { term: 0 index: 0 } } ignore_live_leader: false dest_uuid: "ab39c6dcd03d4177a16e16b443ec6299"
I20260601 13:34:36.187711  6579 raft_consensus.cc:3060] T d7130553e83342d1ab67302fe1815e90 P ab39c6dcd03d4177a16e16b443ec6299 [term 0 FOLLOWER]: Advancing to term 1
I20260601 13:34:36.187713  6654 tablet_service.cc:1917] Received RequestConsensusVote() RPC: tablet_id: "d7130553e83342d1ab67302fe1815e90" candidate_uuid: "02e1d31993a641468b6c1810ab59ee43" candidate_term: 1 candidate_status { last_received { term: 0 index: 0 } } ignore_live_leader: false dest_uuid: "ffc6fe1353c64a5aaa989626877ce3f8"
I20260601 13:34:36.187865  6654 raft_consensus.cc:3060] T d7130553e83342d1ab67302fe1815e90 P ffc6fe1353c64a5aaa989626877ce3f8 [term 0 FOLLOWER]: Advancing to term 1
I20260601 13:34:36.188470  6579 raft_consensus.cc:2468] T d7130553e83342d1ab67302fe1815e90 P ab39c6dcd03d4177a16e16b443ec6299 [term 1 FOLLOWER]: Leader election vote request: Granting yes vote for candidate 02e1d31993a641468b6c1810ab59ee43 in term 1.
I20260601 13:34:36.188663  6654 raft_consensus.cc:2468] T d7130553e83342d1ab67302fe1815e90 P ffc6fe1353c64a5aaa989626877ce3f8 [term 1 FOLLOWER]: Leader election vote request: Granting yes vote for candidate 02e1d31993a641468b6c1810ab59ee43 in term 1.
I20260601 13:34:36.189446  6467 leader_election.cc:304] T d7130553e83342d1ab67302fe1815e90 P 02e1d31993a641468b6c1810ab59ee43 [CANDIDATE]: Term 1 election: Election decided. Result: candidate won. Election summary: received 2 responses out of 3 voters: 2 yes votes; 0 no votes. yes voters: 02e1d31993a641468b6c1810ab59ee43, ab39c6dcd03d4177a16e16b443ec6299; no voters: 
I20260601 13:34:36.189795  6708 raft_consensus.cc:2804] T d7130553e83342d1ab67302fe1815e90 P 02e1d31993a641468b6c1810ab59ee43 [term 1 FOLLOWER]: Leader election won for term 1
I20260601 13:34:36.190043  6708 raft_consensus.cc:697] T d7130553e83342d1ab67302fe1815e90 P 02e1d31993a641468b6c1810ab59ee43 [term 1 LEADER]: Becoming Leader. State: Replica: 02e1d31993a641468b6c1810ab59ee43, State: Running, Role: LEADER
I20260601 13:34:36.190192  6708 consensus_queue.cc:237] T d7130553e83342d1ab67302fe1815e90 P 02e1d31993a641468b6c1810ab59ee43 [LEADER]: Queue going to LEADER mode. State: All replicated index: 0, Majority replicated index: 0, Committed index: 0, Last appended: 0.0, Last appended by leader: 0, Current term: 1, Majority size: 2, State: 0, Mode: LEADER, active raft config: opid_index: -1 OBSOLETE_local: false peers { permanent_uuid: "02e1d31993a641468b6c1810ab59ee43" member_type: VOTER last_known_addr { host: "127.4.165.1" port: 34819 } } peers { permanent_uuid: "ab39c6dcd03d4177a16e16b443ec6299" member_type: VOTER last_known_addr { host: "127.4.165.2" port: 45061 } } peers { permanent_uuid: "ffc6fe1353c64a5aaa989626877ce3f8" member_type: VOTER last_known_addr { host: "127.4.165.3" port: 45919 } }
I20260601 13:34:36.194572  6399 catalog_manager.cc:5696] T d7130553e83342d1ab67302fe1815e90 P 02e1d31993a641468b6c1810ab59ee43 reported cstate change: term changed from 0 to 1, leader changed from <none> to 02e1d31993a641468b6c1810ab59ee43 (127.4.165.1). New cstate: current_term: 1 leader_uuid: "02e1d31993a641468b6c1810ab59ee43" committed_config { opid_index: -1 OBSOLETE_local: false peers { permanent_uuid: "02e1d31993a641468b6c1810ab59ee43" member_type: VOTER last_known_addr { host: "127.4.165.1" port: 34819 } health_report { overall_health: HEALTHY } } peers { permanent_uuid: "ab39c6dcd03d4177a16e16b443ec6299" member_type: VOTER last_known_addr { host: "127.4.165.2" port: 45061 } health_report { overall_health: UNKNOWN } } peers { permanent_uuid: "ffc6fe1353c64a5aaa989626877ce3f8" member_type: VOTER last_known_addr { host: "127.4.165.3" port: 45919 } health_report { overall_health: UNKNOWN } } }
I20260601 13:34:36.551415  6707 consensus_queue.cc:1048] T e20320029a5d451290cc4eb7ea852737 P ffc6fe1353c64a5aaa989626877ce3f8 [LEADER]: Connected to new peer: Peer: permanent_uuid: "ab39c6dcd03d4177a16e16b443ec6299" member_type: VOTER last_known_addr { host: "127.4.165.2" port: 45061 }, Status: LMP_MISMATCH, Last received: 0.0, Next index: 1, Last known committed idx: 0, Time since last communication: 0.000s
I20260601 13:34:36.554878  6714 consensus_queue.cc:1048] T e20320029a5d451290cc4eb7ea852737 P ffc6fe1353c64a5aaa989626877ce3f8 [LEADER]: Connected to new peer: Peer: permanent_uuid: "02e1d31993a641468b6c1810ab59ee43" member_type: VOTER last_known_addr { host: "127.4.165.1" port: 34819 }, Status: LMP_MISMATCH, Last received: 0.0, Next index: 1, Last known committed idx: 0, Time since last communication: 0.000s
I20260601 13:34:36.750634  6708 consensus_queue.cc:1048] T d7130553e83342d1ab67302fe1815e90 P 02e1d31993a641468b6c1810ab59ee43 [LEADER]: Connected to new peer: Peer: permanent_uuid: "ffc6fe1353c64a5aaa989626877ce3f8" member_type: VOTER last_known_addr { host: "127.4.165.3" port: 45919 }, Status: LMP_MISMATCH, Last received: 0.0, Next index: 1, Last known committed idx: 0, Time since last communication: 0.000s
I20260601 13:34:36.754001  6726 consensus_queue.cc:1048] T d7130553e83342d1ab67302fe1815e90 P 02e1d31993a641468b6c1810ab59ee43 [LEADER]: Connected to new peer: Peer: permanent_uuid: "ab39c6dcd03d4177a16e16b443ec6299" member_type: VOTER last_known_addr { host: "127.4.165.2" port: 45061 }, Status: LMP_MISMATCH, Last received: 0.0, Next index: 1, Last known committed idx: 0, Time since last communication: 0.000s
I20260601 13:34:36.922117  6454 auto_leader_rebalancer.cc:140] leader rebalance for table test-workload
I20260601 13:34:36.922513  6454 auto_leader_rebalancer.cc:388] table: test-workload, leader rebalance finish, leader transfer count: 0
I20260601 13:34:36.922590  6454 auto_leader_rebalancer.cc:451] All tables' leader rebalancing finished this round
I20260601 13:34:38.922896  6454 auto_leader_rebalancer.cc:140] leader rebalance for table test-workload
I20260601 13:34:38.923273  6454 auto_leader_rebalancer.cc:388] table: test-workload, leader rebalance finish, leader transfer count: 0
I20260601 13:34:38.923326  6454 auto_leader_rebalancer.cc:451] All tables' leader rebalancing finished this round
I20260601 13:34:40.923611  6454 auto_leader_rebalancer.cc:140] leader rebalance for table test-workload
I20260601 13:34:40.923970  6454 auto_leader_rebalancer.cc:388] table: test-workload, leader rebalance finish, leader transfer count: 0
I20260601 13:34:40.924023  6454 auto_leader_rebalancer.cc:451] All tables' leader rebalancing finished this round
I20260601 13:34:42.924366  6454 auto_leader_rebalancer.cc:140] leader rebalance for table test-workload
I20260601 13:34:42.924835  6454 auto_leader_rebalancer.cc:388] table: test-workload, leader rebalance finish, leader transfer count: 0
I20260601 13:34:42.924906  6454 auto_leader_rebalancer.cc:451] All tables' leader rebalancing finished this round
I20260601 13:34:44.925235  6454 auto_leader_rebalancer.cc:140] leader rebalance for table test-workload
I20260601 13:34:44.925630  6454 auto_leader_rebalancer.cc:388] table: test-workload, leader rebalance finish, leader transfer count: 0
I20260601 13:34:44.925693  6454 auto_leader_rebalancer.cc:451] All tables' leader rebalancing finished this round
I20260601 13:34:46.926043  6454 auto_leader_rebalancer.cc:140] leader rebalance for table test-workload
I20260601 13:34:46.926401  6454 auto_leader_rebalancer.cc:388] table: test-workload, leader rebalance finish, leader transfer count: 0
I20260601 13:34:46.926455  6454 auto_leader_rebalancer.cc:451] All tables' leader rebalancing finished this round
I20260601 13:34:47.278944  4756 file_cache.cc:492] Constructed file cache file cache with capacity 419430
W20260601 13:34:47.281152  6733 instance_detector.cc:116] could not retrieve AWS instance metadata: Network error: curl error: HTTP response code said error: The requested URL returned error: 404
I20260601 13:34:47.281226  4756 server_base.cc:1061] running on GCE node
W20260601 13:34:47.281293  6736 instance_detector.cc:116] could not retrieve OpenStack instance metadata: Network error: curl error: HTTP response code said error: The requested URL returned error: 404
W20260601 13:34:47.281421  6734 instance_detector.cc:116] could not retrieve Azure instance metadata: Network error: curl error: HTTP response code said error: The requested URL returned error: 404
I20260601 13:34:47.281634  4756 hybrid_clock.cc:584] initializing the hybrid clock with 'system_unsync' time source
W20260601 13:34:47.281682  4756 system_unsync_time.cc:38] NTP support is disabled. Clock error bounds will not be accurate. This configuration is not suitable for distributed clusters.
I20260601 13:34:47.281698  4756 hybrid_clock.cc:648] HybridClock initialized: now 1780320887281698 us; error 0 us; skew 500 ppm
I20260601 13:34:47.282572  4756 webserver.cc:533] Webserver started at http://127.4.165.4:40791/ using document root <none> and password file <none>
I20260601 13:34:47.282716  4756 fs_manager.cc:362] Metadata directory not provided
I20260601 13:34:47.282759  4756 fs_manager.cc:368] Using write-ahead log directory (fs_wal_dir) as metadata directory
I20260601 13:34:47.282811  4756 server_base.cc:909] This appears to be a new deployment of Kudu; creating new FS layout
I20260601 13:34:47.283203  4756 fs_manager.cc:1068] Generated new instance metadata in path /tmp/dist-test-taskifUnyz/test-tmp/auto_rebalancer-test.0.AutoRebalancerTest.MovesScheduledIfAddTserver.1780320858541367-4756-0/minicluster-data/ts-3-root/instance:
uuid: "f412a213447c40de9dc4bb51580a0ed0"
format_stamp: "Formatted at 2026-06-01 13:34:47 on dist-test-slave-3pvd"
I20260601 13:34:47.284634  4756 fs_manager.cc:696] Time spent creating directory manager: real 0.001s	user 0.001s	sys 0.000s
I20260601 13:34:47.285573  6741 log_block_manager.cc:4031] Time spent loading block containers with low live blocks: real 0.000s	user 0.000s	sys 0.000s
I20260601 13:34:47.285836  4756 fs_manager.cc:730] Time spent opening block manager: real 0.001s	user 0.001s	sys 0.000s
I20260601 13:34:47.285892  4756 fs_manager.cc:647] Opened local filesystem: /tmp/dist-test-taskifUnyz/test-tmp/auto_rebalancer-test.0.AutoRebalancerTest.MovesScheduledIfAddTserver.1780320858541367-4756-0/minicluster-data/ts-3-root
uuid: "f412a213447c40de9dc4bb51580a0ed0"
format_stamp: "Formatted at 2026-06-01 13:34:47 on dist-test-slave-3pvd"
I20260601 13:34:47.285943  4756 fs_report.cc:389] FS layout report
--------------------
wal directory: /tmp/dist-test-taskifUnyz/test-tmp/auto_rebalancer-test.0.AutoRebalancerTest.MovesScheduledIfAddTserver.1780320858541367-4756-0/minicluster-data/ts-3-root
metadata directory: /tmp/dist-test-taskifUnyz/test-tmp/auto_rebalancer-test.0.AutoRebalancerTest.MovesScheduledIfAddTserver.1780320858541367-4756-0/minicluster-data/ts-3-root
1 data directories: /tmp/dist-test-taskifUnyz/test-tmp/auto_rebalancer-test.0.AutoRebalancerTest.MovesScheduledIfAddTserver.1780320858541367-4756-0/minicluster-data/ts-3-root/data
Total live blocks: 0
Total live bytes: 0
Total live bytes (after alignment): 0
Total number of LBM containers: 0 (0 full)
Did not check for missing blocks
Did not check for orphaned blocks
Total full LBM containers with extra space: 0 (0 repaired)
Total full LBM container extra space in bytes: 0 (0 repaired)
Total incomplete LBM containers: 0 (0 repaired)
Total LBM partial records: 0 (0 repaired)
Total corrupted LBM metadata records in RocksDB: 0 (0 repaired)
I20260601 13:34:47.302095  4756 rpc_server.cc:225] running with OpenSSL 1.1.1  11 Sep 2018
I20260601 13:34:47.302495  4756 kserver.cc:163] Server-wide thread pool size limit: 3276
I20260601 13:34:47.302779  4756 txn_system_client.cc:432] TxnSystemClient initialization is disabled...
I20260601 13:34:47.303270  4756 ts_tablet_manager.cc:585] Loaded tablet metadata (0 total tablets, 0 live tablets)
I20260601 13:34:47.303309  4756 ts_tablet_manager.cc:531] Time spent load tablet metadata: real 0.000s	user 0.000s	sys 0.000s
I20260601 13:34:47.303370  4756 ts_tablet_manager.cc:616] Registered 0 tablets
I20260601 13:34:47.303409  4756 ts_tablet_manager.cc:595] Time spent register tablets: real 0.000s	user 0.000s	sys 0.000s
I20260601 13:34:47.308719  4756 rpc_server.cc:307] RPC server started. Bound to: 127.4.165.4:36683
I20260601 13:34:47.308748  6804 acceptor_pool.cc:272] collecting diagnostics on the listening RPC socket 127.4.165.4:36683 every 8 connection(s)
I20260601 13:34:47.313534  6805 heartbeater.cc:344] Connected to a master server at 127.4.165.62:33263
I20260601 13:34:47.313647  6805 heartbeater.cc:461] Registering TS with master...
I20260601 13:34:47.313856  6805 heartbeater.cc:507] Master 127.4.165.62:33263 requested a full tablet report, sending...
I20260601 13:34:47.314473  6399 ts_manager.cc:194] Registered new tserver with Master: f412a213447c40de9dc4bb51580a0ed0 (127.4.165.4:36683)
I20260601 13:34:47.315007  6399 master_service.cc:502] Signed X509 certificate for tserver {username='slave'} at 127.0.0.1:44314
I20260601 13:34:47.937841  6503 consensus_queue.cc:237] T d7130553e83342d1ab67302fe1815e90 P 02e1d31993a641468b6c1810ab59ee43 [LEADER]: Queue going to LEADER mode. State: All replicated index: 0, Majority replicated index: 1, Committed index: 1, Last appended: 1.1, Last appended by leader: 0, Current term: 1, Majority size: 2, State: 0, Mode: LEADER, active raft config: opid_index: 2 OBSOLETE_local: false peers { permanent_uuid: "02e1d31993a641468b6c1810ab59ee43" member_type: VOTER last_known_addr { host: "127.4.165.1" port: 34819 } } peers { permanent_uuid: "ab39c6dcd03d4177a16e16b443ec6299" member_type: VOTER last_known_addr { host: "127.4.165.2" port: 45061 } } peers { permanent_uuid: "ffc6fe1353c64a5aaa989626877ce3f8" member_type: VOTER last_known_addr { host: "127.4.165.3" port: 45919 } attrs { replace: true } } peers { permanent_uuid: "f412a213447c40de9dc4bb51580a0ed0" member_type: NON_VOTER last_known_addr { host: "127.4.165.4" port: 36683 } attrs { promote: true } }
I20260601 13:34:47.939540  6654 raft_consensus.cc:1275] T d7130553e83342d1ab67302fe1815e90 P ffc6fe1353c64a5aaa989626877ce3f8 [term 1 FOLLOWER]: Refusing update from remote peer 02e1d31993a641468b6c1810ab59ee43: Log matching property violated. Preceding OpId in replica: term: 1 index: 1. Preceding OpId from leader: term: 1 index: 2. (index mismatch)
I20260601 13:34:47.939626  6579 raft_consensus.cc:1275] T d7130553e83342d1ab67302fe1815e90 P ab39c6dcd03d4177a16e16b443ec6299 [term 1 FOLLOWER]: Refusing update from remote peer 02e1d31993a641468b6c1810ab59ee43: Log matching property violated. Preceding OpId in replica: term: 1 index: 1. Preceding OpId from leader: term: 1 index: 2. (index mismatch)
I20260601 13:34:47.939944  6814 consensus_queue.cc:1048] T d7130553e83342d1ab67302fe1815e90 P 02e1d31993a641468b6c1810ab59ee43 [LEADER]: Connected to new peer: Peer: permanent_uuid: "ffc6fe1353c64a5aaa989626877ce3f8" member_type: VOTER last_known_addr { host: "127.4.165.3" port: 45919 } attrs { replace: true }, Status: LMP_MISMATCH, Last received: 0.0, Next index: 2, Last known committed idx: 1, Time since last communication: 0.000s
I20260601 13:34:47.940224  6730 consensus_queue.cc:1048] T d7130553e83342d1ab67302fe1815e90 P 02e1d31993a641468b6c1810ab59ee43 [LEADER]: Connected to new peer: Peer: permanent_uuid: "ab39c6dcd03d4177a16e16b443ec6299" member_type: VOTER last_known_addr { host: "127.4.165.2" port: 45061 }, Status: LMP_MISMATCH, Last received: 0.0, Next index: 2, Last known committed idx: 1, Time since last communication: 0.000s
I20260601 13:34:47.941883  6730 raft_consensus.cc:2955] T d7130553e83342d1ab67302fe1815e90 P 02e1d31993a641468b6c1810ab59ee43 [term 1 LEADER]: Committing config change with OpId 1.2: config changed from index -1 to 2, NON_VOTER f412a213447c40de9dc4bb51580a0ed0 (127.4.165.4) added. New config: { opid_index: 2 OBSOLETE_local: false peers { permanent_uuid: "02e1d31993a641468b6c1810ab59ee43" member_type: VOTER last_known_addr { host: "127.4.165.1" port: 34819 } } peers { permanent_uuid: "ab39c6dcd03d4177a16e16b443ec6299" member_type: VOTER last_known_addr { host: "127.4.165.2" port: 45061 } } peers { permanent_uuid: "ffc6fe1353c64a5aaa989626877ce3f8" member_type: VOTER last_known_addr { host: "127.4.165.3" port: 45919 } attrs { replace: true } } peers { permanent_uuid: "f412a213447c40de9dc4bb51580a0ed0" member_type: NON_VOTER last_known_addr { host: "127.4.165.4" port: 36683 } attrs { promote: true } } }
I20260601 13:34:47.942329  6654 raft_consensus.cc:2955] T d7130553e83342d1ab67302fe1815e90 P ffc6fe1353c64a5aaa989626877ce3f8 [term 1 FOLLOWER]: Committing config change with OpId 1.2: config changed from index -1 to 2, NON_VOTER f412a213447c40de9dc4bb51580a0ed0 (127.4.165.4) added. New config: { opid_index: 2 OBSOLETE_local: false peers { permanent_uuid: "02e1d31993a641468b6c1810ab59ee43" member_type: VOTER last_known_addr { host: "127.4.165.1" port: 34819 } } peers { permanent_uuid: "ab39c6dcd03d4177a16e16b443ec6299" member_type: VOTER last_known_addr { host: "127.4.165.2" port: 45061 } } peers { permanent_uuid: "ffc6fe1353c64a5aaa989626877ce3f8" member_type: VOTER last_known_addr { host: "127.4.165.3" port: 45919 } attrs { replace: true } } peers { permanent_uuid: "f412a213447c40de9dc4bb51580a0ed0" member_type: NON_VOTER last_known_addr { host: "127.4.165.4" port: 36683 } attrs { promote: true } } }
I20260601 13:34:47.942329  6579 raft_consensus.cc:2955] T d7130553e83342d1ab67302fe1815e90 P ab39c6dcd03d4177a16e16b443ec6299 [term 1 FOLLOWER]: Committing config change with OpId 1.2: config changed from index -1 to 2, NON_VOTER f412a213447c40de9dc4bb51580a0ed0 (127.4.165.4) added. New config: { opid_index: 2 OBSOLETE_local: false peers { permanent_uuid: "02e1d31993a641468b6c1810ab59ee43" member_type: VOTER last_known_addr { host: "127.4.165.1" port: 34819 } } peers { permanent_uuid: "ab39c6dcd03d4177a16e16b443ec6299" member_type: VOTER last_known_addr { host: "127.4.165.2" port: 45061 } } peers { permanent_uuid: "ffc6fe1353c64a5aaa989626877ce3f8" member_type: VOTER last_known_addr { host: "127.4.165.3" port: 45919 } attrs { replace: true } } peers { permanent_uuid: "f412a213447c40de9dc4bb51580a0ed0" member_type: NON_VOTER last_known_addr { host: "127.4.165.4" port: 36683 } attrs { promote: true } } }
I20260601 13:34:47.945051  6399 catalog_manager.cc:5696] T d7130553e83342d1ab67302fe1815e90 P 02e1d31993a641468b6c1810ab59ee43 reported cstate change: config changed from index -1 to 2, NON_VOTER f412a213447c40de9dc4bb51580a0ed0 (127.4.165.4) added. New cstate: current_term: 1 leader_uuid: "02e1d31993a641468b6c1810ab59ee43" committed_config { opid_index: 2 OBSOLETE_local: false peers { permanent_uuid: "02e1d31993a641468b6c1810ab59ee43" member_type: VOTER last_known_addr { host: "127.4.165.1" port: 34819 } health_report { overall_health: HEALTHY } } peers { permanent_uuid: "ab39c6dcd03d4177a16e16b443ec6299" member_type: VOTER last_known_addr { host: "127.4.165.2" port: 45061 } health_report { overall_health: HEALTHY } } peers { permanent_uuid: "ffc6fe1353c64a5aaa989626877ce3f8" member_type: VOTER last_known_addr { host: "127.4.165.3" port: 45919 } attrs { replace: true } health_report { overall_health: HEALTHY } } peers { permanent_uuid: "f412a213447c40de9dc4bb51580a0ed0" member_type: NON_VOTER last_known_addr { host: "127.4.165.4" port: 36683 } attrs { promote: true } health_report { overall_health: UNKNOWN } } }
W20260601 13:34:47.947722  6469 consensus_peers.cc:597] T d7130553e83342d1ab67302fe1815e90 P 02e1d31993a641468b6c1810ab59ee43 -> Peer f412a213447c40de9dc4bb51580a0ed0 (127.4.165.4:36683): Couldn't send request to peer f412a213447c40de9dc4bb51580a0ed0. Error code: TABLET_NOT_FOUND (6). Status: Not found: Tablet not found: d7130553e83342d1ab67302fe1815e90. This is attempt 1: this message will repeat every 5th retry.
I20260601 13:34:48.315855  6805 heartbeater.cc:499] Master 127.4.165.62:33263 was elected leader, sending a full tablet report...
I20260601 13:34:48.361729  6824 ts_tablet_manager.cc:933] T d7130553e83342d1ab67302fe1815e90 P f412a213447c40de9dc4bb51580a0ed0: Initiating tablet copy from peer 02e1d31993a641468b6c1810ab59ee43 (127.4.165.1:34819)
I20260601 13:34:48.362457  6824 tablet_copy_client.cc:323] T d7130553e83342d1ab67302fe1815e90 P f412a213447c40de9dc4bb51580a0ed0: tablet copy: Beginning tablet copy session from remote peer at address 127.4.165.1:34819
I20260601 13:34:48.366717  6513 tablet_copy_service.cc:140] P 02e1d31993a641468b6c1810ab59ee43: Received BeginTabletCopySession request for tablet d7130553e83342d1ab67302fe1815e90 from peer f412a213447c40de9dc4bb51580a0ed0 ({username='slave'} at 127.0.0.1:47556)
I20260601 13:34:48.366828  6513 tablet_copy_service.cc:161] P 02e1d31993a641468b6c1810ab59ee43: Beginning new tablet copy session on tablet d7130553e83342d1ab67302fe1815e90 from peer f412a213447c40de9dc4bb51580a0ed0 at {username='slave'} at 127.0.0.1:47556: session id = f412a213447c40de9dc4bb51580a0ed0-d7130553e83342d1ab67302fe1815e90
I20260601 13:34:48.367929  6513 tablet_copy_source_session.cc:215] T d7130553e83342d1ab67302fe1815e90 P 02e1d31993a641468b6c1810ab59ee43: Tablet Copy: opened 0 blocks and 1 log segments
I20260601 13:34:48.369107  6824 data_dirs.cc:400] Could only allocate 1 dirs of requested 3 for tablet d7130553e83342d1ab67302fe1815e90. 1 dirs total, 0 dirs full, 0 dirs failed
I20260601 13:34:48.370910  6824 tablet_copy_client.cc:806] T d7130553e83342d1ab67302fe1815e90 P f412a213447c40de9dc4bb51580a0ed0: tablet copy: Starting download of 0 data blocks...
I20260601 13:34:48.371094  6824 tablet_copy_client.cc:670] T d7130553e83342d1ab67302fe1815e90 P f412a213447c40de9dc4bb51580a0ed0: tablet copy: Starting download of 1 WAL segments...
I20260601 13:34:48.372692  6824 tablet_copy_client.cc:538] T d7130553e83342d1ab67302fe1815e90 P f412a213447c40de9dc4bb51580a0ed0: tablet copy: Tablet Copy complete. Replacing tablet superblock.
I20260601 13:34:48.374046  6824 tablet_bootstrap.cc:492] T d7130553e83342d1ab67302fe1815e90 P f412a213447c40de9dc4bb51580a0ed0: Bootstrap starting.
I20260601 13:34:48.377940  6824 tablet_bootstrap.cc:492] T d7130553e83342d1ab67302fe1815e90 P f412a213447c40de9dc4bb51580a0ed0: Bootstrap replayed 1/1 log segments. Stats: ops{read=2 overwritten=0 applied=2 ignored=0} inserts{seen=0 ignored=0} mutations{seen=0 ignored=0} orphaned_commits=0. Pending: 0 replicates
I20260601 13:34:48.378233  6824 tablet_bootstrap.cc:492] T d7130553e83342d1ab67302fe1815e90 P f412a213447c40de9dc4bb51580a0ed0: Bootstrap complete.
I20260601 13:34:48.378412  6824 ts_tablet_manager.cc:1403] T d7130553e83342d1ab67302fe1815e90 P f412a213447c40de9dc4bb51580a0ed0: Time spent bootstrapping tablet: real 0.004s	user 0.002s	sys 0.002s
I20260601 13:34:48.378804  6824 raft_consensus.cc:359] T d7130553e83342d1ab67302fe1815e90 P f412a213447c40de9dc4bb51580a0ed0 [term 1 LEARNER]: Replica starting. Triggering 0 pending ops. Active config: opid_index: 2 OBSOLETE_local: false peers { permanent_uuid: "02e1d31993a641468b6c1810ab59ee43" member_type: VOTER last_known_addr { host: "127.4.165.1" port: 34819 } } peers { permanent_uuid: "ab39c6dcd03d4177a16e16b443ec6299" member_type: VOTER last_known_addr { host: "127.4.165.2" port: 45061 } } peers { permanent_uuid: "ffc6fe1353c64a5aaa989626877ce3f8" member_type: VOTER last_known_addr { host: "127.4.165.3" port: 45919 } attrs { replace: true } } peers { permanent_uuid: "f412a213447c40de9dc4bb51580a0ed0" member_type: NON_VOTER last_known_addr { host: "127.4.165.4" port: 36683 } attrs { promote: true } }
I20260601 13:34:48.378930  6824 raft_consensus.cc:740] T d7130553e83342d1ab67302fe1815e90 P f412a213447c40de9dc4bb51580a0ed0 [term 1 LEARNER]: Becoming Follower/Learner. State: Replica: f412a213447c40de9dc4bb51580a0ed0, State: Initialized, Role: LEARNER
I20260601 13:34:48.379055  6824 consensus_queue.cc:260] T d7130553e83342d1ab67302fe1815e90 P f412a213447c40de9dc4bb51580a0ed0 [NON_LEADER]: Queue going to NON_LEADER mode. State: All replicated index: 0, Majority replicated index: 0, Committed index: 2, Last appended: 1.2, Last appended by leader: 2, Current term: 0, Majority size: -1, State: 0, Mode: NON_LEADER, active raft config: opid_index: 2 OBSOLETE_local: false peers { permanent_uuid: "02e1d31993a641468b6c1810ab59ee43" member_type: VOTER last_known_addr { host: "127.4.165.1" port: 34819 } } peers { permanent_uuid: "ab39c6dcd03d4177a16e16b443ec6299" member_type: VOTER last_known_addr { host: "127.4.165.2" port: 45061 } } peers { permanent_uuid: "ffc6fe1353c64a5aaa989626877ce3f8" member_type: VOTER last_known_addr { host: "127.4.165.3" port: 45919 } attrs { replace: true } } peers { permanent_uuid: "f412a213447c40de9dc4bb51580a0ed0" member_type: NON_VOTER last_known_addr { host: "127.4.165.4" port: 36683 } attrs { promote: true } }
I20260601 13:34:48.379390  6824 ts_tablet_manager.cc:1434] T d7130553e83342d1ab67302fe1815e90 P f412a213447c40de9dc4bb51580a0ed0: Time spent starting tablet: real 0.001s	user 0.002s	sys 0.000s
I20260601 13:34:48.379949  6513 tablet_copy_service.cc:342] P 02e1d31993a641468b6c1810ab59ee43: Request end of tablet copy session f412a213447c40de9dc4bb51580a0ed0-d7130553e83342d1ab67302fe1815e90 received from {username='slave'} at 127.0.0.1:47556
I20260601 13:34:48.380053  6513 tablet_copy_service.cc:434] P 02e1d31993a641468b6c1810ab59ee43: ending tablet copy session f412a213447c40de9dc4bb51580a0ed0-d7130553e83342d1ab67302fe1815e90 on tablet d7130553e83342d1ab67302fe1815e90 with peer f412a213447c40de9dc4bb51580a0ed0
I20260601 13:34:48.808202  6779 raft_consensus.cc:1217] T d7130553e83342d1ab67302fe1815e90 P f412a213447c40de9dc4bb51580a0ed0 [term 1 LEARNER]: Deduplicated request from leader. Original: 1.1->[1.2-1.2]   Dedup: 1.2->[]
I20260601 13:34:48.926795  6454 auto_leader_rebalancer.cc:140] leader rebalance for table test-workload
I20260601 13:34:48.927258  6454 auto_leader_rebalancer.cc:388] table: test-workload, leader rebalance finish, leader transfer count: 0
I20260601 13:34:48.927352  6454 auto_leader_rebalancer.cc:451] All tables' leader rebalancing finished this round
I20260601 13:34:49.199985  6814 raft_consensus.cc:1064] T d7130553e83342d1ab67302fe1815e90 P 02e1d31993a641468b6c1810ab59ee43: attempting to promote NON_VOTER f412a213447c40de9dc4bb51580a0ed0 to VOTER
I20260601 13:34:49.200631  6814 consensus_queue.cc:237] T d7130553e83342d1ab67302fe1815e90 P 02e1d31993a641468b6c1810ab59ee43 [LEADER]: Queue going to LEADER mode. State: All replicated index: 0, Majority replicated index: 2, Committed index: 2, Last appended: 1.2, Last appended by leader: 0, Current term: 1, Majority size: 3, State: 0, Mode: LEADER, active raft config: opid_index: 3 OBSOLETE_local: false peers { permanent_uuid: "02e1d31993a641468b6c1810ab59ee43" member_type: VOTER last_known_addr { host: "127.4.165.1" port: 34819 } } peers { permanent_uuid: "ab39c6dcd03d4177a16e16b443ec6299" member_type: VOTER last_known_addr { host: "127.4.165.2" port: 45061 } } peers { permanent_uuid: "ffc6fe1353c64a5aaa989626877ce3f8" member_type: VOTER last_known_addr { host: "127.4.165.3" port: 45919 } attrs { replace: true } } peers { permanent_uuid: "f412a213447c40de9dc4bb51580a0ed0" member_type: VOTER last_known_addr { host: "127.4.165.4" port: 36683 } attrs { promote: false } }
I20260601 13:34:49.202469  6654 raft_consensus.cc:1275] T d7130553e83342d1ab67302fe1815e90 P ffc6fe1353c64a5aaa989626877ce3f8 [term 1 FOLLOWER]: Refusing update from remote peer 02e1d31993a641468b6c1810ab59ee43: Log matching property violated. Preceding OpId in replica: term: 1 index: 2. Preceding OpId from leader: term: 1 index: 3. (index mismatch)
I20260601 13:34:49.202823  6779 raft_consensus.cc:1275] T d7130553e83342d1ab67302fe1815e90 P f412a213447c40de9dc4bb51580a0ed0 [term 1 LEARNER]: Refusing update from remote peer 02e1d31993a641468b6c1810ab59ee43: Log matching property violated. Preceding OpId in replica: term: 1 index: 2. Preceding OpId from leader: term: 1 index: 3. (index mismatch)
I20260601 13:34:49.203092  6579 raft_consensus.cc:1275] T d7130553e83342d1ab67302fe1815e90 P ab39c6dcd03d4177a16e16b443ec6299 [term 1 FOLLOWER]: Refusing update from remote peer 02e1d31993a641468b6c1810ab59ee43: Log matching property violated. Preceding OpId in replica: term: 1 index: 2. Preceding OpId from leader: term: 1 index: 3. (index mismatch)
I20260601 13:34:49.203366  6830 consensus_queue.cc:1048] T d7130553e83342d1ab67302fe1815e90 P 02e1d31993a641468b6c1810ab59ee43 [LEADER]: Connected to new peer: Peer: permanent_uuid: "ffc6fe1353c64a5aaa989626877ce3f8" member_type: VOTER last_known_addr { host: "127.4.165.3" port: 45919 } attrs { replace: true }, Status: LMP_MISMATCH, Last received: 0.0, Next index: 3, Last known committed idx: 2, Time since last communication: 0.000s
I20260601 13:34:49.203874  6814 consensus_queue.cc:1048] T d7130553e83342d1ab67302fe1815e90 P 02e1d31993a641468b6c1810ab59ee43 [LEADER]: Connected to new peer: Peer: permanent_uuid: "ab39c6dcd03d4177a16e16b443ec6299" member_type: VOTER last_known_addr { host: "127.4.165.2" port: 45061 }, Status: LMP_MISMATCH, Last received: 0.0, Next index: 3, Last known committed idx: 2, Time since last communication: 0.000s
