I20260601 13:36:02.777465   611 raft_consensus.cc:1275] T 25e873760bbb4422927341afeb151704 P 6f2f5a769963466099f2f529847dbcb9 [term 1 FOLLOWER]: Refusing update from remote peer 37d8ff52408a4fd68235907b1384012a: Log matching property violated. Preceding OpId in replica: term: 0 index: 0. Preceding OpId from leader: term: 1 index: 2. (index mismatch)
I20260601 13:36:02.777766   665 consensus_queue.cc:1048] T 38551f0a96f940a2a1e078a1f07bfef0 P 6f2f5a769963466099f2f529847dbcb9 [LEADER]: Connected to new peer: Peer: permanent_uuid: "37d8ff52408a4fd68235907b1384012a" member_type: VOTER last_known_addr { host: "127.27.220.65" port: 43669 }, Status: LMP_MISMATCH, Last received: 0.0, Next index: 1, Last known committed idx: 0, Time since last communication: 0.000s
I20260601 13:36:02.778064   665 consensus_queue.cc:1048] T 7f52c321e04d4dbdac7c65a2e1ccd913 P 6f2f5a769963466099f2f529847dbcb9 [LEADER]: Connected to new peer: Peer: permanent_uuid: "37d8ff52408a4fd68235907b1384012a" member_type: VOTER last_known_addr { host: "127.27.220.65" port: 43669 }, Status: LMP_MISMATCH, Last received: 0.0, Next index: 1, Last known committed idx: 0, Time since last communication: 0.000s
I20260601 13:36:02.778316   665 consensus_queue.cc:1048] T 8ac5d939cac24540b9d68989b3246200 P 6f2f5a769963466099f2f529847dbcb9 [LEADER]: Connected to new peer: Peer: permanent_uuid: "37d8ff52408a4fd68235907b1384012a" member_type: VOTER last_known_addr { host: "127.27.220.65" port: 43669 }, Status: LMP_MISMATCH, Last received: 0.0, Next index: 1, Last known committed idx: 0, Time since last communication: 0.000s
I20260601 13:36:02.778555   665 consensus_queue.cc:1048] T 2525a6a452614319a817520f3be718ae P 6f2f5a769963466099f2f529847dbcb9 [LEADER]: Connected to new peer: Peer: permanent_uuid: "37d8ff52408a4fd68235907b1384012a" member_type: VOTER last_known_addr { host: "127.27.220.65" port: 43669 }, Status: LMP_MISMATCH, Last received: 0.0, Next index: 1, Last known committed idx: 0, Time since last communication: 0.000s
I20260601 13:36:02.779106   614 raft_consensus.cc:1275] T 967a3e7442ff44b8a4ff130758975995 P 6f2f5a769963466099f2f529847dbcb9 [term 1 FOLLOWER]: Refusing update from remote peer 37d8ff52408a4fd68235907b1384012a: Log matching property violated. Preceding OpId in replica: term: 0 index: 0. Preceding OpId from leader: term: 1 index: 2. (index mismatch)
I20260601 13:36:02.779170   716 consensus_queue.cc:1048] T 2c16bb29aee54beea9902fbd637ae695 P 37d8ff52408a4fd68235907b1384012a [LEADER]: Connected to new peer: Peer: permanent_uuid: "6f2f5a769963466099f2f529847dbcb9" member_type: VOTER last_known_addr { host: "127.27.220.67" port: 44899 }, Status: LMP_MISMATCH, Last received: 0.0, Next index: 1, Last known committed idx: 0, Time since last communication: 0.000s
I20260601 13:36:02.780972   666 consensus_queue.cc:1048] T e45a9461b1214b668818b4f631988c3d P 37d8ff52408a4fd68235907b1384012a [LEADER]: Connected to new peer: Peer: permanent_uuid: "6f2f5a769963466099f2f529847dbcb9" member_type: VOTER last_known_addr { host: "127.27.220.67" port: 44899 }, Status: LMP_MISMATCH, Last received: 0.0, Next index: 1, Last known committed idx: 0, Time since last communication: 0.000s
I20260601 13:36:02.781245   666 consensus_queue.cc:1048] T 25e873760bbb4422927341afeb151704 P 37d8ff52408a4fd68235907b1384012a [LEADER]: Connected to new peer: Peer: permanent_uuid: "6f2f5a769963466099f2f529847dbcb9" member_type: VOTER last_known_addr { host: "127.27.220.67" port: 44899 }, Status: LMP_MISMATCH, Last received: 0.0, Next index: 1, Last known committed idx: 0, Time since last communication: 0.000s
I20260601 13:36:02.781397   716 consensus_queue.cc:1048] T 967a3e7442ff44b8a4ff130758975995 P 37d8ff52408a4fd68235907b1384012a [LEADER]: Connected to new peer: Peer: permanent_uuid: "6f2f5a769963466099f2f529847dbcb9" member_type: VOTER last_known_addr { host: "127.27.220.67" port: 44899 }, Status: LMP_MISMATCH, Last received: 0.0, Next index: 1, Last known committed idx: 0, Time since last communication: 0.000s
I20260601 13:36:02.782692   734 mvcc.cc:204] Tried to move back new op lower bound from 7292194663421927424 to 7292194661961928704. Current Snapshot: MvccSnapshot[applied={T|T < 7292194663410241536}]
I20260601 13:36:02.793965   789 mvcc.cc:204] Tried to move back new op lower bound from 7292194663501242368 to 7292194662697652224. Current Snapshot: MvccSnapshot[applied={T|T < 7292194663475662848}]
I20260601 13:36:02.811223   750 mvcc.cc:204] Tried to move back new op lower bound from 7292194663412543488 to 7292194661713735680. Current Snapshot: MvccSnapshot[applied={T|T < 7292194663412543488}]
I20260601 13:36:03.248292 28529 file_cache.cc:492] Constructed file cache file cache with capacity 419430
W20260601 13:36:03.251961   809 instance_detector.cc:116] could not retrieve OpenStack instance metadata: Network error: curl error: HTTP response code said error: The requested URL returned error: 404
W20260601 13:36:03.252266   806 instance_detector.cc:116] could not retrieve AWS instance metadata: Network error: curl error: HTTP response code said error: The requested URL returned error: 404
W20260601 13:36:03.252350   807 instance_detector.cc:116] could not retrieve Azure instance metadata: Network error: curl error: HTTP response code said error: The requested URL returned error: 404
I20260601 13:36:03.252772 28529 server_base.cc:1061] running on GCE node
I20260601 13:36:03.252965 28529 hybrid_clock.cc:584] initializing the hybrid clock with 'system_unsync' time source
W20260601 13:36:03.253005 28529 system_unsync_time.cc:38] NTP support is disabled. Clock error bounds will not be accurate. This configuration is not suitable for distributed clusters.
I20260601 13:36:03.253031 28529 hybrid_clock.cc:648] HybridClock initialized: now 1780320963253031 us; error 0 us; skew 500 ppm
I20260601 13:36:03.253944 28529 webserver.cc:533] Webserver started at http://127.27.220.68:41779/ using document root <none> and password file <none>
I20260601 13:36:03.254081 28529 fs_manager.cc:362] Metadata directory not provided
I20260601 13:36:03.254134 28529 fs_manager.cc:368] Using write-ahead log directory (fs_wal_dir) as metadata directory
I20260601 13:36:03.254205 28529 server_base.cc:909] This appears to be a new deployment of Kudu; creating new FS layout
I20260601 13:36:03.254547 28529 fs_manager.cc:1068] Generated new instance metadata in path /tmp/dist-test-task2ZrQ4P/test-tmp/auto_rebalancer-test.0.AutoRebalancerTest.TestMaxMovesPerServer.1780320857771349-28529-0/minicluster-data/ts-3-root/instance:
uuid: "95ead8948e174285a8feb0ec028df119"
format_stamp: "Formatted at 2026-06-01 13:36:03 on dist-test-slave-5nb9"
I20260601 13:36:03.255971 28529 fs_manager.cc:696] Time spent creating directory manager: real 0.001s	user 0.000s	sys 0.002s
I20260601 13:36:03.256858   814 log_block_manager.cc:4031] Time spent loading block containers with low live blocks: real 0.000s	user 0.000s	sys 0.000s
I20260601 13:36:03.257145 28529 fs_manager.cc:730] Time spent opening block manager: real 0.001s	user 0.000s	sys 0.001s
I20260601 13:36:03.257201 28529 fs_manager.cc:647] Opened local filesystem: /tmp/dist-test-task2ZrQ4P/test-tmp/auto_rebalancer-test.0.AutoRebalancerTest.TestMaxMovesPerServer.1780320857771349-28529-0/minicluster-data/ts-3-root
uuid: "95ead8948e174285a8feb0ec028df119"
format_stamp: "Formatted at 2026-06-01 13:36:03 on dist-test-slave-5nb9"
I20260601 13:36:03.257272 28529 fs_report.cc:389] FS layout report
--------------------
wal directory: /tmp/dist-test-task2ZrQ4P/test-tmp/auto_rebalancer-test.0.AutoRebalancerTest.TestMaxMovesPerServer.1780320857771349-28529-0/minicluster-data/ts-3-root
metadata directory: /tmp/dist-test-task2ZrQ4P/test-tmp/auto_rebalancer-test.0.AutoRebalancerTest.TestMaxMovesPerServer.1780320857771349-28529-0/minicluster-data/ts-3-root
1 data directories: /tmp/dist-test-task2ZrQ4P/test-tmp/auto_rebalancer-test.0.AutoRebalancerTest.TestMaxMovesPerServer.1780320857771349-28529-0/minicluster-data/ts-3-root/data
Total live blocks: 0
Total live bytes: 0
Total live bytes (after alignment): 0
Total number of LBM containers: 0 (0 full)
Did not check for missing blocks
Did not check for orphaned blocks
Total full LBM containers with extra space: 0 (0 repaired)
Total full LBM container extra space in bytes: 0 (0 repaired)
Total incomplete LBM containers: 0 (0 repaired)
Total LBM partial records: 0 (0 repaired)
Total corrupted LBM metadata records in RocksDB: 0 (0 repaired)
I20260601 13:36:03.271181 28529 rpc_server.cc:225] running with OpenSSL 1.1.1  11 Sep 2018
I20260601 13:36:03.271569 28529 kserver.cc:163] Server-wide thread pool size limit: 3276
I20260601 13:36:03.271817 28529 txn_system_client.cc:432] TxnSystemClient initialization is disabled...
I20260601 13:36:03.272248 28529 ts_tablet_manager.cc:585] Loaded tablet metadata (0 total tablets, 0 live tablets)
I20260601 13:36:03.272287 28529 ts_tablet_manager.cc:531] Time spent load tablet metadata: real 0.000s	user 0.000s	sys 0.000s
I20260601 13:36:03.272328 28529 ts_tablet_manager.cc:616] Registered 0 tablets
I20260601 13:36:03.272356 28529 ts_tablet_manager.cc:595] Time spent register tablets: real 0.000s	user 0.000s	sys 0.000s
I20260601 13:36:03.276947 28529 rpc_server.cc:307] RPC server started. Bound to: 127.27.220.68:42513
I20260601 13:36:03.277102   878 acceptor_pool.cc:272] collecting diagnostics on the listening RPC socket 127.27.220.68:42513 every 8 connection(s)
I20260601 13:36:03.277769 28529 file_cache.cc:492] Constructed file cache file cache with capacity 419430
W20260601 13:36:03.279731   883 instance_detector.cc:116] could not retrieve AWS instance metadata: Network error: curl error: HTTP response code said error: The requested URL returned error: 404
W20260601 13:36:03.279803   886 instance_detector.cc:116] could not retrieve OpenStack instance metadata: Network error: curl error: HTTP response code said error: The requested URL returned error: 404
I20260601 13:36:03.279896 28529 server_base.cc:1061] running on GCE node
W20260601 13:36:03.279987   884 instance_detector.cc:116] could not retrieve Azure instance metadata: Network error: curl error: HTTP response code said error: The requested URL returned error: 404
I20260601 13:36:03.280223 28529 hybrid_clock.cc:584] initializing the hybrid clock with 'system_unsync' time source
W20260601 13:36:03.280269 28529 system_unsync_time.cc:38] NTP support is disabled. Clock error bounds will not be accurate. This configuration is not suitable for distributed clusters.
I20260601 13:36:03.280283 28529 hybrid_clock.cc:648] HybridClock initialized: now 1780320963280283 us; error 0 us; skew 500 ppm
I20260601 13:36:03.281243 28529 webserver.cc:533] Webserver started at http://127.27.220.69:32997/ using document root <none> and password file <none>
I20260601 13:36:03.281399 28529 fs_manager.cc:362] Metadata directory not provided
I20260601 13:36:03.281456 28529 fs_manager.cc:368] Using write-ahead log directory (fs_wal_dir) as metadata directory
I20260601 13:36:03.281566 28529 server_base.cc:909] This appears to be a new deployment of Kudu; creating new FS layout
I20260601 13:36:03.281988   879 heartbeater.cc:344] Connected to a master server at 127.27.220.126:43733
I20260601 13:36:03.281991 28529 fs_manager.cc:1068] Generated new instance metadata in path /tmp/dist-test-task2ZrQ4P/test-tmp/auto_rebalancer-test.0.AutoRebalancerTest.TestMaxMovesPerServer.1780320857771349-28529-0/minicluster-data/ts-4-root/instance:
uuid: "74a1f3a4ed32485688a592c6df03bde2"
format_stamp: "Formatted at 2026-06-01 13:36:03 on dist-test-slave-5nb9"
I20260601 13:36:03.282100   879 heartbeater.cc:461] Registering TS with master...
I20260601 13:36:03.282356   879 heartbeater.cc:507] Master 127.27.220.126:43733 requested a full tablet report, sending...
I20260601 13:36:03.282994   358 ts_manager.cc:194] Registered new tserver with Master: 95ead8948e174285a8feb0ec028df119 (127.27.220.68:42513)
I20260601 13:36:03.283633 28529 fs_manager.cc:696] Time spent creating directory manager: real 0.001s	user 0.001s	sys 0.000s
I20260601 13:36:03.283731   358 master_service.cc:502] Signed X509 certificate for tserver {username='slave'} at 127.0.0.1:46654
I20260601 13:36:03.284639   891 log_block_manager.cc:4031] Time spent loading block containers with low live blocks: real 0.000s	user 0.000s	sys 0.000s
I20260601 13:36:03.284957 28529 fs_manager.cc:730] Time spent opening block manager: real 0.001s	user 0.001s	sys 0.000s
I20260601 13:36:03.285027 28529 fs_manager.cc:647] Opened local filesystem: /tmp/dist-test-task2ZrQ4P/test-tmp/auto_rebalancer-test.0.AutoRebalancerTest.TestMaxMovesPerServer.1780320857771349-28529-0/minicluster-data/ts-4-root
uuid: "74a1f3a4ed32485688a592c6df03bde2"
format_stamp: "Formatted at 2026-06-01 13:36:03 on dist-test-slave-5nb9"
I20260601 13:36:03.285099 28529 fs_report.cc:389] FS layout report
--------------------
wal directory: /tmp/dist-test-task2ZrQ4P/test-tmp/auto_rebalancer-test.0.AutoRebalancerTest.TestMaxMovesPerServer.1780320857771349-28529-0/minicluster-data/ts-4-root
metadata directory: /tmp/dist-test-task2ZrQ4P/test-tmp/auto_rebalancer-test.0.AutoRebalancerTest.TestMaxMovesPerServer.1780320857771349-28529-0/minicluster-data/ts-4-root
1 data directories: /tmp/dist-test-task2ZrQ4P/test-tmp/auto_rebalancer-test.0.AutoRebalancerTest.TestMaxMovesPerServer.1780320857771349-28529-0/minicluster-data/ts-4-root/data
Total live blocks: 0
Total live bytes: 0
Total live bytes (after alignment): 0
Total number of LBM containers: 0 (0 full)
Did not check for missing blocks
Did not check for orphaned blocks
Total full LBM containers with extra space: 0 (0 repaired)
Total full LBM container extra space in bytes: 0 (0 repaired)
Total incomplete LBM containers: 0 (0 repaired)
Total LBM partial records: 0 (0 repaired)
Total corrupted LBM metadata records in RocksDB: 0 (0 repaired)
I20260601 13:36:03.297992 28529 rpc_server.cc:225] running with OpenSSL 1.1.1  11 Sep 2018
I20260601 13:36:03.298418 28529 kserver.cc:163] Server-wide thread pool size limit: 3276
I20260601 13:36:03.298710 28529 txn_system_client.cc:432] TxnSystemClient initialization is disabled...
I20260601 13:36:03.299244 28529 ts_tablet_manager.cc:585] Loaded tablet metadata (0 total tablets, 0 live tablets)
I20260601 13:36:03.299288 28529 ts_tablet_manager.cc:531] Time spent load tablet metadata: real 0.000s	user 0.000s	sys 0.000s
I20260601 13:36:03.299329 28529 ts_tablet_manager.cc:616] Registered 0 tablets
I20260601 13:36:03.299364 28529 ts_tablet_manager.cc:595] Time spent register tablets: real 0.000s	user 0.000s	sys 0.000s
I20260601 13:36:03.303939 28529 rpc_server.cc:307] RPC server started. Bound to: 127.27.220.69:37667
I20260601 13:36:03.304075   954 acceptor_pool.cc:272] collecting diagnostics on the listening RPC socket 127.27.220.69:37667 every 8 connection(s)
I20260601 13:36:03.304821 28529 file_cache.cc:492] Constructed file cache file cache with capacity 419430
W20260601 13:36:03.306540   958 instance_detector.cc:116] could not retrieve AWS instance metadata: Network error: curl error: HTTP response code said error: The requested URL returned error: 404
W20260601 13:36:03.306622   959 instance_detector.cc:116] could not retrieve Azure instance metadata: Network error: curl error: HTTP response code said error: The requested URL returned error: 404
W20260601 13:36:03.308065   961 instance_detector.cc:116] could not retrieve OpenStack instance metadata: Network error: curl error: HTTP response code said error: The requested URL returned error: 404
I20260601 13:36:03.308200 28529 server_base.cc:1061] running on GCE node
I20260601 13:36:03.308369 28529 hybrid_clock.cc:584] initializing the hybrid clock with 'system_unsync' time source
W20260601 13:36:03.308409 28529 system_unsync_time.cc:38] NTP support is disabled. Clock error bounds will not be accurate. This configuration is not suitable for distributed clusters.
I20260601 13:36:03.308430 28529 hybrid_clock.cc:648] HybridClock initialized: now 1780320963308430 us; error 0 us; skew 500 ppm
I20260601 13:36:03.308964   955 heartbeater.cc:344] Connected to a master server at 127.27.220.126:43733
I20260601 13:36:03.309055   955 heartbeater.cc:461] Registering TS with master...
I20260601 13:36:03.309273   955 heartbeater.cc:507] Master 127.27.220.126:43733 requested a full tablet report, sending...
I20260601 13:36:03.309389 28529 webserver.cc:533] Webserver started at http://127.27.220.70:41511/ using document root <none> and password file <none>
I20260601 13:36:03.309535 28529 fs_manager.cc:362] Metadata directory not provided
I20260601 13:36:03.309595 28529 fs_manager.cc:368] Using write-ahead log directory (fs_wal_dir) as metadata directory
I20260601 13:36:03.309672 28529 server_base.cc:909] This appears to be a new deployment of Kudu; creating new FS layout
I20260601 13:36:03.309844   358 ts_manager.cc:194] Registered new tserver with Master: 74a1f3a4ed32485688a592c6df03bde2 (127.27.220.69:37667)
I20260601 13:36:03.310057 28529 fs_manager.cc:1068] Generated new instance metadata in path /tmp/dist-test-task2ZrQ4P/test-tmp/auto_rebalancer-test.0.AutoRebalancerTest.TestMaxMovesPerServer.1780320857771349-28529-0/minicluster-data/ts-5-root/instance:
uuid: "0f1dbf2ac4104499b3db841a5a1d4757"
format_stamp: "Formatted at 2026-06-01 13:36:03 on dist-test-slave-5nb9"
I20260601 13:36:03.310376   358 master_service.cc:502] Signed X509 certificate for tserver {username='slave'} at 127.0.0.1:46660
I20260601 13:36:03.311566 28529 fs_manager.cc:696] Time spent creating directory manager: real 0.001s	user 0.002s	sys 0.000s
I20260601 13:36:03.312510   966 log_block_manager.cc:4031] Time spent loading block containers with low live blocks: real 0.000s	user 0.000s	sys 0.000s
I20260601 13:36:03.312717 28529 fs_manager.cc:730] Time spent opening block manager: real 0.001s	user 0.001s	sys 0.000s
I20260601 13:36:03.312778 28529 fs_manager.cc:647] Opened local filesystem: /tmp/dist-test-task2ZrQ4P/test-tmp/auto_rebalancer-test.0.AutoRebalancerTest.TestMaxMovesPerServer.1780320857771349-28529-0/minicluster-data/ts-5-root
uuid: "0f1dbf2ac4104499b3db841a5a1d4757"
format_stamp: "Formatted at 2026-06-01 13:36:03 on dist-test-slave-5nb9"
I20260601 13:36:03.312853 28529 fs_report.cc:389] FS layout report
--------------------
wal directory: /tmp/dist-test-task2ZrQ4P/test-tmp/auto_rebalancer-test.0.AutoRebalancerTest.TestMaxMovesPerServer.1780320857771349-28529-0/minicluster-data/ts-5-root
metadata directory: /tmp/dist-test-task2ZrQ4P/test-tmp/auto_rebalancer-test.0.AutoRebalancerTest.TestMaxMovesPerServer.1780320857771349-28529-0/minicluster-data/ts-5-root
1 data directories: /tmp/dist-test-task2ZrQ4P/test-tmp/auto_rebalancer-test.0.AutoRebalancerTest.TestMaxMovesPerServer.1780320857771349-28529-0/minicluster-data/ts-5-root/data
Total live blocks: 0
Total live bytes: 0
Total live bytes (after alignment): 0
Total number of LBM containers: 0 (0 full)
Did not check for missing blocks
Did not check for orphaned blocks
Total full LBM containers with extra space: 0 (0 repaired)
Total full LBM container extra space in bytes: 0 (0 repaired)
Total incomplete LBM containers: 0 (0 repaired)
Total LBM partial records: 0 (0 repaired)
Total corrupted LBM metadata records in RocksDB: 0 (0 repaired)
I20260601 13:36:03.335563 28529 rpc_server.cc:225] running with OpenSSL 1.1.1  11 Sep 2018
I20260601 13:36:03.336009 28529 kserver.cc:163] Server-wide thread pool size limit: 3276
I20260601 13:36:03.336323 28529 txn_system_client.cc:432] TxnSystemClient initialization is disabled...
I20260601 13:36:03.336817 28529 ts_tablet_manager.cc:585] Loaded tablet metadata (0 total tablets, 0 live tablets)
I20260601 13:36:03.336859 28529 ts_tablet_manager.cc:531] Time spent load tablet metadata: real 0.000s	user 0.000s	sys 0.000s
I20260601 13:36:03.336900 28529 ts_tablet_manager.cc:616] Registered 0 tablets
I20260601 13:36:03.336928 28529 ts_tablet_manager.cc:595] Time spent register tablets: real 0.000s	user 0.000s	sys 0.000s
I20260601 13:36:03.341720 28529 rpc_server.cc:307] RPC server started. Bound to: 127.27.220.70:34143
I20260601 13:36:03.341873  1030 acceptor_pool.cc:272] collecting diagnostics on the listening RPC socket 127.27.220.70:34143 every 8 connection(s)
I20260601 13:36:03.346395  1031 heartbeater.cc:344] Connected to a master server at 127.27.220.126:43733
I20260601 13:36:03.346513  1031 heartbeater.cc:461] Registering TS with master...
I20260601 13:36:03.346753  1031 heartbeater.cc:507] Master 127.27.220.126:43733 requested a full tablet report, sending...
I20260601 13:36:03.347371   358 ts_manager.cc:194] Registered new tserver with Master: 0f1dbf2ac4104499b3db841a5a1d4757 (127.27.220.70:34143)
I20260601 13:36:03.347932   358 master_service.cc:502] Signed X509 certificate for tserver {username='slave'} at 127.0.0.1:46670
I20260601 13:36:04.101642   613 consensus_queue.cc:237] T 8ac5d939cac24540b9d68989b3246200 P 6f2f5a769963466099f2f529847dbcb9 [LEADER]: Queue going to LEADER mode. State: All replicated index: 0, Majority replicated index: 28, Committed index: 28, Last appended: 1.28, Last appended by leader: 0, Current term: 1, Majority size: 2, State: 0, Mode: LEADER, active raft config: opid_index: 29 OBSOLETE_local: false peers { permanent_uuid: "37d8ff52408a4fd68235907b1384012a" member_type: VOTER last_known_addr { host: "127.27.220.65" port: 43669 } attrs { replace: true } } peers { permanent_uuid: "09f873c7ead94354a8ddf0f80d1e8bc0" member_type: VOTER last_known_addr { host: "127.27.220.66" port: 37133 } } peers { permanent_uuid: "6f2f5a769963466099f2f529847dbcb9" member_type: VOTER last_known_addr { host: "127.27.220.67" port: 44899 } } peers { permanent_uuid: "74a1f3a4ed32485688a592c6df03bde2" member_type: NON_VOTER last_known_addr { host: "127.27.220.69" port: 37667 } attrs { promote: true } }
I20260601 13:36:04.103173   460 raft_consensus.cc:1275] T 8ac5d939cac24540b9d68989b3246200 P 37d8ff52408a4fd68235907b1384012a [term 1 FOLLOWER]: Refusing update from remote peer 6f2f5a769963466099f2f529847dbcb9: Log matching property violated. Preceding OpId in replica: term: 1 index: 28. Preceding OpId from leader: term: 1 index: 29. (index mismatch)
I20260601 13:36:04.103226   537 raft_consensus.cc:1275] T 8ac5d939cac24540b9d68989b3246200 P 09f873c7ead94354a8ddf0f80d1e8bc0 [term 1 FOLLOWER]: Refusing update from remote peer 6f2f5a769963466099f2f529847dbcb9: Log matching property violated. Preceding OpId in replica: term: 1 index: 28. Preceding OpId from leader: term: 1 index: 29. (index mismatch)
I20260601 13:36:04.103515  1037 consensus_queue.cc:1048] T 8ac5d939cac24540b9d68989b3246200 P 6f2f5a769963466099f2f529847dbcb9 [LEADER]: Connected to new peer: Peer: permanent_uuid: "37d8ff52408a4fd68235907b1384012a" member_type: VOTER last_known_addr { host: "127.27.220.65" port: 43669 } attrs { replace: true }, Status: LMP_MISMATCH, Last received: 0.0, Next index: 29, Last known committed idx: 28, Time since last communication: 0.000s
I20260601 13:36:04.103708  1036 consensus_queue.cc:1048] T 8ac5d939cac24540b9d68989b3246200 P 6f2f5a769963466099f2f529847dbcb9 [LEADER]: Connected to new peer: Peer: permanent_uuid: "09f873c7ead94354a8ddf0f80d1e8bc0" member_type: VOTER last_known_addr { host: "127.27.220.66" port: 37133 }, Status: LMP_MISMATCH, Last received: 0.0, Next index: 29, Last known committed idx: 28, Time since last communication: 0.000s
I20260601 13:36:04.105091  1037 raft_consensus.cc:2955] T 8ac5d939cac24540b9d68989b3246200 P 6f2f5a769963466099f2f529847dbcb9 [term 1 LEADER]: Committing config change with OpId 1.29: config changed from index -1 to 29, NON_VOTER 74a1f3a4ed32485688a592c6df03bde2 (127.27.220.69) added. New config: { opid_index: 29 OBSOLETE_local: false peers { permanent_uuid: "37d8ff52408a4fd68235907b1384012a" member_type: VOTER last_known_addr { host: "127.27.220.65" port: 43669 } attrs { replace: true } } peers { permanent_uuid: "09f873c7ead94354a8ddf0f80d1e8bc0" member_type: VOTER last_known_addr { host: "127.27.220.66" port: 37133 } } peers { permanent_uuid: "6f2f5a769963466099f2f529847dbcb9" member_type: VOTER last_known_addr { host: "127.27.220.67" port: 44899 } } peers { permanent_uuid: "74a1f3a4ed32485688a592c6df03bde2" member_type: NON_VOTER last_known_addr { host: "127.27.220.69" port: 37667 } attrs { promote: true } } }
I20260601 13:36:04.105486   460 raft_consensus.cc:2955] T 8ac5d939cac24540b9d68989b3246200 P 37d8ff52408a4fd68235907b1384012a [term 1 FOLLOWER]: Committing config change with OpId 1.29: config changed from index -1 to 29, NON_VOTER 74a1f3a4ed32485688a592c6df03bde2 (127.27.220.69) added. New config: { opid_index: 29 OBSOLETE_local: false peers { permanent_uuid: "37d8ff52408a4fd68235907b1384012a" member_type: VOTER last_known_addr { host: "127.27.220.65" port: 43669 } attrs { replace: true } } peers { permanent_uuid: "09f873c7ead94354a8ddf0f80d1e8bc0" member_type: VOTER last_known_addr { host: "127.27.220.66" port: 37133 } } peers { permanent_uuid: "6f2f5a769963466099f2f529847dbcb9" member_type: VOTER last_known_addr { host: "127.27.220.67" port: 44899 } } peers { permanent_uuid: "74a1f3a4ed32485688a592c6df03bde2" member_type: NON_VOTER last_known_addr { host: "127.27.220.69" port: 37667 } attrs { promote: true } } }
I20260601 13:36:04.105697   537 raft_consensus.cc:2955] T 8ac5d939cac24540b9d68989b3246200 P 09f873c7ead94354a8ddf0f80d1e8bc0 [term 1 FOLLOWER]: Committing config change with OpId 1.29: config changed from index -1 to 29, NON_VOTER 74a1f3a4ed32485688a592c6df03bde2 (127.27.220.69) added. New config: { opid_index: 29 OBSOLETE_local: false peers { permanent_uuid: "37d8ff52408a4fd68235907b1384012a" member_type: VOTER last_known_addr { host: "127.27.220.65" port: 43669 } attrs { replace: true } } peers { permanent_uuid: "09f873c7ead94354a8ddf0f80d1e8bc0" member_type: VOTER last_known_addr { host: "127.27.220.66" port: 37133 } } peers { permanent_uuid: "6f2f5a769963466099f2f529847dbcb9" member_type: VOTER last_known_addr { host: "127.27.220.67" port: 44899 } } peers { permanent_uuid: "74a1f3a4ed32485688a592c6df03bde2" member_type: NON_VOTER last_known_addr { host: "127.27.220.69" port: 37667 } attrs { promote: true } } }
W20260601 13:36:04.107465   581 consensus_peers.cc:597] T 8ac5d939cac24540b9d68989b3246200 P 6f2f5a769963466099f2f529847dbcb9 -> Peer 74a1f3a4ed32485688a592c6df03bde2 (127.27.220.69:37667): Couldn't send request to peer 74a1f3a4ed32485688a592c6df03bde2. Error code: TABLET_NOT_FOUND (6). Status: Not found: Tablet not found: 8ac5d939cac24540b9d68989b3246200. This is attempt 1: this message will repeat every 5th retry.
I20260601 13:36:04.108261   358 catalog_manager.cc:5696] T 8ac5d939cac24540b9d68989b3246200 P 6f2f5a769963466099f2f529847dbcb9 reported cstate change: config changed from index -1 to 29, NON_VOTER 74a1f3a4ed32485688a592c6df03bde2 (127.27.220.69) added. New cstate: current_term: 1 leader_uuid: "6f2f5a769963466099f2f529847dbcb9" committed_config { opid_index: 29 OBSOLETE_local: false peers { permanent_uuid: "37d8ff52408a4fd68235907b1384012a" member_type: VOTER last_known_addr { host: "127.27.220.65" port: 43669 } attrs { replace: true } health_report { overall_health: HEALTHY } } peers { permanent_uuid: "09f873c7ead94354a8ddf0f80d1e8bc0" member_type: VOTER last_known_addr { host: "127.27.220.66" port: 37133 } health_report { overall_health: HEALTHY } } peers { permanent_uuid: "6f2f5a769963466099f2f529847dbcb9" member_type: VOTER last_known_addr { host: "127.27.220.67" port: 44899 } health_report { overall_health: HEALTHY } } peers { permanent_uuid: "74a1f3a4ed32485688a592c6df03bde2" member_type: NON_VOTER last_known_addr { host: "127.27.220.69" port: 37667 } attrs { promote: true } health_report { overall_health: UNKNOWN } } }
I20260601 13:36:04.112180   460 consensus_queue.cc:237] T 967a3e7442ff44b8a4ff130758975995 P 37d8ff52408a4fd68235907b1384012a [LEADER]: Queue going to LEADER mode. State: All replicated index: 0, Majority replicated index: 27, Committed index: 27, Last appended: 1.27, Last appended by leader: 0, Current term: 1, Majority size: 2, State: 0, Mode: LEADER, active raft config: opid_index: 28 OBSOLETE_local: false peers { permanent_uuid: "37d8ff52408a4fd68235907b1384012a" member_type: VOTER last_known_addr { host: "127.27.220.65" port: 43669 } } peers { permanent_uuid: "09f873c7ead94354a8ddf0f80d1e8bc0" member_type: VOTER last_known_addr { host: "127.27.220.66" port: 37133 } attrs { replace: true } } peers { permanent_uuid: "6f2f5a769963466099f2f529847dbcb9" member_type: VOTER last_known_addr { host: "127.27.220.67" port: 44899 } } peers { permanent_uuid: "95ead8948e174285a8feb0ec028df119" member_type: NON_VOTER last_known_addr { host: "127.27.220.68" port: 42513 } attrs { promote: true } }
I20260601 13:36:04.113513   613 raft_consensus.cc:1275] T 967a3e7442ff44b8a4ff130758975995 P 6f2f5a769963466099f2f529847dbcb9 [term 1 FOLLOWER]: Refusing update from remote peer 37d8ff52408a4fd68235907b1384012a: Log matching property violated. Preceding OpId in replica: term: 1 index: 27. Preceding OpId from leader: term: 1 index: 28. (index mismatch)
I20260601 13:36:04.113610   537 raft_consensus.cc:1275] T 967a3e7442ff44b8a4ff130758975995 P 09f873c7ead94354a8ddf0f80d1e8bc0 [term 1 FOLLOWER]: Refusing update from remote peer 37d8ff52408a4fd68235907b1384012a: Log matching property violated. Preceding OpId in replica: term: 1 index: 27. Preceding OpId from leader: term: 1 index: 28. (index mismatch)
I20260601 13:36:04.113977   717 consensus_queue.cc:1048] T 967a3e7442ff44b8a4ff130758975995 P 37d8ff52408a4fd68235907b1384012a [LEADER]: Connected to new peer: Peer: permanent_uuid: "6f2f5a769963466099f2f529847dbcb9" member_type: VOTER last_known_addr { host: "127.27.220.67" port: 44899 }, Status: LMP_MISMATCH, Last received: 0.0, Next index: 28, Last known committed idx: 27, Time since last communication: 0.000s
I20260601 13:36:04.114164  1046 consensus_queue.cc:1048] T 967a3e7442ff44b8a4ff130758975995 P 37d8ff52408a4fd68235907b1384012a [LEADER]: Connected to new peer: Peer: permanent_uuid: "09f873c7ead94354a8ddf0f80d1e8bc0" member_type: VOTER last_known_addr { host: "127.27.220.66" port: 37133 } attrs { replace: true }, Status: LMP_MISMATCH, Last received: 0.0, Next index: 28, Last known committed idx: 27, Time since last communication: 0.000s
I20260601 13:36:04.115618   717 raft_consensus.cc:2955] T 967a3e7442ff44b8a4ff130758975995 P 37d8ff52408a4fd68235907b1384012a [term 1 LEADER]: Committing config change with OpId 1.28: config changed from index -1 to 28, NON_VOTER 95ead8948e174285a8feb0ec028df119 (127.27.220.68) added. New config: { opid_index: 28 OBSOLETE_local: false peers { permanent_uuid: "37d8ff52408a4fd68235907b1384012a" member_type: VOTER last_known_addr { host: "127.27.220.65" port: 43669 } } peers { permanent_uuid: "09f873c7ead94354a8ddf0f80d1e8bc0" member_type: VOTER last_known_addr { host: "127.27.220.66" port: 37133 } attrs { replace: true } } peers { permanent_uuid: "6f2f5a769963466099f2f529847dbcb9" member_type: VOTER last_known_addr { host: "127.27.220.67" port: 44899 } } peers { permanent_uuid: "95ead8948e174285a8feb0ec028df119" member_type: NON_VOTER last_known_addr { host: "127.27.220.68" port: 42513 } attrs { promote: true } } }
I20260601 13:36:04.116078   537 raft_consensus.cc:2955] T 967a3e7442ff44b8a4ff130758975995 P 09f873c7ead94354a8ddf0f80d1e8bc0 [term 1 FOLLOWER]: Committing config change with OpId 1.28: config changed from index -1 to 28, NON_VOTER 95ead8948e174285a8feb0ec028df119 (127.27.220.68) added. New config: { opid_index: 28 OBSOLETE_local: false peers { permanent_uuid: "37d8ff52408a4fd68235907b1384012a" member_type: VOTER last_known_addr { host: "127.27.220.65" port: 43669 } } peers { permanent_uuid: "09f873c7ead94354a8ddf0f80d1e8bc0" member_type: VOTER last_known_addr { host: "127.27.220.66" port: 37133 } attrs { replace: true } } peers { permanent_uuid: "6f2f5a769963466099f2f529847dbcb9" member_type: VOTER last_known_addr { host: "127.27.220.67" port: 44899 } } peers { permanent_uuid: "95ead8948e174285a8feb0ec028df119" member_type: NON_VOTER last_known_addr { host: "127.27.220.68" port: 42513 } attrs { promote: true } } }
W20260601 13:36:04.117996   426 consensus_peers.cc:597] T 967a3e7442ff44b8a4ff130758975995 P 37d8ff52408a4fd68235907b1384012a -> Peer 95ead8948e174285a8feb0ec028df119 (127.27.220.68:42513): Couldn't send request to peer 95ead8948e174285a8feb0ec028df119. Error code: TABLET_NOT_FOUND (6). Status: Not found: Tablet not found: 967a3e7442ff44b8a4ff130758975995. This is attempt 1: this message will repeat every 5th retry.
I20260601 13:36:04.117980   356 catalog_manager.cc:5696] T 967a3e7442ff44b8a4ff130758975995 P 37d8ff52408a4fd68235907b1384012a reported cstate change: config changed from index -1 to 28, NON_VOTER 95ead8948e174285a8feb0ec028df119 (127.27.220.68) added. New cstate: current_term: 1 leader_uuid: "37d8ff52408a4fd68235907b1384012a" committed_config { opid_index: 28 OBSOLETE_local: false peers { permanent_uuid: "37d8ff52408a4fd68235907b1384012a" member_type: VOTER last_known_addr { host: "127.27.220.65" port: 43669 } health_report { overall_health: HEALTHY } } peers { permanent_uuid: "09f873c7ead94354a8ddf0f80d1e8bc0" member_type: VOTER last_known_addr { host: "127.27.220.66" port: 37133 } attrs { replace: true } health_report { overall_health: HEALTHY } } peers { permanent_uuid: "6f2f5a769963466099f2f529847dbcb9" member_type: VOTER last_known_addr { host: "127.27.220.67" port: 44899 } health_report { overall_health: HEALTHY } } peers { permanent_uuid: "95ead8948e174285a8feb0ec028df119" member_type: NON_VOTER last_known_addr { host: "127.27.220.68" port: 42513 } attrs { promote: true } health_report { overall_health: UNKNOWN } } }
I20260601 13:36:04.118749   613 raft_consensus.cc:2955] T 967a3e7442ff44b8a4ff130758975995 P 6f2f5a769963466099f2f529847dbcb9 [term 1 FOLLOWER]: Committing config change with OpId 1.28: config changed from index -1 to 28, NON_VOTER 95ead8948e174285a8feb0ec028df119 (127.27.220.68) added. New config: { opid_index: 28 OBSOLETE_local: false peers { permanent_uuid: "37d8ff52408a4fd68235907b1384012a" member_type: VOTER last_known_addr { host: "127.27.220.65" port: 43669 } } peers { permanent_uuid: "09f873c7ead94354a8ddf0f80d1e8bc0" member_type: VOTER last_known_addr { host: "127.27.220.66" port: 37133 } attrs { replace: true } } peers { permanent_uuid: "6f2f5a769963466099f2f529847dbcb9" member_type: VOTER last_known_addr { host: "127.27.220.67" port: 44899 } } peers { permanent_uuid: "95ead8948e174285a8feb0ec028df119" member_type: NON_VOTER last_known_addr { host: "127.27.220.68" port: 42513 } attrs { promote: true } } }
I20260601 13:36:04.123977   537 consensus_queue.cc:237] T 38e0b15604fd4afd86e2ff726f85a330 P 09f873c7ead94354a8ddf0f80d1e8bc0 [LEADER]: Queue going to LEADER mode. State: All replicated index: 0, Majority replicated index: 27, Committed index: 27, Last appended: 1.27, Last appended by leader: 0, Current term: 1, Majority size: 2, State: 0, Mode: LEADER, active raft config: opid_index: 28 OBSOLETE_local: false peers { permanent_uuid: "37d8ff52408a4fd68235907b1384012a" member_type: VOTER last_known_addr { host: "127.27.220.65" port: 43669 } } peers { permanent_uuid: "09f873c7ead94354a8ddf0f80d1e8bc0" member_type: VOTER last_known_addr { host: "127.27.220.66" port: 37133 } } peers { permanent_uuid: "6f2f5a769963466099f2f529847dbcb9" member_type: VOTER last_known_addr { host: "127.27.220.67" port: 44899 } attrs { replace: true } } peers { permanent_uuid: "0f1dbf2ac4104499b3db841a5a1d4757" member_type: NON_VOTER last_known_addr { host: "127.27.220.70" port: 34143 } attrs { promote: true } }
I20260601 13:36:04.125425   460 raft_consensus.cc:1275] T 38e0b15604fd4afd86e2ff726f85a330 P 37d8ff52408a4fd68235907b1384012a [term 1 FOLLOWER]: Refusing update from remote peer 09f873c7ead94354a8ddf0f80d1e8bc0: Log matching property violated. Preceding OpId in replica: term: 1 index: 27. Preceding OpId from leader: term: 1 index: 28. (index mismatch)
I20260601 13:36:04.125598   613 raft_consensus.cc:1275] T 38e0b15604fd4afd86e2ff726f85a330 P 6f2f5a769963466099f2f529847dbcb9 [term 1 FOLLOWER]: Refusing update from remote peer 09f873c7ead94354a8ddf0f80d1e8bc0: Log matching property violated. Preceding OpId in replica: term: 1 index: 27. Preceding OpId from leader: term: 1 index: 28. (index mismatch)
I20260601 13:36:04.125782   737 consensus_queue.cc:1048] T 38e0b15604fd4afd86e2ff726f85a330 P 09f873c7ead94354a8ddf0f80d1e8bc0 [LEADER]: Connected to new peer: Peer: permanent_uuid: "37d8ff52408a4fd68235907b1384012a" member_type: VOTER last_known_addr { host: "127.27.220.65" port: 43669 }, Status: LMP_MISMATCH, Last received: 0.0, Next index: 28, Last known committed idx: 27, Time since last communication: 0.000s
I20260601 13:36:04.126034  1051 consensus_queue.cc:1048] T 38e0b15604fd4afd86e2ff726f85a330 P 09f873c7ead94354a8ddf0f80d1e8bc0 [LEADER]: Connected to new peer: Peer: permanent_uuid: "6f2f5a769963466099f2f529847dbcb9" member_type: VOTER last_known_addr { host: "127.27.220.67" port: 44899 } attrs { replace: true }, Status: LMP_MISMATCH, Last received: 0.0, Next index: 28, Last known committed idx: 27, Time since last communication: 0.000s
I20260601 13:36:04.127172   737 raft_consensus.cc:2955] T 38e0b15604fd4afd86e2ff726f85a330 P 09f873c7ead94354a8ddf0f80d1e8bc0 [term 1 LEADER]: Committing config change with OpId 1.28: config changed from index -1 to 28, NON_VOTER 0f1dbf2ac4104499b3db841a5a1d4757 (127.27.220.70) added. New config: { opid_index: 28 OBSOLETE_local: false peers { permanent_uuid: "37d8ff52408a4fd68235907b1384012a" member_type: VOTER last_known_addr { host: "127.27.220.65" port: 43669 } } peers { permanent_uuid: "09f873c7ead94354a8ddf0f80d1e8bc0" member_type: VOTER last_known_addr { host: "127.27.220.66" port: 37133 } } peers { permanent_uuid: "6f2f5a769963466099f2f529847dbcb9" member_type: VOTER last_known_addr { host: "127.27.220.67" port: 44899 } attrs { replace: true } } peers { permanent_uuid: "0f1dbf2ac4104499b3db841a5a1d4757" member_type: NON_VOTER last_known_addr { host: "127.27.220.70" port: 34143 } attrs { promote: true } } }
I20260601 13:36:04.128849   460 raft_consensus.cc:2955] T 38e0b15604fd4afd86e2ff726f85a330 P 37d8ff52408a4fd68235907b1384012a [term 1 FOLLOWER]: Committing config change with OpId 1.28: config changed from index -1 to 28, NON_VOTER 0f1dbf2ac4104499b3db841a5a1d4757 (127.27.220.70) added. New config: { opid_index: 28 OBSOLETE_local: false peers { permanent_uuid: "37d8ff52408a4fd68235907b1384012a" member_type: VOTER last_known_addr { host: "127.27.220.65" port: 43669 } } peers { permanent_uuid: "09f873c7ead94354a8ddf0f80d1e8bc0" member_type: VOTER last_known_addr { host: "127.27.220.66" port: 37133 } } peers { permanent_uuid: "6f2f5a769963466099f2f529847dbcb9" member_type: VOTER last_known_addr { host: "127.27.220.67" port: 44899 } attrs { replace: true } } peers { permanent_uuid: "0f1dbf2ac4104499b3db841a5a1d4757" member_type: NON_VOTER last_known_addr { host: "127.27.220.70" port: 34143 } attrs { promote: true } } }
I20260601 13:36:04.129454   356 catalog_manager.cc:5696] T 38e0b15604fd4afd86e2ff726f85a330 P 09f873c7ead94354a8ddf0f80d1e8bc0 reported cstate change: config changed from index -1 to 28, NON_VOTER 0f1dbf2ac4104499b3db841a5a1d4757 (127.27.220.70) added. New cstate: current_term: 1 leader_uuid: "09f873c7ead94354a8ddf0f80d1e8bc0" committed_config { opid_index: 28 OBSOLETE_local: false peers { permanent_uuid: "37d8ff52408a4fd68235907b1384012a" member_type: VOTER last_known_addr { host: "127.27.220.65" port: 43669 } health_report { overall_health: HEALTHY } } peers { permanent_uuid: "09f873c7ead94354a8ddf0f80d1e8bc0" member_type: VOTER last_known_addr { host: "127.27.220.66" port: 37133 } health_report { overall_health: HEALTHY } } peers { permanent_uuid: "6f2f5a769963466099f2f529847dbcb9" member_type: VOTER last_known_addr { host: "127.27.220.67" port: 44899 } attrs { replace: true } health_report { overall_health: UNKNOWN } } peers { permanent_uuid: "0f1dbf2ac4104499b3db841a5a1d4757" member_type: NON_VOTER last_known_addr { host: "127.27.220.70" port: 34143 } attrs { promote: true } health_report { overall_health: UNKNOWN } } }
I20260601 13:36:04.130254   613 raft_consensus.cc:2955] T 38e0b15604fd4afd86e2ff726f85a330 P 6f2f5a769963466099f2f529847dbcb9 [term 1 FOLLOWER]: Committing config change with OpId 1.28: config changed from index -1 to 28, NON_VOTER 0f1dbf2ac4104499b3db841a5a1d4757 (127.27.220.70) added. New config: { opid_index: 28 OBSOLETE_local: false peers { permanent_uuid: "37d8ff52408a4fd68235907b1384012a" member_type: VOTER last_known_addr { host: "127.27.220.65" port: 43669 } } peers { permanent_uuid: "09f873c7ead94354a8ddf0f80d1e8bc0" member_type: VOTER last_known_addr { host: "127.27.220.66" port: 37133 } } peers { permanent_uuid: "6f2f5a769963466099f2f529847dbcb9" member_type: VOTER last_known_addr { host: "127.27.220.67" port: 44899 } attrs { replace: true } } peers { permanent_uuid: "0f1dbf2ac4104499b3db841a5a1d4757" member_type: NON_VOTER last_known_addr { host: "127.27.220.70" port: 34143 } attrs { promote: true } } }
I20260601 13:36:04.132560   462 consensus_queue.cc:237] T 25e873760bbb4422927341afeb151704 P 37d8ff52408a4fd68235907b1384012a [LEADER]: Queue going to LEADER mode. State: All replicated index: 0, Majority replicated index: 28, Committed index: 28, Last appended: 1.28, Last appended by leader: 0, Current term: 1, Majority size: 2, State: 0, Mode: LEADER, active raft config: opid_index: 29 OBSOLETE_local: false peers { permanent_uuid: "37d8ff52408a4fd68235907b1384012a" member_type: VOTER last_known_addr { host: "127.27.220.65" port: 43669 } } peers { permanent_uuid: "09f873c7ead94354a8ddf0f80d1e8bc0" member_type: VOTER last_known_addr { host: "127.27.220.66" port: 37133 } attrs { replace: true } } peers { permanent_uuid: "6f2f5a769963466099f2f529847dbcb9" member_type: VOTER last_known_addr { host: "127.27.220.67" port: 44899 } } peers { permanent_uuid: "74a1f3a4ed32485688a592c6df03bde2" member_type: NON_VOTER last_known_addr { host: "127.27.220.69" port: 37667 } attrs { promote: true } }
I20260601 13:36:04.133868   537 raft_consensus.cc:1275] T 25e873760bbb4422927341afeb151704 P 09f873c7ead94354a8ddf0f80d1e8bc0 [term 1 FOLLOWER]: Refusing update from remote peer 37d8ff52408a4fd68235907b1384012a: Log matching property violated. Preceding OpId in replica: term: 1 index: 28. Preceding OpId from leader: term: 1 index: 29. (index mismatch)
I20260601 13:36:04.133955   613 raft_consensus.cc:1275] T 25e873760bbb4422927341afeb151704 P 6f2f5a769963466099f2f529847dbcb9 [term 1 FOLLOWER]: Refusing update from remote peer 37d8ff52408a4fd68235907b1384012a: Log matching property violated. Preceding OpId in replica: term: 1 index: 28. Preceding OpId from leader: term: 1 index: 29. (index mismatch)
I20260601 13:36:04.134268   717 consensus_queue.cc:1048] T 25e873760bbb4422927341afeb151704 P 37d8ff52408a4fd68235907b1384012a [LEADER]: Connected to new peer: Peer: permanent_uuid: "09f873c7ead94354a8ddf0f80d1e8bc0" member_type: VOTER last_known_addr { host: "127.27.220.66" port: 37133 } attrs { replace: true }, Status: LMP_MISMATCH, Last received: 0.0, Next index: 29, Last known committed idx: 28, Time since last communication: 0.000s
I20260601 13:36:04.134438  1046 consensus_queue.cc:1048] T 25e873760bbb4422927341afeb151704 P 37d8ff52408a4fd68235907b1384012a [LEADER]: Connected to new peer: Peer: permanent_uuid: "6f2f5a769963466099f2f529847dbcb9" member_type: VOTER last_known_addr { host: "127.27.220.67" port: 44899 }, Status: LMP_MISMATCH, Last received: 0.0, Next index: 29, Last known committed idx: 28, Time since last communication: 0.000s
I20260601 13:36:04.136127  1045 raft_consensus.cc:2955] T 25e873760bbb4422927341afeb151704 P 37d8ff52408a4fd68235907b1384012a [term 1 LEADER]: Committing config change with OpId 1.29: config changed from index -1 to 29, NON_VOTER 74a1f3a4ed32485688a592c6df03bde2 (127.27.220.69) added. New config: { opid_index: 29 OBSOLETE_local: false peers { permanent_uuid: "37d8ff52408a4fd68235907b1384012a" member_type: VOTER last_known_addr { host: "127.27.220.65" port: 43669 } } peers { permanent_uuid: "09f873c7ead94354a8ddf0f80d1e8bc0" member_type: VOTER last_known_addr { host: "127.27.220.66" port: 37133 } attrs { replace: true } } peers { permanent_uuid: "6f2f5a769963466099f2f529847dbcb9" member_type: VOTER last_known_addr { host: "127.27.220.67" port: 44899 } } peers { permanent_uuid: "74a1f3a4ed32485688a592c6df03bde2" member_type: NON_VOTER last_known_addr { host: "127.27.220.69" port: 37667 } attrs { promote: true } } }
I20260601 13:36:04.136473   537 raft_consensus.cc:2955] T 25e873760bbb4422927341afeb151704 P 09f873c7ead94354a8ddf0f80d1e8bc0 [term 1 FOLLOWER]: Committing config change with OpId 1.29: config changed from index -1 to 29, NON_VOTER 74a1f3a4ed32485688a592c6df03bde2 (127.27.220.69) added. New config: { opid_index: 29 OBSOLETE_local: false peers { permanent_uuid: "37d8ff52408a4fd68235907b1384012a" member_type: VOTER last_known_addr { host: "127.27.220.65" port: 43669 } } peers { permanent_uuid: "09f873c7ead94354a8ddf0f80d1e8bc0" member_type: VOTER last_known_addr { host: "127.27.220.66" port: 37133 } attrs { replace: true } } peers { permanent_uuid: "6f2f5a769963466099f2f529847dbcb9" member_type: VOTER last_known_addr { host: "127.27.220.67" port: 44899 } } peers { permanent_uuid: "74a1f3a4ed32485688a592c6df03bde2" member_type: NON_VOTER last_known_addr { host: "127.27.220.69" port: 37667 } attrs { promote: true } } }
I20260601 13:36:04.136498   613 raft_consensus.cc:2955] T 25e873760bbb4422927341afeb151704 P 6f2f5a769963466099f2f529847dbcb9 [term 1 FOLLOWER]: Committing config change with OpId 1.29: config changed from index -1 to 29, NON_VOTER 74a1f3a4ed32485688a592c6df03bde2 (127.27.220.69) added. New config: { opid_index: 29 OBSOLETE_local: false peers { permanent_uuid: "37d8ff52408a4fd68235907b1384012a" member_type: VOTER last_known_addr { host: "127.27.220.65" port: 43669 } } peers { permanent_uuid: "09f873c7ead94354a8ddf0f80d1e8bc0" member_type: VOTER last_known_addr { host: "127.27.220.66" port: 37133 } attrs { replace: true } } peers { permanent_uuid: "6f2f5a769963466099f2f529847dbcb9" member_type: VOTER last_known_addr { host: "127.27.220.67" port: 44899 } } peers { permanent_uuid: "74a1f3a4ed32485688a592c6df03bde2" member_type: NON_VOTER last_known_addr { host: "127.27.220.69" port: 37667 } attrs { promote: true } } }
W20260601 13:36:04.137610   428 consensus_peers.cc:597] T 25e873760bbb4422927341afeb151704 P 37d8ff52408a4fd68235907b1384012a -> Peer 74a1f3a4ed32485688a592c6df03bde2 (127.27.220.69:37667): Couldn't send request to peer 74a1f3a4ed32485688a592c6df03bde2. Error code: TABLET_NOT_FOUND (6). Status: Not found: Tablet not found: 25e873760bbb4422927341afeb151704. This is attempt 1: this message will repeat every 5th retry.
W20260601 13:36:04.138504   502 consensus_peers.cc:597] T 38e0b15604fd4afd86e2ff726f85a330 P 09f873c7ead94354a8ddf0f80d1e8bc0 -> Peer 0f1dbf2ac4104499b3db841a5a1d4757 (127.27.220.70:34143): Couldn't send request to peer 0f1dbf2ac4104499b3db841a5a1d4757. Error code: TABLET_NOT_FOUND (6). Status: Not found: Tablet not found: 38e0b15604fd4afd86e2ff726f85a330. This is attempt 1: this message will repeat every 5th retry.
I20260601 13:36:04.138602   358 catalog_manager.cc:5696] T 25e873760bbb4422927341afeb151704 P 37d8ff52408a4fd68235907b1384012a reported cstate change: config changed from index -1 to 29, NON_VOTER 74a1f3a4ed32485688a592c6df03bde2 (127.27.220.69) added. New cstate: current_term: 1 leader_uuid: "37d8ff52408a4fd68235907b1384012a" committed_config { opid_index: 29 OBSOLETE_local: false peers { permanent_uuid: "37d8ff52408a4fd68235907b1384012a" member_type: VOTER last_known_addr { host: "127.27.220.65" port: 43669 } health_report { overall_health: HEALTHY } } peers { permanent_uuid: "09f873c7ead94354a8ddf0f80d1e8bc0" member_type: VOTER last_known_addr { host: "127.27.220.66" port: 37133 } attrs { replace: true } health_report { overall_health: HEALTHY } } peers { permanent_uuid: "6f2f5a769963466099f2f529847dbcb9" member_type: VOTER last_known_addr { host: "127.27.220.67" port: 44899 } health_report { overall_health: HEALTHY } } peers { permanent_uuid: "74a1f3a4ed32485688a592c6df03bde2" member_type: NON_VOTER last_known_addr { host: "127.27.220.69" port: 37667 } attrs { promote: true } health_report { overall_health: UNKNOWN } } }
I20260601 13:36:04.139532   537 consensus_queue.cc:237] T 07cceb1931d840b88f54c01bf8f5c1b6 P 09f873c7ead94354a8ddf0f80d1e8bc0 [LEADER]: Queue going to LEADER mode. State: All replicated index: 0, Majority replicated index: 28, Committed index: 28, Last appended: 1.28, Last appended by leader: 0, Current term: 1, Majority size: 2, State: 0, Mode: LEADER, active raft config: opid_index: 29 OBSOLETE_local: false peers { permanent_uuid: "37d8ff52408a4fd68235907b1384012a" member_type: VOTER last_known_addr { host: "127.27.220.65" port: 43669 } attrs { replace: true } } peers { permanent_uuid: "09f873c7ead94354a8ddf0f80d1e8bc0" member_type: VOTER last_known_addr { host: "127.27.220.66" port: 37133 } } peers { permanent_uuid: "6f2f5a769963466099f2f529847dbcb9" member_type: VOTER last_known_addr { host: "127.27.220.67" port: 44899 } } peers { permanent_uuid: "95ead8948e174285a8feb0ec028df119" member_type: NON_VOTER last_known_addr { host: "127.27.220.68" port: 42513 } attrs { promote: true } }
I20260601 13:36:04.140762   462 raft_consensus.cc:1275] T 07cceb1931d840b88f54c01bf8f5c1b6 P 37d8ff52408a4fd68235907b1384012a [term 1 FOLLOWER]: Refusing update from remote peer 09f873c7ead94354a8ddf0f80d1e8bc0: Log matching property violated. Preceding OpId in replica: term: 1 index: 28. Preceding OpId from leader: term: 1 index: 29. (index mismatch)
