1 data directories: /tmp/dist-test-task64uok9/test-tmp/auto_rebalancer-test.0.AutoRebalancerTest.NextLeaderResumesAutoRebalancing.1780320857564603-1838-0/minicluster-data/master-2-root/data
Total live blocks: 0
Total live bytes: 0
Total live bytes (after alignment): 0
Total number of LBM containers: 0 (0 full)
Did not check for missing blocks
Did not check for orphaned blocks
Total full LBM containers with extra space: 0 (0 repaired)
Total full LBM container extra space in bytes: 0 (0 repaired)
Total incomplete LBM containers: 0 (0 repaired)
Total LBM partial records: 0 (0 repaired)
Total corrupted LBM metadata records in RocksDB: 0 (0 repaired)
I20260601 13:34:27.664119  3023 sys_catalog.cc:422] member_type: VOTER last_known_addr { host: "127.1.203.188" port: 40313 } has no permanent_uuid. Determining permanent_uuid...
W20260601 13:34:27.665267  3023 consensus_peers.cc:760] Error getting permanent uuid from config peer 127.1.203.188:40313: Network error: Client connection negotiation failed: client connection to 127.1.203.188:40313: connect: Connection refused (error 111)
I20260601 13:34:27.670961  1838 rpc_server.cc:225] running with OpenSSL 1.1.1  11 Sep 2018
I20260601 13:34:27.671280  1838 kserver.cc:163] Server-wide thread pool size limit: 3276
I20260601 13:34:27.675073  1838 rpc_server.cc:307] RPC server started. Bound to: 127.1.203.188:40313
I20260601 13:34:27.675124  3088 acceptor_pool.cc:272] collecting diagnostics on the listening RPC socket 127.1.203.188:40313 every 8 connection(s)
I20260601 13:34:27.675498  1838 internal_mini_cluster.cc:184] Waiting to initialize catalog manager on master 0
I20260601 13:34:27.675876  3089 data_dirs.cc:400] Could only allocate 1 dirs of requested 3 for tablet 00000000000000000000000000000000. 1 dirs total, 0 dirs full, 0 dirs failed
I20260601 13:34:27.676858  3089 sys_catalog.cc:422] member_type: VOTER last_known_addr { host: "127.1.203.190" port: 38427 } has no permanent_uuid. Determining permanent_uuid...
I20260601 13:34:27.679920  2956 consensus_peers.cc:770] Retrying to get permanent uuid for remote peer: member_type: VOTER last_known_addr { host: "127.1.203.189" port: 41723 } attempt: 1
I20260601 13:34:27.680751  3089 sys_catalog.cc:422] member_type: VOTER last_known_addr { host: "127.1.203.189" port: 41723 } has no permanent_uuid. Determining permanent_uuid...
I20260601 13:34:27.683552  2956 sys_catalog.cc:422] member_type: VOTER last_known_addr { host: "127.1.203.188" port: 40313 } has no permanent_uuid. Determining permanent_uuid...
I20260601 13:34:27.684415  3089 sys_catalog.cc:422] member_type: VOTER last_known_addr { host: "127.1.203.188" port: 40313 } has no permanent_uuid. Determining permanent_uuid...
I20260601 13:34:27.688571  2956 tablet_bootstrap.cc:492] T 00000000000000000000000000000000 P b3861467fe684116a548740615518281: Bootstrap starting.
I20260601 13:34:27.688898  3089 tablet_bootstrap.cc:492] T 00000000000000000000000000000000 P e8b2a85672c745b882e8c8bedcca4fd9: Bootstrap starting.
I20260601 13:34:27.689654  2956 tablet_bootstrap.cc:654] T 00000000000000000000000000000000 P b3861467fe684116a548740615518281: Neither blocks nor log segments found. Creating new log.
I20260601 13:34:27.689745  3089 tablet_bootstrap.cc:654] T 00000000000000000000000000000000 P e8b2a85672c745b882e8c8bedcca4fd9: Neither blocks nor log segments found. Creating new log.
I20260601 13:34:27.690816  3089 tablet_bootstrap.cc:492] T 00000000000000000000000000000000 P e8b2a85672c745b882e8c8bedcca4fd9: No bootstrap required, opened a new log
I20260601 13:34:27.690872  2956 tablet_bootstrap.cc:492] T 00000000000000000000000000000000 P b3861467fe684116a548740615518281: No bootstrap required, opened a new log
I20260601 13:34:27.691306  2956 raft_consensus.cc:359] T 00000000000000000000000000000000 P b3861467fe684116a548740615518281 [term 0 FOLLOWER]: Replica starting. Triggering 0 pending ops. Active config: opid_index: -1 OBSOLETE_local: false peers { permanent_uuid: "b3861467fe684116a548740615518281" member_type: VOTER last_known_addr { host: "127.1.203.190" port: 38427 } } peers { permanent_uuid: "18cdb6e733a8408eac5fc27bbeac1c9f" member_type: VOTER last_known_addr { host: "127.1.203.189" port: 41723 } } peers { permanent_uuid: "e8b2a85672c745b882e8c8bedcca4fd9" member_type: VOTER last_known_addr { host: "127.1.203.188" port: 40313 } }
I20260601 13:34:27.691306  3089 raft_consensus.cc:359] T 00000000000000000000000000000000 P e8b2a85672c745b882e8c8bedcca4fd9 [term 0 FOLLOWER]: Replica starting. Triggering 0 pending ops. Active config: opid_index: -1 OBSOLETE_local: false peers { permanent_uuid: "b3861467fe684116a548740615518281" member_type: VOTER last_known_addr { host: "127.1.203.190" port: 38427 } } peers { permanent_uuid: "18cdb6e733a8408eac5fc27bbeac1c9f" member_type: VOTER last_known_addr { host: "127.1.203.189" port: 41723 } } peers { permanent_uuid: "e8b2a85672c745b882e8c8bedcca4fd9" member_type: VOTER last_known_addr { host: "127.1.203.188" port: 40313 } }
I20260601 13:34:27.691437  2956 raft_consensus.cc:385] T 00000000000000000000000000000000 P b3861467fe684116a548740615518281 [term 0 FOLLOWER]: Consensus starting up: Expiring failure detector timer to make a prompt election more likely
I20260601 13:34:27.691445  3089 raft_consensus.cc:385] T 00000000000000000000000000000000 P e8b2a85672c745b882e8c8bedcca4fd9 [term 0 FOLLOWER]: Consensus starting up: Expiring failure detector timer to make a prompt election more likely
I20260601 13:34:27.691497  2956 raft_consensus.cc:740] T 00000000000000000000000000000000 P b3861467fe684116a548740615518281 [term 0 FOLLOWER]: Becoming Follower/Learner. State: Replica: b3861467fe684116a548740615518281, State: Initialized, Role: FOLLOWER
I20260601 13:34:27.691504  3089 raft_consensus.cc:740] T 00000000000000000000000000000000 P e8b2a85672c745b882e8c8bedcca4fd9 [term 0 FOLLOWER]: Becoming Follower/Learner. State: Replica: e8b2a85672c745b882e8c8bedcca4fd9, State: Initialized, Role: FOLLOWER
I20260601 13:34:27.691639  2956 consensus_queue.cc:260] T 00000000000000000000000000000000 P b3861467fe684116a548740615518281 [NON_LEADER]: Queue going to NON_LEADER mode. State: All replicated index: 0, Majority replicated index: 0, Committed index: 0, Last appended: 0.0, Last appended by leader: 0, Current term: 0, Majority size: -1, State: 0, Mode: NON_LEADER, active raft config: opid_index: -1 OBSOLETE_local: false peers { permanent_uuid: "b3861467fe684116a548740615518281" member_type: VOTER last_known_addr { host: "127.1.203.190" port: 38427 } } peers { permanent_uuid: "18cdb6e733a8408eac5fc27bbeac1c9f" member_type: VOTER last_known_addr { host: "127.1.203.189" port: 41723 } } peers { permanent_uuid: "e8b2a85672c745b882e8c8bedcca4fd9" member_type: VOTER last_known_addr { host: "127.1.203.188" port: 40313 } }
I20260601 13:34:27.691653  3089 consensus_queue.cc:260] T 00000000000000000000000000000000 P e8b2a85672c745b882e8c8bedcca4fd9 [NON_LEADER]: Queue going to NON_LEADER mode. State: All replicated index: 0, Majority replicated index: 0, Committed index: 0, Last appended: 0.0, Last appended by leader: 0, Current term: 0, Majority size: -1, State: 0, Mode: NON_LEADER, active raft config: opid_index: -1 OBSOLETE_local: false peers { permanent_uuid: "b3861467fe684116a548740615518281" member_type: VOTER last_known_addr { host: "127.1.203.190" port: 38427 } } peers { permanent_uuid: "18cdb6e733a8408eac5fc27bbeac1c9f" member_type: VOTER last_known_addr { host: "127.1.203.189" port: 41723 } } peers { permanent_uuid: "e8b2a85672c745b882e8c8bedcca4fd9" member_type: VOTER last_known_addr { host: "127.1.203.188" port: 40313 } }
I20260601 13:34:27.691951  3098 sys_catalog.cc:455] T 00000000000000000000000000000000 P e8b2a85672c745b882e8c8bedcca4fd9 [sys.catalog]: SysCatalogTable state changed. Reason: RaftConsensus started. Latest consensus state: current_term: 0 committed_config { opid_index: -1 OBSOLETE_local: false peers { permanent_uuid: "b3861467fe684116a548740615518281" member_type: VOTER last_known_addr { host: "127.1.203.190" port: 38427 } } peers { permanent_uuid: "18cdb6e733a8408eac5fc27bbeac1c9f" member_type: VOTER last_known_addr { host: "127.1.203.189" port: 41723 } } peers { permanent_uuid: "e8b2a85672c745b882e8c8bedcca4fd9" member_type: VOTER last_known_addr { host: "127.1.203.188" port: 40313 } } }
I20260601 13:34:27.692044  3098 sys_catalog.cc:458] T 00000000000000000000000000000000 P e8b2a85672c745b882e8c8bedcca4fd9 [sys.catalog]: This master's current role is: FOLLOWER
I20260601 13:34:27.692137  2956 sys_catalog.cc:565] T 00000000000000000000000000000000 P b3861467fe684116a548740615518281 [sys.catalog]: configured and running, proceeding with master startup.
I20260601 13:34:27.692137  3089 sys_catalog.cc:565] T 00000000000000000000000000000000 P e8b2a85672c745b882e8c8bedcca4fd9 [sys.catalog]: configured and running, proceeding with master startup.
I20260601 13:34:27.692173  3097 sys_catalog.cc:455] T 00000000000000000000000000000000 P b3861467fe684116a548740615518281 [sys.catalog]: SysCatalogTable state changed. Reason: RaftConsensus started. Latest consensus state: current_term: 0 committed_config { opid_index: -1 OBSOLETE_local: false peers { permanent_uuid: "b3861467fe684116a548740615518281" member_type: VOTER last_known_addr { host: "127.1.203.190" port: 38427 } } peers { permanent_uuid: "18cdb6e733a8408eac5fc27bbeac1c9f" member_type: VOTER last_known_addr { host: "127.1.203.189" port: 41723 } } peers { permanent_uuid: "e8b2a85672c745b882e8c8bedcca4fd9" member_type: VOTER last_known_addr { host: "127.1.203.188" port: 40313 } } }
I20260601 13:34:27.692288  3097 sys_catalog.cc:458] T 00000000000000000000000000000000 P b3861467fe684116a548740615518281 [sys.catalog]: This master's current role is: FOLLOWER
I20260601 13:34:27.694037  1838 internal_mini_cluster.cc:184] Waiting to initialize catalog manager on master 1
W20260601 13:34:27.694619  3120 catalog_manager.cc:1593] T 00000000000000000000000000000000 P b3861467fe684116a548740615518281: loading cluster ID for follower catalog manager: Not found: cluster ID entry not found
W20260601 13:34:27.694619  3119 catalog_manager.cc:1593] T 00000000000000000000000000000000 P e8b2a85672c745b882e8c8bedcca4fd9: loading cluster ID for follower catalog manager: Not found: cluster ID entry not found
W20260601 13:34:27.694730  3119 catalog_manager.cc:883] Not found: cluster ID entry not found: failed to prepare follower catalog manager, will retry
W20260601 13:34:27.694721  3120 catalog_manager.cc:883] Not found: cluster ID entry not found: failed to prepare follower catalog manager, will retry
I20260601 13:34:27.698436  3023 consensus_peers.cc:770] Retrying to get permanent uuid for remote peer: member_type: VOTER last_known_addr { host: "127.1.203.188" port: 40313 } attempt: 1
I20260601 13:34:27.703212  3023 tablet_bootstrap.cc:492] T 00000000000000000000000000000000 P 18cdb6e733a8408eac5fc27bbeac1c9f: Bootstrap starting.
I20260601 13:34:27.704182  3023 tablet_bootstrap.cc:654] T 00000000000000000000000000000000 P 18cdb6e733a8408eac5fc27bbeac1c9f: Neither blocks nor log segments found. Creating new log.
I20260601 13:34:27.705364  3023 tablet_bootstrap.cc:492] T 00000000000000000000000000000000 P 18cdb6e733a8408eac5fc27bbeac1c9f: No bootstrap required, opened a new log
I20260601 13:34:27.705780  3023 raft_consensus.cc:359] T 00000000000000000000000000000000 P 18cdb6e733a8408eac5fc27bbeac1c9f [term 0 FOLLOWER]: Replica starting. Triggering 0 pending ops. Active config: opid_index: -1 OBSOLETE_local: false peers { permanent_uuid: "b3861467fe684116a548740615518281" member_type: VOTER last_known_addr { host: "127.1.203.190" port: 38427 } } peers { permanent_uuid: "18cdb6e733a8408eac5fc27bbeac1c9f" member_type: VOTER last_known_addr { host: "127.1.203.189" port: 41723 } } peers { permanent_uuid: "e8b2a85672c745b882e8c8bedcca4fd9" member_type: VOTER last_known_addr { host: "127.1.203.188" port: 40313 } }
I20260601 13:34:27.705883  3023 raft_consensus.cc:385] T 00000000000000000000000000000000 P 18cdb6e733a8408eac5fc27bbeac1c9f [term 0 FOLLOWER]: Consensus starting up: Expiring failure detector timer to make a prompt election more likely
I20260601 13:34:27.705904  3023 raft_consensus.cc:740] T 00000000000000000000000000000000 P 18cdb6e733a8408eac5fc27bbeac1c9f [term 0 FOLLOWER]: Becoming Follower/Learner. State: Replica: 18cdb6e733a8408eac5fc27bbeac1c9f, State: Initialized, Role: FOLLOWER
I20260601 13:34:27.706019  3023 consensus_queue.cc:260] T 00000000000000000000000000000000 P 18cdb6e733a8408eac5fc27bbeac1c9f [NON_LEADER]: Queue going to NON_LEADER mode. State: All replicated index: 0, Majority replicated index: 0, Committed index: 0, Last appended: 0.0, Last appended by leader: 0, Current term: 0, Majority size: -1, State: 0, Mode: NON_LEADER, active raft config: opid_index: -1 OBSOLETE_local: false peers { permanent_uuid: "b3861467fe684116a548740615518281" member_type: VOTER last_known_addr { host: "127.1.203.190" port: 38427 } } peers { permanent_uuid: "18cdb6e733a8408eac5fc27bbeac1c9f" member_type: VOTER last_known_addr { host: "127.1.203.189" port: 41723 } } peers { permanent_uuid: "e8b2a85672c745b882e8c8bedcca4fd9" member_type: VOTER last_known_addr { host: "127.1.203.188" port: 40313 } }
I20260601 13:34:27.706387  3122 sys_catalog.cc:455] T 00000000000000000000000000000000 P 18cdb6e733a8408eac5fc27bbeac1c9f [sys.catalog]: SysCatalogTable state changed. Reason: RaftConsensus started. Latest consensus state: current_term: 0 committed_config { opid_index: -1 OBSOLETE_local: false peers { permanent_uuid: "b3861467fe684116a548740615518281" member_type: VOTER last_known_addr { host: "127.1.203.190" port: 38427 } } peers { permanent_uuid: "18cdb6e733a8408eac5fc27bbeac1c9f" member_type: VOTER last_known_addr { host: "127.1.203.189" port: 41723 } } peers { permanent_uuid: "e8b2a85672c745b882e8c8bedcca4fd9" member_type: VOTER last_known_addr { host: "127.1.203.188" port: 40313 } } }
I20260601 13:34:27.706497  3023 sys_catalog.cc:565] T 00000000000000000000000000000000 P 18cdb6e733a8408eac5fc27bbeac1c9f [sys.catalog]: configured and running, proceeding with master startup.
I20260601 13:34:27.706490  3122 sys_catalog.cc:458] T 00000000000000000000000000000000 P 18cdb6e733a8408eac5fc27bbeac1c9f [sys.catalog]: This master's current role is: FOLLOWER
I20260601 13:34:27.708168  1838 internal_mini_cluster.cc:184] Waiting to initialize catalog manager on master 2
I20260601 13:34:27.708734  1838 file_cache.cc:492] Constructed file cache file cache with capacity 419430
W20260601 13:34:27.708792  3133 catalog_manager.cc:1593] T 00000000000000000000000000000000 P 18cdb6e733a8408eac5fc27bbeac1c9f: loading cluster ID for follower catalog manager: Not found: cluster ID entry not found
W20260601 13:34:27.708855  3133 catalog_manager.cc:883] Not found: cluster ID entry not found: failed to prepare follower catalog manager, will retry
W20260601 13:34:27.710611  3137 instance_detector.cc:116] could not retrieve OpenStack instance metadata: Network error: curl error: HTTP response code said error: The requested URL returned error: 404
W20260601 13:34:27.710721  3135 instance_detector.cc:116] could not retrieve Azure instance metadata: Network error: curl error: HTTP response code said error: The requested URL returned error: 404
I20260601 13:34:27.710846  1838 server_base.cc:1061] running on GCE node
W20260601 13:34:27.710765  3134 instance_detector.cc:116] could not retrieve AWS instance metadata: Network error: curl error: HTTP response code said error: The requested URL returned error: 404
I20260601 13:34:27.711082  1838 hybrid_clock.cc:584] initializing the hybrid clock with 'system_unsync' time source
W20260601 13:34:27.711124  1838 system_unsync_time.cc:38] NTP support is disabled. Clock error bounds will not be accurate. This configuration is not suitable for distributed clusters.
I20260601 13:34:27.711138  1838 hybrid_clock.cc:648] HybridClock initialized: now 1780320867711139 us; error 0 us; skew 500 ppm
I20260601 13:34:27.712055  1838 webserver.cc:533] Webserver started at http://127.1.203.129:34129/ using document root <none> and password file <none>
I20260601 13:34:27.712180  1838 fs_manager.cc:362] Metadata directory not provided
I20260601 13:34:27.712221  1838 fs_manager.cc:368] Using write-ahead log directory (fs_wal_dir) as metadata directory
I20260601 13:34:27.712273  1838 server_base.cc:909] This appears to be a new deployment of Kudu; creating new FS layout
I20260601 13:34:27.712642  1838 fs_manager.cc:1068] Generated new instance metadata in path /tmp/dist-test-task64uok9/test-tmp/auto_rebalancer-test.0.AutoRebalancerTest.NextLeaderResumesAutoRebalancing.1780320857564603-1838-0/minicluster-data/ts-0-root/instance:
uuid: "dea373204a524928b828a6478eeee974"
format_stamp: "Formatted at 2026-06-01 13:34:27 on dist-test-slave-g0dk"
I20260601 13:34:27.714036  1838 fs_manager.cc:696] Time spent creating directory manager: real 0.001s	user 0.001s	sys 0.000s
I20260601 13:34:27.715049  3142 log_block_manager.cc:4031] Time spent loading block containers with low live blocks: real 0.000s	user 0.000s	sys 0.000s
I20260601 13:34:27.715283  1838 fs_manager.cc:730] Time spent opening block manager: real 0.001s	user 0.000s	sys 0.001s
I20260601 13:34:27.715376  1838 fs_manager.cc:647] Opened local filesystem: /tmp/dist-test-task64uok9/test-tmp/auto_rebalancer-test.0.AutoRebalancerTest.NextLeaderResumesAutoRebalancing.1780320857564603-1838-0/minicluster-data/ts-0-root
uuid: "dea373204a524928b828a6478eeee974"
format_stamp: "Formatted at 2026-06-01 13:34:27 on dist-test-slave-g0dk"
I20260601 13:34:27.715436  1838 fs_report.cc:389] FS layout report
--------------------
wal directory: /tmp/dist-test-task64uok9/test-tmp/auto_rebalancer-test.0.AutoRebalancerTest.NextLeaderResumesAutoRebalancing.1780320857564603-1838-0/minicluster-data/ts-0-root
metadata directory: /tmp/dist-test-task64uok9/test-tmp/auto_rebalancer-test.0.AutoRebalancerTest.NextLeaderResumesAutoRebalancing.1780320857564603-1838-0/minicluster-data/ts-0-root
1 data directories: /tmp/dist-test-task64uok9/test-tmp/auto_rebalancer-test.0.AutoRebalancerTest.NextLeaderResumesAutoRebalancing.1780320857564603-1838-0/minicluster-data/ts-0-root/data
Total live blocks: 0
Total live bytes: 0
Total live bytes (after alignment): 0
Total number of LBM containers: 0 (0 full)
Did not check for missing blocks
Did not check for orphaned blocks
Total full LBM containers with extra space: 0 (0 repaired)
Total full LBM container extra space in bytes: 0 (0 repaired)
Total incomplete LBM containers: 0 (0 repaired)
Total LBM partial records: 0 (0 repaired)
Total corrupted LBM metadata records in RocksDB: 0 (0 repaired)
I20260601 13:34:27.723724  1838 rpc_server.cc:225] running with OpenSSL 1.1.1  11 Sep 2018
I20260601 13:34:27.724138  1838 kserver.cc:163] Server-wide thread pool size limit: 3276
I20260601 13:34:27.724414  1838 txn_system_client.cc:432] TxnSystemClient initialization is disabled...
I20260601 13:34:27.724886  1838 ts_tablet_manager.cc:585] Loaded tablet metadata (0 total tablets, 0 live tablets)
I20260601 13:34:27.724926  1838 ts_tablet_manager.cc:531] Time spent load tablet metadata: real 0.000s	user 0.000s	sys 0.000s
I20260601 13:34:27.724956  1838 ts_tablet_manager.cc:616] Registered 0 tablets
I20260601 13:34:27.724968  1838 ts_tablet_manager.cc:595] Time spent register tablets: real 0.000s	user 0.000s	sys 0.000s
I20260601 13:34:27.729755  1838 rpc_server.cc:307] RPC server started. Bound to: 127.1.203.129:33755
I20260601 13:34:27.729789  3205 acceptor_pool.cc:272] collecting diagnostics on the listening RPC socket 127.1.203.129:33755 every 8 connection(s)
I20260601 13:34:27.730858  1838 file_cache.cc:492] Constructed file cache file cache with capacity 419430
W20260601 13:34:27.733301  3213 instance_detector.cc:116] could not retrieve AWS instance metadata: Network error: curl error: HTTP response code said error: The requested URL returned error: 404
W20260601 13:34:27.733359  3214 instance_detector.cc:116] could not retrieve Azure instance metadata: Network error: curl error: HTTP response code said error: The requested URL returned error: 404
W20260601 13:34:27.733527  3216 instance_detector.cc:116] could not retrieve OpenStack instance metadata: Network error: curl error: HTTP response code said error: The requested URL returned error: 404
I20260601 13:34:27.733944  1838 server_base.cc:1061] running on GCE node
I20260601 13:34:27.734628  1838 hybrid_clock.cc:584] initializing the hybrid clock with 'system_unsync' time source
W20260601 13:34:27.734709  1838 system_unsync_time.cc:38] NTP support is disabled. Clock error bounds will not be accurate. This configuration is not suitable for distributed clusters.
I20260601 13:34:27.734746  1838 hybrid_clock.cc:648] HybridClock initialized: now 1780320867734745 us; error 0 us; skew 500 ppm
I20260601 13:34:27.735420  3206 heartbeater.cc:344] Connected to a master server at 127.1.203.188:40313
I20260601 13:34:27.735510  3206 heartbeater.cc:461] Registering TS with master...
I20260601 13:34:27.735555  3208 heartbeater.cc:344] Connected to a master server at 127.1.203.189:41723
I20260601 13:34:27.735599  1838 webserver.cc:533] Webserver started at http://127.1.203.130:44375/ using document root <none> and password file <none>
I20260601 13:34:27.735555  3207 heartbeater.cc:344] Connected to a master server at 127.1.203.190:38427
I20260601 13:34:27.735637  3208 heartbeater.cc:461] Registering TS with master...
I20260601 13:34:27.735675  3207 heartbeater.cc:461] Registering TS with master...
I20260601 13:34:27.735713  3206 heartbeater.cc:507] Master 127.1.203.188:40313 requested a full tablet report, sending...
I20260601 13:34:27.735734  1838 fs_manager.cc:362] Metadata directory not provided
I20260601 13:34:27.735776  1838 fs_manager.cc:368] Using write-ahead log directory (fs_wal_dir) as metadata directory
I20260601 13:34:27.735834  1838 server_base.cc:909] This appears to be a new deployment of Kudu; creating new FS layout
I20260601 13:34:27.735842  3208 heartbeater.cc:507] Master 127.1.203.189:41723 requested a full tablet report, sending...
I20260601 13:34:27.735842  3207 heartbeater.cc:507] Master 127.1.203.190:38427 requested a full tablet report, sending...
I20260601 13:34:27.736268  1838 fs_manager.cc:1068] Generated new instance metadata in path /tmp/dist-test-task64uok9/test-tmp/auto_rebalancer-test.0.AutoRebalancerTest.NextLeaderResumesAutoRebalancing.1780320857564603-1838-0/minicluster-data/ts-1-root/instance:
uuid: "b90cca69f9504ad49da81a665e28e8d6"
format_stamp: "Formatted at 2026-06-01 13:34:27 on dist-test-slave-g0dk"
I20260601 13:34:27.736459  3053 ts_manager.cc:194] Registered new tserver with Master: dea373204a524928b828a6478eeee974 (127.1.203.129:33755)
I20260601 13:34:27.736455  2919 ts_manager.cc:194] Registered new tserver with Master: dea373204a524928b828a6478eeee974 (127.1.203.129:33755)
I20260601 13:34:27.736457  2986 ts_manager.cc:194] Registered new tserver with Master: dea373204a524928b828a6478eeee974 (127.1.203.129:33755)
I20260601 13:34:27.737883  1838 fs_manager.cc:696] Time spent creating directory manager: real 0.001s	user 0.000s	sys 0.001s
I20260601 13:34:27.738953  3221 log_block_manager.cc:4031] Time spent loading block containers with low live blocks: real 0.000s	user 0.000s	sys 0.000s
I20260601 13:34:27.739178  1838 fs_manager.cc:730] Time spent opening block manager: real 0.001s	user 0.001s	sys 0.000s
I20260601 13:34:27.739245  1838 fs_manager.cc:647] Opened local filesystem: /tmp/dist-test-task64uok9/test-tmp/auto_rebalancer-test.0.AutoRebalancerTest.NextLeaderResumesAutoRebalancing.1780320857564603-1838-0/minicluster-data/ts-1-root
uuid: "b90cca69f9504ad49da81a665e28e8d6"
format_stamp: "Formatted at 2026-06-01 13:34:27 on dist-test-slave-g0dk"
I20260601 13:34:27.739329  1838 fs_report.cc:389] FS layout report
--------------------
wal directory: /tmp/dist-test-task64uok9/test-tmp/auto_rebalancer-test.0.AutoRebalancerTest.NextLeaderResumesAutoRebalancing.1780320857564603-1838-0/minicluster-data/ts-1-root
metadata directory: /tmp/dist-test-task64uok9/test-tmp/auto_rebalancer-test.0.AutoRebalancerTest.NextLeaderResumesAutoRebalancing.1780320857564603-1838-0/minicluster-data/ts-1-root
1 data directories: /tmp/dist-test-task64uok9/test-tmp/auto_rebalancer-test.0.AutoRebalancerTest.NextLeaderResumesAutoRebalancing.1780320857564603-1838-0/minicluster-data/ts-1-root/data
Total live blocks: 0
Total live bytes: 0
Total live bytes (after alignment): 0
Total number of LBM containers: 0 (0 full)
Did not check for missing blocks
Did not check for orphaned blocks
Total full LBM containers with extra space: 0 (0 repaired)
Total full LBM container extra space in bytes: 0 (0 repaired)
Total incomplete LBM containers: 0 (0 repaired)
Total LBM partial records: 0 (0 repaired)
Total corrupted LBM metadata records in RocksDB: 0 (0 repaired)
I20260601 13:34:27.751551  1838 rpc_server.cc:225] running with OpenSSL 1.1.1  11 Sep 2018
I20260601 13:34:27.752007  1838 kserver.cc:163] Server-wide thread pool size limit: 3276
I20260601 13:34:27.752303  1838 txn_system_client.cc:432] TxnSystemClient initialization is disabled...
I20260601 13:34:27.752831  1838 ts_tablet_manager.cc:585] Loaded tablet metadata (0 total tablets, 0 live tablets)
I20260601 13:34:27.752875  1838 ts_tablet_manager.cc:531] Time spent load tablet metadata: real 0.000s	user 0.000s	sys 0.000s
I20260601 13:34:27.752913  1838 ts_tablet_manager.cc:616] Registered 0 tablets
I20260601 13:34:27.752945  1838 ts_tablet_manager.cc:595] Time spent register tablets: real 0.000s	user 0.000s	sys 0.000s
I20260601 13:34:27.757907  1838 rpc_server.cc:307] RPC server started. Bound to: 127.1.203.130:46347
I20260601 13:34:27.757999  3284 acceptor_pool.cc:272] collecting diagnostics on the listening RPC socket 127.1.203.130:46347 every 8 connection(s)
I20260601 13:34:27.758972  1838 file_cache.cc:492] Constructed file cache file cache with capacity 419430
W20260601 13:34:27.761298  3293 instance_detector.cc:116] could not retrieve Azure instance metadata: Network error: curl error: HTTP response code said error: The requested URL returned error: 404
W20260601 13:34:27.761667  3295 instance_detector.cc:116] could not retrieve OpenStack instance metadata: Network error: curl error: HTTP response code said error: The requested URL returned error: 404
W20260601 13:34:27.761893  3292 instance_detector.cc:116] could not retrieve AWS instance metadata: Network error: curl error: HTTP response code said error: The requested URL returned error: 404
I20260601 13:34:27.762853  1838 server_base.cc:1061] running on GCE node
I20260601 13:34:27.763584  1838 hybrid_clock.cc:584] initializing the hybrid clock with 'system_unsync' time source
W20260601 13:34:27.763674  1838 system_unsync_time.cc:38] NTP support is disabled. Clock error bounds will not be accurate. This configuration is not suitable for distributed clusters.
I20260601 13:34:27.763713  1838 hybrid_clock.cc:648] HybridClock initialized: now 1780320867763712 us; error 0 us; skew 500 ppm
I20260601 13:34:27.764139  3285 heartbeater.cc:344] Connected to a master server at 127.1.203.188:40313
I20260601 13:34:27.764182  3287 heartbeater.cc:344] Connected to a master server at 127.1.203.189:41723
I20260601 13:34:27.764232  3285 heartbeater.cc:461] Registering TS with master...
I20260601 13:34:27.764283  3287 heartbeater.cc:461] Registering TS with master...
I20260601 13:34:27.764508  3287 heartbeater.cc:507] Master 127.1.203.189:41723 requested a full tablet report, sending...
I20260601 13:34:27.764223  3286 heartbeater.cc:344] Connected to a master server at 127.1.203.190:38427
I20260601 13:34:27.764510  3285 heartbeater.cc:507] Master 127.1.203.188:40313 requested a full tablet report, sending...
I20260601 13:34:27.764650  1838 webserver.cc:533] Webserver started at http://127.1.203.131:35737/ using document root <none> and password file <none>
I20260601 13:34:27.764600  3286 heartbeater.cc:461] Registering TS with master...
I20260601 13:34:27.764780  1838 fs_manager.cc:362] Metadata directory not provided
I20260601 13:34:27.764827  1838 fs_manager.cc:368] Using write-ahead log directory (fs_wal_dir) as metadata directory
I20260601 13:34:27.764892  1838 server_base.cc:909] This appears to be a new deployment of Kudu; creating new FS layout
I20260601 13:34:27.764966  3286 heartbeater.cc:507] Master 127.1.203.190:38427 requested a full tablet report, sending...
I20260601 13:34:27.765202  3053 ts_manager.cc:194] Registered new tserver with Master: b90cca69f9504ad49da81a665e28e8d6 (127.1.203.130:46347)
I20260601 13:34:27.765208  2986 ts_manager.cc:194] Registered new tserver with Master: b90cca69f9504ad49da81a665e28e8d6 (127.1.203.130:46347)
I20260601 13:34:27.765290  1838 fs_manager.cc:1068] Generated new instance metadata in path /tmp/dist-test-task64uok9/test-tmp/auto_rebalancer-test.0.AutoRebalancerTest.NextLeaderResumesAutoRebalancing.1780320857564603-1838-0/minicluster-data/ts-2-root/instance:
uuid: "6cfd5e244f4944daa282ca4ff4e907e2"
format_stamp: "Formatted at 2026-06-01 13:34:27 on dist-test-slave-g0dk"
I20260601 13:34:27.765683  2919 ts_manager.cc:194] Registered new tserver with Master: b90cca69f9504ad49da81a665e28e8d6 (127.1.203.130:46347)
I20260601 13:34:27.766820  1838 fs_manager.cc:696] Time spent creating directory manager: real 0.001s	user 0.000s	sys 0.002s
I20260601 13:34:27.767660  3300 log_block_manager.cc:4031] Time spent loading block containers with low live blocks: real 0.000s	user 0.000s	sys 0.000s
I20260601 13:34:27.767874  1838 fs_manager.cc:730] Time spent opening block manager: real 0.001s	user 0.000s	sys 0.001s
I20260601 13:34:27.767940  1838 fs_manager.cc:647] Opened local filesystem: /tmp/dist-test-task64uok9/test-tmp/auto_rebalancer-test.0.AutoRebalancerTest.NextLeaderResumesAutoRebalancing.1780320857564603-1838-0/minicluster-data/ts-2-root
uuid: "6cfd5e244f4944daa282ca4ff4e907e2"
format_stamp: "Formatted at 2026-06-01 13:34:27 on dist-test-slave-g0dk"
I20260601 13:34:27.767999  1838 fs_report.cc:389] FS layout report
--------------------
wal directory: /tmp/dist-test-task64uok9/test-tmp/auto_rebalancer-test.0.AutoRebalancerTest.NextLeaderResumesAutoRebalancing.1780320857564603-1838-0/minicluster-data/ts-2-root
metadata directory: /tmp/dist-test-task64uok9/test-tmp/auto_rebalancer-test.0.AutoRebalancerTest.NextLeaderResumesAutoRebalancing.1780320857564603-1838-0/minicluster-data/ts-2-root
1 data directories: /tmp/dist-test-task64uok9/test-tmp/auto_rebalancer-test.0.AutoRebalancerTest.NextLeaderResumesAutoRebalancing.1780320857564603-1838-0/minicluster-data/ts-2-root/data
Total live blocks: 0
Total live bytes: 0
Total live bytes (after alignment): 0
Total number of LBM containers: 0 (0 full)
Did not check for missing blocks
Did not check for orphaned blocks
Total full LBM containers with extra space: 0 (0 repaired)
Total full LBM container extra space in bytes: 0 (0 repaired)
Total incomplete LBM containers: 0 (0 repaired)
Total LBM partial records: 0 (0 repaired)
Total corrupted LBM metadata records in RocksDB: 0 (0 repaired)
I20260601 13:34:27.780799  1838 rpc_server.cc:225] running with OpenSSL 1.1.1  11 Sep 2018
I20260601 13:34:27.781235  1838 kserver.cc:163] Server-wide thread pool size limit: 3276
I20260601 13:34:27.781531  1838 txn_system_client.cc:432] TxnSystemClient initialization is disabled...
I20260601 13:34:27.781994  1838 ts_tablet_manager.cc:585] Loaded tablet metadata (0 total tablets, 0 live tablets)
I20260601 13:34:27.782034  1838 ts_tablet_manager.cc:531] Time spent load tablet metadata: real 0.000s	user 0.000s	sys 0.000s
I20260601 13:34:27.782073  1838 ts_tablet_manager.cc:616] Registered 0 tablets
I20260601 13:34:27.782124  1838 ts_tablet_manager.cc:595] Time spent register tablets: real 0.000s	user 0.000s	sys 0.000s
I20260601 13:34:27.786935  1838 rpc_server.cc:307] RPC server started. Bound to: 127.1.203.131:39039
I20260601 13:34:27.787072  3363 acceptor_pool.cc:272] collecting diagnostics on the listening RPC socket 127.1.203.131:39039 every 8 connection(s)
I20260601 13:34:27.791783  3364 heartbeater.cc:344] Connected to a master server at 127.1.203.188:40313
I20260601 13:34:27.791909  3364 heartbeater.cc:461] Registering TS with master...
I20260601 13:34:27.792129  3364 heartbeater.cc:507] Master 127.1.203.188:40313 requested a full tablet report, sending...
I20260601 13:34:27.792558  3365 heartbeater.cc:344] Connected to a master server at 127.1.203.190:38427
I20260601 13:34:27.792649  3365 heartbeater.cc:461] Registering TS with master...
I20260601 13:34:27.792846  3365 heartbeater.cc:507] Master 127.1.203.190:38427 requested a full tablet report, sending...
I20260601 13:34:27.792860  3366 heartbeater.cc:344] Connected to a master server at 127.1.203.189:41723
I20260601 13:34:27.792847  3053 ts_manager.cc:194] Registered new tserver with Master: 6cfd5e244f4944daa282ca4ff4e907e2 (127.1.203.131:39039)
I20260601 13:34:27.792965  3366 heartbeater.cc:461] Registering TS with master...
I20260601 13:34:27.793210  3366 heartbeater.cc:507] Master 127.1.203.189:41723 requested a full tablet report, sending...
I20260601 13:34:27.793499  2919 ts_manager.cc:194] Registered new tserver with Master: 6cfd5e244f4944daa282ca4ff4e907e2 (127.1.203.131:39039)
I20260601 13:34:27.793790  2986 ts_manager.cc:194] Registered new tserver with Master: 6cfd5e244f4944daa282ca4ff4e907e2 (127.1.203.131:39039)
I20260601 13:34:27.794255  1838 internal_mini_cluster.cc:371] 3 TS(s) registered with all masters after 0.006787661s
I20260601 13:34:27.876188  3097 raft_consensus.cc:493] T 00000000000000000000000000000000 P b3861467fe684116a548740615518281 [term 0 FOLLOWER]: Starting pre-election (no leader contacted us within the election timeout)
I20260601 13:34:27.876390  3097 raft_consensus.cc:515] T 00000000000000000000000000000000 P b3861467fe684116a548740615518281 [term 0 FOLLOWER]: Starting pre-election with config: opid_index: -1 OBSOLETE_local: false peers { permanent_uuid: "b3861467fe684116a548740615518281" member_type: VOTER last_known_addr { host: "127.1.203.190" port: 38427 } } peers { permanent_uuid: "18cdb6e733a8408eac5fc27bbeac1c9f" member_type: VOTER last_known_addr { host: "127.1.203.189" port: 41723 } } peers { permanent_uuid: "e8b2a85672c745b882e8c8bedcca4fd9" member_type: VOTER last_known_addr { host: "127.1.203.188" port: 40313 } }
I20260601 13:34:27.876911  3097 leader_election.cc:290] T 00000000000000000000000000000000 P b3861467fe684116a548740615518281 [CANDIDATE]: Term 1 pre-election: Requested pre-vote from peers 18cdb6e733a8408eac5fc27bbeac1c9f (127.1.203.189:41723), e8b2a85672c745b882e8c8bedcca4fd9 (127.1.203.188:40313)
I20260601 13:34:27.877424  2996 tablet_service.cc:1917] Received RequestConsensusVote() RPC: tablet_id: "00000000000000000000000000000000" candidate_uuid: "b3861467fe684116a548740615518281" candidate_term: 1 candidate_status { last_received { term: 0 index: 0 } } ignore_live_leader: false dest_uuid: "18cdb6e733a8408eac5fc27bbeac1c9f" is_pre_election: true
I20260601 13:34:27.877424  3063 tablet_service.cc:1917] Received RequestConsensusVote() RPC: tablet_id: "00000000000000000000000000000000" candidate_uuid: "b3861467fe684116a548740615518281" candidate_term: 1 candidate_status { last_received { term: 0 index: 0 } } ignore_live_leader: false dest_uuid: "e8b2a85672c745b882e8c8bedcca4fd9" is_pre_election: true
I20260601 13:34:27.877615  2996 raft_consensus.cc:2468] T 00000000000000000000000000000000 P 18cdb6e733a8408eac5fc27bbeac1c9f [term 0 FOLLOWER]: Leader pre-election vote request: Granting yes vote for candidate b3861467fe684116a548740615518281 in term 0.
I20260601 13:34:27.877617  3063 raft_consensus.cc:2468] T 00000000000000000000000000000000 P e8b2a85672c745b882e8c8bedcca4fd9 [term 0 FOLLOWER]: Leader pre-election vote request: Granting yes vote for candidate b3861467fe684116a548740615518281 in term 0.
I20260601 13:34:27.878027  2905 leader_election.cc:304] T 00000000000000000000000000000000 P b3861467fe684116a548740615518281 [CANDIDATE]: Term 1 pre-election: Election decided. Result: candidate won. Election summary: received 2 responses out of 3 voters: 2 yes votes; 0 no votes. yes voters: 18cdb6e733a8408eac5fc27bbeac1c9f, b3861467fe684116a548740615518281; no voters: 
I20260601 13:34:27.878263  3097 raft_consensus.cc:2804] T 00000000000000000000000000000000 P b3861467fe684116a548740615518281 [term 0 FOLLOWER]: Leader pre-election won for term 1
I20260601 13:34:27.878345  3097 raft_consensus.cc:493] T 00000000000000000000000000000000 P b3861467fe684116a548740615518281 [term 0 FOLLOWER]: Starting leader election (no leader contacted us within the election timeout)
I20260601 13:34:27.878396  3097 raft_consensus.cc:3060] T 00000000000000000000000000000000 P b3861467fe684116a548740615518281 [term 0 FOLLOWER]: Advancing to term 1
I20260601 13:34:27.879333  3097 raft_consensus.cc:515] T 00000000000000000000000000000000 P b3861467fe684116a548740615518281 [term 1 FOLLOWER]: Starting leader election with config: opid_index: -1 OBSOLETE_local: false peers { permanent_uuid: "b3861467fe684116a548740615518281" member_type: VOTER last_known_addr { host: "127.1.203.190" port: 38427 } } peers { permanent_uuid: "18cdb6e733a8408eac5fc27bbeac1c9f" member_type: VOTER last_known_addr { host: "127.1.203.189" port: 41723 } } peers { permanent_uuid: "e8b2a85672c745b882e8c8bedcca4fd9" member_type: VOTER last_known_addr { host: "127.1.203.188" port: 40313 } }
I20260601 13:34:27.879679  3097 leader_election.cc:290] T 00000000000000000000000000000000 P b3861467fe684116a548740615518281 [CANDIDATE]: Term 1 election: Requested vote from peers 18cdb6e733a8408eac5fc27bbeac1c9f (127.1.203.189:41723), e8b2a85672c745b882e8c8bedcca4fd9 (127.1.203.188:40313)
I20260601 13:34:27.879985  3063 tablet_service.cc:1917] Received RequestConsensusVote() RPC: tablet_id: "00000000000000000000000000000000" candidate_uuid: "b3861467fe684116a548740615518281" candidate_term: 1 candidate_status { last_received { term: 0 index: 0 } } ignore_live_leader: false dest_uuid: "e8b2a85672c745b882e8c8bedcca4fd9"
I20260601 13:34:27.879995  2996 tablet_service.cc:1917] Received RequestConsensusVote() RPC: tablet_id: "00000000000000000000000000000000" candidate_uuid: "b3861467fe684116a548740615518281" candidate_term: 1 candidate_status { last_received { term: 0 index: 0 } } ignore_live_leader: false dest_uuid: "18cdb6e733a8408eac5fc27bbeac1c9f"
I20260601 13:34:27.880087  3063 raft_consensus.cc:3060] T 00000000000000000000000000000000 P e8b2a85672c745b882e8c8bedcca4fd9 [term 0 FOLLOWER]: Advancing to term 1
I20260601 13:34:27.880105  2996 raft_consensus.cc:3060] T 00000000000000000000000000000000 P 18cdb6e733a8408eac5fc27bbeac1c9f [term 0 FOLLOWER]: Advancing to term 1
I20260601 13:34:27.880889  3063 raft_consensus.cc:2468] T 00000000000000000000000000000000 P e8b2a85672c745b882e8c8bedcca4fd9 [term 1 FOLLOWER]: Leader election vote request: Granting yes vote for candidate b3861467fe684116a548740615518281 in term 1.
I20260601 13:34:27.880924  2996 raft_consensus.cc:2468] T 00000000000000000000000000000000 P 18cdb6e733a8408eac5fc27bbeac1c9f [term 1 FOLLOWER]: Leader election vote request: Granting yes vote for candidate b3861467fe684116a548740615518281 in term 1.
I20260601 13:34:27.881142  2905 leader_election.cc:304] T 00000000000000000000000000000000 P b3861467fe684116a548740615518281 [CANDIDATE]: Term 1 election: Election decided. Result: candidate won. Election summary: received 2 responses out of 3 voters: 2 yes votes; 0 no votes. yes voters: 18cdb6e733a8408eac5fc27bbeac1c9f, b3861467fe684116a548740615518281; no voters: 
I20260601 13:34:27.881302  3097 raft_consensus.cc:2804] T 00000000000000000000000000000000 P b3861467fe684116a548740615518281 [term 1 FOLLOWER]: Leader election won for term 1
I20260601 13:34:27.881528  3097 raft_consensus.cc:697] T 00000000000000000000000000000000 P b3861467fe684116a548740615518281 [term 1 LEADER]: Becoming Leader. State: Replica: b3861467fe684116a548740615518281, State: Running, Role: LEADER
I20260601 13:34:27.881654  3097 consensus_queue.cc:237] T 00000000000000000000000000000000 P b3861467fe684116a548740615518281 [LEADER]: Queue going to LEADER mode. State: All replicated index: 0, Majority replicated index: 0, Committed index: 0, Last appended: 0.0, Last appended by leader: 0, Current term: 1, Majority size: 2, State: 0, Mode: LEADER, active raft config: opid_index: -1 OBSOLETE_local: false peers { permanent_uuid: "b3861467fe684116a548740615518281" member_type: VOTER last_known_addr { host: "127.1.203.190" port: 38427 } } peers { permanent_uuid: "18cdb6e733a8408eac5fc27bbeac1c9f" member_type: VOTER last_known_addr { host: "127.1.203.189" port: 41723 } } peers { permanent_uuid: "e8b2a85672c745b882e8c8bedcca4fd9" member_type: VOTER last_known_addr { host: "127.1.203.188" port: 40313 } }
I20260601 13:34:27.882277  3372 sys_catalog.cc:455] T 00000000000000000000000000000000 P b3861467fe684116a548740615518281 [sys.catalog]: SysCatalogTable state changed. Reason: New leader b3861467fe684116a548740615518281. Latest consensus state: current_term: 1 leader_uuid: "b3861467fe684116a548740615518281" committed_config { opid_index: -1 OBSOLETE_local: false peers { permanent_uuid: "b3861467fe684116a548740615518281" member_type: VOTER last_known_addr { host: "127.1.203.190" port: 38427 } } peers { permanent_uuid: "18cdb6e733a8408eac5fc27bbeac1c9f" member_type: VOTER last_known_addr { host: "127.1.203.189" port: 41723 } } peers { permanent_uuid: "e8b2a85672c745b882e8c8bedcca4fd9" member_type: VOTER last_known_addr { host: "127.1.203.188" port: 40313 } } }
I20260601 13:34:27.882409  3372 sys_catalog.cc:458] T 00000000000000000000000000000000 P b3861467fe684116a548740615518281 [sys.catalog]: This master's current role is: LEADER
I20260601 13:34:27.882696  3374 catalog_manager.cc:1510] Loading table and tablet metadata into memory...
I20260601 13:34:27.883401  3374 catalog_manager.cc:1519] Initializing Kudu cluster ID...
I20260601 13:34:27.885152  3063 raft_consensus.cc:1275] T 00000000000000000000000000000000 P e8b2a85672c745b882e8c8bedcca4fd9 [term 1 FOLLOWER]: Refusing update from remote peer b3861467fe684116a548740615518281: Log matching property violated. Preceding OpId in replica: term: 0 index: 0. Preceding OpId from leader: term: 1 index: 2. (index mismatch)
I20260601 13:34:27.885157  2996 raft_consensus.cc:1275] T 00000000000000000000000000000000 P 18cdb6e733a8408eac5fc27bbeac1c9f [term 1 FOLLOWER]: Refusing update from remote peer b3861467fe684116a548740615518281: Log matching property violated. Preceding OpId in replica: term: 0 index: 0. Preceding OpId from leader: term: 1 index: 2. (index mismatch)
I20260601 13:34:27.885499  3372 consensus_queue.cc:1048] T 00000000000000000000000000000000 P b3861467fe684116a548740615518281 [LEADER]: Connected to new peer: Peer: permanent_uuid: "18cdb6e733a8408eac5fc27bbeac1c9f" member_type: VOTER last_known_addr { host: "127.1.203.189" port: 41723 }, Status: LMP_MISMATCH, Last received: 0.0, Next index: 1, Last known committed idx: 0, Time since last communication: 0.000s
I20260601 13:34:27.885622  3097 consensus_queue.cc:1048] T 00000000000000000000000000000000 P b3861467fe684116a548740615518281 [LEADER]: Connected to new peer: Peer: permanent_uuid: "e8b2a85672c745b882e8c8bedcca4fd9" member_type: VOTER last_known_addr { host: "127.1.203.188" port: 40313 }, Status: LMP_MISMATCH, Last received: 0.0, Next index: 1, Last known committed idx: 0, Time since last communication: 0.000s
I20260601 13:34:27.886858  3098 sys_catalog.cc:455] T 00000000000000000000000000000000 P e8b2a85672c745b882e8c8bedcca4fd9 [sys.catalog]: SysCatalogTable state changed. Reason: New leader b3861467fe684116a548740615518281. Latest consensus state: current_term: 1 leader_uuid: "b3861467fe684116a548740615518281" committed_config { opid_index: -1 OBSOLETE_local: false peers { permanent_uuid: "b3861467fe684116a548740615518281" member_type: VOTER last_known_addr { host: "127.1.203.190" port: 38427 } } peers { permanent_uuid: "18cdb6e733a8408eac5fc27bbeac1c9f" member_type: VOTER last_known_addr { host: "127.1.203.189" port: 41723 } } peers { permanent_uuid: "e8b2a85672c745b882e8c8bedcca4fd9" member_type: VOTER last_known_addr { host: "127.1.203.188" port: 40313 } } }
I20260601 13:34:27.886966  3098 sys_catalog.cc:458] T 00000000000000000000000000000000 P e8b2a85672c745b882e8c8bedcca4fd9 [sys.catalog]: This master's current role is: FOLLOWER
I20260601 13:34:27.887660  3122 sys_catalog.cc:455] T 00000000000000000000000000000000 P 18cdb6e733a8408eac5fc27bbeac1c9f [sys.catalog]: SysCatalogTable state changed. Reason: New leader b3861467fe684116a548740615518281. Latest consensus state: current_term: 1 leader_uuid: "b3861467fe684116a548740615518281" committed_config { opid_index: -1 OBSOLETE_local: false peers { permanent_uuid: "b3861467fe684116a548740615518281" member_type: VOTER last_known_addr { host: "127.1.203.190" port: 38427 } } peers { permanent_uuid: "18cdb6e733a8408eac5fc27bbeac1c9f" member_type: VOTER last_known_addr { host: "127.1.203.189" port: 41723 } } peers { permanent_uuid: "e8b2a85672c745b882e8c8bedcca4fd9" member_type: VOTER last_known_addr { host: "127.1.203.188" port: 40313 } } }
I20260601 13:34:27.887773  3122 sys_catalog.cc:458] T 00000000000000000000000000000000 P 18cdb6e733a8408eac5fc27bbeac1c9f [sys.catalog]: This master's current role is: FOLLOWER
I20260601 13:34:27.887872  3097 sys_catalog.cc:455] T 00000000000000000000000000000000 P b3861467fe684116a548740615518281 [sys.catalog]: SysCatalogTable state changed. Reason: Peer health change. Latest consensus state: current_term: 1 leader_uuid: "b3861467fe684116a548740615518281" committed_config { opid_index: -1 OBSOLETE_local: false peers { permanent_uuid: "b3861467fe684116a548740615518281" member_type: VOTER last_known_addr { host: "127.1.203.190" port: 38427 } } peers { permanent_uuid: "18cdb6e733a8408eac5fc27bbeac1c9f" member_type: VOTER last_known_addr { host: "127.1.203.189" port: 41723 } } peers { permanent_uuid: "e8b2a85672c745b882e8c8bedcca4fd9" member_type: VOTER last_known_addr { host: "127.1.203.188" port: 40313 } } }
I20260601 13:34:27.887970  3097 sys_catalog.cc:458] T 00000000000000000000000000000000 P b3861467fe684116a548740615518281 [sys.catalog]: This master's current role is: LEADER
I20260601 13:34:27.888238  3374 catalog_manager.cc:1382] Generated new cluster ID: 416d181c6ebe43e0a3f2f28ac1a96ae0
I20260601 13:34:27.888284  3374 catalog_manager.cc:1530] Initializing Kudu internal certificate authority...
I20260601 13:34:27.888896  3097 sys_catalog.cc:455] T 00000000000000000000000000000000 P b3861467fe684116a548740615518281 [sys.catalog]: SysCatalogTable state changed. Reason: Peer health change. Latest consensus state: current_term: 1 leader_uuid: "b3861467fe684116a548740615518281" committed_config { opid_index: -1 OBSOLETE_local: false peers { permanent_uuid: "b3861467fe684116a548740615518281" member_type: VOTER last_known_addr { host: "127.1.203.190" port: 38427 } } peers { permanent_uuid: "18cdb6e733a8408eac5fc27bbeac1c9f" member_type: VOTER last_known_addr { host: "127.1.203.189" port: 41723 } } peers { permanent_uuid: "e8b2a85672c745b882e8c8bedcca4fd9" member_type: VOTER last_known_addr { host: "127.1.203.188" port: 40313 } } }
I20260601 13:34:27.888906  3098 sys_catalog.cc:455] T 00000000000000000000000000000000 P e8b2a85672c745b882e8c8bedcca4fd9 [sys.catalog]: SysCatalogTable state changed. Reason: Replicated consensus-only round. Latest consensus state: current_term: 1 leader_uuid: "b3861467fe684116a548740615518281" committed_config { opid_index: -1 OBSOLETE_local: false peers { permanent_uuid: "b3861467fe684116a548740615518281" member_type: VOTER last_known_addr { host: "127.1.203.190" port: 38427 } } peers { permanent_uuid: "18cdb6e733a8408eac5fc27bbeac1c9f" member_type: VOTER last_known_addr { host: "127.1.203.189" port: 41723 } } peers { permanent_uuid: "e8b2a85672c745b882e8c8bedcca4fd9" member_type: VOTER last_known_addr { host: "127.1.203.188" port: 40313 } } }
I20260601 13:34:27.889032  3097 sys_catalog.cc:458] T 00000000000000000000000000000000 P b3861467fe684116a548740615518281 [sys.catalog]: This master's current role is: LEADER
I20260601 13:34:27.889042  3098 sys_catalog.cc:458] T 00000000000000000000000000000000 P e8b2a85672c745b882e8c8bedcca4fd9 [sys.catalog]: This master's current role is: FOLLOWER
I20260601 13:34:27.890062  3122 sys_catalog.cc:455] T 00000000000000000000000000000000 P 18cdb6e733a8408eac5fc27bbeac1c9f [sys.catalog]: SysCatalogTable state changed. Reason: Replicated consensus-only round. Latest consensus state: current_term: 1 leader_uuid: "b3861467fe684116a548740615518281" committed_config { opid_index: -1 OBSOLETE_local: false peers { permanent_uuid: "b3861467fe684116a548740615518281" member_type: VOTER last_known_addr { host: "127.1.203.190" port: 38427 } } peers { permanent_uuid: "18cdb6e733a8408eac5fc27bbeac1c9f" member_type: VOTER last_known_addr { host: "127.1.203.189" port: 41723 } } peers { permanent_uuid: "e8b2a85672c745b882e8c8bedcca4fd9" member_type: VOTER last_known_addr { host: "127.1.203.188" port: 40313 } } }
I20260601 13:34:27.890192  3122 sys_catalog.cc:458] T 00000000000000000000000000000000 P 18cdb6e733a8408eac5fc27bbeac1c9f [sys.catalog]: This master's current role is: FOLLOWER
I20260601 13:34:27.908888  3374 catalog_manager.cc:1405] Generated new certificate authority record
I20260601 13:34:27.909693  3374 catalog_manager.cc:1539] Loading token signing keys...
I20260601 13:34:27.918767  3374 catalog_manager.cc:6069] T 00000000000000000000000000000000 P b3861467fe684116a548740615518281: Generated new TSK 0
I20260601 13:34:27.918996  3374 catalog_manager.cc:1549] Initializing in-progress tserver states...
I20260601 13:34:28.695595  3119 catalog_manager.cc:1294] Loaded cluster ID: 416d181c6ebe43e0a3f2f28ac1a96ae0
