I20260601 13:35:28.854341  7020 consensus_queue.cc:237] T bf3fcf243623491fa4279b36a73fbf6e P c130b4d0f16d4d28be65cc012345c5da [LEADER]: Queue going to LEADER mode. State: All replicated index: 0, Majority replicated index: 2, Committed index: 2, Last appended: 2.2, Last appended by leader: 1, Current term: 2, Majority size: 2, State: 0, Mode: LEADER, active raft config: opid_index: 3 OBSOLETE_local: false peers { permanent_uuid: "9c06dca44c2c44a49bcdb9ce84314905" member_type: VOTER last_known_addr { host: "127.3.202.1" port: 46825 } } peers { permanent_uuid: "50ffc4d645714a62ae59f36a356c7cda" member_type: VOTER last_known_addr { host: "127.3.202.2" port: 44191 } attrs { replace: true } } peers { permanent_uuid: "c130b4d0f16d4d28be65cc012345c5da" member_type: VOTER last_known_addr { host: "127.3.202.3" port: 36423 } } peers { permanent_uuid: "8ee9e3edfb374f9fbd0d8b2f440a1033" member_type: NON_VOTER last_known_addr { host: "127.3.202.4" port: 42857 } attrs { promote: true } }
I20260601 13:35:28.854454  7019 raft_consensus.cc:2955] T a35dbf25da4a41fa8b2964971757f50b P c130b4d0f16d4d28be65cc012345c5da [term 1 FOLLOWER]: Committing config change with OpId 1.2: config changed from index -1 to 2, NON_VOTER 50ffc4d645714a62ae59f36a356c7cda (127.3.202.2) added. New config: { opid_index: 2 OBSOLETE_local: false peers { permanent_uuid: "9c06dca44c2c44a49bcdb9ce84314905" member_type: VOTER last_known_addr { host: "127.3.202.1" port: 46825 } } peers { permanent_uuid: "8ee9e3edfb374f9fbd0d8b2f440a1033" member_type: VOTER last_known_addr { host: "127.3.202.4" port: 42857 } attrs { replace: true } } peers { permanent_uuid: "c130b4d0f16d4d28be65cc012345c5da" member_type: VOTER last_known_addr { host: "127.3.202.3" port: 36423 } } peers { permanent_uuid: "50ffc4d645714a62ae59f36a356c7cda" member_type: NON_VOTER last_known_addr { host: "127.3.202.2" port: 44191 } attrs { promote: true } } }
I20260601 13:35:28.855777  6869 raft_consensus.cc:1275] T bf3fcf243623491fa4279b36a73fbf6e P 9c06dca44c2c44a49bcdb9ce84314905 [term 2 FOLLOWER]: Refusing update from remote peer c130b4d0f16d4d28be65cc012345c5da: Log matching property violated. Preceding OpId in replica: term: 2 index: 2. Preceding OpId from leader: term: 2 index: 3. (index mismatch)
I20260601 13:35:28.856006  6945 raft_consensus.cc:1275] T bf3fcf243623491fa4279b36a73fbf6e P 50ffc4d645714a62ae59f36a356c7cda [term 2 FOLLOWER]: Refusing update from remote peer c130b4d0f16d4d28be65cc012345c5da: Log matching property violated. Preceding OpId in replica: term: 2 index: 2. Preceding OpId from leader: term: 2 index: 3. (index mismatch)
I20260601 13:35:28.856264  7245 consensus_queue.cc:1048] T bf3fcf243623491fa4279b36a73fbf6e P c130b4d0f16d4d28be65cc012345c5da [LEADER]: Connected to new peer: Peer: permanent_uuid: "9c06dca44c2c44a49bcdb9ce84314905" member_type: VOTER last_known_addr { host: "127.3.202.1" port: 46825 }, Status: LMP_MISMATCH, Last received: 0.0, Next index: 3, Last known committed idx: 2, Time since last communication: 0.000s
I20260601 13:35:28.856467  7322 consensus_queue.cc:1048] T bf3fcf243623491fa4279b36a73fbf6e P c130b4d0f16d4d28be65cc012345c5da [LEADER]: Connected to new peer: Peer: permanent_uuid: "50ffc4d645714a62ae59f36a356c7cda" member_type: VOTER last_known_addr { host: "127.3.202.2" port: 44191 } attrs { replace: true }, Status: LMP_MISMATCH, Last received: 0.0, Next index: 3, Last known committed idx: 2, Time since last communication: 0.000s
W20260601 13:35:28.858559  6983 consensus_peers.cc:597] T bf3fcf243623491fa4279b36a73fbf6e P c130b4d0f16d4d28be65cc012345c5da -> Peer 8ee9e3edfb374f9fbd0d8b2f440a1033 (127.3.202.4:42857): Couldn't send request to peer 8ee9e3edfb374f9fbd0d8b2f440a1033. Error code: TABLET_NOT_FOUND (6). Status: Not found: Tablet not found: bf3fcf243623491fa4279b36a73fbf6e. This is attempt 1: this message will repeat every 5th retry.
I20260601 13:35:28.858618  7321 raft_consensus.cc:2955] T bf3fcf243623491fa4279b36a73fbf6e P c130b4d0f16d4d28be65cc012345c5da [term 2 LEADER]: Committing config change with OpId 2.3: config changed from index -1 to 3, NON_VOTER 8ee9e3edfb374f9fbd0d8b2f440a1033 (127.3.202.4) added. New config: { opid_index: 3 OBSOLETE_local: false peers { permanent_uuid: "9c06dca44c2c44a49bcdb9ce84314905" member_type: VOTER last_known_addr { host: "127.3.202.1" port: 46825 } } peers { permanent_uuid: "50ffc4d645714a62ae59f36a356c7cda" member_type: VOTER last_known_addr { host: "127.3.202.2" port: 44191 } attrs { replace: true } } peers { permanent_uuid: "c130b4d0f16d4d28be65cc012345c5da" member_type: VOTER last_known_addr { host: "127.3.202.3" port: 36423 } } peers { permanent_uuid: "8ee9e3edfb374f9fbd0d8b2f440a1033" member_type: NON_VOTER last_known_addr { host: "127.3.202.4" port: 42857 } attrs { promote: true } } }
I20260601 13:35:28.859082  6945 raft_consensus.cc:2955] T bf3fcf243623491fa4279b36a73fbf6e P 50ffc4d645714a62ae59f36a356c7cda [term 2 FOLLOWER]: Committing config change with OpId 2.3: config changed from index -1 to 3, NON_VOTER 8ee9e3edfb374f9fbd0d8b2f440a1033 (127.3.202.4) added. New config: { opid_index: 3 OBSOLETE_local: false peers { permanent_uuid: "9c06dca44c2c44a49bcdb9ce84314905" member_type: VOTER last_known_addr { host: "127.3.202.1" port: 46825 } } peers { permanent_uuid: "50ffc4d645714a62ae59f36a356c7cda" member_type: VOTER last_known_addr { host: "127.3.202.2" port: 44191 } attrs { replace: true } } peers { permanent_uuid: "c130b4d0f16d4d28be65cc012345c5da" member_type: VOTER last_known_addr { host: "127.3.202.3" port: 36423 } } peers { permanent_uuid: "8ee9e3edfb374f9fbd0d8b2f440a1033" member_type: NON_VOTER last_known_addr { host: "127.3.202.4" port: 42857 } attrs { promote: true } } }
I20260601 13:35:28.860567  6869 raft_consensus.cc:2955] T bf3fcf243623491fa4279b36a73fbf6e P 9c06dca44c2c44a49bcdb9ce84314905 [term 2 FOLLOWER]: Committing config change with OpId 2.3: config changed from index -1 to 3, NON_VOTER 8ee9e3edfb374f9fbd0d8b2f440a1033 (127.3.202.4) added. New config: { opid_index: 3 OBSOLETE_local: false peers { permanent_uuid: "9c06dca44c2c44a49bcdb9ce84314905" member_type: VOTER last_known_addr { host: "127.3.202.1" port: 46825 } } peers { permanent_uuid: "50ffc4d645714a62ae59f36a356c7cda" member_type: VOTER last_known_addr { host: "127.3.202.2" port: 44191 } attrs { replace: true } } peers { permanent_uuid: "c130b4d0f16d4d28be65cc012345c5da" member_type: VOTER last_known_addr { host: "127.3.202.3" port: 36423 } } peers { permanent_uuid: "8ee9e3edfb374f9fbd0d8b2f440a1033" member_type: NON_VOTER last_known_addr { host: "127.3.202.4" port: 42857 } attrs { promote: true } } }
I20260601 13:35:28.861006  6763 catalog_manager.cc:5696] T bf3fcf243623491fa4279b36a73fbf6e P c130b4d0f16d4d28be65cc012345c5da reported cstate change: config changed from index -1 to 3, NON_VOTER 8ee9e3edfb374f9fbd0d8b2f440a1033 (127.3.202.4) added. New cstate: current_term: 2 leader_uuid: "c130b4d0f16d4d28be65cc012345c5da" committed_config { opid_index: 3 OBSOLETE_local: false peers { permanent_uuid: "9c06dca44c2c44a49bcdb9ce84314905" member_type: VOTER last_known_addr { host: "127.3.202.1" port: 46825 } health_report { overall_health: HEALTHY } } peers { permanent_uuid: "50ffc4d645714a62ae59f36a356c7cda" member_type: VOTER last_known_addr { host: "127.3.202.2" port: 44191 } attrs { replace: true } health_report { overall_health: HEALTHY } } peers { permanent_uuid: "c130b4d0f16d4d28be65cc012345c5da" member_type: VOTER last_known_addr { host: "127.3.202.3" port: 36423 } health_report { overall_health: HEALTHY } } peers { permanent_uuid: "8ee9e3edfb374f9fbd0d8b2f440a1033" member_type: NON_VOTER last_known_addr { host: "127.3.202.4" port: 42857 } attrs { promote: true } health_report { overall_health: UNKNOWN } } }
I20260601 13:35:28.861480  6945 consensus_queue.cc:237] T c2a78031b349443388383ff36956bf96 P 50ffc4d645714a62ae59f36a356c7cda [LEADER]: Queue going to LEADER mode. State: All replicated index: 0, Majority replicated index: 1, Committed index: 1, Last appended: 1.1, Last appended by leader: 0, Current term: 1, Majority size: 2, State: 0, Mode: LEADER, active raft config: opid_index: 2 OBSOLETE_local: false peers { permanent_uuid: "8ee9e3edfb374f9fbd0d8b2f440a1033" member_type: VOTER last_known_addr { host: "127.3.202.4" port: 42857 } attrs { replace: true } } peers { permanent_uuid: "50ffc4d645714a62ae59f36a356c7cda" member_type: VOTER last_known_addr { host: "127.3.202.2" port: 44191 } } peers { permanent_uuid: "9c06dca44c2c44a49bcdb9ce84314905" member_type: VOTER last_known_addr { host: "127.3.202.1" port: 46825 } } peers { permanent_uuid: "c130b4d0f16d4d28be65cc012345c5da" member_type: NON_VOTER last_known_addr { host: "127.3.202.3" port: 36423 } attrs { promote: true } }
I20260601 13:35:28.863126  7162 raft_consensus.cc:1275] T c2a78031b349443388383ff36956bf96 P 8ee9e3edfb374f9fbd0d8b2f440a1033 [term 1 FOLLOWER]: Refusing update from remote peer 50ffc4d645714a62ae59f36a356c7cda: Log matching property violated. Preceding OpId in replica: term: 1 index: 1. Preceding OpId from leader: term: 1 index: 2. (index mismatch)
I20260601 13:35:28.863343  6869 raft_consensus.cc:1275] T c2a78031b349443388383ff36956bf96 P 9c06dca44c2c44a49bcdb9ce84314905 [term 1 FOLLOWER]: Refusing update from remote peer 50ffc4d645714a62ae59f36a356c7cda: Log matching property violated. Preceding OpId in replica: term: 1 index: 1. Preceding OpId from leader: term: 1 index: 2. (index mismatch)
I20260601 13:35:28.863531  7306 consensus_queue.cc:1048] T c2a78031b349443388383ff36956bf96 P 50ffc4d645714a62ae59f36a356c7cda [LEADER]: Connected to new peer: Peer: permanent_uuid: "8ee9e3edfb374f9fbd0d8b2f440a1033" member_type: VOTER last_known_addr { host: "127.3.202.4" port: 42857 } attrs { replace: true }, Status: LMP_MISMATCH, Last received: 0.0, Next index: 2, Last known committed idx: 1, Time since last communication: 0.000s
W20260601 13:35:28.863680  6910 consensus_peers.cc:597] T c2a78031b349443388383ff36956bf96 P 50ffc4d645714a62ae59f36a356c7cda -> Peer c130b4d0f16d4d28be65cc012345c5da (127.3.202.3:36423): Couldn't send request to peer c130b4d0f16d4d28be65cc012345c5da. Error code: TABLET_NOT_FOUND (6). Status: Not found: Tablet not found: c2a78031b349443388383ff36956bf96. This is attempt 1: this message will repeat every 5th retry.
I20260601 13:35:28.863874  7306 consensus_queue.cc:1048] T c2a78031b349443388383ff36956bf96 P 50ffc4d645714a62ae59f36a356c7cda [LEADER]: Connected to new peer: Peer: permanent_uuid: "9c06dca44c2c44a49bcdb9ce84314905" member_type: VOTER last_known_addr { host: "127.3.202.1" port: 46825 }, Status: LMP_MISMATCH, Last received: 0.0, Next index: 2, Last known committed idx: 1, Time since last communication: 0.000s
I20260601 13:35:28.865711  7308 raft_consensus.cc:2955] T c2a78031b349443388383ff36956bf96 P 50ffc4d645714a62ae59f36a356c7cda [term 1 LEADER]: Committing config change with OpId 1.2: config changed from index -1 to 2, NON_VOTER c130b4d0f16d4d28be65cc012345c5da (127.3.202.3) added. New config: { opid_index: 2 OBSOLETE_local: false peers { permanent_uuid: "8ee9e3edfb374f9fbd0d8b2f440a1033" member_type: VOTER last_known_addr { host: "127.3.202.4" port: 42857 } attrs { replace: true } } peers { permanent_uuid: "50ffc4d645714a62ae59f36a356c7cda" member_type: VOTER last_known_addr { host: "127.3.202.2" port: 44191 } } peers { permanent_uuid: "9c06dca44c2c44a49bcdb9ce84314905" member_type: VOTER last_known_addr { host: "127.3.202.1" port: 46825 } } peers { permanent_uuid: "c130b4d0f16d4d28be65cc012345c5da" member_type: NON_VOTER last_known_addr { host: "127.3.202.3" port: 36423 } attrs { promote: true } } }
I20260601 13:35:28.866101  7162 raft_consensus.cc:2955] T c2a78031b349443388383ff36956bf96 P 8ee9e3edfb374f9fbd0d8b2f440a1033 [term 1 FOLLOWER]: Committing config change with OpId 1.2: config changed from index -1 to 2, NON_VOTER c130b4d0f16d4d28be65cc012345c5da (127.3.202.3) added. New config: { opid_index: 2 OBSOLETE_local: false peers { permanent_uuid: "8ee9e3edfb374f9fbd0d8b2f440a1033" member_type: VOTER last_known_addr { host: "127.3.202.4" port: 42857 } attrs { replace: true } } peers { permanent_uuid: "50ffc4d645714a62ae59f36a356c7cda" member_type: VOTER last_known_addr { host: "127.3.202.2" port: 44191 } } peers { permanent_uuid: "9c06dca44c2c44a49bcdb9ce84314905" member_type: VOTER last_known_addr { host: "127.3.202.1" port: 46825 } } peers { permanent_uuid: "c130b4d0f16d4d28be65cc012345c5da" member_type: NON_VOTER last_known_addr { host: "127.3.202.3" port: 36423 } attrs { promote: true } } }
I20260601 13:35:28.866222  6869 raft_consensus.cc:2955] T c2a78031b349443388383ff36956bf96 P 9c06dca44c2c44a49bcdb9ce84314905 [term 1 FOLLOWER]: Committing config change with OpId 1.2: config changed from index -1 to 2, NON_VOTER c130b4d0f16d4d28be65cc012345c5da (127.3.202.3) added. New config: { opid_index: 2 OBSOLETE_local: false peers { permanent_uuid: "8ee9e3edfb374f9fbd0d8b2f440a1033" member_type: VOTER last_known_addr { host: "127.3.202.4" port: 42857 } attrs { replace: true } } peers { permanent_uuid: "50ffc4d645714a62ae59f36a356c7cda" member_type: VOTER last_known_addr { host: "127.3.202.2" port: 44191 } } peers { permanent_uuid: "9c06dca44c2c44a49bcdb9ce84314905" member_type: VOTER last_known_addr { host: "127.3.202.1" port: 46825 } } peers { permanent_uuid: "c130b4d0f16d4d28be65cc012345c5da" member_type: NON_VOTER last_known_addr { host: "127.3.202.3" port: 36423 } attrs { promote: true } } }
I20260601 13:35:28.868398  6766 catalog_manager.cc:5696] T c2a78031b349443388383ff36956bf96 P 50ffc4d645714a62ae59f36a356c7cda reported cstate change: config changed from index -1 to 2, NON_VOTER c130b4d0f16d4d28be65cc012345c5da (127.3.202.3) added. New cstate: current_term: 1 leader_uuid: "50ffc4d645714a62ae59f36a356c7cda" committed_config { opid_index: 2 OBSOLETE_local: false peers { permanent_uuid: "8ee9e3edfb374f9fbd0d8b2f440a1033" member_type: VOTER last_known_addr { host: "127.3.202.4" port: 42857 } attrs { replace: true } health_report { overall_health: HEALTHY } } peers { permanent_uuid: "50ffc4d645714a62ae59f36a356c7cda" member_type: VOTER last_known_addr { host: "127.3.202.2" port: 44191 } health_report { overall_health: HEALTHY } } peers { permanent_uuid: "9c06dca44c2c44a49bcdb9ce84314905" member_type: VOTER last_known_addr { host: "127.3.202.1" port: 46825 } health_report { overall_health: HEALTHY } } peers { permanent_uuid: "c130b4d0f16d4d28be65cc012345c5da" member_type: NON_VOTER last_known_addr { host: "127.3.202.3" port: 36423 } attrs { promote: true } health_report { overall_health: UNKNOWN } } }
I20260601 13:35:28.870067  7308 raft_consensus.cc:993] T 0090dd6c0f304afebee32da9a648633b P 50ffc4d645714a62ae59f36a356c7cda: : Instructing follower 8ee9e3edfb374f9fbd0d8b2f440a1033 to start an election
I20260601 13:35:28.870157  7308 raft_consensus.cc:1081] T 0090dd6c0f304afebee32da9a648633b P 50ffc4d645714a62ae59f36a356c7cda [term 2 LEADER]: Signalling peer 8ee9e3edfb374f9fbd0d8b2f440a1033 to start an election
I20260601 13:35:28.870539  7162 tablet_service.cc:2044] Received Run Leader Election RPC: tablet_id: "0090dd6c0f304afebee32da9a648633b"
dest_uuid: "8ee9e3edfb374f9fbd0d8b2f440a1033"
 from {username='slave'} at 127.0.0.1:38694
I20260601 13:35:28.870673  7162 raft_consensus.cc:493] T 0090dd6c0f304afebee32da9a648633b P 8ee9e3edfb374f9fbd0d8b2f440a1033 [term 2 FOLLOWER]: Starting forced leader election (received explicit request)
I20260601 13:35:28.870736  7162 raft_consensus.cc:3060] T 0090dd6c0f304afebee32da9a648633b P 8ee9e3edfb374f9fbd0d8b2f440a1033 [term 2 FOLLOWER]: Advancing to term 3
I20260601 13:35:28.871416  7162 raft_consensus.cc:515] T 0090dd6c0f304afebee32da9a648633b P 8ee9e3edfb374f9fbd0d8b2f440a1033 [term 3 FOLLOWER]: Starting forced leader election with config: opid_index: -1 OBSOLETE_local: false peers { permanent_uuid: "50ffc4d645714a62ae59f36a356c7cda" member_type: VOTER last_known_addr { host: "127.3.202.2" port: 44191 } } peers { permanent_uuid: "9c06dca44c2c44a49bcdb9ce84314905" member_type: VOTER last_known_addr { host: "127.3.202.1" port: 46825 } } peers { permanent_uuid: "8ee9e3edfb374f9fbd0d8b2f440a1033" member_type: VOTER last_known_addr { host: "127.3.202.4" port: 42857 } }
I20260601 13:35:28.871780  7162 leader_election.cc:290] T 0090dd6c0f304afebee32da9a648633b P 8ee9e3edfb374f9fbd0d8b2f440a1033 [CANDIDATE]: Term 3 election: Requested vote from peers 50ffc4d645714a62ae59f36a356c7cda (127.3.202.2:44191), 9c06dca44c2c44a49bcdb9ce84314905 (127.3.202.1:46825)
I20260601 13:35:28.872009  6945 tablet_service.cc:1917] Received RequestConsensusVote() RPC: tablet_id: "0090dd6c0f304afebee32da9a648633b" candidate_uuid: "8ee9e3edfb374f9fbd0d8b2f440a1033" candidate_term: 3 candidate_status { last_received { term: 2 index: 2 } } ignore_live_leader: true dest_uuid: "50ffc4d645714a62ae59f36a356c7cda"
I20260601 13:35:28.872049  6869 tablet_service.cc:1917] Received RequestConsensusVote() RPC: tablet_id: "0090dd6c0f304afebee32da9a648633b" candidate_uuid: "8ee9e3edfb374f9fbd0d8b2f440a1033" candidate_term: 3 candidate_status { last_received { term: 2 index: 2 } } ignore_live_leader: true dest_uuid: "9c06dca44c2c44a49bcdb9ce84314905"
I20260601 13:35:28.872112  6945 raft_consensus.cc:3055] T 0090dd6c0f304afebee32da9a648633b P 50ffc4d645714a62ae59f36a356c7cda [term 2 LEADER]: Stepping down as leader of term 2
I20260601 13:35:28.872141  6869 raft_consensus.cc:3060] T 0090dd6c0f304afebee32da9a648633b P 9c06dca44c2c44a49bcdb9ce84314905 [term 2 FOLLOWER]: Advancing to term 3
I20260601 13:35:28.872150  6945 raft_consensus.cc:740] T 0090dd6c0f304afebee32da9a648633b P 50ffc4d645714a62ae59f36a356c7cda [term 2 LEADER]: Becoming Follower/Learner. State: Replica: 50ffc4d645714a62ae59f36a356c7cda, State: Running, Role: LEADER
I20260601 13:35:28.872308  6945 consensus_queue.cc:260] T 0090dd6c0f304afebee32da9a648633b P 50ffc4d645714a62ae59f36a356c7cda [NON_LEADER]: Queue going to NON_LEADER mode. State: All replicated index: 0, Majority replicated index: 2, Committed index: 2, Last appended: 2.2, Last appended by leader: 2, Current term: 2, Majority size: -1, State: 0, Mode: NON_LEADER, active raft config: opid_index: -1 OBSOLETE_local: false peers { permanent_uuid: "50ffc4d645714a62ae59f36a356c7cda" member_type: VOTER last_known_addr { host: "127.3.202.2" port: 44191 } } peers { permanent_uuid: "9c06dca44c2c44a49bcdb9ce84314905" member_type: VOTER last_known_addr { host: "127.3.202.1" port: 46825 } } peers { permanent_uuid: "8ee9e3edfb374f9fbd0d8b2f440a1033" member_type: VOTER last_known_addr { host: "127.3.202.4" port: 42857 } }
I20260601 13:35:28.872426  6945 raft_consensus.cc:3060] T 0090dd6c0f304afebee32da9a648633b P 50ffc4d645714a62ae59f36a356c7cda [term 2 FOLLOWER]: Advancing to term 3
I20260601 13:35:28.872995  6869 raft_consensus.cc:2468] T 0090dd6c0f304afebee32da9a648633b P 9c06dca44c2c44a49bcdb9ce84314905 [term 3 FOLLOWER]: Leader election vote request: Granting yes vote for candidate 8ee9e3edfb374f9fbd0d8b2f440a1033 in term 3.
I20260601 13:35:28.873026  6945 raft_consensus.cc:2468] T 0090dd6c0f304afebee32da9a648633b P 50ffc4d645714a62ae59f36a356c7cda [term 3 FOLLOWER]: Leader election vote request: Granting yes vote for candidate 8ee9e3edfb374f9fbd0d8b2f440a1033 in term 3.
I20260601 13:35:28.873302  7125 leader_election.cc:304] T 0090dd6c0f304afebee32da9a648633b P 8ee9e3edfb374f9fbd0d8b2f440a1033 [CANDIDATE]: Term 3 election: Election decided. Result: candidate won. Election summary: received 2 responses out of 3 voters: 2 yes votes; 0 no votes. yes voters: 50ffc4d645714a62ae59f36a356c7cda, 8ee9e3edfb374f9fbd0d8b2f440a1033; no voters: 
I20260601 13:35:28.873558  7253 raft_consensus.cc:2804] T 0090dd6c0f304afebee32da9a648633b P 8ee9e3edfb374f9fbd0d8b2f440a1033 [term 3 FOLLOWER]: Leader election won for term 3
I20260601 13:35:28.873751  7253 raft_consensus.cc:697] T 0090dd6c0f304afebee32da9a648633b P 8ee9e3edfb374f9fbd0d8b2f440a1033 [term 3 LEADER]: Becoming Leader. State: Replica: 8ee9e3edfb374f9fbd0d8b2f440a1033, State: Running, Role: LEADER
I20260601 13:35:28.873881  7253 consensus_queue.cc:237] T 0090dd6c0f304afebee32da9a648633b P 8ee9e3edfb374f9fbd0d8b2f440a1033 [LEADER]: Queue going to LEADER mode. State: All replicated index: 0, Majority replicated index: 2, Committed index: 2, Last appended: 2.2, Last appended by leader: 2, Current term: 3, Majority size: 2, State: 0, Mode: LEADER, active raft config: opid_index: -1 OBSOLETE_local: false peers { permanent_uuid: "50ffc4d645714a62ae59f36a356c7cda" member_type: VOTER last_known_addr { host: "127.3.202.2" port: 44191 } } peers { permanent_uuid: "9c06dca44c2c44a49bcdb9ce84314905" member_type: VOTER last_known_addr { host: "127.3.202.1" port: 46825 } } peers { permanent_uuid: "8ee9e3edfb374f9fbd0d8b2f440a1033" member_type: VOTER last_known_addr { host: "127.3.202.4" port: 42857 } }
I20260601 13:35:28.880651  6763 catalog_manager.cc:5696] T 0090dd6c0f304afebee32da9a648633b P 8ee9e3edfb374f9fbd0d8b2f440a1033 reported cstate change: term changed from 2 to 3, leader changed from 50ffc4d645714a62ae59f36a356c7cda (127.3.202.2) to 8ee9e3edfb374f9fbd0d8b2f440a1033 (127.3.202.4). New cstate: current_term: 3 leader_uuid: "8ee9e3edfb374f9fbd0d8b2f440a1033" committed_config { opid_index: -1 OBSOLETE_local: false peers { permanent_uuid: "50ffc4d645714a62ae59f36a356c7cda" member_type: VOTER last_known_addr { host: "127.3.202.2" port: 44191 } health_report { overall_health: UNKNOWN } } peers { permanent_uuid: "9c06dca44c2c44a49bcdb9ce84314905" member_type: VOTER last_known_addr { host: "127.3.202.1" port: 46825 } health_report { overall_health: UNKNOWN } } peers { permanent_uuid: "8ee9e3edfb374f9fbd0d8b2f440a1033" member_type: VOTER last_known_addr { host: "127.3.202.4" port: 42857 } health_report { overall_health: HEALTHY } } }
I20260601 13:35:29.216630  7331 ts_tablet_manager.cc:933] T 58e320d79a454ad8a9c2e18446048741 P 8ee9e3edfb374f9fbd0d8b2f440a1033: Initiating tablet copy from peer 50ffc4d645714a62ae59f36a356c7cda (127.3.202.2:44191)
I20260601 13:35:29.217108  7331 tablet_copy_client.cc:323] T 58e320d79a454ad8a9c2e18446048741 P 8ee9e3edfb374f9fbd0d8b2f440a1033: tablet copy: Beginning tablet copy session from remote peer at address 127.3.202.2:44191
I20260601 13:35:29.217754  6955 tablet_copy_service.cc:140] P 50ffc4d645714a62ae59f36a356c7cda: Received BeginTabletCopySession request for tablet 58e320d79a454ad8a9c2e18446048741 from peer 8ee9e3edfb374f9fbd0d8b2f440a1033 ({username='slave'} at 127.0.0.1:50232)
I20260601 13:35:29.217855  6955 tablet_copy_service.cc:161] P 50ffc4d645714a62ae59f36a356c7cda: Beginning new tablet copy session on tablet 58e320d79a454ad8a9c2e18446048741 from peer 8ee9e3edfb374f9fbd0d8b2f440a1033 at {username='slave'} at 127.0.0.1:50232: session id = 8ee9e3edfb374f9fbd0d8b2f440a1033-58e320d79a454ad8a9c2e18446048741
I20260601 13:35:29.218833  6955 tablet_copy_source_session.cc:215] T 58e320d79a454ad8a9c2e18446048741 P 50ffc4d645714a62ae59f36a356c7cda: Tablet Copy: opened 0 blocks and 1 log segments
I20260601 13:35:29.219733  7331 data_dirs.cc:400] Could only allocate 1 dirs of requested 3 for tablet 58e320d79a454ad8a9c2e18446048741. 1 dirs total, 0 dirs full, 0 dirs failed
I20260601 13:35:29.221616  7331 tablet_copy_client.cc:806] T 58e320d79a454ad8a9c2e18446048741 P 8ee9e3edfb374f9fbd0d8b2f440a1033: tablet copy: Starting download of 0 data blocks...
I20260601 13:35:29.221784  7331 tablet_copy_client.cc:670] T 58e320d79a454ad8a9c2e18446048741 P 8ee9e3edfb374f9fbd0d8b2f440a1033: tablet copy: Starting download of 1 WAL segments...
I20260601 13:35:29.223024  7331 tablet_copy_client.cc:538] T 58e320d79a454ad8a9c2e18446048741 P 8ee9e3edfb374f9fbd0d8b2f440a1033: tablet copy: Tablet Copy complete. Replacing tablet superblock.
I20260601 13:35:29.224171  7331 tablet_bootstrap.cc:492] T 58e320d79a454ad8a9c2e18446048741 P 8ee9e3edfb374f9fbd0d8b2f440a1033: Bootstrap starting.
I20260601 13:35:29.227547  7331 tablet_bootstrap.cc:492] T 58e320d79a454ad8a9c2e18446048741 P 8ee9e3edfb374f9fbd0d8b2f440a1033: Bootstrap replayed 1/1 log segments. Stats: ops{read=2 overwritten=0 applied=2 ignored=0} inserts{seen=0 ignored=0} mutations{seen=0 ignored=0} orphaned_commits=0. Pending: 0 replicates
I20260601 13:35:29.227787  7331 tablet_bootstrap.cc:492] T 58e320d79a454ad8a9c2e18446048741 P 8ee9e3edfb374f9fbd0d8b2f440a1033: Bootstrap complete.
I20260601 13:35:29.227964  7331 ts_tablet_manager.cc:1403] T 58e320d79a454ad8a9c2e18446048741 P 8ee9e3edfb374f9fbd0d8b2f440a1033: Time spent bootstrapping tablet: real 0.004s	user 0.003s	sys 0.000s
I20260601 13:35:29.228377  7331 raft_consensus.cc:359] T 58e320d79a454ad8a9c2e18446048741 P 8ee9e3edfb374f9fbd0d8b2f440a1033 [term 1 LEARNER]: Replica starting. Triggering 0 pending ops. Active config: opid_index: 2 OBSOLETE_local: false peers { permanent_uuid: "9c06dca44c2c44a49bcdb9ce84314905" member_type: VOTER last_known_addr { host: "127.3.202.1" port: 46825 } } peers { permanent_uuid: "50ffc4d645714a62ae59f36a356c7cda" member_type: VOTER last_known_addr { host: "127.3.202.2" port: 44191 } } peers { permanent_uuid: "c130b4d0f16d4d28be65cc012345c5da" member_type: VOTER last_known_addr { host: "127.3.202.3" port: 36423 } attrs { replace: true } } peers { permanent_uuid: "8ee9e3edfb374f9fbd0d8b2f440a1033" member_type: NON_VOTER last_known_addr { host: "127.3.202.4" port: 42857 } attrs { promote: true } }
I20260601 13:35:29.228479  7331 raft_consensus.cc:740] T 58e320d79a454ad8a9c2e18446048741 P 8ee9e3edfb374f9fbd0d8b2f440a1033 [term 1 LEARNER]: Becoming Follower/Learner. State: Replica: 8ee9e3edfb374f9fbd0d8b2f440a1033, State: Initialized, Role: LEARNER
I20260601 13:35:29.228590  7331 consensus_queue.cc:260] T 58e320d79a454ad8a9c2e18446048741 P 8ee9e3edfb374f9fbd0d8b2f440a1033 [NON_LEADER]: Queue going to NON_LEADER mode. State: All replicated index: 0, Majority replicated index: 0, Committed index: 2, Last appended: 1.2, Last appended by leader: 2, Current term: 0, Majority size: -1, State: 0, Mode: NON_LEADER, active raft config: opid_index: 2 OBSOLETE_local: false peers { permanent_uuid: "9c06dca44c2c44a49bcdb9ce84314905" member_type: VOTER last_known_addr { host: "127.3.202.1" port: 46825 } } peers { permanent_uuid: "50ffc4d645714a62ae59f36a356c7cda" member_type: VOTER last_known_addr { host: "127.3.202.2" port: 44191 } } peers { permanent_uuid: "c130b4d0f16d4d28be65cc012345c5da" member_type: VOTER last_known_addr { host: "127.3.202.3" port: 36423 } attrs { replace: true } } peers { permanent_uuid: "8ee9e3edfb374f9fbd0d8b2f440a1033" member_type: NON_VOTER last_known_addr { host: "127.3.202.4" port: 42857 } attrs { promote: true } }
I20260601 13:35:29.228888  7331 ts_tablet_manager.cc:1434] T 58e320d79a454ad8a9c2e18446048741 P 8ee9e3edfb374f9fbd0d8b2f440a1033: Time spent starting tablet: real 0.001s	user 0.000s	sys 0.000s
I20260601 13:35:29.229442  6955 tablet_copy_service.cc:342] P 50ffc4d645714a62ae59f36a356c7cda: Request end of tablet copy session 8ee9e3edfb374f9fbd0d8b2f440a1033-58e320d79a454ad8a9c2e18446048741 received from {username='slave'} at 127.0.0.1:50232
I20260601 13:35:29.229540  6955 tablet_copy_service.cc:434] P 50ffc4d645714a62ae59f36a356c7cda: ending tablet copy session 8ee9e3edfb374f9fbd0d8b2f440a1033-58e320d79a454ad8a9c2e18446048741 on tablet 58e320d79a454ad8a9c2e18446048741 with peer 8ee9e3edfb374f9fbd0d8b2f440a1033
I20260601 13:35:29.265177  7334 ts_tablet_manager.cc:933] T a35dbf25da4a41fa8b2964971757f50b P 50ffc4d645714a62ae59f36a356c7cda: Initiating tablet copy from peer 9c06dca44c2c44a49bcdb9ce84314905 (127.3.202.1:46825)
I20260601 13:35:29.265616  7334 tablet_copy_client.cc:323] T a35dbf25da4a41fa8b2964971757f50b P 50ffc4d645714a62ae59f36a356c7cda: tablet copy: Beginning tablet copy session from remote peer at address 127.3.202.1:46825
I20260601 13:35:29.266168  6879 tablet_copy_service.cc:140] P 9c06dca44c2c44a49bcdb9ce84314905: Received BeginTabletCopySession request for tablet a35dbf25da4a41fa8b2964971757f50b from peer 50ffc4d645714a62ae59f36a356c7cda ({username='slave'} at 127.0.0.1:45946)
I20260601 13:35:29.266314  6879 tablet_copy_service.cc:161] P 9c06dca44c2c44a49bcdb9ce84314905: Beginning new tablet copy session on tablet a35dbf25da4a41fa8b2964971757f50b from peer 50ffc4d645714a62ae59f36a356c7cda at {username='slave'} at 127.0.0.1:45946: session id = 50ffc4d645714a62ae59f36a356c7cda-a35dbf25da4a41fa8b2964971757f50b
I20260601 13:35:29.267395  6879 tablet_copy_source_session.cc:215] T a35dbf25da4a41fa8b2964971757f50b P 9c06dca44c2c44a49bcdb9ce84314905: Tablet Copy: opened 0 blocks and 1 log segments
I20260601 13:35:29.268368  7334 data_dirs.cc:400] Could only allocate 1 dirs of requested 3 for tablet a35dbf25da4a41fa8b2964971757f50b. 1 dirs total, 0 dirs full, 0 dirs failed
I20260601 13:35:29.270479  7334 tablet_copy_client.cc:806] T a35dbf25da4a41fa8b2964971757f50b P 50ffc4d645714a62ae59f36a356c7cda: tablet copy: Starting download of 0 data blocks...
I20260601 13:35:29.270743  7334 tablet_copy_client.cc:670] T a35dbf25da4a41fa8b2964971757f50b P 50ffc4d645714a62ae59f36a356c7cda: tablet copy: Starting download of 1 WAL segments...
I20260601 13:35:29.271876  7334 tablet_copy_client.cc:538] T a35dbf25da4a41fa8b2964971757f50b P 50ffc4d645714a62ae59f36a356c7cda: tablet copy: Tablet Copy complete. Replacing tablet superblock.
I20260601 13:35:29.273020  7334 tablet_bootstrap.cc:492] T a35dbf25da4a41fa8b2964971757f50b P 50ffc4d645714a62ae59f36a356c7cda: Bootstrap starting.
I20260601 13:35:29.276674  7334 tablet_bootstrap.cc:492] T a35dbf25da4a41fa8b2964971757f50b P 50ffc4d645714a62ae59f36a356c7cda: Bootstrap replayed 1/1 log segments. Stats: ops{read=2 overwritten=0 applied=2 ignored=0} inserts{seen=0 ignored=0} mutations{seen=0 ignored=0} orphaned_commits=0. Pending: 0 replicates
I20260601 13:35:29.276955  7334 tablet_bootstrap.cc:492] T a35dbf25da4a41fa8b2964971757f50b P 50ffc4d645714a62ae59f36a356c7cda: Bootstrap complete.
I20260601 13:35:29.277153  7334 ts_tablet_manager.cc:1403] T a35dbf25da4a41fa8b2964971757f50b P 50ffc4d645714a62ae59f36a356c7cda: Time spent bootstrapping tablet: real 0.004s	user 0.004s	sys 0.000s
I20260601 13:35:29.277635  7334 raft_consensus.cc:359] T a35dbf25da4a41fa8b2964971757f50b P 50ffc4d645714a62ae59f36a356c7cda [term 1 LEARNER]: Replica starting. Triggering 0 pending ops. Active config: opid_index: 2 OBSOLETE_local: false peers { permanent_uuid: "9c06dca44c2c44a49bcdb9ce84314905" member_type: VOTER last_known_addr { host: "127.3.202.1" port: 46825 } } peers { permanent_uuid: "8ee9e3edfb374f9fbd0d8b2f440a1033" member_type: VOTER last_known_addr { host: "127.3.202.4" port: 42857 } attrs { replace: true } } peers { permanent_uuid: "c130b4d0f16d4d28be65cc012345c5da" member_type: VOTER last_known_addr { host: "127.3.202.3" port: 36423 } } peers { permanent_uuid: "50ffc4d645714a62ae59f36a356c7cda" member_type: NON_VOTER last_known_addr { host: "127.3.202.2" port: 44191 } attrs { promote: true } }
I20260601 13:35:29.277783  7334 raft_consensus.cc:740] T a35dbf25da4a41fa8b2964971757f50b P 50ffc4d645714a62ae59f36a356c7cda [term 1 LEARNER]: Becoming Follower/Learner. State: Replica: 50ffc4d645714a62ae59f36a356c7cda, State: Initialized, Role: LEARNER
I20260601 13:35:29.277925  7334 consensus_queue.cc:260] T a35dbf25da4a41fa8b2964971757f50b P 50ffc4d645714a62ae59f36a356c7cda [NON_LEADER]: Queue going to NON_LEADER mode. State: All replicated index: 0, Majority replicated index: 0, Committed index: 2, Last appended: 1.2, Last appended by leader: 2, Current term: 0, Majority size: -1, State: 0, Mode: NON_LEADER, active raft config: opid_index: 2 OBSOLETE_local: false peers { permanent_uuid: "9c06dca44c2c44a49bcdb9ce84314905" member_type: VOTER last_known_addr { host: "127.3.202.1" port: 46825 } } peers { permanent_uuid: "8ee9e3edfb374f9fbd0d8b2f440a1033" member_type: VOTER last_known_addr { host: "127.3.202.4" port: 42857 } attrs { replace: true } } peers { permanent_uuid: "c130b4d0f16d4d28be65cc012345c5da" member_type: VOTER last_known_addr { host: "127.3.202.3" port: 36423 } } peers { permanent_uuid: "50ffc4d645714a62ae59f36a356c7cda" member_type: NON_VOTER last_known_addr { host: "127.3.202.2" port: 44191 } attrs { promote: true } }
I20260601 13:35:29.278255  7334 ts_tablet_manager.cc:1434] T a35dbf25da4a41fa8b2964971757f50b P 50ffc4d645714a62ae59f36a356c7cda: Time spent starting tablet: real 0.001s	user 0.000s	sys 0.000s
I20260601 13:35:29.279560  6879 tablet_copy_service.cc:342] P 9c06dca44c2c44a49bcdb9ce84314905: Request end of tablet copy session 50ffc4d645714a62ae59f36a356c7cda-a35dbf25da4a41fa8b2964971757f50b received from {username='slave'} at 127.0.0.1:45946
I20260601 13:35:29.279686  6879 tablet_copy_service.cc:434] P 9c06dca44c2c44a49bcdb9ce84314905: ending tablet copy session 50ffc4d645714a62ae59f36a356c7cda-a35dbf25da4a41fa8b2964971757f50b on tablet a35dbf25da4a41fa8b2964971757f50b with peer 50ffc4d645714a62ae59f36a356c7cda
I20260601 13:35:29.312717  7337 ts_tablet_manager.cc:933] T c2a78031b349443388383ff36956bf96 P c130b4d0f16d4d28be65cc012345c5da: Initiating tablet copy from peer 50ffc4d645714a62ae59f36a356c7cda (127.3.202.2:44191)
I20260601 13:35:29.313129  7337 tablet_copy_client.cc:323] T c2a78031b349443388383ff36956bf96 P c130b4d0f16d4d28be65cc012345c5da: tablet copy: Beginning tablet copy session from remote peer at address 127.3.202.2:44191
I20260601 13:35:29.313656  6955 tablet_copy_service.cc:140] P 50ffc4d645714a62ae59f36a356c7cda: Received BeginTabletCopySession request for tablet c2a78031b349443388383ff36956bf96 from peer c130b4d0f16d4d28be65cc012345c5da ({username='slave'} at 127.0.0.1:50230)
I20260601 13:35:29.313772  6955 tablet_copy_service.cc:161] P 50ffc4d645714a62ae59f36a356c7cda: Beginning new tablet copy session on tablet c2a78031b349443388383ff36956bf96 from peer c130b4d0f16d4d28be65cc012345c5da at {username='slave'} at 127.0.0.1:50230: session id = c130b4d0f16d4d28be65cc012345c5da-c2a78031b349443388383ff36956bf96
I20260601 13:35:29.314651  6955 tablet_copy_source_session.cc:215] T c2a78031b349443388383ff36956bf96 P 50ffc4d645714a62ae59f36a356c7cda: Tablet Copy: opened 0 blocks and 1 log segments
I20260601 13:35:29.315474  7337 data_dirs.cc:400] Could only allocate 1 dirs of requested 3 for tablet c2a78031b349443388383ff36956bf96. 1 dirs total, 0 dirs full, 0 dirs failed
I20260601 13:35:29.317247  7337 tablet_copy_client.cc:806] T c2a78031b349443388383ff36956bf96 P c130b4d0f16d4d28be65cc012345c5da: tablet copy: Starting download of 0 data blocks...
I20260601 13:35:29.317471  7337 tablet_copy_client.cc:670] T c2a78031b349443388383ff36956bf96 P c130b4d0f16d4d28be65cc012345c5da: tablet copy: Starting download of 1 WAL segments...
I20260601 13:35:29.318742  7337 tablet_copy_client.cc:538] T c2a78031b349443388383ff36956bf96 P c130b4d0f16d4d28be65cc012345c5da: tablet copy: Tablet Copy complete. Replacing tablet superblock.
I20260601 13:35:29.319851  7337 tablet_bootstrap.cc:492] T c2a78031b349443388383ff36956bf96 P c130b4d0f16d4d28be65cc012345c5da: Bootstrap starting.
I20260601 13:35:29.323227  7337 tablet_bootstrap.cc:492] T c2a78031b349443388383ff36956bf96 P c130b4d0f16d4d28be65cc012345c5da: Bootstrap replayed 1/1 log segments. Stats: ops{read=2 overwritten=0 applied=2 ignored=0} inserts{seen=0 ignored=0} mutations{seen=0 ignored=0} orphaned_commits=0. Pending: 0 replicates
I20260601 13:35:29.323474  7337 tablet_bootstrap.cc:492] T c2a78031b349443388383ff36956bf96 P c130b4d0f16d4d28be65cc012345c5da: Bootstrap complete.
I20260601 13:35:29.323653  7337 ts_tablet_manager.cc:1403] T c2a78031b349443388383ff36956bf96 P c130b4d0f16d4d28be65cc012345c5da: Time spent bootstrapping tablet: real 0.004s	user 0.003s	sys 0.000s
I20260601 13:35:29.324095  7337 raft_consensus.cc:359] T c2a78031b349443388383ff36956bf96 P c130b4d0f16d4d28be65cc012345c5da [term 1 LEARNER]: Replica starting. Triggering 0 pending ops. Active config: opid_index: 2 OBSOLETE_local: false peers { permanent_uuid: "8ee9e3edfb374f9fbd0d8b2f440a1033" member_type: VOTER last_known_addr { host: "127.3.202.4" port: 42857 } attrs { replace: true } } peers { permanent_uuid: "50ffc4d645714a62ae59f36a356c7cda" member_type: VOTER last_known_addr { host: "127.3.202.2" port: 44191 } } peers { permanent_uuid: "9c06dca44c2c44a49bcdb9ce84314905" member_type: VOTER last_known_addr { host: "127.3.202.1" port: 46825 } } peers { permanent_uuid: "c130b4d0f16d4d28be65cc012345c5da" member_type: NON_VOTER last_known_addr { host: "127.3.202.3" port: 36423 } attrs { promote: true } }
I20260601 13:35:29.324294  7337 raft_consensus.cc:740] T c2a78031b349443388383ff36956bf96 P c130b4d0f16d4d28be65cc012345c5da [term 1 LEARNER]: Becoming Follower/Learner. State: Replica: c130b4d0f16d4d28be65cc012345c5da, State: Initialized, Role: LEARNER
I20260601 13:35:29.324409  7337 consensus_queue.cc:260] T c2a78031b349443388383ff36956bf96 P c130b4d0f16d4d28be65cc012345c5da [NON_LEADER]: Queue going to NON_LEADER mode. State: All replicated index: 0, Majority replicated index: 0, Committed index: 2, Last appended: 1.2, Last appended by leader: 2, Current term: 0, Majority size: -1, State: 0, Mode: NON_LEADER, active raft config: opid_index: 2 OBSOLETE_local: false peers { permanent_uuid: "8ee9e3edfb374f9fbd0d8b2f440a1033" member_type: VOTER last_known_addr { host: "127.3.202.4" port: 42857 } attrs { replace: true } } peers { permanent_uuid: "50ffc4d645714a62ae59f36a356c7cda" member_type: VOTER last_known_addr { host: "127.3.202.2" port: 44191 } } peers { permanent_uuid: "9c06dca44c2c44a49bcdb9ce84314905" member_type: VOTER last_known_addr { host: "127.3.202.1" port: 46825 } } peers { permanent_uuid: "c130b4d0f16d4d28be65cc012345c5da" member_type: NON_VOTER last_known_addr { host: "127.3.202.3" port: 36423 } attrs { promote: true } }
I20260601 13:35:29.324755  7337 ts_tablet_manager.cc:1434] T c2a78031b349443388383ff36956bf96 P c130b4d0f16d4d28be65cc012345c5da: Time spent starting tablet: real 0.001s	user 0.000s	sys 0.000s
I20260601 13:35:29.325356  6955 tablet_copy_service.cc:342] P 50ffc4d645714a62ae59f36a356c7cda: Request end of tablet copy session c130b4d0f16d4d28be65cc012345c5da-c2a78031b349443388383ff36956bf96 received from {username='slave'} at 127.0.0.1:50230
I20260601 13:35:29.325460  6955 tablet_copy_service.cc:434] P 50ffc4d645714a62ae59f36a356c7cda: ending tablet copy session c130b4d0f16d4d28be65cc012345c5da-c2a78031b349443388383ff36956bf96 on tablet c2a78031b349443388383ff36956bf96 with peer c130b4d0f16d4d28be65cc012345c5da
I20260601 13:35:29.389262  6869 raft_consensus.cc:1275] T 0090dd6c0f304afebee32da9a648633b P 9c06dca44c2c44a49bcdb9ce84314905 [term 3 FOLLOWER]: Refusing update from remote peer 8ee9e3edfb374f9fbd0d8b2f440a1033: Log matching property violated. Preceding OpId in replica: term: 2 index: 2. Preceding OpId from leader: term: 3 index: 3. (index mismatch)
I20260601 13:35:29.389771  7253 consensus_queue.cc:1048] T 0090dd6c0f304afebee32da9a648633b P 8ee9e3edfb374f9fbd0d8b2f440a1033 [LEADER]: Connected to new peer: Peer: permanent_uuid: "9c06dca44c2c44a49bcdb9ce84314905" member_type: VOTER last_known_addr { host: "127.3.202.1" port: 46825 }, Status: LMP_MISMATCH, Last received: 0.0, Next index: 3, Last known committed idx: 2, Time since last communication: 0.000s
I20260601 13:35:29.392532  6945 raft_consensus.cc:1275] T 0090dd6c0f304afebee32da9a648633b P 50ffc4d645714a62ae59f36a356c7cda [term 3 FOLLOWER]: Refusing update from remote peer 8ee9e3edfb374f9fbd0d8b2f440a1033: Log matching property violated. Preceding OpId in replica: term: 2 index: 2. Preceding OpId from leader: term: 3 index: 3. (index mismatch)
I20260601 13:35:29.392886  7341 consensus_queue.cc:1048] T 0090dd6c0f304afebee32da9a648633b P 8ee9e3edfb374f9fbd0d8b2f440a1033 [LEADER]: Connected to new peer: Peer: permanent_uuid: "50ffc4d645714a62ae59f36a356c7cda" member_type: VOTER last_known_addr { host: "127.3.202.2" port: 44191 }, Status: LMP_MISMATCH, Last received: 0.0, Next index: 3, Last known committed idx: 2, Time since last communication: 0.000s
I20260601 13:35:29.414223  7331 ts_tablet_manager.cc:933] T bf3fcf243623491fa4279b36a73fbf6e P 8ee9e3edfb374f9fbd0d8b2f440a1033: Initiating tablet copy from peer c130b4d0f16d4d28be65cc012345c5da (127.3.202.3:36423)
I20260601 13:35:29.414695  7331 tablet_copy_client.cc:323] T bf3fcf243623491fa4279b36a73fbf6e P 8ee9e3edfb374f9fbd0d8b2f440a1033: tablet copy: Beginning tablet copy session from remote peer at address 127.3.202.3:36423
I20260601 13:35:29.415274  7030 tablet_copy_service.cc:140] P c130b4d0f16d4d28be65cc012345c5da: Received BeginTabletCopySession request for tablet bf3fcf243623491fa4279b36a73fbf6e from peer 8ee9e3edfb374f9fbd0d8b2f440a1033 ({username='slave'} at 127.0.0.1:41930)
I20260601 13:35:29.415376  7030 tablet_copy_service.cc:161] P c130b4d0f16d4d28be65cc012345c5da: Beginning new tablet copy session on tablet bf3fcf243623491fa4279b36a73fbf6e from peer 8ee9e3edfb374f9fbd0d8b2f440a1033 at {username='slave'} at 127.0.0.1:41930: session id = 8ee9e3edfb374f9fbd0d8b2f440a1033-bf3fcf243623491fa4279b36a73fbf6e
I20260601 13:35:29.416307  7030 tablet_copy_source_session.cc:215] T bf3fcf243623491fa4279b36a73fbf6e P c130b4d0f16d4d28be65cc012345c5da: Tablet Copy: opened 0 blocks and 1 log segments
I20260601 13:35:29.417204  7331 data_dirs.cc:400] Could only allocate 1 dirs of requested 3 for tablet bf3fcf243623491fa4279b36a73fbf6e. 1 dirs total, 0 dirs full, 0 dirs failed
I20260601 13:35:29.419517  7331 tablet_copy_client.cc:806] T bf3fcf243623491fa4279b36a73fbf6e P 8ee9e3edfb374f9fbd0d8b2f440a1033: tablet copy: Starting download of 0 data blocks...
I20260601 13:35:29.419704  7331 tablet_copy_client.cc:670] T bf3fcf243623491fa4279b36a73fbf6e P 8ee9e3edfb374f9fbd0d8b2f440a1033: tablet copy: Starting download of 1 WAL segments...
I20260601 13:35:29.420845  7331 tablet_copy_client.cc:538] T bf3fcf243623491fa4279b36a73fbf6e P 8ee9e3edfb374f9fbd0d8b2f440a1033: tablet copy: Tablet Copy complete. Replacing tablet superblock.
I20260601 13:35:29.421921  7331 tablet_bootstrap.cc:492] T bf3fcf243623491fa4279b36a73fbf6e P 8ee9e3edfb374f9fbd0d8b2f440a1033: Bootstrap starting.
I20260601 13:35:29.426116  7331 tablet_bootstrap.cc:492] T bf3fcf243623491fa4279b36a73fbf6e P 8ee9e3edfb374f9fbd0d8b2f440a1033: Bootstrap replayed 1/1 log segments. Stats: ops{read=3 overwritten=0 applied=3 ignored=0} inserts{seen=0 ignored=0} mutations{seen=0 ignored=0} orphaned_commits=0. Pending: 0 replicates
I20260601 13:35:29.426398  7331 tablet_bootstrap.cc:492] T bf3fcf243623491fa4279b36a73fbf6e P 8ee9e3edfb374f9fbd0d8b2f440a1033: Bootstrap complete.
I20260601 13:35:29.426561  7331 ts_tablet_manager.cc:1403] T bf3fcf243623491fa4279b36a73fbf6e P 8ee9e3edfb374f9fbd0d8b2f440a1033: Time spent bootstrapping tablet: real 0.005s	user 0.005s	sys 0.000s
I20260601 13:35:29.427040  7331 raft_consensus.cc:359] T bf3fcf243623491fa4279b36a73fbf6e P 8ee9e3edfb374f9fbd0d8b2f440a1033 [term 2 LEARNER]: Replica starting. Triggering 0 pending ops. Active config: opid_index: 3 OBSOLETE_local: false peers { permanent_uuid: "9c06dca44c2c44a49bcdb9ce84314905" member_type: VOTER last_known_addr { host: "127.3.202.1" port: 46825 } } peers { permanent_uuid: "50ffc4d645714a62ae59f36a356c7cda" member_type: VOTER last_known_addr { host: "127.3.202.2" port: 44191 } attrs { replace: true } } peers { permanent_uuid: "c130b4d0f16d4d28be65cc012345c5da" member_type: VOTER last_known_addr { host: "127.3.202.3" port: 36423 } } peers { permanent_uuid: "8ee9e3edfb374f9fbd0d8b2f440a1033" member_type: NON_VOTER last_known_addr { host: "127.3.202.4" port: 42857 } attrs { promote: true } }
I20260601 13:35:29.427172  7331 raft_consensus.cc:740] T bf3fcf243623491fa4279b36a73fbf6e P 8ee9e3edfb374f9fbd0d8b2f440a1033 [term 2 LEARNER]: Becoming Follower/Learner. State: Replica: 8ee9e3edfb374f9fbd0d8b2f440a1033, State: Initialized, Role: LEARNER
I20260601 13:35:29.427273  7331 consensus_queue.cc:260] T bf3fcf243623491fa4279b36a73fbf6e P 8ee9e3edfb374f9fbd0d8b2f440a1033 [NON_LEADER]: Queue going to NON_LEADER mode. State: All replicated index: 0, Majority replicated index: 0, Committed index: 3, Last appended: 2.3, Last appended by leader: 3, Current term: 0, Majority size: -1, State: 0, Mode: NON_LEADER, active raft config: opid_index: 3 OBSOLETE_local: false peers { permanent_uuid: "9c06dca44c2c44a49bcdb9ce84314905" member_type: VOTER last_known_addr { host: "127.3.202.1" port: 46825 } } peers { permanent_uuid: "50ffc4d645714a62ae59f36a356c7cda" member_type: VOTER last_known_addr { host: "127.3.202.2" port: 44191 } attrs { replace: true } } peers { permanent_uuid: "c130b4d0f16d4d28be65cc012345c5da" member_type: VOTER last_known_addr { host: "127.3.202.3" port: 36423 } } peers { permanent_uuid: "8ee9e3edfb374f9fbd0d8b2f440a1033" member_type: NON_VOTER last_known_addr { host: "127.3.202.4" port: 42857 } attrs { promote: true } }
I20260601 13:35:29.427570  7331 ts_tablet_manager.cc:1434] T bf3fcf243623491fa4279b36a73fbf6e P 8ee9e3edfb374f9fbd0d8b2f440a1033: Time spent starting tablet: real 0.001s	user 0.001s	sys 0.000s
I20260601 13:35:29.428109  7030 tablet_copy_service.cc:342] P c130b4d0f16d4d28be65cc012345c5da: Request end of tablet copy session 8ee9e3edfb374f9fbd0d8b2f440a1033-bf3fcf243623491fa4279b36a73fbf6e received from {username='slave'} at 127.0.0.1:41930
I20260601 13:35:29.428187  7030 tablet_copy_service.cc:434] P c130b4d0f16d4d28be65cc012345c5da: ending tablet copy session 8ee9e3edfb374f9fbd0d8b2f440a1033-bf3fcf243623491fa4279b36a73fbf6e on tablet bf3fcf243623491fa4279b36a73fbf6e with peer 8ee9e3edfb374f9fbd0d8b2f440a1033
I20260601 13:35:29.782991  7162 raft_consensus.cc:1217] T 58e320d79a454ad8a9c2e18446048741 P 8ee9e3edfb374f9fbd0d8b2f440a1033 [term 1 LEARNER]: Deduplicated request from leader. Original: 1.1->[1.2-1.2]   Dedup: 1.2->[]
I20260601 13:35:29.854602  7019 raft_consensus.cc:1217] T c2a78031b349443388383ff36956bf96 P c130b4d0f16d4d28be65cc012345c5da [term 1 LEARNER]: Deduplicated request from leader. Original: 1.1->[1.2-1.2]   Dedup: 1.2->[]
I20260601 13:35:29.867201  6945 raft_consensus.cc:1217] T a35dbf25da4a41fa8b2964971757f50b P 50ffc4d645714a62ae59f36a356c7cda [term 1 LEARNER]: Deduplicated request from leader. Original: 1.1->[1.2-1.2]   Dedup: 1.2->[]
I20260601 13:35:29.949035  7162 raft_consensus.cc:1217] T bf3fcf243623491fa4279b36a73fbf6e P 8ee9e3edfb374f9fbd0d8b2f440a1033 [term 2 LEARNER]: Deduplicated request from leader. Original: 2.2->[2.3-2.3]   Dedup: 2.3->[]
I20260601 13:35:30.211318  7308 raft_consensus.cc:1064] T 58e320d79a454ad8a9c2e18446048741 P 50ffc4d645714a62ae59f36a356c7cda: attempting to promote NON_VOTER 8ee9e3edfb374f9fbd0d8b2f440a1033 to VOTER
I20260601 13:35:30.211814  7308 consensus_queue.cc:237] T 58e320d79a454ad8a9c2e18446048741 P 50ffc4d645714a62ae59f36a356c7cda [LEADER]: Queue going to LEADER mode. State: All replicated index: 0, Majority replicated index: 2, Committed index: 2, Last appended: 1.2, Last appended by leader: 0, Current term: 1, Majority size: 3, State: 0, Mode: LEADER, active raft config: opid_index: 3 OBSOLETE_local: false peers { permanent_uuid: "9c06dca44c2c44a49bcdb9ce84314905" member_type: VOTER last_known_addr { host: "127.3.202.1" port: 46825 } } peers { permanent_uuid: "50ffc4d645714a62ae59f36a356c7cda" member_type: VOTER last_known_addr { host: "127.3.202.2" port: 44191 } } peers { permanent_uuid: "c130b4d0f16d4d28be65cc012345c5da" member_type: VOTER last_known_addr { host: "127.3.202.3" port: 36423 } attrs { replace: true } } peers { permanent_uuid: "8ee9e3edfb374f9fbd0d8b2f440a1033" member_type: VOTER last_known_addr { host: "127.3.202.4" port: 42857 } attrs { promote: false } }
I20260601 13:35:30.213191  7162 raft_consensus.cc:1275] T 58e320d79a454ad8a9c2e18446048741 P 8ee9e3edfb374f9fbd0d8b2f440a1033 [term 1 LEARNER]: Refusing update from remote peer 50ffc4d645714a62ae59f36a356c7cda: Log matching property violated. Preceding OpId in replica: term: 1 index: 2. Preceding OpId from leader: term: 1 index: 3. (index mismatch)
I20260601 13:35:30.213479  7019 raft_consensus.cc:1275] T 58e320d79a454ad8a9c2e18446048741 P c130b4d0f16d4d28be65cc012345c5da [term 1 FOLLOWER]: Refusing update from remote peer 50ffc4d645714a62ae59f36a356c7cda: Log matching property violated. Preceding OpId in replica: term: 1 index: 2. Preceding OpId from leader: term: 1 index: 3. (index mismatch)
I20260601 13:35:30.213640  6868 raft_consensus.cc:1275] T 58e320d79a454ad8a9c2e18446048741 P 9c06dca44c2c44a49bcdb9ce84314905 [term 1 FOLLOWER]: Refusing update from remote peer 50ffc4d645714a62ae59f36a356c7cda: Log matching property violated. Preceding OpId in replica: term: 1 index: 2. Preceding OpId from leader: term: 1 index: 3. (index mismatch)
I20260601 13:35:30.213630  7356 consensus_queue.cc:1048] T 58e320d79a454ad8a9c2e18446048741 P 50ffc4d645714a62ae59f36a356c7cda [LEADER]: Connected to new peer: Peer: permanent_uuid: "8ee9e3edfb374f9fbd0d8b2f440a1033" member_type: VOTER last_known_addr { host: "127.3.202.4" port: 42857 } attrs { promote: false }, Status: LMP_MISMATCH, Last received: 0.0, Next index: 3, Last known committed idx: 2, Time since last communication: 0.000s
I20260601 13:35:30.214057  7349 consensus_queue.cc:1048] T 58e320d79a454ad8a9c2e18446048741 P 50ffc4d645714a62ae59f36a356c7cda [LEADER]: Connected to new peer: Peer: permanent_uuid: "c130b4d0f16d4d28be65cc012345c5da" member_type: VOTER last_known_addr { host: "127.3.202.3" port: 36423 } attrs { replace: true }, Status: LMP_MISMATCH, Last received: 0.0, Next index: 3, Last known committed idx: 2, Time since last communication: 0.000s
I20260601 13:35:30.214522  7348 consensus_queue.cc:1048] T 58e320d79a454ad8a9c2e18446048741 P 50ffc4d645714a62ae59f36a356c7cda [LEADER]: Connected to new peer: Peer: permanent_uuid: "9c06dca44c2c44a49bcdb9ce84314905" member_type: VOTER last_known_addr { host: "127.3.202.1" port: 46825 }, Status: LMP_MISMATCH, Last received: 0.0, Next index: 3, Last known committed idx: 2, Time since last communication: 0.000s
