I20260601 13:35:17.452330  9848 consensus_queue.cc:260] T b6265682043e42b5870072dab57c2628 P a6f96a4951114323bd1205dcb509bfe7 [NON_LEADER]: Queue going to NON_LEADER mode. State: All replicated index: 0, Majority replicated index: 0, Committed index: 0, Last appended: 0.0, Last appended by leader: 0, Current term: 0, Majority size: -1, State: 0, Mode: NON_LEADER, active raft config: opid_index: -1 OBSOLETE_local: false peers { permanent_uuid: "a6f96a4951114323bd1205dcb509bfe7" member_type: VOTER last_known_addr { host: "127.6.222.193" port: 33529 } } peers { permanent_uuid: "d5c3b40e3f014f7ba2ac52434f49f2db" member_type: VOTER last_known_addr { host: "127.6.222.194" port: 46157 } } peers { permanent_uuid: "90dd6226a8d24a669c1ecb319a7f830e" member_type: VOTER last_known_addr { host: "127.6.222.195" port: 41503 } }
I20260601 13:35:17.452669  9848 ts_tablet_manager.cc:1434] T b6265682043e42b5870072dab57c2628 P a6f96a4951114323bd1205dcb509bfe7: Time spent starting tablet: real 0.001s	user 0.001s	sys 0.000s
I20260601 13:35:17.452703  9850 raft_consensus.cc:359] T 42fa6f41f1484c93b0d285089be467bc P d5c3b40e3f014f7ba2ac52434f49f2db [term 0 FOLLOWER]: Replica starting. Triggering 0 pending ops. Active config: opid_index: -1 OBSOLETE_local: false peers { permanent_uuid: "a6f96a4951114323bd1205dcb509bfe7" member_type: VOTER last_known_addr { host: "127.6.222.193" port: 33529 } } peers { permanent_uuid: "d5c3b40e3f014f7ba2ac52434f49f2db" member_type: VOTER last_known_addr { host: "127.6.222.194" port: 46157 } } peers { permanent_uuid: "90dd6226a8d24a669c1ecb319a7f830e" member_type: VOTER last_known_addr { host: "127.6.222.195" port: 41503 } }
I20260601 13:35:17.452795  9850 raft_consensus.cc:385] T 42fa6f41f1484c93b0d285089be467bc P d5c3b40e3f014f7ba2ac52434f49f2db [term 0 FOLLOWER]: Consensus starting up: Expiring failure detector timer to make a prompt election more likely
I20260601 13:35:17.452829  9850 raft_consensus.cc:740] T 42fa6f41f1484c93b0d285089be467bc P d5c3b40e3f014f7ba2ac52434f49f2db [term 0 FOLLOWER]: Becoming Follower/Learner. State: Replica: d5c3b40e3f014f7ba2ac52434f49f2db, State: Initialized, Role: FOLLOWER
I20260601 13:35:17.452854  9848 tablet_bootstrap.cc:492] T 42fa6f41f1484c93b0d285089be467bc P a6f96a4951114323bd1205dcb509bfe7: Bootstrap starting.
I20260601 13:35:17.452877  9849 raft_consensus.cc:359] T b6265682043e42b5870072dab57c2628 P 90dd6226a8d24a669c1ecb319a7f830e [term 0 FOLLOWER]: Replica starting. Triggering 0 pending ops. Active config: opid_index: -1 OBSOLETE_local: false peers { permanent_uuid: "a6f96a4951114323bd1205dcb509bfe7" member_type: VOTER last_known_addr { host: "127.6.222.193" port: 33529 } } peers { permanent_uuid: "d5c3b40e3f014f7ba2ac52434f49f2db" member_type: VOTER last_known_addr { host: "127.6.222.194" port: 46157 } } peers { permanent_uuid: "90dd6226a8d24a669c1ecb319a7f830e" member_type: VOTER last_known_addr { host: "127.6.222.195" port: 41503 } }
I20260601 13:35:17.452970  9849 raft_consensus.cc:385] T b6265682043e42b5870072dab57c2628 P 90dd6226a8d24a669c1ecb319a7f830e [term 0 FOLLOWER]: Consensus starting up: Expiring failure detector timer to make a prompt election more likely
I20260601 13:35:17.453025  9849 raft_consensus.cc:740] T b6265682043e42b5870072dab57c2628 P 90dd6226a8d24a669c1ecb319a7f830e [term 0 FOLLOWER]: Becoming Follower/Learner. State: Replica: 90dd6226a8d24a669c1ecb319a7f830e, State: Initialized, Role: FOLLOWER
I20260601 13:35:17.453181  9849 consensus_queue.cc:260] T b6265682043e42b5870072dab57c2628 P 90dd6226a8d24a669c1ecb319a7f830e [NON_LEADER]: Queue going to NON_LEADER mode. State: All replicated index: 0, Majority replicated index: 0, Committed index: 0, Last appended: 0.0, Last appended by leader: 0, Current term: 0, Majority size: -1, State: 0, Mode: NON_LEADER, active raft config: opid_index: -1 OBSOLETE_local: false peers { permanent_uuid: "a6f96a4951114323bd1205dcb509bfe7" member_type: VOTER last_known_addr { host: "127.6.222.193" port: 33529 } } peers { permanent_uuid: "d5c3b40e3f014f7ba2ac52434f49f2db" member_type: VOTER last_known_addr { host: "127.6.222.194" port: 46157 } } peers { permanent_uuid: "90dd6226a8d24a669c1ecb319a7f830e" member_type: VOTER last_known_addr { host: "127.6.222.195" port: 41503 } }
I20260601 13:35:17.453449  9849 ts_tablet_manager.cc:1434] T b6265682043e42b5870072dab57c2628 P 90dd6226a8d24a669c1ecb319a7f830e: Time spent starting tablet: real 0.001s	user 0.000s	sys 0.000s
I20260601 13:35:17.453630  9849 tablet_bootstrap.cc:492] T 0416d0de25a046dbbe00d714e3e0677c P 90dd6226a8d24a669c1ecb319a7f830e: Bootstrap starting.
I20260601 13:35:17.453838  9848 tablet_bootstrap.cc:654] T 42fa6f41f1484c93b0d285089be467bc P a6f96a4951114323bd1205dcb509bfe7: Neither blocks nor log segments found. Creating new log.
I20260601 13:35:17.454730  9849 tablet_bootstrap.cc:654] T 0416d0de25a046dbbe00d714e3e0677c P 90dd6226a8d24a669c1ecb319a7f830e: Neither blocks nor log segments found. Creating new log.
I20260601 13:35:17.455130  9848 tablet_bootstrap.cc:492] T 42fa6f41f1484c93b0d285089be467bc P a6f96a4951114323bd1205dcb509bfe7: No bootstrap required, opened a new log
I20260601 13:35:17.455217  9848 ts_tablet_manager.cc:1403] T 42fa6f41f1484c93b0d285089be467bc P a6f96a4951114323bd1205dcb509bfe7: Time spent bootstrapping tablet: real 0.002s	user 0.002s	sys 0.000s
I20260601 13:35:17.455693  9848 raft_consensus.cc:359] T 42fa6f41f1484c93b0d285089be467bc P a6f96a4951114323bd1205dcb509bfe7 [term 0 FOLLOWER]: Replica starting. Triggering 0 pending ops. Active config: opid_index: -1 OBSOLETE_local: false peers { permanent_uuid: "a6f96a4951114323bd1205dcb509bfe7" member_type: VOTER last_known_addr { host: "127.6.222.193" port: 33529 } } peers { permanent_uuid: "d5c3b40e3f014f7ba2ac52434f49f2db" member_type: VOTER last_known_addr { host: "127.6.222.194" port: 46157 } } peers { permanent_uuid: "90dd6226a8d24a669c1ecb319a7f830e" member_type: VOTER last_known_addr { host: "127.6.222.195" port: 41503 } }
I20260601 13:35:17.455822  9848 raft_consensus.cc:385] T 42fa6f41f1484c93b0d285089be467bc P a6f96a4951114323bd1205dcb509bfe7 [term 0 FOLLOWER]: Consensus starting up: Expiring failure detector timer to make a prompt election more likely
I20260601 13:35:17.455873  9848 raft_consensus.cc:740] T 42fa6f41f1484c93b0d285089be467bc P a6f96a4951114323bd1205dcb509bfe7 [term 0 FOLLOWER]: Becoming Follower/Learner. State: Replica: a6f96a4951114323bd1205dcb509bfe7, State: Initialized, Role: FOLLOWER
I20260601 13:35:17.455997  9848 consensus_queue.cc:260] T 42fa6f41f1484c93b0d285089be467bc P a6f96a4951114323bd1205dcb509bfe7 [NON_LEADER]: Queue going to NON_LEADER mode. State: All replicated index: 0, Majority replicated index: 0, Committed index: 0, Last appended: 0.0, Last appended by leader: 0, Current term: 0, Majority size: -1, State: 0, Mode: NON_LEADER, active raft config: opid_index: -1 OBSOLETE_local: false peers { permanent_uuid: "a6f96a4951114323bd1205dcb509bfe7" member_type: VOTER last_known_addr { host: "127.6.222.193" port: 33529 } } peers { permanent_uuid: "d5c3b40e3f014f7ba2ac52434f49f2db" member_type: VOTER last_known_addr { host: "127.6.222.194" port: 46157 } } peers { permanent_uuid: "90dd6226a8d24a669c1ecb319a7f830e" member_type: VOTER last_known_addr { host: "127.6.222.195" port: 41503 } }
I20260601 13:35:17.456262  9849 tablet_bootstrap.cc:492] T 0416d0de25a046dbbe00d714e3e0677c P 90dd6226a8d24a669c1ecb319a7f830e: No bootstrap required, opened a new log
I20260601 13:35:17.456269  9848 ts_tablet_manager.cc:1434] T 42fa6f41f1484c93b0d285089be467bc P a6f96a4951114323bd1205dcb509bfe7: Time spent starting tablet: real 0.001s	user 0.001s	sys 0.000s
I20260601 13:35:17.456355  9849 ts_tablet_manager.cc:1403] T 0416d0de25a046dbbe00d714e3e0677c P 90dd6226a8d24a669c1ecb319a7f830e: Time spent bootstrapping tablet: real 0.003s	user 0.002s	sys 0.000s
I20260601 13:35:17.456576  9848 tablet_bootstrap.cc:492] T 0416d0de25a046dbbe00d714e3e0677c P a6f96a4951114323bd1205dcb509bfe7: Bootstrap starting.
I20260601 13:35:17.456969  9849 raft_consensus.cc:359] T 0416d0de25a046dbbe00d714e3e0677c P 90dd6226a8d24a669c1ecb319a7f830e [term 0 FOLLOWER]: Replica starting. Triggering 0 pending ops. Active config: opid_index: -1 OBSOLETE_local: false peers { permanent_uuid: "a6f96a4951114323bd1205dcb509bfe7" member_type: VOTER last_known_addr { host: "127.6.222.193" port: 33529 } } peers { permanent_uuid: "d5c3b40e3f014f7ba2ac52434f49f2db" member_type: VOTER last_known_addr { host: "127.6.222.194" port: 46157 } } peers { permanent_uuid: "90dd6226a8d24a669c1ecb319a7f830e" member_type: VOTER last_known_addr { host: "127.6.222.195" port: 41503 } }
I20260601 13:35:17.457125  9849 raft_consensus.cc:385] T 0416d0de25a046dbbe00d714e3e0677c P 90dd6226a8d24a669c1ecb319a7f830e [term 0 FOLLOWER]: Consensus starting up: Expiring failure detector timer to make a prompt election more likely
I20260601 13:35:17.457211  9849 raft_consensus.cc:740] T 0416d0de25a046dbbe00d714e3e0677c P 90dd6226a8d24a669c1ecb319a7f830e [term 0 FOLLOWER]: Becoming Follower/Learner. State: Replica: 90dd6226a8d24a669c1ecb319a7f830e, State: Initialized, Role: FOLLOWER
I20260601 13:35:17.457401  9849 consensus_queue.cc:260] T 0416d0de25a046dbbe00d714e3e0677c P 90dd6226a8d24a669c1ecb319a7f830e [NON_LEADER]: Queue going to NON_LEADER mode. State: All replicated index: 0, Majority replicated index: 0, Committed index: 0, Last appended: 0.0, Last appended by leader: 0, Current term: 0, Majority size: -1, State: 0, Mode: NON_LEADER, active raft config: opid_index: -1 OBSOLETE_local: false peers { permanent_uuid: "a6f96a4951114323bd1205dcb509bfe7" member_type: VOTER last_known_addr { host: "127.6.222.193" port: 33529 } } peers { permanent_uuid: "d5c3b40e3f014f7ba2ac52434f49f2db" member_type: VOTER last_known_addr { host: "127.6.222.194" port: 46157 } } peers { permanent_uuid: "90dd6226a8d24a669c1ecb319a7f830e" member_type: VOTER last_known_addr { host: "127.6.222.195" port: 41503 } }
I20260601 13:35:17.452970  9850 consensus_queue.cc:260] T 42fa6f41f1484c93b0d285089be467bc P d5c3b40e3f014f7ba2ac52434f49f2db [NON_LEADER]: Queue going to NON_LEADER mode. State: All replicated index: 0, Majority replicated index: 0, Committed index: 0, Last appended: 0.0, Last appended by leader: 0, Current term: 0, Majority size: -1, State: 0, Mode: NON_LEADER, active raft config: opid_index: -1 OBSOLETE_local: false peers { permanent_uuid: "a6f96a4951114323bd1205dcb509bfe7" member_type: VOTER last_known_addr { host: "127.6.222.193" port: 33529 } } peers { permanent_uuid: "d5c3b40e3f014f7ba2ac52434f49f2db" member_type: VOTER last_known_addr { host: "127.6.222.194" port: 46157 } } peers { permanent_uuid: "90dd6226a8d24a669c1ecb319a7f830e" member_type: VOTER last_known_addr { host: "127.6.222.195" port: 41503 } }
I20260601 13:35:17.457932  9848 tablet_bootstrap.cc:654] T 0416d0de25a046dbbe00d714e3e0677c P a6f96a4951114323bd1205dcb509bfe7: Neither blocks nor log segments found. Creating new log.
I20260601 13:35:17.458084  9850 ts_tablet_manager.cc:1434] T 42fa6f41f1484c93b0d285089be467bc P d5c3b40e3f014f7ba2ac52434f49f2db: Time spent starting tablet: real 0.006s	user 0.001s	sys 0.000s
I20260601 13:35:17.458362  9849 ts_tablet_manager.cc:1434] T 0416d0de25a046dbbe00d714e3e0677c P 90dd6226a8d24a669c1ecb319a7f830e: Time spent starting tablet: real 0.002s	user 0.001s	sys 0.000s
I20260601 13:35:17.458771  9849 tablet_bootstrap.cc:492] T 42fa6f41f1484c93b0d285089be467bc P 90dd6226a8d24a669c1ecb319a7f830e: Bootstrap starting.
I20260601 13:35:17.459144  9848 tablet_bootstrap.cc:492] T 0416d0de25a046dbbe00d714e3e0677c P a6f96a4951114323bd1205dcb509bfe7: No bootstrap required, opened a new log
I20260601 13:35:17.459220  9848 ts_tablet_manager.cc:1403] T 0416d0de25a046dbbe00d714e3e0677c P a6f96a4951114323bd1205dcb509bfe7: Time spent bootstrapping tablet: real 0.003s	user 0.002s	sys 0.000s
I20260601 13:35:17.459611  9848 raft_consensus.cc:359] T 0416d0de25a046dbbe00d714e3e0677c P a6f96a4951114323bd1205dcb509bfe7 [term 0 FOLLOWER]: Replica starting. Triggering 0 pending ops. Active config: opid_index: -1 OBSOLETE_local: false peers { permanent_uuid: "a6f96a4951114323bd1205dcb509bfe7" member_type: VOTER last_known_addr { host: "127.6.222.193" port: 33529 } } peers { permanent_uuid: "d5c3b40e3f014f7ba2ac52434f49f2db" member_type: VOTER last_known_addr { host: "127.6.222.194" port: 46157 } } peers { permanent_uuid: "90dd6226a8d24a669c1ecb319a7f830e" member_type: VOTER last_known_addr { host: "127.6.222.195" port: 41503 } }
I20260601 13:35:17.459718  9848 raft_consensus.cc:385] T 0416d0de25a046dbbe00d714e3e0677c P a6f96a4951114323bd1205dcb509bfe7 [term 0 FOLLOWER]: Consensus starting up: Expiring failure detector timer to make a prompt election more likely
I20260601 13:35:17.459764  9848 raft_consensus.cc:740] T 0416d0de25a046dbbe00d714e3e0677c P a6f96a4951114323bd1205dcb509bfe7 [term 0 FOLLOWER]: Becoming Follower/Learner. State: Replica: a6f96a4951114323bd1205dcb509bfe7, State: Initialized, Role: FOLLOWER
I20260601 13:35:17.459842  9850 tablet_bootstrap.cc:492] T bbdecda9322e4fb38a5ac6ce3bf96482 P d5c3b40e3f014f7ba2ac52434f49f2db: Bootstrap starting.
I20260601 13:35:17.459869  9848 consensus_queue.cc:260] T 0416d0de25a046dbbe00d714e3e0677c P a6f96a4951114323bd1205dcb509bfe7 [NON_LEADER]: Queue going to NON_LEADER mode. State: All replicated index: 0, Majority replicated index: 0, Committed index: 0, Last appended: 0.0, Last appended by leader: 0, Current term: 0, Majority size: -1, State: 0, Mode: NON_LEADER, active raft config: opid_index: -1 OBSOLETE_local: false peers { permanent_uuid: "a6f96a4951114323bd1205dcb509bfe7" member_type: VOTER last_known_addr { host: "127.6.222.193" port: 33529 } } peers { permanent_uuid: "d5c3b40e3f014f7ba2ac52434f49f2db" member_type: VOTER last_known_addr { host: "127.6.222.194" port: 46157 } } peers { permanent_uuid: "90dd6226a8d24a669c1ecb319a7f830e" member_type: VOTER last_known_addr { host: "127.6.222.195" port: 41503 } }
I20260601 13:35:17.460090  9848 ts_tablet_manager.cc:1434] T 0416d0de25a046dbbe00d714e3e0677c P a6f96a4951114323bd1205dcb509bfe7: Time spent starting tablet: real 0.001s	user 0.000s	sys 0.001s
I20260601 13:35:17.460256  9848 tablet_bootstrap.cc:492] T bbdecda9322e4fb38a5ac6ce3bf96482 P a6f96a4951114323bd1205dcb509bfe7: Bootstrap starting.
I20260601 13:35:17.460743  9850 tablet_bootstrap.cc:654] T bbdecda9322e4fb38a5ac6ce3bf96482 P d5c3b40e3f014f7ba2ac52434f49f2db: Neither blocks nor log segments found. Creating new log.
I20260601 13:35:17.461199  9848 tablet_bootstrap.cc:654] T bbdecda9322e4fb38a5ac6ce3bf96482 P a6f96a4951114323bd1205dcb509bfe7: Neither blocks nor log segments found. Creating new log.
I20260601 13:35:17.459724  9849 tablet_bootstrap.cc:654] T 42fa6f41f1484c93b0d285089be467bc P 90dd6226a8d24a669c1ecb319a7f830e: Neither blocks nor log segments found. Creating new log.
I20260601 13:35:17.462607  9848 tablet_bootstrap.cc:492] T bbdecda9322e4fb38a5ac6ce3bf96482 P a6f96a4951114323bd1205dcb509bfe7: No bootstrap required, opened a new log
I20260601 13:35:17.462694  9848 ts_tablet_manager.cc:1403] T bbdecda9322e4fb38a5ac6ce3bf96482 P a6f96a4951114323bd1205dcb509bfe7: Time spent bootstrapping tablet: real 0.002s	user 0.000s	sys 0.002s
I20260601 13:35:17.463167  9848 raft_consensus.cc:359] T bbdecda9322e4fb38a5ac6ce3bf96482 P a6f96a4951114323bd1205dcb509bfe7 [term 0 FOLLOWER]: Replica starting. Triggering 0 pending ops. Active config: opid_index: -1 OBSOLETE_local: false peers { permanent_uuid: "a6f96a4951114323bd1205dcb509bfe7" member_type: VOTER last_known_addr { host: "127.6.222.193" port: 33529 } } peers { permanent_uuid: "d5c3b40e3f014f7ba2ac52434f49f2db" member_type: VOTER last_known_addr { host: "127.6.222.194" port: 46157 } } peers { permanent_uuid: "90dd6226a8d24a669c1ecb319a7f830e" member_type: VOTER last_known_addr { host: "127.6.222.195" port: 41503 } }
I20260601 13:35:17.463272  9848 raft_consensus.cc:385] T bbdecda9322e4fb38a5ac6ce3bf96482 P a6f96a4951114323bd1205dcb509bfe7 [term 0 FOLLOWER]: Consensus starting up: Expiring failure detector timer to make a prompt election more likely
I20260601 13:35:17.463323  9848 raft_consensus.cc:740] T bbdecda9322e4fb38a5ac6ce3bf96482 P a6f96a4951114323bd1205dcb509bfe7 [term 0 FOLLOWER]: Becoming Follower/Learner. State: Replica: a6f96a4951114323bd1205dcb509bfe7, State: Initialized, Role: FOLLOWER
I20260601 13:35:17.463438  9848 consensus_queue.cc:260] T bbdecda9322e4fb38a5ac6ce3bf96482 P a6f96a4951114323bd1205dcb509bfe7 [NON_LEADER]: Queue going to NON_LEADER mode. State: All replicated index: 0, Majority replicated index: 0, Committed index: 0, Last appended: 0.0, Last appended by leader: 0, Current term: 0, Majority size: -1, State: 0, Mode: NON_LEADER, active raft config: opid_index: -1 OBSOLETE_local: false peers { permanent_uuid: "a6f96a4951114323bd1205dcb509bfe7" member_type: VOTER last_known_addr { host: "127.6.222.193" port: 33529 } } peers { permanent_uuid: "d5c3b40e3f014f7ba2ac52434f49f2db" member_type: VOTER last_known_addr { host: "127.6.222.194" port: 46157 } } peers { permanent_uuid: "90dd6226a8d24a669c1ecb319a7f830e" member_type: VOTER last_known_addr { host: "127.6.222.195" port: 41503 } }
I20260601 13:35:17.463694  9848 ts_tablet_manager.cc:1434] T bbdecda9322e4fb38a5ac6ce3bf96482 P a6f96a4951114323bd1205dcb509bfe7: Time spent starting tablet: real 0.001s	user 0.000s	sys 0.000s
I20260601 13:35:17.463740  9850 tablet_bootstrap.cc:492] T bbdecda9322e4fb38a5ac6ce3bf96482 P d5c3b40e3f014f7ba2ac52434f49f2db: No bootstrap required, opened a new log
I20260601 13:35:17.463822  9850 ts_tablet_manager.cc:1403] T bbdecda9322e4fb38a5ac6ce3bf96482 P d5c3b40e3f014f7ba2ac52434f49f2db: Time spent bootstrapping tablet: real 0.004s	user 0.002s	sys 0.000s
I20260601 13:35:17.464242  9850 raft_consensus.cc:359] T bbdecda9322e4fb38a5ac6ce3bf96482 P d5c3b40e3f014f7ba2ac52434f49f2db [term 0 FOLLOWER]: Replica starting. Triggering 0 pending ops. Active config: opid_index: -1 OBSOLETE_local: false peers { permanent_uuid: "a6f96a4951114323bd1205dcb509bfe7" member_type: VOTER last_known_addr { host: "127.6.222.193" port: 33529 } } peers { permanent_uuid: "d5c3b40e3f014f7ba2ac52434f49f2db" member_type: VOTER last_known_addr { host: "127.6.222.194" port: 46157 } } peers { permanent_uuid: "90dd6226a8d24a669c1ecb319a7f830e" member_type: VOTER last_known_addr { host: "127.6.222.195" port: 41503 } }
I20260601 13:35:17.464340  9850 raft_consensus.cc:385] T bbdecda9322e4fb38a5ac6ce3bf96482 P d5c3b40e3f014f7ba2ac52434f49f2db [term 0 FOLLOWER]: Consensus starting up: Expiring failure detector timer to make a prompt election more likely
I20260601 13:35:17.464383  9850 raft_consensus.cc:740] T bbdecda9322e4fb38a5ac6ce3bf96482 P d5c3b40e3f014f7ba2ac52434f49f2db [term 0 FOLLOWER]: Becoming Follower/Learner. State: Replica: d5c3b40e3f014f7ba2ac52434f49f2db, State: Initialized, Role: FOLLOWER
I20260601 13:35:17.464497  9850 consensus_queue.cc:260] T bbdecda9322e4fb38a5ac6ce3bf96482 P d5c3b40e3f014f7ba2ac52434f49f2db [NON_LEADER]: Queue going to NON_LEADER mode. State: All replicated index: 0, Majority replicated index: 0, Committed index: 0, Last appended: 0.0, Last appended by leader: 0, Current term: 0, Majority size: -1, State: 0, Mode: NON_LEADER, active raft config: opid_index: -1 OBSOLETE_local: false peers { permanent_uuid: "a6f96a4951114323bd1205dcb509bfe7" member_type: VOTER last_known_addr { host: "127.6.222.193" port: 33529 } } peers { permanent_uuid: "d5c3b40e3f014f7ba2ac52434f49f2db" member_type: VOTER last_known_addr { host: "127.6.222.194" port: 46157 } } peers { permanent_uuid: "90dd6226a8d24a669c1ecb319a7f830e" member_type: VOTER last_known_addr { host: "127.6.222.195" port: 41503 } }
I20260601 13:35:17.464748  9850 ts_tablet_manager.cc:1434] T bbdecda9322e4fb38a5ac6ce3bf96482 P d5c3b40e3f014f7ba2ac52434f49f2db: Time spent starting tablet: real 0.001s	user 0.000s	sys 0.000s
I20260601 13:35:17.464927  9850 tablet_bootstrap.cc:492] T 0416d0de25a046dbbe00d714e3e0677c P d5c3b40e3f014f7ba2ac52434f49f2db: Bootstrap starting.
I20260601 13:35:17.465807  9850 tablet_bootstrap.cc:654] T 0416d0de25a046dbbe00d714e3e0677c P d5c3b40e3f014f7ba2ac52434f49f2db: Neither blocks nor log segments found. Creating new log.
I20260601 13:35:17.463173  9849 tablet_bootstrap.cc:492] T 42fa6f41f1484c93b0d285089be467bc P 90dd6226a8d24a669c1ecb319a7f830e: No bootstrap required, opened a new log
I20260601 13:35:17.466048  9849 ts_tablet_manager.cc:1403] T 42fa6f41f1484c93b0d285089be467bc P 90dd6226a8d24a669c1ecb319a7f830e: Time spent bootstrapping tablet: real 0.007s	user 0.002s	sys 0.000s
I20260601 13:35:17.466759  9849 raft_consensus.cc:359] T 42fa6f41f1484c93b0d285089be467bc P 90dd6226a8d24a669c1ecb319a7f830e [term 0 FOLLOWER]: Replica starting. Triggering 0 pending ops. Active config: opid_index: -1 OBSOLETE_local: false peers { permanent_uuid: "a6f96a4951114323bd1205dcb509bfe7" member_type: VOTER last_known_addr { host: "127.6.222.193" port: 33529 } } peers { permanent_uuid: "d5c3b40e3f014f7ba2ac52434f49f2db" member_type: VOTER last_known_addr { host: "127.6.222.194" port: 46157 } } peers { permanent_uuid: "90dd6226a8d24a669c1ecb319a7f830e" member_type: VOTER last_known_addr { host: "127.6.222.195" port: 41503 } }
I20260601 13:35:17.466886  9849 raft_consensus.cc:385] T 42fa6f41f1484c93b0d285089be467bc P 90dd6226a8d24a669c1ecb319a7f830e [term 0 FOLLOWER]: Consensus starting up: Expiring failure detector timer to make a prompt election more likely
I20260601 13:35:17.466959  9849 raft_consensus.cc:740] T 42fa6f41f1484c93b0d285089be467bc P 90dd6226a8d24a669c1ecb319a7f830e [term 0 FOLLOWER]: Becoming Follower/Learner. State: Replica: 90dd6226a8d24a669c1ecb319a7f830e, State: Initialized, Role: FOLLOWER
I20260601 13:35:17.466989  9850 tablet_bootstrap.cc:492] T 0416d0de25a046dbbe00d714e3e0677c P d5c3b40e3f014f7ba2ac52434f49f2db: No bootstrap required, opened a new log
I20260601 13:35:17.467067  9850 ts_tablet_manager.cc:1403] T 0416d0de25a046dbbe00d714e3e0677c P d5c3b40e3f014f7ba2ac52434f49f2db: Time spent bootstrapping tablet: real 0.002s	user 0.002s	sys 0.000s
I20260601 13:35:17.467097  9849 consensus_queue.cc:260] T 42fa6f41f1484c93b0d285089be467bc P 90dd6226a8d24a669c1ecb319a7f830e [NON_LEADER]: Queue going to NON_LEADER mode. State: All replicated index: 0, Majority replicated index: 0, Committed index: 0, Last appended: 0.0, Last appended by leader: 0, Current term: 0, Majority size: -1, State: 0, Mode: NON_LEADER, active raft config: opid_index: -1 OBSOLETE_local: false peers { permanent_uuid: "a6f96a4951114323bd1205dcb509bfe7" member_type: VOTER last_known_addr { host: "127.6.222.193" port: 33529 } } peers { permanent_uuid: "d5c3b40e3f014f7ba2ac52434f49f2db" member_type: VOTER last_known_addr { host: "127.6.222.194" port: 46157 } } peers { permanent_uuid: "90dd6226a8d24a669c1ecb319a7f830e" member_type: VOTER last_known_addr { host: "127.6.222.195" port: 41503 } }
I20260601 13:35:17.467406  9849 ts_tablet_manager.cc:1434] T 42fa6f41f1484c93b0d285089be467bc P 90dd6226a8d24a669c1ecb319a7f830e: Time spent starting tablet: real 0.001s	user 0.001s	sys 0.000s
I20260601 13:35:17.467569  9850 raft_consensus.cc:359] T 0416d0de25a046dbbe00d714e3e0677c P d5c3b40e3f014f7ba2ac52434f49f2db [term 0 FOLLOWER]: Replica starting. Triggering 0 pending ops. Active config: opid_index: -1 OBSOLETE_local: false peers { permanent_uuid: "a6f96a4951114323bd1205dcb509bfe7" member_type: VOTER last_known_addr { host: "127.6.222.193" port: 33529 } } peers { permanent_uuid: "d5c3b40e3f014f7ba2ac52434f49f2db" member_type: VOTER last_known_addr { host: "127.6.222.194" port: 46157 } } peers { permanent_uuid: "90dd6226a8d24a669c1ecb319a7f830e" member_type: VOTER last_known_addr { host: "127.6.222.195" port: 41503 } }
I20260601 13:35:17.467682  9850 raft_consensus.cc:385] T 0416d0de25a046dbbe00d714e3e0677c P d5c3b40e3f014f7ba2ac52434f49f2db [term 0 FOLLOWER]: Consensus starting up: Expiring failure detector timer to make a prompt election more likely
I20260601 13:35:17.467732  9850 raft_consensus.cc:740] T 0416d0de25a046dbbe00d714e3e0677c P d5c3b40e3f014f7ba2ac52434f49f2db [term 0 FOLLOWER]: Becoming Follower/Learner. State: Replica: d5c3b40e3f014f7ba2ac52434f49f2db, State: Initialized, Role: FOLLOWER
I20260601 13:35:17.467861  9850 consensus_queue.cc:260] T 0416d0de25a046dbbe00d714e3e0677c P d5c3b40e3f014f7ba2ac52434f49f2db [NON_LEADER]: Queue going to NON_LEADER mode. State: All replicated index: 0, Majority replicated index: 0, Committed index: 0, Last appended: 0.0, Last appended by leader: 0, Current term: 0, Majority size: -1, State: 0, Mode: NON_LEADER, active raft config: opid_index: -1 OBSOLETE_local: false peers { permanent_uuid: "a6f96a4951114323bd1205dcb509bfe7" member_type: VOTER last_known_addr { host: "127.6.222.193" port: 33529 } } peers { permanent_uuid: "d5c3b40e3f014f7ba2ac52434f49f2db" member_type: VOTER last_known_addr { host: "127.6.222.194" port: 46157 } } peers { permanent_uuid: "90dd6226a8d24a669c1ecb319a7f830e" member_type: VOTER last_known_addr { host: "127.6.222.195" port: 41503 } }
I20260601 13:35:17.468114  9850 ts_tablet_manager.cc:1434] T 0416d0de25a046dbbe00d714e3e0677c P d5c3b40e3f014f7ba2ac52434f49f2db: Time spent starting tablet: real 0.001s	user 0.001s	sys 0.000s
I20260601 13:35:17.474069  9858 raft_consensus.cc:493] T b6265682043e42b5870072dab57c2628 P a6f96a4951114323bd1205dcb509bfe7 [term 0 FOLLOWER]: Starting pre-election (no leader contacted us within the election timeout)
I20260601 13:35:17.474169  9858 raft_consensus.cc:515] T b6265682043e42b5870072dab57c2628 P a6f96a4951114323bd1205dcb509bfe7 [term 0 FOLLOWER]: Starting pre-election with config: opid_index: -1 OBSOLETE_local: false peers { permanent_uuid: "a6f96a4951114323bd1205dcb509bfe7" member_type: VOTER last_known_addr { host: "127.6.222.193" port: 33529 } } peers { permanent_uuid: "d5c3b40e3f014f7ba2ac52434f49f2db" member_type: VOTER last_known_addr { host: "127.6.222.194" port: 46157 } } peers { permanent_uuid: "90dd6226a8d24a669c1ecb319a7f830e" member_type: VOTER last_known_addr { host: "127.6.222.195" port: 41503 } }
I20260601 13:35:17.474797  9858 leader_election.cc:290] T b6265682043e42b5870072dab57c2628 P a6f96a4951114323bd1205dcb509bfe7 [CANDIDATE]: Term 1 pre-election: Requested pre-vote from peers d5c3b40e3f014f7ba2ac52434f49f2db (127.6.222.194:46157), 90dd6226a8d24a669c1ecb319a7f830e (127.6.222.195:41503)
I20260601 13:35:17.479347  9802 tablet_service.cc:1917] Received RequestConsensusVote() RPC: tablet_id: "b6265682043e42b5870072dab57c2628" candidate_uuid: "a6f96a4951114323bd1205dcb509bfe7" candidate_term: 1 candidate_status { last_received { term: 0 index: 0 } } ignore_live_leader: false dest_uuid: "90dd6226a8d24a669c1ecb319a7f830e" is_pre_election: true
I20260601 13:35:17.479367  9727 tablet_service.cc:1917] Received RequestConsensusVote() RPC: tablet_id: "b6265682043e42b5870072dab57c2628" candidate_uuid: "a6f96a4951114323bd1205dcb509bfe7" candidate_term: 1 candidate_status { last_received { term: 0 index: 0 } } ignore_live_leader: false dest_uuid: "d5c3b40e3f014f7ba2ac52434f49f2db" is_pre_election: true
I20260601 13:35:17.479526  9802 raft_consensus.cc:2468] T b6265682043e42b5870072dab57c2628 P 90dd6226a8d24a669c1ecb319a7f830e [term 0 FOLLOWER]: Leader pre-election vote request: Granting yes vote for candidate a6f96a4951114323bd1205dcb509bfe7 in term 0.
I20260601 13:35:17.479552  9727 raft_consensus.cc:2468] T b6265682043e42b5870072dab57c2628 P d5c3b40e3f014f7ba2ac52434f49f2db [term 0 FOLLOWER]: Leader pre-election vote request: Granting yes vote for candidate a6f96a4951114323bd1205dcb509bfe7 in term 0.
I20260601 13:35:17.479856  9616 leader_election.cc:304] T b6265682043e42b5870072dab57c2628 P a6f96a4951114323bd1205dcb509bfe7 [CANDIDATE]: Term 1 pre-election: Election decided. Result: candidate won. Election summary: received 2 responses out of 3 voters: 2 yes votes; 0 no votes. yes voters: 90dd6226a8d24a669c1ecb319a7f830e, a6f96a4951114323bd1205dcb509bfe7; no voters: 
I20260601 13:35:17.480008  9858 raft_consensus.cc:2804] T b6265682043e42b5870072dab57c2628 P a6f96a4951114323bd1205dcb509bfe7 [term 0 FOLLOWER]: Leader pre-election won for term 1
I20260601 13:35:17.480057  9858 raft_consensus.cc:493] T b6265682043e42b5870072dab57c2628 P a6f96a4951114323bd1205dcb509bfe7 [term 0 FOLLOWER]: Starting leader election (no leader contacted us within the election timeout)
I20260601 13:35:17.480093  9858 raft_consensus.cc:3060] T b6265682043e42b5870072dab57c2628 P a6f96a4951114323bd1205dcb509bfe7 [term 0 FOLLOWER]: Advancing to term 1
I20260601 13:35:17.480912  9858 raft_consensus.cc:515] T b6265682043e42b5870072dab57c2628 P a6f96a4951114323bd1205dcb509bfe7 [term 1 FOLLOWER]: Starting leader election with config: opid_index: -1 OBSOLETE_local: false peers { permanent_uuid: "a6f96a4951114323bd1205dcb509bfe7" member_type: VOTER last_known_addr { host: "127.6.222.193" port: 33529 } } peers { permanent_uuid: "d5c3b40e3f014f7ba2ac52434f49f2db" member_type: VOTER last_known_addr { host: "127.6.222.194" port: 46157 } } peers { permanent_uuid: "90dd6226a8d24a669c1ecb319a7f830e" member_type: VOTER last_known_addr { host: "127.6.222.195" port: 41503 } }
I20260601 13:35:17.481278  9858 leader_election.cc:290] T b6265682043e42b5870072dab57c2628 P a6f96a4951114323bd1205dcb509bfe7 [CANDIDATE]: Term 1 election: Requested vote from peers d5c3b40e3f014f7ba2ac52434f49f2db (127.6.222.194:46157), 90dd6226a8d24a669c1ecb319a7f830e (127.6.222.195:41503)
I20260601 13:35:17.481628  9802 tablet_service.cc:1917] Received RequestConsensusVote() RPC: tablet_id: "b6265682043e42b5870072dab57c2628" candidate_uuid: "a6f96a4951114323bd1205dcb509bfe7" candidate_term: 1 candidate_status { last_received { term: 0 index: 0 } } ignore_live_leader: false dest_uuid: "90dd6226a8d24a669c1ecb319a7f830e"
I20260601 13:35:17.481628  9727 tablet_service.cc:1917] Received RequestConsensusVote() RPC: tablet_id: "b6265682043e42b5870072dab57c2628" candidate_uuid: "a6f96a4951114323bd1205dcb509bfe7" candidate_term: 1 candidate_status { last_received { term: 0 index: 0 } } ignore_live_leader: false dest_uuid: "d5c3b40e3f014f7ba2ac52434f49f2db"
I20260601 13:35:17.481796  9802 raft_consensus.cc:3060] T b6265682043e42b5870072dab57c2628 P 90dd6226a8d24a669c1ecb319a7f830e [term 0 FOLLOWER]: Advancing to term 1
I20260601 13:35:17.481818  9727 raft_consensus.cc:3060] T b6265682043e42b5870072dab57c2628 P d5c3b40e3f014f7ba2ac52434f49f2db [term 0 FOLLOWER]: Advancing to term 1
I20260601 13:35:17.482810  9802 raft_consensus.cc:2468] T b6265682043e42b5870072dab57c2628 P 90dd6226a8d24a669c1ecb319a7f830e [term 1 FOLLOWER]: Leader election vote request: Granting yes vote for candidate a6f96a4951114323bd1205dcb509bfe7 in term 1.
I20260601 13:35:17.482810  9727 raft_consensus.cc:2468] T b6265682043e42b5870072dab57c2628 P d5c3b40e3f014f7ba2ac52434f49f2db [term 1 FOLLOWER]: Leader election vote request: Granting yes vote for candidate a6f96a4951114323bd1205dcb509bfe7 in term 1.
I20260601 13:35:17.483100  9616 leader_election.cc:304] T b6265682043e42b5870072dab57c2628 P a6f96a4951114323bd1205dcb509bfe7 [CANDIDATE]: Term 1 election: Election decided. Result: candidate won. Election summary: received 2 responses out of 3 voters: 2 yes votes; 0 no votes. yes voters: a6f96a4951114323bd1205dcb509bfe7, d5c3b40e3f014f7ba2ac52434f49f2db; no voters: 
I20260601 13:35:17.483296  9858 raft_consensus.cc:2804] T b6265682043e42b5870072dab57c2628 P a6f96a4951114323bd1205dcb509bfe7 [term 1 FOLLOWER]: Leader election won for term 1
I20260601 13:35:17.483541  9858 raft_consensus.cc:697] T b6265682043e42b5870072dab57c2628 P a6f96a4951114323bd1205dcb509bfe7 [term 1 LEADER]: Becoming Leader. State: Replica: a6f96a4951114323bd1205dcb509bfe7, State: Running, Role: LEADER
I20260601 13:35:17.483688  9858 consensus_queue.cc:237] T b6265682043e42b5870072dab57c2628 P a6f96a4951114323bd1205dcb509bfe7 [LEADER]: Queue going to LEADER mode. State: All replicated index: 0, Majority replicated index: 0, Committed index: 0, Last appended: 0.0, Last appended by leader: 0, Current term: 1, Majority size: 2, State: 0, Mode: LEADER, active raft config: opid_index: -1 OBSOLETE_local: false peers { permanent_uuid: "a6f96a4951114323bd1205dcb509bfe7" member_type: VOTER last_known_addr { host: "127.6.222.193" port: 33529 } } peers { permanent_uuid: "d5c3b40e3f014f7ba2ac52434f49f2db" member_type: VOTER last_known_addr { host: "127.6.222.194" port: 46157 } } peers { permanent_uuid: "90dd6226a8d24a669c1ecb319a7f830e" member_type: VOTER last_known_addr { host: "127.6.222.195" port: 41503 } }
I20260601 13:35:17.485214  9547 catalog_manager.cc:5696] T b6265682043e42b5870072dab57c2628 P a6f96a4951114323bd1205dcb509bfe7 reported cstate change: term changed from 0 to 1, leader changed from <none> to a6f96a4951114323bd1205dcb509bfe7 (127.6.222.193). New cstate: current_term: 1 leader_uuid: "a6f96a4951114323bd1205dcb509bfe7" committed_config { opid_index: -1 OBSOLETE_local: false peers { permanent_uuid: "a6f96a4951114323bd1205dcb509bfe7" member_type: VOTER last_known_addr { host: "127.6.222.193" port: 33529 } health_report { overall_health: HEALTHY } } peers { permanent_uuid: "d5c3b40e3f014f7ba2ac52434f49f2db" member_type: VOTER last_known_addr { host: "127.6.222.194" port: 46157 } health_report { overall_health: UNKNOWN } } peers { permanent_uuid: "90dd6226a8d24a669c1ecb319a7f830e" member_type: VOTER last_known_addr { host: "127.6.222.195" port: 41503 } health_report { overall_health: UNKNOWN } } }
I20260601 13:35:17.489315  9858 raft_consensus.cc:493] T 42fa6f41f1484c93b0d285089be467bc P a6f96a4951114323bd1205dcb509bfe7 [term 0 FOLLOWER]: Starting pre-election (no leader contacted us within the election timeout)
I20260601 13:35:17.489404  9858 raft_consensus.cc:515] T 42fa6f41f1484c93b0d285089be467bc P a6f96a4951114323bd1205dcb509bfe7 [term 0 FOLLOWER]: Starting pre-election with config: opid_index: -1 OBSOLETE_local: false peers { permanent_uuid: "a6f96a4951114323bd1205dcb509bfe7" member_type: VOTER last_known_addr { host: "127.6.222.193" port: 33529 } } peers { permanent_uuid: "d5c3b40e3f014f7ba2ac52434f49f2db" member_type: VOTER last_known_addr { host: "127.6.222.194" port: 46157 } } peers { permanent_uuid: "90dd6226a8d24a669c1ecb319a7f830e" member_type: VOTER last_known_addr { host: "127.6.222.195" port: 41503 } }
I20260601 13:35:17.489801  9858 leader_election.cc:290] T 42fa6f41f1484c93b0d285089be467bc P a6f96a4951114323bd1205dcb509bfe7 [CANDIDATE]: Term 1 pre-election: Requested pre-vote from peers d5c3b40e3f014f7ba2ac52434f49f2db (127.6.222.194:46157), 90dd6226a8d24a669c1ecb319a7f830e (127.6.222.195:41503)
I20260601 13:35:17.490134  9727 tablet_service.cc:1917] Received RequestConsensusVote() RPC: tablet_id: "42fa6f41f1484c93b0d285089be467bc" candidate_uuid: "a6f96a4951114323bd1205dcb509bfe7" candidate_term: 1 candidate_status { last_received { term: 0 index: 0 } } ignore_live_leader: false dest_uuid: "d5c3b40e3f014f7ba2ac52434f49f2db" is_pre_election: true
I20260601 13:35:17.490168  9802 tablet_service.cc:1917] Received RequestConsensusVote() RPC: tablet_id: "42fa6f41f1484c93b0d285089be467bc" candidate_uuid: "a6f96a4951114323bd1205dcb509bfe7" candidate_term: 1 candidate_status { last_received { term: 0 index: 0 } } ignore_live_leader: false dest_uuid: "90dd6226a8d24a669c1ecb319a7f830e" is_pre_election: true
I20260601 13:35:17.490239  9727 raft_consensus.cc:2468] T 42fa6f41f1484c93b0d285089be467bc P d5c3b40e3f014f7ba2ac52434f49f2db [term 0 FOLLOWER]: Leader pre-election vote request: Granting yes vote for candidate a6f96a4951114323bd1205dcb509bfe7 in term 0.
I20260601 13:35:17.490299  9802 raft_consensus.cc:2468] T 42fa6f41f1484c93b0d285089be467bc P 90dd6226a8d24a669c1ecb319a7f830e [term 0 FOLLOWER]: Leader pre-election vote request: Granting yes vote for candidate a6f96a4951114323bd1205dcb509bfe7 in term 0.
I20260601 13:35:17.490523  9616 leader_election.cc:304] T 42fa6f41f1484c93b0d285089be467bc P a6f96a4951114323bd1205dcb509bfe7 [CANDIDATE]: Term 1 pre-election: Election decided. Result: candidate won. Election summary: received 2 responses out of 3 voters: 2 yes votes; 0 no votes. yes voters: a6f96a4951114323bd1205dcb509bfe7, d5c3b40e3f014f7ba2ac52434f49f2db; no voters: 
I20260601 13:35:17.490700  9858 raft_consensus.cc:2804] T 42fa6f41f1484c93b0d285089be467bc P a6f96a4951114323bd1205dcb509bfe7 [term 0 FOLLOWER]: Leader pre-election won for term 1
I20260601 13:35:17.490749  9858 raft_consensus.cc:493] T 42fa6f41f1484c93b0d285089be467bc P a6f96a4951114323bd1205dcb509bfe7 [term 0 FOLLOWER]: Starting leader election (no leader contacted us within the election timeout)
I20260601 13:35:17.490794  9858 raft_consensus.cc:3060] T 42fa6f41f1484c93b0d285089be467bc P a6f96a4951114323bd1205dcb509bfe7 [term 0 FOLLOWER]: Advancing to term 1
I20260601 13:35:17.491621  9858 raft_consensus.cc:515] T 42fa6f41f1484c93b0d285089be467bc P a6f96a4951114323bd1205dcb509bfe7 [term 1 FOLLOWER]: Starting leader election with config: opid_index: -1 OBSOLETE_local: false peers { permanent_uuid: "a6f96a4951114323bd1205dcb509bfe7" member_type: VOTER last_known_addr { host: "127.6.222.193" port: 33529 } } peers { permanent_uuid: "d5c3b40e3f014f7ba2ac52434f49f2db" member_type: VOTER last_known_addr { host: "127.6.222.194" port: 46157 } } peers { permanent_uuid: "90dd6226a8d24a669c1ecb319a7f830e" member_type: VOTER last_known_addr { host: "127.6.222.195" port: 41503 } }
I20260601 13:35:17.491932  9858 leader_election.cc:290] T 42fa6f41f1484c93b0d285089be467bc P a6f96a4951114323bd1205dcb509bfe7 [CANDIDATE]: Term 1 election: Requested vote from peers d5c3b40e3f014f7ba2ac52434f49f2db (127.6.222.194:46157), 90dd6226a8d24a669c1ecb319a7f830e (127.6.222.195:41503)
I20260601 13:35:17.492244  9727 tablet_service.cc:1917] Received RequestConsensusVote() RPC: tablet_id: "42fa6f41f1484c93b0d285089be467bc" candidate_uuid: "a6f96a4951114323bd1205dcb509bfe7" candidate_term: 1 candidate_status { last_received { term: 0 index: 0 } } ignore_live_leader: false dest_uuid: "d5c3b40e3f014f7ba2ac52434f49f2db"
I20260601 13:35:17.492296  9802 tablet_service.cc:1917] Received RequestConsensusVote() RPC: tablet_id: "42fa6f41f1484c93b0d285089be467bc" candidate_uuid: "a6f96a4951114323bd1205dcb509bfe7" candidate_term: 1 candidate_status { last_received { term: 0 index: 0 } } ignore_live_leader: false dest_uuid: "90dd6226a8d24a669c1ecb319a7f830e"
I20260601 13:35:17.492336  9727 raft_consensus.cc:3060] T 42fa6f41f1484c93b0d285089be467bc P d5c3b40e3f014f7ba2ac52434f49f2db [term 0 FOLLOWER]: Advancing to term 1
I20260601 13:35:17.492435  9802 raft_consensus.cc:3060] T 42fa6f41f1484c93b0d285089be467bc P 90dd6226a8d24a669c1ecb319a7f830e [term 0 FOLLOWER]: Advancing to term 1
I20260601 13:35:17.493172  9727 raft_consensus.cc:2468] T 42fa6f41f1484c93b0d285089be467bc P d5c3b40e3f014f7ba2ac52434f49f2db [term 1 FOLLOWER]: Leader election vote request: Granting yes vote for candidate a6f96a4951114323bd1205dcb509bfe7 in term 1.
I20260601 13:35:17.493176  9802 raft_consensus.cc:2468] T 42fa6f41f1484c93b0d285089be467bc P 90dd6226a8d24a669c1ecb319a7f830e [term 1 FOLLOWER]: Leader election vote request: Granting yes vote for candidate a6f96a4951114323bd1205dcb509bfe7 in term 1.
I20260601 13:35:17.493480  9616 leader_election.cc:304] T 42fa6f41f1484c93b0d285089be467bc P a6f96a4951114323bd1205dcb509bfe7 [CANDIDATE]: Term 1 election: Election decided. Result: candidate won. Election summary: received 2 responses out of 3 voters: 2 yes votes; 0 no votes. yes voters: a6f96a4951114323bd1205dcb509bfe7, d5c3b40e3f014f7ba2ac52434f49f2db; no voters: 
I20260601 13:35:17.493645  9858 raft_consensus.cc:2804] T 42fa6f41f1484c93b0d285089be467bc P a6f96a4951114323bd1205dcb509bfe7 [term 1 FOLLOWER]: Leader election won for term 1
I20260601 13:35:17.493731  9858 raft_consensus.cc:697] T 42fa6f41f1484c93b0d285089be467bc P a6f96a4951114323bd1205dcb509bfe7 [term 1 LEADER]: Becoming Leader. State: Replica: a6f96a4951114323bd1205dcb509bfe7, State: Running, Role: LEADER
I20260601 13:35:17.493903  9858 consensus_queue.cc:237] T 42fa6f41f1484c93b0d285089be467bc P a6f96a4951114323bd1205dcb509bfe7 [LEADER]: Queue going to LEADER mode. State: All replicated index: 0, Majority replicated index: 0, Committed index: 0, Last appended: 0.0, Last appended by leader: 0, Current term: 1, Majority size: 2, State: 0, Mode: LEADER, active raft config: opid_index: -1 OBSOLETE_local: false peers { permanent_uuid: "a6f96a4951114323bd1205dcb509bfe7" member_type: VOTER last_known_addr { host: "127.6.222.193" port: 33529 } } peers { permanent_uuid: "d5c3b40e3f014f7ba2ac52434f49f2db" member_type: VOTER last_known_addr { host: "127.6.222.194" port: 46157 } } peers { permanent_uuid: "90dd6226a8d24a669c1ecb319a7f830e" member_type: VOTER last_known_addr { host: "127.6.222.195" port: 41503 } }
I20260601 13:35:17.495429  9547 catalog_manager.cc:5696] T 42fa6f41f1484c93b0d285089be467bc P a6f96a4951114323bd1205dcb509bfe7 reported cstate change: term changed from 0 to 1, leader changed from <none> to a6f96a4951114323bd1205dcb509bfe7 (127.6.222.193). New cstate: current_term: 1 leader_uuid: "a6f96a4951114323bd1205dcb509bfe7" committed_config { opid_index: -1 OBSOLETE_local: false peers { permanent_uuid: "a6f96a4951114323bd1205dcb509bfe7" member_type: VOTER last_known_addr { host: "127.6.222.193" port: 33529 } health_report { overall_health: HEALTHY } } peers { permanent_uuid: "d5c3b40e3f014f7ba2ac52434f49f2db" member_type: VOTER last_known_addr { host: "127.6.222.194" port: 46157 } health_report { overall_health: UNKNOWN } } peers { permanent_uuid: "90dd6226a8d24a669c1ecb319a7f830e" member_type: VOTER last_known_addr { host: "127.6.222.195" port: 41503 } health_report { overall_health: UNKNOWN } } }
I20260601 13:35:17.501412  9858 raft_consensus.cc:493] T bbdecda9322e4fb38a5ac6ce3bf96482 P a6f96a4951114323bd1205dcb509bfe7 [term 0 FOLLOWER]: Starting pre-election (no leader contacted us within the election timeout)
I20260601 13:35:17.501536  9858 raft_consensus.cc:515] T bbdecda9322e4fb38a5ac6ce3bf96482 P a6f96a4951114323bd1205dcb509bfe7 [term 0 FOLLOWER]: Starting pre-election with config: opid_index: -1 OBSOLETE_local: false peers { permanent_uuid: "a6f96a4951114323bd1205dcb509bfe7" member_type: VOTER last_known_addr { host: "127.6.222.193" port: 33529 } } peers { permanent_uuid: "d5c3b40e3f014f7ba2ac52434f49f2db" member_type: VOTER last_known_addr { host: "127.6.222.194" port: 46157 } } peers { permanent_uuid: "90dd6226a8d24a669c1ecb319a7f830e" member_type: VOTER last_known_addr { host: "127.6.222.195" port: 41503 } }
I20260601 13:35:17.501982  9858 leader_election.cc:290] T bbdecda9322e4fb38a5ac6ce3bf96482 P a6f96a4951114323bd1205dcb509bfe7 [CANDIDATE]: Term 1 pre-election: Requested pre-vote from peers d5c3b40e3f014f7ba2ac52434f49f2db (127.6.222.194:46157), 90dd6226a8d24a669c1ecb319a7f830e (127.6.222.195:41503)
I20260601 13:35:17.502301  9802 tablet_service.cc:1917] Received RequestConsensusVote() RPC: tablet_id: "bbdecda9322e4fb38a5ac6ce3bf96482" candidate_uuid: "a6f96a4951114323bd1205dcb509bfe7" candidate_term: 1 candidate_status { last_received { term: 0 index: 0 } } ignore_live_leader: false dest_uuid: "90dd6226a8d24a669c1ecb319a7f830e" is_pre_election: true
I20260601 13:35:17.502313  9727 tablet_service.cc:1917] Received RequestConsensusVote() RPC: tablet_id: "bbdecda9322e4fb38a5ac6ce3bf96482" candidate_uuid: "a6f96a4951114323bd1205dcb509bfe7" candidate_term: 1 candidate_status { last_received { term: 0 index: 0 } } ignore_live_leader: false dest_uuid: "d5c3b40e3f014f7ba2ac52434f49f2db" is_pre_election: true
I20260601 13:35:17.502476  9802 raft_consensus.cc:2468] T bbdecda9322e4fb38a5ac6ce3bf96482 P 90dd6226a8d24a669c1ecb319a7f830e [term 0 FOLLOWER]: Leader pre-election vote request: Granting yes vote for candidate a6f96a4951114323bd1205dcb509bfe7 in term 0.
I20260601 13:35:17.502507  9727 raft_consensus.cc:2468] T bbdecda9322e4fb38a5ac6ce3bf96482 P d5c3b40e3f014f7ba2ac52434f49f2db [term 0 FOLLOWER]: Leader pre-election vote request: Granting yes vote for candidate a6f96a4951114323bd1205dcb509bfe7 in term 0.
I20260601 13:35:17.502810  9616 leader_election.cc:304] T bbdecda9322e4fb38a5ac6ce3bf96482 P a6f96a4951114323bd1205dcb509bfe7 [CANDIDATE]: Term 1 pre-election: Election decided. Result: candidate won. Election summary: received 2 responses out of 3 voters: 2 yes votes; 0 no votes. yes voters: 90dd6226a8d24a669c1ecb319a7f830e, a6f96a4951114323bd1205dcb509bfe7; no voters: 
I20260601 13:35:17.502991  9858 raft_consensus.cc:2804] T bbdecda9322e4fb38a5ac6ce3bf96482 P a6f96a4951114323bd1205dcb509bfe7 [term 0 FOLLOWER]: Leader pre-election won for term 1
I20260601 13:35:17.503054  9858 raft_consensus.cc:493] T bbdecda9322e4fb38a5ac6ce3bf96482 P a6f96a4951114323bd1205dcb509bfe7 [term 0 FOLLOWER]: Starting leader election (no leader contacted us within the election timeout)
I20260601 13:35:17.503096  9858 raft_consensus.cc:3060] T bbdecda9322e4fb38a5ac6ce3bf96482 P a6f96a4951114323bd1205dcb509bfe7 [term 0 FOLLOWER]: Advancing to term 1
I20260601 13:35:17.503865  9858 raft_consensus.cc:515] T bbdecda9322e4fb38a5ac6ce3bf96482 P a6f96a4951114323bd1205dcb509bfe7 [term 1 FOLLOWER]: Starting leader election with config: opid_index: -1 OBSOLETE_local: false peers { permanent_uuid: "a6f96a4951114323bd1205dcb509bfe7" member_type: VOTER last_known_addr { host: "127.6.222.193" port: 33529 } } peers { permanent_uuid: "d5c3b40e3f014f7ba2ac52434f49f2db" member_type: VOTER last_known_addr { host: "127.6.222.194" port: 46157 } } peers { permanent_uuid: "90dd6226a8d24a669c1ecb319a7f830e" member_type: VOTER last_known_addr { host: "127.6.222.195" port: 41503 } }
I20260601 13:35:17.504177  9858 leader_election.cc:290] T bbdecda9322e4fb38a5ac6ce3bf96482 P a6f96a4951114323bd1205dcb509bfe7 [CANDIDATE]: Term 1 election: Requested vote from peers d5c3b40e3f014f7ba2ac52434f49f2db (127.6.222.194:46157), 90dd6226a8d24a669c1ecb319a7f830e (127.6.222.195:41503)
I20260601 13:35:17.504535  9802 tablet_service.cc:1917] Received RequestConsensusVote() RPC: tablet_id: "bbdecda9322e4fb38a5ac6ce3bf96482" candidate_uuid: "a6f96a4951114323bd1205dcb509bfe7" candidate_term: 1 candidate_status { last_received { term: 0 index: 0 } } ignore_live_leader: false dest_uuid: "90dd6226a8d24a669c1ecb319a7f830e"
I20260601 13:35:17.504556  9727 tablet_service.cc:1917] Received RequestConsensusVote() RPC: tablet_id: "bbdecda9322e4fb38a5ac6ce3bf96482" candidate_uuid: "a6f96a4951114323bd1205dcb509bfe7" candidate_term: 1 candidate_status { last_received { term: 0 index: 0 } } ignore_live_leader: false dest_uuid: "d5c3b40e3f014f7ba2ac52434f49f2db"
I20260601 13:35:17.504673  9802 raft_consensus.cc:3060] T bbdecda9322e4fb38a5ac6ce3bf96482 P 90dd6226a8d24a669c1ecb319a7f830e [term 0 FOLLOWER]: Advancing to term 1
I20260601 13:35:17.504709  9727 raft_consensus.cc:3060] T bbdecda9322e4fb38a5ac6ce3bf96482 P d5c3b40e3f014f7ba2ac52434f49f2db [term 0 FOLLOWER]: Advancing to term 1
I20260601 13:35:17.505411  9802 raft_consensus.cc:2468] T bbdecda9322e4fb38a5ac6ce3bf96482 P 90dd6226a8d24a669c1ecb319a7f830e [term 1 FOLLOWER]: Leader election vote request: Granting yes vote for candidate a6f96a4951114323bd1205dcb509bfe7 in term 1.
I20260601 13:35:17.505657  9727 raft_consensus.cc:2468] T bbdecda9322e4fb38a5ac6ce3bf96482 P d5c3b40e3f014f7ba2ac52434f49f2db [term 1 FOLLOWER]: Leader election vote request: Granting yes vote for candidate a6f96a4951114323bd1205dcb509bfe7 in term 1.
I20260601 13:35:17.505715  9616 leader_election.cc:304] T bbdecda9322e4fb38a5ac6ce3bf96482 P a6f96a4951114323bd1205dcb509bfe7 [CANDIDATE]: Term 1 election: Election decided. Result: candidate won. Election summary: received 2 responses out of 3 voters: 2 yes votes; 0 no votes. yes voters: 90dd6226a8d24a669c1ecb319a7f830e, a6f96a4951114323bd1205dcb509bfe7; no voters: 
I20260601 13:35:17.505862  9858 raft_consensus.cc:2804] T bbdecda9322e4fb38a5ac6ce3bf96482 P a6f96a4951114323bd1205dcb509bfe7 [term 1 FOLLOWER]: Leader election won for term 1
I20260601 13:35:17.505959  9858 raft_consensus.cc:697] T bbdecda9322e4fb38a5ac6ce3bf96482 P a6f96a4951114323bd1205dcb509bfe7 [term 1 LEADER]: Becoming Leader. State: Replica: a6f96a4951114323bd1205dcb509bfe7, State: Running, Role: LEADER
I20260601 13:35:17.506088  9858 consensus_queue.cc:237] T bbdecda9322e4fb38a5ac6ce3bf96482 P a6f96a4951114323bd1205dcb509bfe7 [LEADER]: Queue going to LEADER mode. State: All replicated index: 0, Majority replicated index: 0, Committed index: 0, Last appended: 0.0, Last appended by leader: 0, Current term: 1, Majority size: 2, State: 0, Mode: LEADER, active raft config: opid_index: -1 OBSOLETE_local: false peers { permanent_uuid: "a6f96a4951114323bd1205dcb509bfe7" member_type: VOTER last_known_addr { host: "127.6.222.193" port: 33529 } } peers { permanent_uuid: "d5c3b40e3f014f7ba2ac52434f49f2db" member_type: VOTER last_known_addr { host: "127.6.222.194" port: 46157 } } peers { permanent_uuid: "90dd6226a8d24a669c1ecb319a7f830e" member_type: VOTER last_known_addr { host: "127.6.222.195" port: 41503 } }
