I20260601 13:35:51.169843 31150 raft_consensus.cc:359] T fce4a9f446fc48789c52a4d5727e4f62 P e887f61df2d74861b2103ace66b73be9 [term 0 FOLLOWER]: Replica starting. Triggering 0 pending ops. Active config: opid_index: -1 OBSOLETE_local: false peers { permanent_uuid: "a203e26683b5494ea77951f91d317738" member_type: VOTER last_known_addr { host: "127.25.243.193" port: 42719 } } peers { permanent_uuid: "1686661c432d45c290a980335096235b" member_type: VOTER last_known_addr { host: "127.25.243.195" port: 39213 } } peers { permanent_uuid: "e887f61df2d74861b2103ace66b73be9" member_type: VOTER last_known_addr { host: "127.25.243.194" port: 41845 } }
I20260601 13:35:51.169955 31150 raft_consensus.cc:385] T fce4a9f446fc48789c52a4d5727e4f62 P e887f61df2d74861b2103ace66b73be9 [term 0 FOLLOWER]: Consensus starting up: Expiring failure detector timer to make a prompt election more likely
I20260601 13:35:51.169999 31150 raft_consensus.cc:740] T fce4a9f446fc48789c52a4d5727e4f62 P e887f61df2d74861b2103ace66b73be9 [term 0 FOLLOWER]: Becoming Follower/Learner. State: Replica: e887f61df2d74861b2103ace66b73be9, State: Initialized, Role: FOLLOWER
I20260601 13:35:51.170650 31150 consensus_queue.cc:260] T fce4a9f446fc48789c52a4d5727e4f62 P e887f61df2d74861b2103ace66b73be9 [NON_LEADER]: Queue going to NON_LEADER mode. State: All replicated index: 0, Majority replicated index: 0, Committed index: 0, Last appended: 0.0, Last appended by leader: 0, Current term: 0, Majority size: -1, State: 0, Mode: NON_LEADER, active raft config: opid_index: -1 OBSOLETE_local: false peers { permanent_uuid: "a203e26683b5494ea77951f91d317738" member_type: VOTER last_known_addr { host: "127.25.243.193" port: 42719 } } peers { permanent_uuid: "1686661c432d45c290a980335096235b" member_type: VOTER last_known_addr { host: "127.25.243.195" port: 39213 } } peers { permanent_uuid: "e887f61df2d74861b2103ace66b73be9" member_type: VOTER last_known_addr { host: "127.25.243.194" port: 41845 } }
I20260601 13:35:51.170895 31153 tablet_bootstrap.cc:654] T 1a28ac6a1894461bab7d801a57d186b0 P 1686661c432d45c290a980335096235b: Neither blocks nor log segments found. Creating new log.
I20260601 13:35:51.170965 31150 ts_tablet_manager.cc:1434] T fce4a9f446fc48789c52a4d5727e4f62 P e887f61df2d74861b2103ace66b73be9: Time spent starting tablet: real 0.002s	user 0.001s	sys 0.000s
I20260601 13:35:51.171363 31150 tablet_bootstrap.cc:492] T c39203102ec64d3e9ac68011042db8b1 P e887f61df2d74861b2103ace66b73be9: Bootstrap starting.
I20260601 13:35:51.172142 31153 tablet_bootstrap.cc:492] T 1a28ac6a1894461bab7d801a57d186b0 P 1686661c432d45c290a980335096235b: No bootstrap required, opened a new log
I20260601 13:35:51.172238 31153 ts_tablet_manager.cc:1403] T 1a28ac6a1894461bab7d801a57d186b0 P 1686661c432d45c290a980335096235b: Time spent bootstrapping tablet: real 0.002s	user 0.000s	sys 0.002s
I20260601 13:35:51.172751 31153 raft_consensus.cc:359] T 1a28ac6a1894461bab7d801a57d186b0 P 1686661c432d45c290a980335096235b [term 0 FOLLOWER]: Replica starting. Triggering 0 pending ops. Active config: opid_index: -1 OBSOLETE_local: false peers { permanent_uuid: "a203e26683b5494ea77951f91d317738" member_type: VOTER last_known_addr { host: "127.25.243.193" port: 42719 } } peers { permanent_uuid: "e887f61df2d74861b2103ace66b73be9" member_type: VOTER last_known_addr { host: "127.25.243.194" port: 41845 } } peers { permanent_uuid: "1686661c432d45c290a980335096235b" member_type: VOTER last_known_addr { host: "127.25.243.195" port: 39213 } }
I20260601 13:35:51.172881 31153 raft_consensus.cc:385] T 1a28ac6a1894461bab7d801a57d186b0 P 1686661c432d45c290a980335096235b [term 0 FOLLOWER]: Consensus starting up: Expiring failure detector timer to make a prompt election more likely
I20260601 13:35:51.172926 31153 raft_consensus.cc:740] T 1a28ac6a1894461bab7d801a57d186b0 P 1686661c432d45c290a980335096235b [term 0 FOLLOWER]: Becoming Follower/Learner. State: Replica: 1686661c432d45c290a980335096235b, State: Initialized, Role: FOLLOWER
I20260601 13:35:51.172963 31150 tablet_bootstrap.cc:654] T c39203102ec64d3e9ac68011042db8b1 P e887f61df2d74861b2103ace66b73be9: Neither blocks nor log segments found. Creating new log.
I20260601 13:35:51.173094 31153 consensus_queue.cc:260] T 1a28ac6a1894461bab7d801a57d186b0 P 1686661c432d45c290a980335096235b [NON_LEADER]: Queue going to NON_LEADER mode. State: All replicated index: 0, Majority replicated index: 0, Committed index: 0, Last appended: 0.0, Last appended by leader: 0, Current term: 0, Majority size: -1, State: 0, Mode: NON_LEADER, active raft config: opid_index: -1 OBSOLETE_local: false peers { permanent_uuid: "a203e26683b5494ea77951f91d317738" member_type: VOTER last_known_addr { host: "127.25.243.193" port: 42719 } } peers { permanent_uuid: "e887f61df2d74861b2103ace66b73be9" member_type: VOTER last_known_addr { host: "127.25.243.194" port: 41845 } } peers { permanent_uuid: "1686661c432d45c290a980335096235b" member_type: VOTER last_known_addr { host: "127.25.243.195" port: 39213 } }
I20260601 13:35:51.174137 31150 tablet_bootstrap.cc:492] T c39203102ec64d3e9ac68011042db8b1 P e887f61df2d74861b2103ace66b73be9: No bootstrap required, opened a new log
I20260601 13:35:51.174229 31150 ts_tablet_manager.cc:1403] T c39203102ec64d3e9ac68011042db8b1 P e887f61df2d74861b2103ace66b73be9: Time spent bootstrapping tablet: real 0.003s	user 0.000s	sys 0.002s
I20260601 13:35:51.174243 31148 tablet_bootstrap.cc:492] T dd2a652d1f874637af945d65feec9ead P a203e26683b5494ea77951f91d317738: No bootstrap required, opened a new log
I20260601 13:35:51.174338 31148 ts_tablet_manager.cc:1403] T dd2a652d1f874637af945d65feec9ead P a203e26683b5494ea77951f91d317738: Time spent bootstrapping tablet: real 0.007s	user 0.002s	sys 0.000s
I20260601 13:35:51.174717 31153 ts_tablet_manager.cc:1434] T 1a28ac6a1894461bab7d801a57d186b0 P 1686661c432d45c290a980335096235b: Time spent starting tablet: real 0.002s	user 0.000s	sys 0.001s
I20260601 13:35:51.174741 31150 raft_consensus.cc:359] T c39203102ec64d3e9ac68011042db8b1 P e887f61df2d74861b2103ace66b73be9 [term 0 FOLLOWER]: Replica starting. Triggering 0 pending ops. Active config: opid_index: -1 OBSOLETE_local: false peers { permanent_uuid: "a203e26683b5494ea77951f91d317738" member_type: VOTER last_known_addr { host: "127.25.243.193" port: 42719 } } peers { permanent_uuid: "e887f61df2d74861b2103ace66b73be9" member_type: VOTER last_known_addr { host: "127.25.243.194" port: 41845 } } peers { permanent_uuid: "1686661c432d45c290a980335096235b" member_type: VOTER last_known_addr { host: "127.25.243.195" port: 39213 } }
I20260601 13:35:51.174741 31148 raft_consensus.cc:359] T dd2a652d1f874637af945d65feec9ead P a203e26683b5494ea77951f91d317738 [term 0 FOLLOWER]: Replica starting. Triggering 0 pending ops. Active config: opid_index: -1 OBSOLETE_local: false peers { permanent_uuid: "a203e26683b5494ea77951f91d317738" member_type: VOTER last_known_addr { host: "127.25.243.193" port: 42719 } } peers { permanent_uuid: "e887f61df2d74861b2103ace66b73be9" member_type: VOTER last_known_addr { host: "127.25.243.194" port: 41845 } } peers { permanent_uuid: "1686661c432d45c290a980335096235b" member_type: VOTER last_known_addr { host: "127.25.243.195" port: 39213 } }
I20260601 13:35:51.174870 31150 raft_consensus.cc:385] T c39203102ec64d3e9ac68011042db8b1 P e887f61df2d74861b2103ace66b73be9 [term 0 FOLLOWER]: Consensus starting up: Expiring failure detector timer to make a prompt election more likely
I20260601 13:35:51.174880 31148 raft_consensus.cc:385] T dd2a652d1f874637af945d65feec9ead P a203e26683b5494ea77951f91d317738 [term 0 FOLLOWER]: Consensus starting up: Expiring failure detector timer to make a prompt election more likely
I20260601 13:35:51.174916 31150 raft_consensus.cc:740] T c39203102ec64d3e9ac68011042db8b1 P e887f61df2d74861b2103ace66b73be9 [term 0 FOLLOWER]: Becoming Follower/Learner. State: Replica: e887f61df2d74861b2103ace66b73be9, State: Initialized, Role: FOLLOWER
I20260601 13:35:51.174932 31148 raft_consensus.cc:740] T dd2a652d1f874637af945d65feec9ead P a203e26683b5494ea77951f91d317738 [term 0 FOLLOWER]: Becoming Follower/Learner. State: Replica: a203e26683b5494ea77951f91d317738, State: Initialized, Role: FOLLOWER
I20260601 13:35:51.174947 31153 tablet_bootstrap.cc:492] T fce4a9f446fc48789c52a4d5727e4f62 P 1686661c432d45c290a980335096235b: Bootstrap starting.
I20260601 13:35:51.175060 31148 consensus_queue.cc:260] T dd2a652d1f874637af945d65feec9ead P a203e26683b5494ea77951f91d317738 [NON_LEADER]: Queue going to NON_LEADER mode. State: All replicated index: 0, Majority replicated index: 0, Committed index: 0, Last appended: 0.0, Last appended by leader: 0, Current term: 0, Majority size: -1, State: 0, Mode: NON_LEADER, active raft config: opid_index: -1 OBSOLETE_local: false peers { permanent_uuid: "a203e26683b5494ea77951f91d317738" member_type: VOTER last_known_addr { host: "127.25.243.193" port: 42719 } } peers { permanent_uuid: "e887f61df2d74861b2103ace66b73be9" member_type: VOTER last_known_addr { host: "127.25.243.194" port: 41845 } } peers { permanent_uuid: "1686661c432d45c290a980335096235b" member_type: VOTER last_known_addr { host: "127.25.243.195" port: 39213 } }
I20260601 13:35:51.175040 31150 consensus_queue.cc:260] T c39203102ec64d3e9ac68011042db8b1 P e887f61df2d74861b2103ace66b73be9 [NON_LEADER]: Queue going to NON_LEADER mode. State: All replicated index: 0, Majority replicated index: 0, Committed index: 0, Last appended: 0.0, Last appended by leader: 0, Current term: 0, Majority size: -1, State: 0, Mode: NON_LEADER, active raft config: opid_index: -1 OBSOLETE_local: false peers { permanent_uuid: "a203e26683b5494ea77951f91d317738" member_type: VOTER last_known_addr { host: "127.25.243.193" port: 42719 } } peers { permanent_uuid: "e887f61df2d74861b2103ace66b73be9" member_type: VOTER last_known_addr { host: "127.25.243.194" port: 41845 } } peers { permanent_uuid: "1686661c432d45c290a980335096235b" member_type: VOTER last_known_addr { host: "127.25.243.195" port: 39213 } }
I20260601 13:35:51.175390 31150 ts_tablet_manager.cc:1434] T c39203102ec64d3e9ac68011042db8b1 P e887f61df2d74861b2103ace66b73be9: Time spent starting tablet: real 0.001s	user 0.000s	sys 0.001s
I20260601 13:35:51.175625 31150 tablet_bootstrap.cc:492] T e68d688d501943b59dcf1f86cf8e5bd6 P e887f61df2d74861b2103ace66b73be9: Bootstrap starting.
I20260601 13:35:51.176111 31153 tablet_bootstrap.cc:654] T fce4a9f446fc48789c52a4d5727e4f62 P 1686661c432d45c290a980335096235b: Neither blocks nor log segments found. Creating new log.
I20260601 13:35:51.176658 31150 tablet_bootstrap.cc:654] T e68d688d501943b59dcf1f86cf8e5bd6 P e887f61df2d74861b2103ace66b73be9: Neither blocks nor log segments found. Creating new log.
I20260601 13:35:51.177439 31148 ts_tablet_manager.cc:1434] T dd2a652d1f874637af945d65feec9ead P a203e26683b5494ea77951f91d317738: Time spent starting tablet: real 0.003s	user 0.001s	sys 0.000s
I20260601 13:35:51.177567 31153 tablet_bootstrap.cc:492] T fce4a9f446fc48789c52a4d5727e4f62 P 1686661c432d45c290a980335096235b: No bootstrap required, opened a new log
I20260601 13:35:51.177686 31153 ts_tablet_manager.cc:1403] T fce4a9f446fc48789c52a4d5727e4f62 P 1686661c432d45c290a980335096235b: Time spent bootstrapping tablet: real 0.003s	user 0.000s	sys 0.002s
I20260601 13:35:51.177697 31148 tablet_bootstrap.cc:492] T c39203102ec64d3e9ac68011042db8b1 P a203e26683b5494ea77951f91d317738: Bootstrap starting.
I20260601 13:35:51.178290 31153 raft_consensus.cc:359] T fce4a9f446fc48789c52a4d5727e4f62 P 1686661c432d45c290a980335096235b [term 0 FOLLOWER]: Replica starting. Triggering 0 pending ops. Active config: opid_index: -1 OBSOLETE_local: false peers { permanent_uuid: "a203e26683b5494ea77951f91d317738" member_type: VOTER last_known_addr { host: "127.25.243.193" port: 42719 } } peers { permanent_uuid: "1686661c432d45c290a980335096235b" member_type: VOTER last_known_addr { host: "127.25.243.195" port: 39213 } } peers { permanent_uuid: "e887f61df2d74861b2103ace66b73be9" member_type: VOTER last_known_addr { host: "127.25.243.194" port: 41845 } }
I20260601 13:35:51.178452 31153 raft_consensus.cc:385] T fce4a9f446fc48789c52a4d5727e4f62 P 1686661c432d45c290a980335096235b [term 0 FOLLOWER]: Consensus starting up: Expiring failure detector timer to make a prompt election more likely
I20260601 13:35:51.178521 31153 raft_consensus.cc:740] T fce4a9f446fc48789c52a4d5727e4f62 P 1686661c432d45c290a980335096235b [term 0 FOLLOWER]: Becoming Follower/Learner. State: Replica: 1686661c432d45c290a980335096235b, State: Initialized, Role: FOLLOWER
I20260601 13:35:51.178617 31150 tablet_bootstrap.cc:492] T e68d688d501943b59dcf1f86cf8e5bd6 P e887f61df2d74861b2103ace66b73be9: No bootstrap required, opened a new log
I20260601 13:35:51.178766 31150 ts_tablet_manager.cc:1403] T e68d688d501943b59dcf1f86cf8e5bd6 P e887f61df2d74861b2103ace66b73be9: Time spent bootstrapping tablet: real 0.003s	user 0.002s	sys 0.000s
I20260601 13:35:51.178951 31148 tablet_bootstrap.cc:654] T c39203102ec64d3e9ac68011042db8b1 P a203e26683b5494ea77951f91d317738: Neither blocks nor log segments found. Creating new log.
I20260601 13:35:51.179273 31150 raft_consensus.cc:359] T e68d688d501943b59dcf1f86cf8e5bd6 P e887f61df2d74861b2103ace66b73be9 [term 0 FOLLOWER]: Replica starting. Triggering 0 pending ops. Active config: opid_index: -1 OBSOLETE_local: false peers { permanent_uuid: "a203e26683b5494ea77951f91d317738" member_type: VOTER last_known_addr { host: "127.25.243.193" port: 42719 } } peers { permanent_uuid: "e887f61df2d74861b2103ace66b73be9" member_type: VOTER last_known_addr { host: "127.25.243.194" port: 41845 } } peers { permanent_uuid: "1686661c432d45c290a980335096235b" member_type: VOTER last_known_addr { host: "127.25.243.195" port: 39213 } }
I20260601 13:35:51.179445 31150 raft_consensus.cc:385] T e68d688d501943b59dcf1f86cf8e5bd6 P e887f61df2d74861b2103ace66b73be9 [term 0 FOLLOWER]: Consensus starting up: Expiring failure detector timer to make a prompt election more likely
I20260601 13:35:51.179540 31150 raft_consensus.cc:740] T e68d688d501943b59dcf1f86cf8e5bd6 P e887f61df2d74861b2103ace66b73be9 [term 0 FOLLOWER]: Becoming Follower/Learner. State: Replica: e887f61df2d74861b2103ace66b73be9, State: Initialized, Role: FOLLOWER
I20260601 13:35:51.179687 31150 consensus_queue.cc:260] T e68d688d501943b59dcf1f86cf8e5bd6 P e887f61df2d74861b2103ace66b73be9 [NON_LEADER]: Queue going to NON_LEADER mode. State: All replicated index: 0, Majority replicated index: 0, Committed index: 0, Last appended: 0.0, Last appended by leader: 0, Current term: 0, Majority size: -1, State: 0, Mode: NON_LEADER, active raft config: opid_index: -1 OBSOLETE_local: false peers { permanent_uuid: "a203e26683b5494ea77951f91d317738" member_type: VOTER last_known_addr { host: "127.25.243.193" port: 42719 } } peers { permanent_uuid: "e887f61df2d74861b2103ace66b73be9" member_type: VOTER last_known_addr { host: "127.25.243.194" port: 41845 } } peers { permanent_uuid: "1686661c432d45c290a980335096235b" member_type: VOTER last_known_addr { host: "127.25.243.195" port: 39213 } }
I20260601 13:35:51.180002 31150 ts_tablet_manager.cc:1434] T e68d688d501943b59dcf1f86cf8e5bd6 P e887f61df2d74861b2103ace66b73be9: Time spent starting tablet: real 0.001s	user 0.001s	sys 0.000s
I20260601 13:35:51.180083 31148 tablet_bootstrap.cc:492] T c39203102ec64d3e9ac68011042db8b1 P a203e26683b5494ea77951f91d317738: No bootstrap required, opened a new log
I20260601 13:35:51.180163 31148 ts_tablet_manager.cc:1403] T c39203102ec64d3e9ac68011042db8b1 P a203e26683b5494ea77951f91d317738: Time spent bootstrapping tablet: real 0.003s	user 0.001s	sys 0.000s
I20260601 13:35:51.180231 31150 tablet_bootstrap.cc:492] T dd2a652d1f874637af945d65feec9ead P e887f61df2d74861b2103ace66b73be9: Bootstrap starting.
I20260601 13:35:51.180610 31148 raft_consensus.cc:359] T c39203102ec64d3e9ac68011042db8b1 P a203e26683b5494ea77951f91d317738 [term 0 FOLLOWER]: Replica starting. Triggering 0 pending ops. Active config: opid_index: -1 OBSOLETE_local: false peers { permanent_uuid: "a203e26683b5494ea77951f91d317738" member_type: VOTER last_known_addr { host: "127.25.243.193" port: 42719 } } peers { permanent_uuid: "e887f61df2d74861b2103ace66b73be9" member_type: VOTER last_known_addr { host: "127.25.243.194" port: 41845 } } peers { permanent_uuid: "1686661c432d45c290a980335096235b" member_type: VOTER last_known_addr { host: "127.25.243.195" port: 39213 } }
I20260601 13:35:51.180708 31148 raft_consensus.cc:385] T c39203102ec64d3e9ac68011042db8b1 P a203e26683b5494ea77951f91d317738 [term 0 FOLLOWER]: Consensus starting up: Expiring failure detector timer to make a prompt election more likely
I20260601 13:35:51.180800 31148 raft_consensus.cc:740] T c39203102ec64d3e9ac68011042db8b1 P a203e26683b5494ea77951f91d317738 [term 0 FOLLOWER]: Becoming Follower/Learner. State: Replica: a203e26683b5494ea77951f91d317738, State: Initialized, Role: FOLLOWER
I20260601 13:35:51.180918 31148 consensus_queue.cc:260] T c39203102ec64d3e9ac68011042db8b1 P a203e26683b5494ea77951f91d317738 [NON_LEADER]: Queue going to NON_LEADER mode. State: All replicated index: 0, Majority replicated index: 0, Committed index: 0, Last appended: 0.0, Last appended by leader: 0, Current term: 0, Majority size: -1, State: 0, Mode: NON_LEADER, active raft config: opid_index: -1 OBSOLETE_local: false peers { permanent_uuid: "a203e26683b5494ea77951f91d317738" member_type: VOTER last_known_addr { host: "127.25.243.193" port: 42719 } } peers { permanent_uuid: "e887f61df2d74861b2103ace66b73be9" member_type: VOTER last_known_addr { host: "127.25.243.194" port: 41845 } } peers { permanent_uuid: "1686661c432d45c290a980335096235b" member_type: VOTER last_known_addr { host: "127.25.243.195" port: 39213 } }
I20260601 13:35:51.181244 31148 ts_tablet_manager.cc:1434] T c39203102ec64d3e9ac68011042db8b1 P a203e26683b5494ea77951f91d317738: Time spent starting tablet: real 0.001s	user 0.001s	sys 0.000s
I20260601 13:35:51.181386 31150 tablet_bootstrap.cc:654] T dd2a652d1f874637af945d65feec9ead P e887f61df2d74861b2103ace66b73be9: Neither blocks nor log segments found. Creating new log.
I20260601 13:35:51.178687 31153 consensus_queue.cc:260] T fce4a9f446fc48789c52a4d5727e4f62 P 1686661c432d45c290a980335096235b [NON_LEADER]: Queue going to NON_LEADER mode. State: All replicated index: 0, Majority replicated index: 0, Committed index: 0, Last appended: 0.0, Last appended by leader: 0, Current term: 0, Majority size: -1, State: 0, Mode: NON_LEADER, active raft config: opid_index: -1 OBSOLETE_local: false peers { permanent_uuid: "a203e26683b5494ea77951f91d317738" member_type: VOTER last_known_addr { host: "127.25.243.193" port: 42719 } } peers { permanent_uuid: "1686661c432d45c290a980335096235b" member_type: VOTER last_known_addr { host: "127.25.243.195" port: 39213 } } peers { permanent_uuid: "e887f61df2d74861b2103ace66b73be9" member_type: VOTER last_known_addr { host: "127.25.243.194" port: 41845 } }
I20260601 13:35:51.182312 31153 ts_tablet_manager.cc:1434] T fce4a9f446fc48789c52a4d5727e4f62 P 1686661c432d45c290a980335096235b: Time spent starting tablet: real 0.004s	user 0.000s	sys 0.001s
I20260601 13:35:51.182495 31153 tablet_bootstrap.cc:492] T 9d92e1c0ccef4386ba6af91a56c0bf81 P 1686661c432d45c290a980335096235b: Bootstrap starting.
I20260601 13:35:51.182798 31150 tablet_bootstrap.cc:492] T dd2a652d1f874637af945d65feec9ead P e887f61df2d74861b2103ace66b73be9: No bootstrap required, opened a new log
I20260601 13:35:51.182936 31150 ts_tablet_manager.cc:1403] T dd2a652d1f874637af945d65feec9ead P e887f61df2d74861b2103ace66b73be9: Time spent bootstrapping tablet: real 0.003s	user 0.002s	sys 0.000s
I20260601 13:35:51.183452 31150 raft_consensus.cc:359] T dd2a652d1f874637af945d65feec9ead P e887f61df2d74861b2103ace66b73be9 [term 0 FOLLOWER]: Replica starting. Triggering 0 pending ops. Active config: opid_index: -1 OBSOLETE_local: false peers { permanent_uuid: "a203e26683b5494ea77951f91d317738" member_type: VOTER last_known_addr { host: "127.25.243.193" port: 42719 } } peers { permanent_uuid: "e887f61df2d74861b2103ace66b73be9" member_type: VOTER last_known_addr { host: "127.25.243.194" port: 41845 } } peers { permanent_uuid: "1686661c432d45c290a980335096235b" member_type: VOTER last_known_addr { host: "127.25.243.195" port: 39213 } }
I20260601 13:35:51.183643 31153 tablet_bootstrap.cc:654] T 9d92e1c0ccef4386ba6af91a56c0bf81 P 1686661c432d45c290a980335096235b: Neither blocks nor log segments found. Creating new log.
I20260601 13:35:51.183662 31150 raft_consensus.cc:385] T dd2a652d1f874637af945d65feec9ead P e887f61df2d74861b2103ace66b73be9 [term 0 FOLLOWER]: Consensus starting up: Expiring failure detector timer to make a prompt election more likely
I20260601 13:35:51.183822 31150 raft_consensus.cc:740] T dd2a652d1f874637af945d65feec9ead P e887f61df2d74861b2103ace66b73be9 [term 0 FOLLOWER]: Becoming Follower/Learner. State: Replica: e887f61df2d74861b2103ace66b73be9, State: Initialized, Role: FOLLOWER
I20260601 13:35:51.183997 31150 consensus_queue.cc:260] T dd2a652d1f874637af945d65feec9ead P e887f61df2d74861b2103ace66b73be9 [NON_LEADER]: Queue going to NON_LEADER mode. State: All replicated index: 0, Majority replicated index: 0, Committed index: 0, Last appended: 0.0, Last appended by leader: 0, Current term: 0, Majority size: -1, State: 0, Mode: NON_LEADER, active raft config: opid_index: -1 OBSOLETE_local: false peers { permanent_uuid: "a203e26683b5494ea77951f91d317738" member_type: VOTER last_known_addr { host: "127.25.243.193" port: 42719 } } peers { permanent_uuid: "e887f61df2d74861b2103ace66b73be9" member_type: VOTER last_known_addr { host: "127.25.243.194" port: 41845 } } peers { permanent_uuid: "1686661c432d45c290a980335096235b" member_type: VOTER last_known_addr { host: "127.25.243.195" port: 39213 } }
I20260601 13:35:51.184347 31150 ts_tablet_manager.cc:1434] T dd2a652d1f874637af945d65feec9ead P e887f61df2d74861b2103ace66b73be9: Time spent starting tablet: real 0.001s	user 0.000s	sys 0.001s
I20260601 13:35:51.184547 31150 tablet_bootstrap.cc:492] T cf2a2516d56b481bac4875628350d96e P e887f61df2d74861b2103ace66b73be9: Bootstrap starting.
I20260601 13:35:51.185508 31153 tablet_bootstrap.cc:492] T 9d92e1c0ccef4386ba6af91a56c0bf81 P 1686661c432d45c290a980335096235b: No bootstrap required, opened a new log
I20260601 13:35:51.185580 31150 tablet_bootstrap.cc:654] T cf2a2516d56b481bac4875628350d96e P e887f61df2d74861b2103ace66b73be9: Neither blocks nor log segments found. Creating new log.
I20260601 13:35:51.185618 31153 ts_tablet_manager.cc:1403] T 9d92e1c0ccef4386ba6af91a56c0bf81 P 1686661c432d45c290a980335096235b: Time spent bootstrapping tablet: real 0.003s	user 0.000s	sys 0.002s
I20260601 13:35:51.186106 31153 raft_consensus.cc:359] T 9d92e1c0ccef4386ba6af91a56c0bf81 P 1686661c432d45c290a980335096235b [term 0 FOLLOWER]: Replica starting. Triggering 0 pending ops. Active config: opid_index: -1 OBSOLETE_local: false peers { permanent_uuid: "a203e26683b5494ea77951f91d317738" member_type: VOTER last_known_addr { host: "127.25.243.193" port: 42719 } } peers { permanent_uuid: "e887f61df2d74861b2103ace66b73be9" member_type: VOTER last_known_addr { host: "127.25.243.194" port: 41845 } } peers { permanent_uuid: "1686661c432d45c290a980335096235b" member_type: VOTER last_known_addr { host: "127.25.243.195" port: 39213 } }
I20260601 13:35:51.186206 31153 raft_consensus.cc:385] T 9d92e1c0ccef4386ba6af91a56c0bf81 P 1686661c432d45c290a980335096235b [term 0 FOLLOWER]: Consensus starting up: Expiring failure detector timer to make a prompt election more likely
I20260601 13:35:51.186242 31153 raft_consensus.cc:740] T 9d92e1c0ccef4386ba6af91a56c0bf81 P 1686661c432d45c290a980335096235b [term 0 FOLLOWER]: Becoming Follower/Learner. State: Replica: 1686661c432d45c290a980335096235b, State: Initialized, Role: FOLLOWER
I20260601 13:35:51.186370 31153 consensus_queue.cc:260] T 9d92e1c0ccef4386ba6af91a56c0bf81 P 1686661c432d45c290a980335096235b [NON_LEADER]: Queue going to NON_LEADER mode. State: All replicated index: 0, Majority replicated index: 0, Committed index: 0, Last appended: 0.0, Last appended by leader: 0, Current term: 0, Majority size: -1, State: 0, Mode: NON_LEADER, active raft config: opid_index: -1 OBSOLETE_local: false peers { permanent_uuid: "a203e26683b5494ea77951f91d317738" member_type: VOTER last_known_addr { host: "127.25.243.193" port: 42719 } } peers { permanent_uuid: "e887f61df2d74861b2103ace66b73be9" member_type: VOTER last_known_addr { host: "127.25.243.194" port: 41845 } } peers { permanent_uuid: "1686661c432d45c290a980335096235b" member_type: VOTER last_known_addr { host: "127.25.243.195" port: 39213 } }
I20260601 13:35:51.186636 31153 ts_tablet_manager.cc:1434] T 9d92e1c0ccef4386ba6af91a56c0bf81 P 1686661c432d45c290a980335096235b: Time spent starting tablet: real 0.001s	user 0.000s	sys 0.000s
I20260601 13:35:51.186765 31150 tablet_bootstrap.cc:492] T cf2a2516d56b481bac4875628350d96e P e887f61df2d74861b2103ace66b73be9: No bootstrap required, opened a new log
I20260601 13:35:51.186846 31150 ts_tablet_manager.cc:1403] T cf2a2516d56b481bac4875628350d96e P e887f61df2d74861b2103ace66b73be9: Time spent bootstrapping tablet: real 0.002s	user 0.000s	sys 0.002s
I20260601 13:35:51.187165 31153 tablet_bootstrap.cc:492] T 6509aac09ec64296a7897ddb2700973a P 1686661c432d45c290a980335096235b: Bootstrap starting.
I20260601 13:35:51.187314 31150 raft_consensus.cc:359] T cf2a2516d56b481bac4875628350d96e P e887f61df2d74861b2103ace66b73be9 [term 0 FOLLOWER]: Replica starting. Triggering 0 pending ops. Active config: opid_index: -1 OBSOLETE_local: false peers { permanent_uuid: "a203e26683b5494ea77951f91d317738" member_type: VOTER last_known_addr { host: "127.25.243.193" port: 42719 } } peers { permanent_uuid: "e887f61df2d74861b2103ace66b73be9" member_type: VOTER last_known_addr { host: "127.25.243.194" port: 41845 } } peers { permanent_uuid: "1686661c432d45c290a980335096235b" member_type: VOTER last_known_addr { host: "127.25.243.195" port: 39213 } }
I20260601 13:35:51.187413 31150 raft_consensus.cc:385] T cf2a2516d56b481bac4875628350d96e P e887f61df2d74861b2103ace66b73be9 [term 0 FOLLOWER]: Consensus starting up: Expiring failure detector timer to make a prompt election more likely
I20260601 13:35:51.187451 31150 raft_consensus.cc:740] T cf2a2516d56b481bac4875628350d96e P e887f61df2d74861b2103ace66b73be9 [term 0 FOLLOWER]: Becoming Follower/Learner. State: Replica: e887f61df2d74861b2103ace66b73be9, State: Initialized, Role: FOLLOWER
I20260601 13:35:51.187588 31150 consensus_queue.cc:260] T cf2a2516d56b481bac4875628350d96e P e887f61df2d74861b2103ace66b73be9 [NON_LEADER]: Queue going to NON_LEADER mode. State: All replicated index: 0, Majority replicated index: 0, Committed index: 0, Last appended: 0.0, Last appended by leader: 0, Current term: 0, Majority size: -1, State: 0, Mode: NON_LEADER, active raft config: opid_index: -1 OBSOLETE_local: false peers { permanent_uuid: "a203e26683b5494ea77951f91d317738" member_type: VOTER last_known_addr { host: "127.25.243.193" port: 42719 } } peers { permanent_uuid: "e887f61df2d74861b2103ace66b73be9" member_type: VOTER last_known_addr { host: "127.25.243.194" port: 41845 } } peers { permanent_uuid: "1686661c432d45c290a980335096235b" member_type: VOTER last_known_addr { host: "127.25.243.195" port: 39213 } }
I20260601 13:35:51.187925 31150 ts_tablet_manager.cc:1434] T cf2a2516d56b481bac4875628350d96e P e887f61df2d74861b2103ace66b73be9: Time spent starting tablet: real 0.001s	user 0.000s	sys 0.001s
I20260601 13:35:51.188109 31150 tablet_bootstrap.cc:492] T 4225f7bb82f6436298a71570b2268a7b P e887f61df2d74861b2103ace66b73be9: Bootstrap starting.
I20260601 13:35:51.188337 31153 tablet_bootstrap.cc:654] T 6509aac09ec64296a7897ddb2700973a P 1686661c432d45c290a980335096235b: Neither blocks nor log segments found. Creating new log.
I20260601 13:35:51.189185 31150 tablet_bootstrap.cc:654] T 4225f7bb82f6436298a71570b2268a7b P e887f61df2d74861b2103ace66b73be9: Neither blocks nor log segments found. Creating new log.
I20260601 13:35:51.190497 31150 tablet_bootstrap.cc:492] T 4225f7bb82f6436298a71570b2268a7b P e887f61df2d74861b2103ace66b73be9: No bootstrap required, opened a new log
I20260601 13:35:51.190590 31150 ts_tablet_manager.cc:1403] T 4225f7bb82f6436298a71570b2268a7b P e887f61df2d74861b2103ace66b73be9: Time spent bootstrapping tablet: real 0.003s	user 0.000s	sys 0.002s
I20260601 13:35:51.190686 31153 tablet_bootstrap.cc:492] T 6509aac09ec64296a7897ddb2700973a P 1686661c432d45c290a980335096235b: No bootstrap required, opened a new log
I20260601 13:35:51.190779 31153 ts_tablet_manager.cc:1403] T 6509aac09ec64296a7897ddb2700973a P 1686661c432d45c290a980335096235b: Time spent bootstrapping tablet: real 0.004s	user 0.000s	sys 0.002s
I20260601 13:35:51.190960 31159 raft_consensus.cc:493] T 4225f7bb82f6436298a71570b2268a7b P 1686661c432d45c290a980335096235b [term 0 FOLLOWER]: Starting pre-election (no leader contacted us within the election timeout)
I20260601 13:35:51.191048 31159 raft_consensus.cc:515] T 4225f7bb82f6436298a71570b2268a7b P 1686661c432d45c290a980335096235b [term 0 FOLLOWER]: Starting pre-election with config: opid_index: -1 OBSOLETE_local: false peers { permanent_uuid: "a203e26683b5494ea77951f91d317738" member_type: VOTER last_known_addr { host: "127.25.243.193" port: 42719 } } peers { permanent_uuid: "e887f61df2d74861b2103ace66b73be9" member_type: VOTER last_known_addr { host: "127.25.243.194" port: 41845 } } peers { permanent_uuid: "1686661c432d45c290a980335096235b" member_type: VOTER last_known_addr { host: "127.25.243.195" port: 39213 } }
I20260601 13:35:51.191102 31150 raft_consensus.cc:359] T 4225f7bb82f6436298a71570b2268a7b P e887f61df2d74861b2103ace66b73be9 [term 0 FOLLOWER]: Replica starting. Triggering 0 pending ops. Active config: opid_index: -1 OBSOLETE_local: false peers { permanent_uuid: "a203e26683b5494ea77951f91d317738" member_type: VOTER last_known_addr { host: "127.25.243.193" port: 42719 } } peers { permanent_uuid: "e887f61df2d74861b2103ace66b73be9" member_type: VOTER last_known_addr { host: "127.25.243.194" port: 41845 } } peers { permanent_uuid: "1686661c432d45c290a980335096235b" member_type: VOTER last_known_addr { host: "127.25.243.195" port: 39213 } }
I20260601 13:35:51.191179 31150 raft_consensus.cc:385] T 4225f7bb82f6436298a71570b2268a7b P e887f61df2d74861b2103ace66b73be9 [term 0 FOLLOWER]: Consensus starting up: Expiring failure detector timer to make a prompt election more likely
I20260601 13:35:51.191219 31150 raft_consensus.cc:740] T 4225f7bb82f6436298a71570b2268a7b P e887f61df2d74861b2103ace66b73be9 [term 0 FOLLOWER]: Becoming Follower/Learner. State: Replica: e887f61df2d74861b2103ace66b73be9, State: Initialized, Role: FOLLOWER
I20260601 13:35:51.191332 31150 consensus_queue.cc:260] T 4225f7bb82f6436298a71570b2268a7b P e887f61df2d74861b2103ace66b73be9 [NON_LEADER]: Queue going to NON_LEADER mode. State: All replicated index: 0, Majority replicated index: 0, Committed index: 0, Last appended: 0.0, Last appended by leader: 0, Current term: 0, Majority size: -1, State: 0, Mode: NON_LEADER, active raft config: opid_index: -1 OBSOLETE_local: false peers { permanent_uuid: "a203e26683b5494ea77951f91d317738" member_type: VOTER last_known_addr { host: "127.25.243.193" port: 42719 } } peers { permanent_uuid: "e887f61df2d74861b2103ace66b73be9" member_type: VOTER last_known_addr { host: "127.25.243.194" port: 41845 } } peers { permanent_uuid: "1686661c432d45c290a980335096235b" member_type: VOTER last_known_addr { host: "127.25.243.195" port: 39213 } }
I20260601 13:35:51.191360 31153 raft_consensus.cc:359] T 6509aac09ec64296a7897ddb2700973a P 1686661c432d45c290a980335096235b [term 0 FOLLOWER]: Replica starting. Triggering 0 pending ops. Active config: opid_index: -1 OBSOLETE_local: false peers { permanent_uuid: "a203e26683b5494ea77951f91d317738" member_type: VOTER last_known_addr { host: "127.25.243.193" port: 42719 } } peers { permanent_uuid: "e887f61df2d74861b2103ace66b73be9" member_type: VOTER last_known_addr { host: "127.25.243.194" port: 41845 } } peers { permanent_uuid: "1686661c432d45c290a980335096235b" member_type: VOTER last_known_addr { host: "127.25.243.195" port: 39213 } }
I20260601 13:35:51.191535 31153 raft_consensus.cc:385] T 6509aac09ec64296a7897ddb2700973a P 1686661c432d45c290a980335096235b [term 0 FOLLOWER]: Consensus starting up: Expiring failure detector timer to make a prompt election more likely
I20260601 13:35:51.191589 31153 raft_consensus.cc:740] T 6509aac09ec64296a7897ddb2700973a P 1686661c432d45c290a980335096235b [term 0 FOLLOWER]: Becoming Follower/Learner. State: Replica: 1686661c432d45c290a980335096235b, State: Initialized, Role: FOLLOWER
I20260601 13:35:51.191624 31150 ts_tablet_manager.cc:1434] T 4225f7bb82f6436298a71570b2268a7b P e887f61df2d74861b2103ace66b73be9: Time spent starting tablet: real 0.001s	user 0.001s	sys 0.000s
I20260601 13:35:51.191645 31159 leader_election.cc:290] T 4225f7bb82f6436298a71570b2268a7b P 1686661c432d45c290a980335096235b [CANDIDATE]: Term 1 pre-election: Requested pre-vote from peers a203e26683b5494ea77951f91d317738 (127.25.243.193:42719), e887f61df2d74861b2103ace66b73be9 (127.25.243.194:41845)
I20260601 13:35:51.191735 31153 consensus_queue.cc:260] T 6509aac09ec64296a7897ddb2700973a P 1686661c432d45c290a980335096235b [NON_LEADER]: Queue going to NON_LEADER mode. State: All replicated index: 0, Majority replicated index: 0, Committed index: 0, Last appended: 0.0, Last appended by leader: 0, Current term: 0, Majority size: -1, State: 0, Mode: NON_LEADER, active raft config: opid_index: -1 OBSOLETE_local: false peers { permanent_uuid: "a203e26683b5494ea77951f91d317738" member_type: VOTER last_known_addr { host: "127.25.243.193" port: 42719 } } peers { permanent_uuid: "e887f61df2d74861b2103ace66b73be9" member_type: VOTER last_known_addr { host: "127.25.243.194" port: 41845 } } peers { permanent_uuid: "1686661c432d45c290a980335096235b" member_type: VOTER last_known_addr { host: "127.25.243.195" port: 39213 } }
I20260601 13:35:51.191803 31150 tablet_bootstrap.cc:492] T 6509aac09ec64296a7897ddb2700973a P e887f61df2d74861b2103ace66b73be9: Bootstrap starting.
I20260601 13:35:51.192080 31153 ts_tablet_manager.cc:1434] T 6509aac09ec64296a7897ddb2700973a P 1686661c432d45c290a980335096235b: Time spent starting tablet: real 0.001s	user 0.000s	sys 0.001s
I20260601 13:35:51.192282 31153 tablet_bootstrap.cc:492] T fd8d0a0575394f51ab9bc0163b3b3c35 P 1686661c432d45c290a980335096235b: Bootstrap starting.
I20260601 13:35:51.192811 31150 tablet_bootstrap.cc:654] T 6509aac09ec64296a7897ddb2700973a P e887f61df2d74861b2103ace66b73be9: Neither blocks nor log segments found. Creating new log.
I20260601 13:35:51.193413 31153 tablet_bootstrap.cc:654] T fd8d0a0575394f51ab9bc0163b3b3c35 P 1686661c432d45c290a980335096235b: Neither blocks nor log segments found. Creating new log.
I20260601 13:35:51.194602 31153 tablet_bootstrap.cc:492] T fd8d0a0575394f51ab9bc0163b3b3c35 P 1686661c432d45c290a980335096235b: No bootstrap required, opened a new log
I20260601 13:35:51.194634 31150 tablet_bootstrap.cc:492] T 6509aac09ec64296a7897ddb2700973a P e887f61df2d74861b2103ace66b73be9: No bootstrap required, opened a new log
I20260601 13:35:51.194692 31153 ts_tablet_manager.cc:1403] T fd8d0a0575394f51ab9bc0163b3b3c35 P 1686661c432d45c290a980335096235b: Time spent bootstrapping tablet: real 0.002s	user 0.000s	sys 0.002s
I20260601 13:35:51.194691 31150 ts_tablet_manager.cc:1403] T 6509aac09ec64296a7897ddb2700973a P e887f61df2d74861b2103ace66b73be9: Time spent bootstrapping tablet: real 0.003s	user 0.002s	sys 0.000s
I20260601 13:35:51.195204 31153 raft_consensus.cc:359] T fd8d0a0575394f51ab9bc0163b3b3c35 P 1686661c432d45c290a980335096235b [term 0 FOLLOWER]: Replica starting. Triggering 0 pending ops. Active config: opid_index: -1 OBSOLETE_local: false peers { permanent_uuid: "a203e26683b5494ea77951f91d317738" member_type: VOTER last_known_addr { host: "127.25.243.193" port: 42719 } } peers { permanent_uuid: "e887f61df2d74861b2103ace66b73be9" member_type: VOTER last_known_addr { host: "127.25.243.194" port: 41845 } } peers { permanent_uuid: "1686661c432d45c290a980335096235b" member_type: VOTER last_known_addr { host: "127.25.243.195" port: 39213 } }
I20260601 13:35:51.195204 31150 raft_consensus.cc:359] T 6509aac09ec64296a7897ddb2700973a P e887f61df2d74861b2103ace66b73be9 [term 0 FOLLOWER]: Replica starting. Triggering 0 pending ops. Active config: opid_index: -1 OBSOLETE_local: false peers { permanent_uuid: "a203e26683b5494ea77951f91d317738" member_type: VOTER last_known_addr { host: "127.25.243.193" port: 42719 } } peers { permanent_uuid: "e887f61df2d74861b2103ace66b73be9" member_type: VOTER last_known_addr { host: "127.25.243.194" port: 41845 } } peers { permanent_uuid: "1686661c432d45c290a980335096235b" member_type: VOTER last_known_addr { host: "127.25.243.195" port: 39213 } }
I20260601 13:35:51.195341 31153 raft_consensus.cc:385] T fd8d0a0575394f51ab9bc0163b3b3c35 P 1686661c432d45c290a980335096235b [term 0 FOLLOWER]: Consensus starting up: Expiring failure detector timer to make a prompt election more likely
I20260601 13:35:51.195349 31150 raft_consensus.cc:385] T 6509aac09ec64296a7897ddb2700973a P e887f61df2d74861b2103ace66b73be9 [term 0 FOLLOWER]: Consensus starting up: Expiring failure detector timer to make a prompt election more likely
I20260601 13:35:51.195389 31153 raft_consensus.cc:740] T fd8d0a0575394f51ab9bc0163b3b3c35 P 1686661c432d45c290a980335096235b [term 0 FOLLOWER]: Becoming Follower/Learner. State: Replica: 1686661c432d45c290a980335096235b, State: Initialized, Role: FOLLOWER
I20260601 13:35:51.195422 31150 raft_consensus.cc:740] T 6509aac09ec64296a7897ddb2700973a P e887f61df2d74861b2103ace66b73be9 [term 0 FOLLOWER]: Becoming Follower/Learner. State: Replica: e887f61df2d74861b2103ace66b73be9, State: Initialized, Role: FOLLOWER
I20260601 13:35:51.195585 31150 consensus_queue.cc:260] T 6509aac09ec64296a7897ddb2700973a P e887f61df2d74861b2103ace66b73be9 [NON_LEADER]: Queue going to NON_LEADER mode. State: All replicated index: 0, Majority replicated index: 0, Committed index: 0, Last appended: 0.0, Last appended by leader: 0, Current term: 0, Majority size: -1, State: 0, Mode: NON_LEADER, active raft config: opid_index: -1 OBSOLETE_local: false peers { permanent_uuid: "a203e26683b5494ea77951f91d317738" member_type: VOTER last_known_addr { host: "127.25.243.193" port: 42719 } } peers { permanent_uuid: "e887f61df2d74861b2103ace66b73be9" member_type: VOTER last_known_addr { host: "127.25.243.194" port: 41845 } } peers { permanent_uuid: "1686661c432d45c290a980335096235b" member_type: VOTER last_known_addr { host: "127.25.243.195" port: 39213 } }
I20260601 13:35:51.195567 31153 consensus_queue.cc:260] T fd8d0a0575394f51ab9bc0163b3b3c35 P 1686661c432d45c290a980335096235b [NON_LEADER]: Queue going to NON_LEADER mode. State: All replicated index: 0, Majority replicated index: 0, Committed index: 0, Last appended: 0.0, Last appended by leader: 0, Current term: 0, Majority size: -1, State: 0, Mode: NON_LEADER, active raft config: opid_index: -1 OBSOLETE_local: false peers { permanent_uuid: "a203e26683b5494ea77951f91d317738" member_type: VOTER last_known_addr { host: "127.25.243.193" port: 42719 } } peers { permanent_uuid: "e887f61df2d74861b2103ace66b73be9" member_type: VOTER last_known_addr { host: "127.25.243.194" port: 41845 } } peers { permanent_uuid: "1686661c432d45c290a980335096235b" member_type: VOTER last_known_addr { host: "127.25.243.195" port: 39213 } }
I20260601 13:35:51.195869 31150 ts_tablet_manager.cc:1434] T 6509aac09ec64296a7897ddb2700973a P e887f61df2d74861b2103ace66b73be9: Time spent starting tablet: real 0.001s	user 0.001s	sys 0.000s
I20260601 13:35:51.195883 31153 ts_tablet_manager.cc:1434] T fd8d0a0575394f51ab9bc0163b3b3c35 P 1686661c432d45c290a980335096235b: Time spent starting tablet: real 0.001s	user 0.001s	sys 0.000s
I20260601 13:35:51.196066 31150 tablet_bootstrap.cc:492] T caa270bc408e439b9d829ce214bed1e9 P e887f61df2d74861b2103ace66b73be9: Bootstrap starting.
I20260601 13:35:51.197073 31150 tablet_bootstrap.cc:654] T caa270bc408e439b9d829ce214bed1e9 P e887f61df2d74861b2103ace66b73be9: Neither blocks nor log segments found. Creating new log.
I20260601 13:35:51.198304 31150 tablet_bootstrap.cc:492] T caa270bc408e439b9d829ce214bed1e9 P e887f61df2d74861b2103ace66b73be9: No bootstrap required, opened a new log
I20260601 13:35:51.198397 31150 ts_tablet_manager.cc:1403] T caa270bc408e439b9d829ce214bed1e9 P e887f61df2d74861b2103ace66b73be9: Time spent bootstrapping tablet: real 0.002s	user 0.002s	sys 0.000s
I20260601 13:35:51.198359 30951 tablet_service.cc:1917] Received RequestConsensusVote() RPC: tablet_id: "4225f7bb82f6436298a71570b2268a7b" candidate_uuid: "1686661c432d45c290a980335096235b" candidate_term: 1 candidate_status { last_received { term: 0 index: 0 } } ignore_live_leader: false dest_uuid: "a203e26683b5494ea77951f91d317738" is_pre_election: true
I20260601 13:35:51.198508 30951 raft_consensus.cc:2468] T 4225f7bb82f6436298a71570b2268a7b P a203e26683b5494ea77951f91d317738 [term 0 FOLLOWER]: Leader pre-election vote request: Granting yes vote for candidate 1686661c432d45c290a980335096235b in term 0.
I20260601 13:35:51.198848 31150 raft_consensus.cc:359] T caa270bc408e439b9d829ce214bed1e9 P e887f61df2d74861b2103ace66b73be9 [term 0 FOLLOWER]: Replica starting. Triggering 0 pending ops. Active config: opid_index: -1 OBSOLETE_local: false peers { permanent_uuid: "a203e26683b5494ea77951f91d317738" member_type: VOTER last_known_addr { host: "127.25.243.193" port: 42719 } } peers { permanent_uuid: "e887f61df2d74861b2103ace66b73be9" member_type: VOTER last_known_addr { host: "127.25.243.194" port: 41845 } } peers { permanent_uuid: "1686661c432d45c290a980335096235b" member_type: VOTER last_known_addr { host: "127.25.243.195" port: 39213 } }
I20260601 13:35:51.198922 31150 raft_consensus.cc:385] T caa270bc408e439b9d829ce214bed1e9 P e887f61df2d74861b2103ace66b73be9 [term 0 FOLLOWER]: Consensus starting up: Expiring failure detector timer to make a prompt election more likely
I20260601 13:35:51.198976 31150 raft_consensus.cc:740] T caa270bc408e439b9d829ce214bed1e9 P e887f61df2d74861b2103ace66b73be9 [term 0 FOLLOWER]: Becoming Follower/Learner. State: Replica: e887f61df2d74861b2103ace66b73be9, State: Initialized, Role: FOLLOWER
I20260601 13:35:51.199106 31150 consensus_queue.cc:260] T caa270bc408e439b9d829ce214bed1e9 P e887f61df2d74861b2103ace66b73be9 [NON_LEADER]: Queue going to NON_LEADER mode. State: All replicated index: 0, Majority replicated index: 0, Committed index: 0, Last appended: 0.0, Last appended by leader: 0, Current term: 0, Majority size: -1, State: 0, Mode: NON_LEADER, active raft config: opid_index: -1 OBSOLETE_local: false peers { permanent_uuid: "a203e26683b5494ea77951f91d317738" member_type: VOTER last_known_addr { host: "127.25.243.193" port: 42719 } } peers { permanent_uuid: "e887f61df2d74861b2103ace66b73be9" member_type: VOTER last_known_addr { host: "127.25.243.194" port: 41845 } } peers { permanent_uuid: "1686661c432d45c290a980335096235b" member_type: VOTER last_known_addr { host: "127.25.243.195" port: 39213 } }
I20260601 13:35:51.199131 31068 leader_election.cc:304] T 4225f7bb82f6436298a71570b2268a7b P 1686661c432d45c290a980335096235b [CANDIDATE]: Term 1 pre-election: Election decided. Result: candidate won. Election summary: received 2 responses out of 3 voters: 2 yes votes; 0 no votes. yes voters: 1686661c432d45c290a980335096235b, a203e26683b5494ea77951f91d317738; no voters: 
I20260601 13:35:51.199309 31159 raft_consensus.cc:2804] T 4225f7bb82f6436298a71570b2268a7b P 1686661c432d45c290a980335096235b [term 0 FOLLOWER]: Leader pre-election won for term 1
I20260601 13:35:51.199369 31159 raft_consensus.cc:493] T 4225f7bb82f6436298a71570b2268a7b P 1686661c432d45c290a980335096235b [term 0 FOLLOWER]: Starting leader election (no leader contacted us within the election timeout)
I20260601 13:35:51.199411 31159 raft_consensus.cc:3060] T 4225f7bb82f6436298a71570b2268a7b P 1686661c432d45c290a980335096235b [term 0 FOLLOWER]: Advancing to term 1
I20260601 13:35:51.199452 31150 ts_tablet_manager.cc:1434] T caa270bc408e439b9d829ce214bed1e9 P e887f61df2d74861b2103ace66b73be9: Time spent starting tablet: real 0.001s	user 0.001s	sys 0.000s
I20260601 13:35:51.200632 31159 raft_consensus.cc:515] T 4225f7bb82f6436298a71570b2268a7b P 1686661c432d45c290a980335096235b [term 1 FOLLOWER]: Starting leader election with config: opid_index: -1 OBSOLETE_local: false peers { permanent_uuid: "a203e26683b5494ea77951f91d317738" member_type: VOTER last_known_addr { host: "127.25.243.193" port: 42719 } } peers { permanent_uuid: "e887f61df2d74861b2103ace66b73be9" member_type: VOTER last_known_addr { host: "127.25.243.194" port: 41845 } } peers { permanent_uuid: "1686661c432d45c290a980335096235b" member_type: VOTER last_known_addr { host: "127.25.243.195" port: 39213 } }
I20260601 13:35:51.201042 31159 leader_election.cc:290] T 4225f7bb82f6436298a71570b2268a7b P 1686661c432d45c290a980335096235b [CANDIDATE]: Term 1 election: Requested vote from peers a203e26683b5494ea77951f91d317738 (127.25.243.193:42719), e887f61df2d74861b2103ace66b73be9 (127.25.243.194:41845)
I20260601 13:35:51.201305 30951 tablet_service.cc:1917] Received RequestConsensusVote() RPC: tablet_id: "4225f7bb82f6436298a71570b2268a7b" candidate_uuid: "1686661c432d45c290a980335096235b" candidate_term: 1 candidate_status { last_received { term: 0 index: 0 } } ignore_live_leader: false dest_uuid: "a203e26683b5494ea77951f91d317738"
I20260601 13:35:51.201429 30951 raft_consensus.cc:3060] T 4225f7bb82f6436298a71570b2268a7b P a203e26683b5494ea77951f91d317738 [term 0 FOLLOWER]: Advancing to term 1
I20260601 13:35:51.202279 30951 raft_consensus.cc:2468] T 4225f7bb82f6436298a71570b2268a7b P a203e26683b5494ea77951f91d317738 [term 1 FOLLOWER]: Leader election vote request: Granting yes vote for candidate 1686661c432d45c290a980335096235b in term 1.
I20260601 13:35:51.202564 31068 leader_election.cc:304] T 4225f7bb82f6436298a71570b2268a7b P 1686661c432d45c290a980335096235b [CANDIDATE]: Term 1 election: Election decided. Result: candidate won. Election summary: received 2 responses out of 3 voters: 2 yes votes; 0 no votes. yes voters: 1686661c432d45c290a980335096235b, a203e26683b5494ea77951f91d317738; no voters: 
I20260601 13:35:51.202733 31159 raft_consensus.cc:2804] T 4225f7bb82f6436298a71570b2268a7b P 1686661c432d45c290a980335096235b [term 1 FOLLOWER]: Leader election won for term 1
I20260601 13:35:51.202944 31159 raft_consensus.cc:697] T 4225f7bb82f6436298a71570b2268a7b P 1686661c432d45c290a980335096235b [term 1 LEADER]: Becoming Leader. State: Replica: 1686661c432d45c290a980335096235b, State: Running, Role: LEADER
I20260601 13:35:51.203110 31159 consensus_queue.cc:237] T 4225f7bb82f6436298a71570b2268a7b P 1686661c432d45c290a980335096235b [LEADER]: Queue going to LEADER mode. State: All replicated index: 0, Majority replicated index: 0, Committed index: 0, Last appended: 0.0, Last appended by leader: 0, Current term: 1, Majority size: 2, State: 0, Mode: LEADER, active raft config: opid_index: -1 OBSOLETE_local: false peers { permanent_uuid: "a203e26683b5494ea77951f91d317738" member_type: VOTER last_known_addr { host: "127.25.243.193" port: 42719 } } peers { permanent_uuid: "e887f61df2d74861b2103ace66b73be9" member_type: VOTER last_known_addr { host: "127.25.243.194" port: 41845 } } peers { permanent_uuid: "1686661c432d45c290a980335096235b" member_type: VOTER last_known_addr { host: "127.25.243.195" port: 39213 } }
I20260601 13:35:51.203214 31027 tablet_service.cc:1917] Received RequestConsensusVote() RPC: tablet_id: "4225f7bb82f6436298a71570b2268a7b" candidate_uuid: "1686661c432d45c290a980335096235b" candidate_term: 1 candidate_status { last_received { term: 0 index: 0 } } ignore_live_leader: false dest_uuid: "e887f61df2d74861b2103ace66b73be9" is_pre_election: true
I20260601 13:35:51.203262 31026 tablet_service.cc:1917] Received RequestConsensusVote() RPC: tablet_id: "4225f7bb82f6436298a71570b2268a7b" candidate_uuid: "1686661c432d45c290a980335096235b" candidate_term: 1 candidate_status { last_received { term: 0 index: 0 } } ignore_live_leader: false dest_uuid: "e887f61df2d74861b2103ace66b73be9"
I20260601 13:35:51.203337 31027 raft_consensus.cc:2468] T 4225f7bb82f6436298a71570b2268a7b P e887f61df2d74861b2103ace66b73be9 [term 0 FOLLOWER]: Leader pre-election vote request: Granting yes vote for candidate 1686661c432d45c290a980335096235b in term 0.
I20260601 13:35:51.204833 30848 catalog_manager.cc:5696] T 4225f7bb82f6436298a71570b2268a7b P 1686661c432d45c290a980335096235b reported cstate change: term changed from 0 to 1, leader changed from <none> to 1686661c432d45c290a980335096235b (127.25.243.195). New cstate: current_term: 1 leader_uuid: "1686661c432d45c290a980335096235b" committed_config { opid_index: -1 OBSOLETE_local: false peers { permanent_uuid: "a203e26683b5494ea77951f91d317738" member_type: VOTER last_known_addr { host: "127.25.243.193" port: 42719 } health_report { overall_health: UNKNOWN } } peers { permanent_uuid: "e887f61df2d74861b2103ace66b73be9" member_type: VOTER last_known_addr { host: "127.25.243.194" port: 41845 } health_report { overall_health: UNKNOWN } } peers { permanent_uuid: "1686661c432d45c290a980335096235b" member_type: VOTER last_known_addr { host: "127.25.243.195" port: 39213 } health_report { overall_health: HEALTHY } } }
W20260601 13:35:51.222090 30978 tablet.cc:2404] T 1a28ac6a1894461bab7d801a57d186b0 P a203e26683b5494ea77951f91d317738: Can't schedule compaction. Clean time has not been advanced past its initial value.
I20260601 13:35:51.223763 31159 raft_consensus.cc:493] T caa270bc408e439b9d829ce214bed1e9 P 1686661c432d45c290a980335096235b [term 0 FOLLOWER]: Starting pre-election (no leader contacted us within the election timeout)
