I20260601 13:22:36.062259 14648 consensus_queue.cc:1048] T dd1f95c541a843748d65d80678135ea1 P ac67c9bed40045fb95feac63981d19e4 [LEADER]: Connected to new peer: Peer: permanent_uuid: "f4e814cfef054025a7d998bf4ab6bb4b" member_type: VOTER last_known_addr { host: "127.11.49.195" port: 42545 } attrs { replace: true }, Status: LMP_MISMATCH, Last received: 0.0, Next index: 3, Last known committed idx: 2, Time since last communication: 0.000s
I20260601 13:22:36.062448 14809 consensus_queue.cc:1048] T dd1f95c541a843748d65d80678135ea1 P ac67c9bed40045fb95feac63981d19e4 [LEADER]: Connected to new peer: Peer: permanent_uuid: "ace7ff67be1d4f358eef349b48c689ac" member_type: VOTER last_known_addr { host: "127.11.49.196" port: 42629 } attrs { promote: false }, Status: LMP_MISMATCH, Last received: 0.0, Next index: 3, Last known committed idx: 2, Time since last communication: 0.000s
I20260601 13:22:36.063405 14871 consensus_queue.cc:1048] T dd1f95c541a843748d65d80678135ea1 P ac67c9bed40045fb95feac63981d19e4 [LEADER]: Connected to new peer: Peer: permanent_uuid: "a8e5f83f9c38476587d83c125e486ea9" member_type: VOTER last_known_addr { host: "127.11.49.194" port: 38853 }, Status: LMP_MISMATCH, Last received: 0.0, Next index: 3, Last known committed idx: 2, Time since last communication: 0.001s
I20260601 13:22:36.065760 14809 raft_consensus.cc:2955] T dd1f95c541a843748d65d80678135ea1 P ac67c9bed40045fb95feac63981d19e4 [term 1 LEADER]: Committing config change with OpId 1.3: config changed from index 2 to 3, ace7ff67be1d4f358eef349b48c689ac (127.11.49.196) changed from NON_VOTER to VOTER. New config: { opid_index: 3 OBSOLETE_local: false peers { permanent_uuid: "a8e5f83f9c38476587d83c125e486ea9" member_type: VOTER last_known_addr { host: "127.11.49.194" port: 38853 } } peers { permanent_uuid: "ac67c9bed40045fb95feac63981d19e4" member_type: VOTER last_known_addr { host: "127.11.49.193" port: 41853 } } peers { permanent_uuid: "f4e814cfef054025a7d998bf4ab6bb4b" member_type: VOTER last_known_addr { host: "127.11.49.195" port: 42545 } attrs { replace: true } } peers { permanent_uuid: "ace7ff67be1d4f358eef349b48c689ac" member_type: VOTER last_known_addr { host: "127.11.49.196" port: 42629 } attrs { promote: false } } }
I20260601 13:22:36.066404 14728 raft_consensus.cc:2955] T dd1f95c541a843748d65d80678135ea1 P ace7ff67be1d4f358eef349b48c689ac [term 1 FOLLOWER]: Committing config change with OpId 1.3: config changed from index 2 to 3, ace7ff67be1d4f358eef349b48c689ac (127.11.49.196) changed from NON_VOTER to VOTER. New config: { opid_index: 3 OBSOLETE_local: false peers { permanent_uuid: "a8e5f83f9c38476587d83c125e486ea9" member_type: VOTER last_known_addr { host: "127.11.49.194" port: 38853 } } peers { permanent_uuid: "ac67c9bed40045fb95feac63981d19e4" member_type: VOTER last_known_addr { host: "127.11.49.193" port: 41853 } } peers { permanent_uuid: "f4e814cfef054025a7d998bf4ab6bb4b" member_type: VOTER last_known_addr { host: "127.11.49.195" port: 42545 } attrs { replace: true } } peers { permanent_uuid: "ace7ff67be1d4f358eef349b48c689ac" member_type: VOTER last_known_addr { host: "127.11.49.196" port: 42629 } attrs { promote: false } } }
I20260601 13:22:36.067723 14512 raft_consensus.cc:2955] T dd1f95c541a843748d65d80678135ea1 P a8e5f83f9c38476587d83c125e486ea9 [term 1 FOLLOWER]: Committing config change with OpId 1.3: config changed from index 2 to 3, ace7ff67be1d4f358eef349b48c689ac (127.11.49.196) changed from NON_VOTER to VOTER. New config: { opid_index: 3 OBSOLETE_local: false peers { permanent_uuid: "a8e5f83f9c38476587d83c125e486ea9" member_type: VOTER last_known_addr { host: "127.11.49.194" port: 38853 } } peers { permanent_uuid: "ac67c9bed40045fb95feac63981d19e4" member_type: VOTER last_known_addr { host: "127.11.49.193" port: 41853 } } peers { permanent_uuid: "f4e814cfef054025a7d998bf4ab6bb4b" member_type: VOTER last_known_addr { host: "127.11.49.195" port: 42545 } attrs { replace: true } } peers { permanent_uuid: "ace7ff67be1d4f358eef349b48c689ac" member_type: VOTER last_known_addr { host: "127.11.49.196" port: 42629 } attrs { promote: false } } }
I20260601 13:22:36.069239 14333 catalog_manager.cc:5696] T dd1f95c541a843748d65d80678135ea1 P ac67c9bed40045fb95feac63981d19e4 reported cstate change: config changed from index 2 to 3, ace7ff67be1d4f358eef349b48c689ac (127.11.49.196) changed from NON_VOTER to VOTER. New cstate: current_term: 1 leader_uuid: "ac67c9bed40045fb95feac63981d19e4" committed_config { opid_index: 3 OBSOLETE_local: false peers { permanent_uuid: "a8e5f83f9c38476587d83c125e486ea9" member_type: VOTER last_known_addr { host: "127.11.49.194" port: 38853 } health_report { overall_health: HEALTHY } } peers { permanent_uuid: "ac67c9bed40045fb95feac63981d19e4" member_type: VOTER last_known_addr { host: "127.11.49.193" port: 41853 } health_report { overall_health: HEALTHY } } peers { permanent_uuid: "f4e814cfef054025a7d998bf4ab6bb4b" member_type: VOTER last_known_addr { host: "127.11.49.195" port: 42545 } attrs { replace: true } health_report { overall_health: HEALTHY } } peers { permanent_uuid: "ace7ff67be1d4f358eef349b48c689ac" member_type: VOTER last_known_addr { host: "127.11.49.196" port: 42629 } attrs { promote: false } health_report { overall_health: HEALTHY } } }
I20260601 13:22:36.069379 14588 raft_consensus.cc:2955] T dd1f95c541a843748d65d80678135ea1 P f4e814cfef054025a7d998bf4ab6bb4b [term 1 FOLLOWER]: Committing config change with OpId 1.3: config changed from index 2 to 3, ace7ff67be1d4f358eef349b48c689ac (127.11.49.196) changed from NON_VOTER to VOTER. New config: { opid_index: 3 OBSOLETE_local: false peers { permanent_uuid: "a8e5f83f9c38476587d83c125e486ea9" member_type: VOTER last_known_addr { host: "127.11.49.194" port: 38853 } } peers { permanent_uuid: "ac67c9bed40045fb95feac63981d19e4" member_type: VOTER last_known_addr { host: "127.11.49.193" port: 41853 } } peers { permanent_uuid: "f4e814cfef054025a7d998bf4ab6bb4b" member_type: VOTER last_known_addr { host: "127.11.49.195" port: 42545 } attrs { replace: true } } peers { permanent_uuid: "ace7ff67be1d4f358eef349b48c689ac" member_type: VOTER last_known_addr { host: "127.11.49.196" port: 42629 } attrs { promote: false } } }
I20260601 13:22:36.073210 14437 consensus_queue.cc:237] T dd1f95c541a843748d65d80678135ea1 P ac67c9bed40045fb95feac63981d19e4 [LEADER]: Queue going to LEADER mode. State: All replicated index: 0, Majority replicated index: 3, Committed index: 3, Last appended: 1.3, Last appended by leader: 0, Current term: 1, Majority size: 2, State: 0, Mode: LEADER, active raft config: opid_index: 4 OBSOLETE_local: false peers { permanent_uuid: "a8e5f83f9c38476587d83c125e486ea9" member_type: VOTER last_known_addr { host: "127.11.49.194" port: 38853 } } peers { permanent_uuid: "ac67c9bed40045fb95feac63981d19e4" member_type: VOTER last_known_addr { host: "127.11.49.193" port: 41853 } } peers { permanent_uuid: "ace7ff67be1d4f358eef349b48c689ac" member_type: VOTER last_known_addr { host: "127.11.49.196" port: 42629 } attrs { promote: false } }
I20260601 13:22:36.074692 14728 raft_consensus.cc:1275] T dd1f95c541a843748d65d80678135ea1 P ace7ff67be1d4f358eef349b48c689ac [term 1 FOLLOWER]: Refusing update from remote peer ac67c9bed40045fb95feac63981d19e4: Log matching property violated. Preceding OpId in replica: term: 1 index: 3. Preceding OpId from leader: term: 1 index: 4. (index mismatch)
I20260601 13:22:36.074862 14512 raft_consensus.cc:1275] T dd1f95c541a843748d65d80678135ea1 P a8e5f83f9c38476587d83c125e486ea9 [term 1 FOLLOWER]: Refusing update from remote peer ac67c9bed40045fb95feac63981d19e4: Log matching property violated. Preceding OpId in replica: term: 1 index: 3. Preceding OpId from leader: term: 1 index: 4. (index mismatch)
I20260601 13:22:36.075169 14677 consensus_queue.cc:1048] T dd1f95c541a843748d65d80678135ea1 P ac67c9bed40045fb95feac63981d19e4 [LEADER]: Connected to new peer: Peer: permanent_uuid: "ace7ff67be1d4f358eef349b48c689ac" member_type: VOTER last_known_addr { host: "127.11.49.196" port: 42629 } attrs { promote: false }, Status: LMP_MISMATCH, Last received: 0.0, Next index: 4, Last known committed idx: 3, Time since last communication: 0.000s
I20260601 13:22:36.075557 14677 consensus_queue.cc:1048] T dd1f95c541a843748d65d80678135ea1 P ac67c9bed40045fb95feac63981d19e4 [LEADER]: Connected to new peer: Peer: permanent_uuid: "a8e5f83f9c38476587d83c125e486ea9" member_type: VOTER last_known_addr { host: "127.11.49.194" port: 38853 }, Status: LMP_MISMATCH, Last received: 0.0, Next index: 4, Last known committed idx: 3, Time since last communication: 0.000s
I20260601 13:22:36.077312 14677 raft_consensus.cc:2955] T dd1f95c541a843748d65d80678135ea1 P ac67c9bed40045fb95feac63981d19e4 [term 1 LEADER]: Committing config change with OpId 1.4: config changed from index 3 to 4, VOTER f4e814cfef054025a7d998bf4ab6bb4b (127.11.49.195) evicted. New config: { opid_index: 4 OBSOLETE_local: false peers { permanent_uuid: "a8e5f83f9c38476587d83c125e486ea9" member_type: VOTER last_known_addr { host: "127.11.49.194" port: 38853 } } peers { permanent_uuid: "ac67c9bed40045fb95feac63981d19e4" member_type: VOTER last_known_addr { host: "127.11.49.193" port: 41853 } } peers { permanent_uuid: "ace7ff67be1d4f358eef349b48c689ac" member_type: VOTER last_known_addr { host: "127.11.49.196" port: 42629 } attrs { promote: false } } }
I20260601 13:22:36.077900 14512 raft_consensus.cc:2955] T dd1f95c541a843748d65d80678135ea1 P a8e5f83f9c38476587d83c125e486ea9 [term 1 FOLLOWER]: Committing config change with OpId 1.4: config changed from index 3 to 4, VOTER f4e814cfef054025a7d998bf4ab6bb4b (127.11.49.195) evicted. New config: { opid_index: 4 OBSOLETE_local: false peers { permanent_uuid: "a8e5f83f9c38476587d83c125e486ea9" member_type: VOTER last_known_addr { host: "127.11.49.194" port: 38853 } } peers { permanent_uuid: "ac67c9bed40045fb95feac63981d19e4" member_type: VOTER last_known_addr { host: "127.11.49.193" port: 41853 } } peers { permanent_uuid: "ace7ff67be1d4f358eef349b48c689ac" member_type: VOTER last_known_addr { host: "127.11.49.196" port: 42629 } attrs { promote: false } } }
I20260601 13:22:36.079880 14728 raft_consensus.cc:2955] T dd1f95c541a843748d65d80678135ea1 P ace7ff67be1d4f358eef349b48c689ac [term 1 FOLLOWER]: Committing config change with OpId 1.4: config changed from index 3 to 4, VOTER f4e814cfef054025a7d998bf4ab6bb4b (127.11.49.195) evicted. New config: { opid_index: 4 OBSOLETE_local: false peers { permanent_uuid: "a8e5f83f9c38476587d83c125e486ea9" member_type: VOTER last_known_addr { host: "127.11.49.194" port: 38853 } } peers { permanent_uuid: "ac67c9bed40045fb95feac63981d19e4" member_type: VOTER last_known_addr { host: "127.11.49.193" port: 41853 } } peers { permanent_uuid: "ace7ff67be1d4f358eef349b48c689ac" member_type: VOTER last_known_addr { host: "127.11.49.196" port: 42629 } attrs { promote: false } } }
I20260601 13:22:36.080596 14320 catalog_manager.cc:5209] ChangeConfig:REMOVE_PEER RPC for tablet dd1f95c541a843748d65d80678135ea1 with cas_config_opid_index 3: ChangeConfig:REMOVE_PEER succeeded (attempt 1)
I20260601 13:22:36.081123 14334 catalog_manager.cc:5696] T dd1f95c541a843748d65d80678135ea1 P ac67c9bed40045fb95feac63981d19e4 reported cstate change: config changed from index 3 to 4, VOTER f4e814cfef054025a7d998bf4ab6bb4b (127.11.49.195) evicted. New cstate: current_term: 1 leader_uuid: "ac67c9bed40045fb95feac63981d19e4" committed_config { opid_index: 4 OBSOLETE_local: false peers { permanent_uuid: "a8e5f83f9c38476587d83c125e486ea9" member_type: VOTER last_known_addr { host: "127.11.49.194" port: 38853 } health_report { overall_health: HEALTHY } } peers { permanent_uuid: "ac67c9bed40045fb95feac63981d19e4" member_type: VOTER last_known_addr { host: "127.11.49.193" port: 41853 } health_report { overall_health: HEALTHY } } peers { permanent_uuid: "ace7ff67be1d4f358eef349b48c689ac" member_type: VOTER last_known_addr { host: "127.11.49.196" port: 42629 } attrs { promote: false } health_report { overall_health: HEALTHY } } }
I20260601 13:22:36.085290 14572 tablet_service.cc:1558] Processing DeleteTablet for tablet dd1f95c541a843748d65d80678135ea1 with delete_type TABLET_DATA_TOMBSTONED (TS f4e814cfef054025a7d998bf4ab6bb4b not found in new config with opid_index 4) from {username='slave'} at 127.0.0.1:59182
I20260601 13:22:36.085819 14875 tablet_replica.cc:333] T dd1f95c541a843748d65d80678135ea1 P f4e814cfef054025a7d998bf4ab6bb4b: stopping tablet replica
I20260601 13:22:36.086076 14875 raft_consensus.cc:2243] T dd1f95c541a843748d65d80678135ea1 P f4e814cfef054025a7d998bf4ab6bb4b [term 1 FOLLOWER]: Raft consensus shutting down.
I20260601 13:22:36.086340 14875 raft_consensus.cc:2272] T dd1f95c541a843748d65d80678135ea1 P f4e814cfef054025a7d998bf4ab6bb4b [term 1 FOLLOWER]: Raft consensus is shut down!
I20260601 13:22:36.087307 14875 ts_tablet_manager.cc:1916] T dd1f95c541a843748d65d80678135ea1 P f4e814cfef054025a7d998bf4ab6bb4b: Deleting tablet data with delete state TABLET_DATA_TOMBSTONED
I20260601 13:22:36.089906 14875 ts_tablet_manager.cc:1929] T dd1f95c541a843748d65d80678135ea1 P f4e814cfef054025a7d998bf4ab6bb4b: tablet deleted with delete type TABLET_DATA_TOMBSTONED: last-logged OpId 1.3
I20260601 13:22:36.090159 14875 log.cc:1199] T dd1f95c541a843748d65d80678135ea1 P f4e814cfef054025a7d998bf4ab6bb4b: Deleting WAL directory at /tmp/dist-test-taskQekBqI/test-tmp/auto_rebalancer-test.0.AutoRebalancerTest.RangeAwareRebalancesNewRangeReplicas.1780320082523735-11463-0/minicluster-data/ts-2-root/wals/dd1f95c541a843748d65d80678135ea1
I20260601 13:22:36.090692 14822 raft_consensus.cc:1064] T d2133299df694dfd98e4269ead321dc5 P a8e5f83f9c38476587d83c125e486ea9: attempting to promote NON_VOTER ace7ff67be1d4f358eef349b48c689ac to VOTER
I20260601 13:22:36.091126 14822 consensus_queue.cc:237] T d2133299df694dfd98e4269ead321dc5 P a8e5f83f9c38476587d83c125e486ea9 [LEADER]: Queue going to LEADER mode. State: All replicated index: 0, Majority replicated index: 2, Committed index: 2, Last appended: 1.2, Last appended by leader: 0, Current term: 1, Majority size: 3, State: 0, Mode: LEADER, active raft config: opid_index: 3 OBSOLETE_local: false peers { permanent_uuid: "ac67c9bed40045fb95feac63981d19e4" member_type: VOTER last_known_addr { host: "127.11.49.193" port: 41853 } attrs { replace: true } } peers { permanent_uuid: "a8e5f83f9c38476587d83c125e486ea9" member_type: VOTER last_known_addr { host: "127.11.49.194" port: 38853 } } peers { permanent_uuid: "f4e814cfef054025a7d998bf4ab6bb4b" member_type: VOTER last_known_addr { host: "127.11.49.195" port: 42545 } } peers { permanent_uuid: "ace7ff67be1d4f358eef349b48c689ac" member_type: VOTER last_known_addr { host: "127.11.49.196" port: 42629 } attrs { promote: false } }
I20260601 13:22:36.091712 14318 catalog_manager.cc:5027] TS f4e814cfef054025a7d998bf4ab6bb4b (127.11.49.195:42545): tablet dd1f95c541a843748d65d80678135ea1 (table range_aware_rebalance_new_range [id=dc1d5b1eaed740f3a56ee419cd221762]) successfully deleted
I20260601 13:22:36.092869 14728 raft_consensus.cc:1275] T d2133299df694dfd98e4269ead321dc5 P ace7ff67be1d4f358eef349b48c689ac [term 1 LEARNER]: Refusing update from remote peer a8e5f83f9c38476587d83c125e486ea9: Log matching property violated. Preceding OpId in replica: term: 1 index: 2. Preceding OpId from leader: term: 1 index: 3. (index mismatch)
I20260601 13:22:36.092960 14437 raft_consensus.cc:1275] T d2133299df694dfd98e4269ead321dc5 P ac67c9bed40045fb95feac63981d19e4 [term 1 FOLLOWER]: Refusing update from remote peer a8e5f83f9c38476587d83c125e486ea9: Log matching property violated. Preceding OpId in replica: term: 1 index: 2. Preceding OpId from leader: term: 1 index: 3. (index mismatch)
I20260601 13:22:36.093214 14588 raft_consensus.cc:1275] T d2133299df694dfd98e4269ead321dc5 P f4e814cfef054025a7d998bf4ab6bb4b [term 1 FOLLOWER]: Refusing update from remote peer a8e5f83f9c38476587d83c125e486ea9: Log matching property violated. Preceding OpId in replica: term: 1 index: 2. Preceding OpId from leader: term: 1 index: 3. (index mismatch)
I20260601 13:22:36.093418 14855 consensus_queue.cc:1048] T d2133299df694dfd98e4269ead321dc5 P a8e5f83f9c38476587d83c125e486ea9 [LEADER]: Connected to new peer: Peer: permanent_uuid: "ace7ff67be1d4f358eef349b48c689ac" member_type: VOTER last_known_addr { host: "127.11.49.196" port: 42629 } attrs { promote: false }, Status: LMP_MISMATCH, Last received: 0.0, Next index: 3, Last known committed idx: 2, Time since last communication: 0.000s
I20260601 13:22:36.093771 14855 consensus_queue.cc:1048] T d2133299df694dfd98e4269ead321dc5 P a8e5f83f9c38476587d83c125e486ea9 [LEADER]: Connected to new peer: Peer: permanent_uuid: "f4e814cfef054025a7d998bf4ab6bb4b" member_type: VOTER last_known_addr { host: "127.11.49.195" port: 42545 }, Status: LMP_MISMATCH, Last received: 0.0, Next index: 3, Last known committed idx: 2, Time since last communication: 0.000s
I20260601 13:22:36.094274 14856 consensus_queue.cc:1048] T d2133299df694dfd98e4269ead321dc5 P a8e5f83f9c38476587d83c125e486ea9 [LEADER]: Connected to new peer: Peer: permanent_uuid: "ac67c9bed40045fb95feac63981d19e4" member_type: VOTER last_known_addr { host: "127.11.49.193" port: 41853 } attrs { replace: true }, Status: LMP_MISMATCH, Last received: 0.0, Next index: 3, Last known committed idx: 2, Time since last communication: 0.000s
I20260601 13:22:36.095754 14855 raft_consensus.cc:2955] T d2133299df694dfd98e4269ead321dc5 P a8e5f83f9c38476587d83c125e486ea9 [term 1 LEADER]: Committing config change with OpId 1.3: config changed from index 2 to 3, ace7ff67be1d4f358eef349b48c689ac (127.11.49.196) changed from NON_VOTER to VOTER. New config: { opid_index: 3 OBSOLETE_local: false peers { permanent_uuid: "ac67c9bed40045fb95feac63981d19e4" member_type: VOTER last_known_addr { host: "127.11.49.193" port: 41853 } attrs { replace: true } } peers { permanent_uuid: "a8e5f83f9c38476587d83c125e486ea9" member_type: VOTER last_known_addr { host: "127.11.49.194" port: 38853 } } peers { permanent_uuid: "f4e814cfef054025a7d998bf4ab6bb4b" member_type: VOTER last_known_addr { host: "127.11.49.195" port: 42545 } } peers { permanent_uuid: "ace7ff67be1d4f358eef349b48c689ac" member_type: VOTER last_known_addr { host: "127.11.49.196" port: 42629 } attrs { promote: false } } }
I20260601 13:22:36.098505 14588 raft_consensus.cc:2955] T d2133299df694dfd98e4269ead321dc5 P f4e814cfef054025a7d998bf4ab6bb4b [term 1 FOLLOWER]: Committing config change with OpId 1.3: config changed from index 2 to 3, ace7ff67be1d4f358eef349b48c689ac (127.11.49.196) changed from NON_VOTER to VOTER. New config: { opid_index: 3 OBSOLETE_local: false peers { permanent_uuid: "ac67c9bed40045fb95feac63981d19e4" member_type: VOTER last_known_addr { host: "127.11.49.193" port: 41853 } attrs { replace: true } } peers { permanent_uuid: "a8e5f83f9c38476587d83c125e486ea9" member_type: VOTER last_known_addr { host: "127.11.49.194" port: 38853 } } peers { permanent_uuid: "f4e814cfef054025a7d998bf4ab6bb4b" member_type: VOTER last_known_addr { host: "127.11.49.195" port: 42545 } } peers { permanent_uuid: "ace7ff67be1d4f358eef349b48c689ac" member_type: VOTER last_known_addr { host: "127.11.49.196" port: 42629 } attrs { promote: false } } }
I20260601 13:22:36.098572 14332 catalog_manager.cc:5696] T d2133299df694dfd98e4269ead321dc5 P a8e5f83f9c38476587d83c125e486ea9 reported cstate change: config changed from index 2 to 3, ace7ff67be1d4f358eef349b48c689ac (127.11.49.196) changed from NON_VOTER to VOTER. New cstate: current_term: 1 leader_uuid: "a8e5f83f9c38476587d83c125e486ea9" committed_config { opid_index: 3 OBSOLETE_local: false peers { permanent_uuid: "ac67c9bed40045fb95feac63981d19e4" member_type: VOTER last_known_addr { host: "127.11.49.193" port: 41853 } attrs { replace: true } health_report { overall_health: UNKNOWN } } peers { permanent_uuid: "a8e5f83f9c38476587d83c125e486ea9" member_type: VOTER last_known_addr { host: "127.11.49.194" port: 38853 } health_report { overall_health: HEALTHY } } peers { permanent_uuid: "f4e814cfef054025a7d998bf4ab6bb4b" member_type: VOTER last_known_addr { host: "127.11.49.195" port: 42545 } health_report { overall_health: HEALTHY } } peers { permanent_uuid: "ace7ff67be1d4f358eef349b48c689ac" member_type: VOTER last_known_addr { host: "127.11.49.196" port: 42629 } attrs { promote: false } health_report { overall_health: HEALTHY } } }
I20260601 13:22:36.100198 14437 raft_consensus.cc:2955] T d2133299df694dfd98e4269ead321dc5 P ac67c9bed40045fb95feac63981d19e4 [term 1 FOLLOWER]: Committing config change with OpId 1.3: config changed from index 2 to 3, ace7ff67be1d4f358eef349b48c689ac (127.11.49.196) changed from NON_VOTER to VOTER. New config: { opid_index: 3 OBSOLETE_local: false peers { permanent_uuid: "ac67c9bed40045fb95feac63981d19e4" member_type: VOTER last_known_addr { host: "127.11.49.193" port: 41853 } attrs { replace: true } } peers { permanent_uuid: "a8e5f83f9c38476587d83c125e486ea9" member_type: VOTER last_known_addr { host: "127.11.49.194" port: 38853 } } peers { permanent_uuid: "f4e814cfef054025a7d998bf4ab6bb4b" member_type: VOTER last_known_addr { host: "127.11.49.195" port: 42545 } } peers { permanent_uuid: "ace7ff67be1d4f358eef349b48c689ac" member_type: VOTER last_known_addr { host: "127.11.49.196" port: 42629 } attrs { promote: false } } }
I20260601 13:22:36.100282 14728 raft_consensus.cc:2955] T d2133299df694dfd98e4269ead321dc5 P ace7ff67be1d4f358eef349b48c689ac [term 1 FOLLOWER]: Committing config change with OpId 1.3: config changed from index 2 to 3, ace7ff67be1d4f358eef349b48c689ac (127.11.49.196) changed from NON_VOTER to VOTER. New config: { opid_index: 3 OBSOLETE_local: false peers { permanent_uuid: "ac67c9bed40045fb95feac63981d19e4" member_type: VOTER last_known_addr { host: "127.11.49.193" port: 41853 } attrs { replace: true } } peers { permanent_uuid: "a8e5f83f9c38476587d83c125e486ea9" member_type: VOTER last_known_addr { host: "127.11.49.194" port: 38853 } } peers { permanent_uuid: "f4e814cfef054025a7d998bf4ab6bb4b" member_type: VOTER last_known_addr { host: "127.11.49.195" port: 42545 } } peers { permanent_uuid: "ace7ff67be1d4f358eef349b48c689ac" member_type: VOTER last_known_addr { host: "127.11.49.196" port: 42629 } attrs { promote: false } } }
I20260601 13:22:36.104833 14512 consensus_queue.cc:237] T d2133299df694dfd98e4269ead321dc5 P a8e5f83f9c38476587d83c125e486ea9 [LEADER]: Queue going to LEADER mode. State: All replicated index: 0, Majority replicated index: 3, Committed index: 3, Last appended: 1.3, Last appended by leader: 0, Current term: 1, Majority size: 2, State: 0, Mode: LEADER, active raft config: opid_index: 4 OBSOLETE_local: false peers { permanent_uuid: "a8e5f83f9c38476587d83c125e486ea9" member_type: VOTER last_known_addr { host: "127.11.49.194" port: 38853 } } peers { permanent_uuid: "f4e814cfef054025a7d998bf4ab6bb4b" member_type: VOTER last_known_addr { host: "127.11.49.195" port: 42545 } } peers { permanent_uuid: "ace7ff67be1d4f358eef349b48c689ac" member_type: VOTER last_known_addr { host: "127.11.49.196" port: 42629 } attrs { promote: false } }
I20260601 13:22:36.106208 14588 raft_consensus.cc:1275] T d2133299df694dfd98e4269ead321dc5 P f4e814cfef054025a7d998bf4ab6bb4b [term 1 FOLLOWER]: Refusing update from remote peer a8e5f83f9c38476587d83c125e486ea9: Log matching property violated. Preceding OpId in replica: term: 1 index: 3. Preceding OpId from leader: term: 1 index: 4. (index mismatch)
I20260601 13:22:36.106202 14728 raft_consensus.cc:1275] T d2133299df694dfd98e4269ead321dc5 P ace7ff67be1d4f358eef349b48c689ac [term 1 FOLLOWER]: Refusing update from remote peer a8e5f83f9c38476587d83c125e486ea9: Log matching property violated. Preceding OpId in replica: term: 1 index: 3. Preceding OpId from leader: term: 1 index: 4. (index mismatch)
I20260601 13:22:36.106591 14856 consensus_queue.cc:1048] T d2133299df694dfd98e4269ead321dc5 P a8e5f83f9c38476587d83c125e486ea9 [LEADER]: Connected to new peer: Peer: permanent_uuid: "f4e814cfef054025a7d998bf4ab6bb4b" member_type: VOTER last_known_addr { host: "127.11.49.195" port: 42545 }, Status: LMP_MISMATCH, Last received: 0.0, Next index: 4, Last known committed idx: 3, Time since last communication: 0.000s
I20260601 13:22:36.107192 14856 consensus_queue.cc:1048] T d2133299df694dfd98e4269ead321dc5 P a8e5f83f9c38476587d83c125e486ea9 [LEADER]: Connected to new peer: Peer: permanent_uuid: "ace7ff67be1d4f358eef349b48c689ac" member_type: VOTER last_known_addr { host: "127.11.49.196" port: 42629 } attrs { promote: false }, Status: LMP_MISMATCH, Last received: 0.0, Next index: 4, Last known committed idx: 3, Time since last communication: 0.000s
I20260601 13:22:36.108696 14822 raft_consensus.cc:2955] T d2133299df694dfd98e4269ead321dc5 P a8e5f83f9c38476587d83c125e486ea9 [term 1 LEADER]: Committing config change with OpId 1.4: config changed from index 3 to 4, VOTER ac67c9bed40045fb95feac63981d19e4 (127.11.49.193) evicted. New config: { opid_index: 4 OBSOLETE_local: false peers { permanent_uuid: "a8e5f83f9c38476587d83c125e486ea9" member_type: VOTER last_known_addr { host: "127.11.49.194" port: 38853 } } peers { permanent_uuid: "f4e814cfef054025a7d998bf4ab6bb4b" member_type: VOTER last_known_addr { host: "127.11.49.195" port: 42545 } } peers { permanent_uuid: "ace7ff67be1d4f358eef349b48c689ac" member_type: VOTER last_known_addr { host: "127.11.49.196" port: 42629 } attrs { promote: false } } }
I20260601 13:22:36.109721 14728 raft_consensus.cc:2955] T d2133299df694dfd98e4269ead321dc5 P ace7ff67be1d4f358eef349b48c689ac [term 1 FOLLOWER]: Committing config change with OpId 1.4: config changed from index 3 to 4, VOTER ac67c9bed40045fb95feac63981d19e4 (127.11.49.193) evicted. New config: { opid_index: 4 OBSOLETE_local: false peers { permanent_uuid: "a8e5f83f9c38476587d83c125e486ea9" member_type: VOTER last_known_addr { host: "127.11.49.194" port: 38853 } } peers { permanent_uuid: "f4e814cfef054025a7d998bf4ab6bb4b" member_type: VOTER last_known_addr { host: "127.11.49.195" port: 42545 } } peers { permanent_uuid: "ace7ff67be1d4f358eef349b48c689ac" member_type: VOTER last_known_addr { host: "127.11.49.196" port: 42629 } attrs { promote: false } } }
I20260601 13:22:36.111274 14318 catalog_manager.cc:5209] ChangeConfig:REMOVE_PEER RPC for tablet d2133299df694dfd98e4269ead321dc5 with cas_config_opid_index 3: ChangeConfig:REMOVE_PEER succeeded (attempt 1)
I20260601 13:22:36.111982 14588 raft_consensus.cc:2955] T d2133299df694dfd98e4269ead321dc5 P f4e814cfef054025a7d998bf4ab6bb4b [term 1 FOLLOWER]: Committing config change with OpId 1.4: config changed from index 3 to 4, VOTER ac67c9bed40045fb95feac63981d19e4 (127.11.49.193) evicted. New config: { opid_index: 4 OBSOLETE_local: false peers { permanent_uuid: "a8e5f83f9c38476587d83c125e486ea9" member_type: VOTER last_known_addr { host: "127.11.49.194" port: 38853 } } peers { permanent_uuid: "f4e814cfef054025a7d998bf4ab6bb4b" member_type: VOTER last_known_addr { host: "127.11.49.195" port: 42545 } } peers { permanent_uuid: "ace7ff67be1d4f358eef349b48c689ac" member_type: VOTER last_known_addr { host: "127.11.49.196" port: 42629 } attrs { promote: false } } }
I20260601 13:22:36.112109 14333 catalog_manager.cc:5696] T d2133299df694dfd98e4269ead321dc5 P ace7ff67be1d4f358eef349b48c689ac reported cstate change: config changed from index 3 to 4, VOTER ac67c9bed40045fb95feac63981d19e4 (127.11.49.193) evicted. New cstate: current_term: 1 leader_uuid: "a8e5f83f9c38476587d83c125e486ea9" committed_config { opid_index: 4 OBSOLETE_local: false peers { permanent_uuid: "a8e5f83f9c38476587d83c125e486ea9" member_type: VOTER last_known_addr { host: "127.11.49.194" port: 38853 } } peers { permanent_uuid: "f4e814cfef054025a7d998bf4ab6bb4b" member_type: VOTER last_known_addr { host: "127.11.49.195" port: 42545 } } peers { permanent_uuid: "ace7ff67be1d4f358eef349b48c689ac" member_type: VOTER last_known_addr { host: "127.11.49.196" port: 42629 } attrs { promote: false } } }
I20260601 13:22:36.115011 14425 tablet_service.cc:1558] Processing DeleteTablet for tablet d2133299df694dfd98e4269ead321dc5 with delete_type TABLET_DATA_TOMBSTONED (TS ac67c9bed40045fb95feac63981d19e4 not found in new config with opid_index 4) from {username='slave'} at 127.0.0.1:46870
I20260601 13:22:36.115293 14860 tablet_replica.cc:333] T d2133299df694dfd98e4269ead321dc5 P ac67c9bed40045fb95feac63981d19e4: stopping tablet replica
I20260601 13:22:36.115444 14860 raft_consensus.cc:2243] T d2133299df694dfd98e4269ead321dc5 P ac67c9bed40045fb95feac63981d19e4 [term 1 FOLLOWER]: Raft consensus shutting down.
I20260601 13:22:36.115654 14860 raft_consensus.cc:2272] T d2133299df694dfd98e4269ead321dc5 P ac67c9bed40045fb95feac63981d19e4 [term 1 FOLLOWER]: Raft consensus is shut down!
I20260601 13:22:36.116283 14860 ts_tablet_manager.cc:1916] T d2133299df694dfd98e4269ead321dc5 P ac67c9bed40045fb95feac63981d19e4: Deleting tablet data with delete state TABLET_DATA_TOMBSTONED
I20260601 13:22:36.118155 14860 ts_tablet_manager.cc:1929] T d2133299df694dfd98e4269ead321dc5 P ac67c9bed40045fb95feac63981d19e4: tablet deleted with delete type TABLET_DATA_TOMBSTONED: last-logged OpId 1.3
I20260601 13:22:36.118234 14860 log.cc:1199] T d2133299df694dfd98e4269ead321dc5 P ac67c9bed40045fb95feac63981d19e4: Deleting WAL directory at /tmp/dist-test-taskQekBqI/test-tmp/auto_rebalancer-test.0.AutoRebalancerTest.RangeAwareRebalancesNewRangeReplicas.1780320082523735-11463-0/minicluster-data/ts-0-root/wals/d2133299df694dfd98e4269ead321dc5
I20260601 13:22:36.118804 14320 catalog_manager.cc:5027] TS ac67c9bed40045fb95feac63981d19e4 (127.11.49.193:41853): tablet d2133299df694dfd98e4269ead321dc5 (table range_aware_rebalance_new_range [id=dc1d5b1eaed740f3a56ee419cd221762]) successfully deleted
I20260601 13:22:36.412917 14388 auto_leader_rebalancer.cc:140] leader rebalance for table range_aware_rebalance_new_range
I20260601 13:22:36.415779 14437 tablet_service.cc:2072] Received LeaderStepDown RPC: tablet_id: "b9e32f021a37436ca90b92d3140defec"
dest_uuid: "ac67c9bed40045fb95feac63981d19e4"
mode: GRACEFUL
new_leader_uuid: "ace7ff67be1d4f358eef349b48c689ac"
 from {username='slave'} at 127.0.0.1:46890
I20260601 13:22:36.416100 14437 raft_consensus.cc:606] T b9e32f021a37436ca90b92d3140defec P ac67c9bed40045fb95feac63981d19e4 [term 1 LEADER]: Received request to transfer leadership to TS ace7ff67be1d4f358eef349b48c689ac
I20260601 13:22:36.416720 14388 auto_leader_rebalancer.cc:388] table: range_aware_rebalance_new_range, leader rebalance finish, leader transfer count: 1
I20260601 13:22:36.416988 14388 auto_leader_rebalancer.cc:451] All tables' leader rebalancing finished this round
I20260601 13:22:36.434998 14809 raft_consensus.cc:993] T b9e32f021a37436ca90b92d3140defec P ac67c9bed40045fb95feac63981d19e4: : Instructing follower ace7ff67be1d4f358eef349b48c689ac to start an election
I20260601 13:22:36.435267 14809 raft_consensus.cc:1081] T b9e32f021a37436ca90b92d3140defec P ac67c9bed40045fb95feac63981d19e4 [term 1 LEADER]: Signalling peer ace7ff67be1d4f358eef349b48c689ac to start an election
I20260601 13:22:36.436024 14728 tablet_service.cc:2044] Received Run Leader Election RPC: tablet_id: "b9e32f021a37436ca90b92d3140defec"
dest_uuid: "ace7ff67be1d4f358eef349b48c689ac"
 from {username='slave'} at 127.0.0.1:57124
I20260601 13:22:36.436239 14728 raft_consensus.cc:493] T b9e32f021a37436ca90b92d3140defec P ace7ff67be1d4f358eef349b48c689ac [term 1 FOLLOWER]: Starting forced leader election (received explicit request)
I20260601 13:22:36.436340 14728 raft_consensus.cc:3060] T b9e32f021a37436ca90b92d3140defec P ace7ff67be1d4f358eef349b48c689ac [term 1 FOLLOWER]: Advancing to term 2
I20260601 13:22:36.437273 14728 raft_consensus.cc:515] T b9e32f021a37436ca90b92d3140defec P ace7ff67be1d4f358eef349b48c689ac [term 2 FOLLOWER]: Starting forced leader election with config: opid_index: -1 OBSOLETE_local: false peers { permanent_uuid: "a8e5f83f9c38476587d83c125e486ea9" member_type: VOTER last_known_addr { host: "127.11.49.194" port: 38853 } } peers { permanent_uuid: "ace7ff67be1d4f358eef349b48c689ac" member_type: VOTER last_known_addr { host: "127.11.49.196" port: 42629 } } peers { permanent_uuid: "ac67c9bed40045fb95feac63981d19e4" member_type: VOTER last_known_addr { host: "127.11.49.193" port: 41853 } }
I20260601 13:22:36.438113 14728 leader_election.cc:290] T b9e32f021a37436ca90b92d3140defec P ace7ff67be1d4f358eef349b48c689ac [CANDIDATE]: Term 2 election: Requested vote from peers a8e5f83f9c38476587d83c125e486ea9 (127.11.49.194:38853), ac67c9bed40045fb95feac63981d19e4 (127.11.49.193:41853)
I20260601 13:22:36.438350 14512 tablet_service.cc:1917] Received RequestConsensusVote() RPC: tablet_id: "b9e32f021a37436ca90b92d3140defec" candidate_uuid: "ace7ff67be1d4f358eef349b48c689ac" candidate_term: 2 candidate_status { last_received { term: 1 index: 1 } } ignore_live_leader: true dest_uuid: "a8e5f83f9c38476587d83c125e486ea9"
I20260601 13:22:36.438494 14512 raft_consensus.cc:3060] T b9e32f021a37436ca90b92d3140defec P a8e5f83f9c38476587d83c125e486ea9 [term 1 FOLLOWER]: Advancing to term 2
I20260601 13:22:36.438759 14436 tablet_service.cc:1917] Received RequestConsensusVote() RPC: tablet_id: "b9e32f021a37436ca90b92d3140defec" candidate_uuid: "ace7ff67be1d4f358eef349b48c689ac" candidate_term: 2 candidate_status { last_received { term: 1 index: 1 } } ignore_live_leader: true dest_uuid: "ac67c9bed40045fb95feac63981d19e4"
I20260601 13:22:36.438901 14436 raft_consensus.cc:3055] T b9e32f021a37436ca90b92d3140defec P ac67c9bed40045fb95feac63981d19e4 [term 1 LEADER]: Stepping down as leader of term 1
I20260601 13:22:36.438972 14436 raft_consensus.cc:740] T b9e32f021a37436ca90b92d3140defec P ac67c9bed40045fb95feac63981d19e4 [term 1 LEADER]: Becoming Follower/Learner. State: Replica: ac67c9bed40045fb95feac63981d19e4, State: Running, Role: LEADER
I20260601 13:22:36.439143 14436 consensus_queue.cc:260] T b9e32f021a37436ca90b92d3140defec P ac67c9bed40045fb95feac63981d19e4 [NON_LEADER]: Queue going to NON_LEADER mode. State: All replicated index: 0, Majority replicated index: 1, Committed index: 1, Last appended: 1.1, Last appended by leader: 1, Current term: 1, Majority size: -1, State: 0, Mode: NON_LEADER, active raft config: opid_index: -1 OBSOLETE_local: false peers { permanent_uuid: "a8e5f83f9c38476587d83c125e486ea9" member_type: VOTER last_known_addr { host: "127.11.49.194" port: 38853 } } peers { permanent_uuid: "ace7ff67be1d4f358eef349b48c689ac" member_type: VOTER last_known_addr { host: "127.11.49.196" port: 42629 } } peers { permanent_uuid: "ac67c9bed40045fb95feac63981d19e4" member_type: VOTER last_known_addr { host: "127.11.49.193" port: 41853 } }
I20260601 13:22:36.439359 14436 raft_consensus.cc:3060] T b9e32f021a37436ca90b92d3140defec P ac67c9bed40045fb95feac63981d19e4 [term 1 FOLLOWER]: Advancing to term 2
I20260601 13:22:36.439816 14512 raft_consensus.cc:2468] T b9e32f021a37436ca90b92d3140defec P a8e5f83f9c38476587d83c125e486ea9 [term 2 FOLLOWER]: Leader election vote request: Granting yes vote for candidate ace7ff67be1d4f358eef349b48c689ac in term 2.
I20260601 13:22:36.440187 14693 leader_election.cc:304] T b9e32f021a37436ca90b92d3140defec P ace7ff67be1d4f358eef349b48c689ac [CANDIDATE]: Term 2 election: Election decided. Result: candidate won. Election summary: received 2 responses out of 3 voters: 2 yes votes; 0 no votes. yes voters: a8e5f83f9c38476587d83c125e486ea9, ace7ff67be1d4f358eef349b48c689ac; no voters: 
I20260601 13:22:36.440366 14436 raft_consensus.cc:2468] T b9e32f021a37436ca90b92d3140defec P ac67c9bed40045fb95feac63981d19e4 [term 2 FOLLOWER]: Leader election vote request: Granting yes vote for candidate ace7ff67be1d4f358eef349b48c689ac in term 2.
I20260601 13:22:36.440397 14838 raft_consensus.cc:2804] T b9e32f021a37436ca90b92d3140defec P ace7ff67be1d4f358eef349b48c689ac [term 2 FOLLOWER]: Leader election won for term 2
I20260601 13:22:36.440629 14838 raft_consensus.cc:697] T b9e32f021a37436ca90b92d3140defec P ace7ff67be1d4f358eef349b48c689ac [term 2 LEADER]: Becoming Leader. State: Replica: ace7ff67be1d4f358eef349b48c689ac, State: Running, Role: LEADER
I20260601 13:22:36.441156 14838 consensus_queue.cc:237] T b9e32f021a37436ca90b92d3140defec P ace7ff67be1d4f358eef349b48c689ac [LEADER]: Queue going to LEADER mode. State: All replicated index: 0, Majority replicated index: 1, Committed index: 1, Last appended: 1.1, Last appended by leader: 1, Current term: 2, Majority size: 2, State: 0, Mode: LEADER, active raft config: opid_index: -1 OBSOLETE_local: false peers { permanent_uuid: "a8e5f83f9c38476587d83c125e486ea9" member_type: VOTER last_known_addr { host: "127.11.49.194" port: 38853 } } peers { permanent_uuid: "ace7ff67be1d4f358eef349b48c689ac" member_type: VOTER last_known_addr { host: "127.11.49.196" port: 42629 } } peers { permanent_uuid: "ac67c9bed40045fb95feac63981d19e4" member_type: VOTER last_known_addr { host: "127.11.49.193" port: 41853 } }
I20260601 13:22:36.443333 14331 catalog_manager.cc:5696] T b9e32f021a37436ca90b92d3140defec P ace7ff67be1d4f358eef349b48c689ac reported cstate change: term changed from 1 to 2, leader changed from ac67c9bed40045fb95feac63981d19e4 (127.11.49.193) to ace7ff67be1d4f358eef349b48c689ac (127.11.49.196). New cstate: current_term: 2 leader_uuid: "ace7ff67be1d4f358eef349b48c689ac" committed_config { opid_index: -1 OBSOLETE_local: false peers { permanent_uuid: "a8e5f83f9c38476587d83c125e486ea9" member_type: VOTER last_known_addr { host: "127.11.49.194" port: 38853 } health_report { overall_health: UNKNOWN } } peers { permanent_uuid: "ace7ff67be1d4f358eef349b48c689ac" member_type: VOTER last_known_addr { host: "127.11.49.196" port: 42629 } health_report { overall_health: HEALTHY } } peers { permanent_uuid: "ac67c9bed40045fb95feac63981d19e4" member_type: VOTER last_known_addr { host: "127.11.49.193" port: 41853 } health_report { overall_health: UNKNOWN } } }
I20260601 13:22:36.852205 14436 raft_consensus.cc:1275] T b9e32f021a37436ca90b92d3140defec P ac67c9bed40045fb95feac63981d19e4 [term 2 FOLLOWER]: Refusing update from remote peer ace7ff67be1d4f358eef349b48c689ac: Log matching property violated. Preceding OpId in replica: term: 1 index: 1. Preceding OpId from leader: term: 2 index: 2. (index mismatch)
I20260601 13:22:36.852775 14838 consensus_queue.cc:1048] T b9e32f021a37436ca90b92d3140defec P ace7ff67be1d4f358eef349b48c689ac [LEADER]: Connected to new peer: Peer: permanent_uuid: "ac67c9bed40045fb95feac63981d19e4" member_type: VOTER last_known_addr { host: "127.11.49.193" port: 41853 }, Status: LMP_MISMATCH, Last received: 0.0, Next index: 2, Last known committed idx: 1, Time since last communication: 0.000s
I20260601 13:22:36.855818 14512 raft_consensus.cc:1275] T b9e32f021a37436ca90b92d3140defec P a8e5f83f9c38476587d83c125e486ea9 [term 2 FOLLOWER]: Refusing update from remote peer ace7ff67be1d4f358eef349b48c689ac: Log matching property violated. Preceding OpId in replica: term: 1 index: 1. Preceding OpId from leader: term: 2 index: 2. (index mismatch)
I20260601 13:22:36.856264 14838 consensus_queue.cc:1048] T b9e32f021a37436ca90b92d3140defec P ace7ff67be1d4f358eef349b48c689ac [LEADER]: Connected to new peer: Peer: permanent_uuid: "a8e5f83f9c38476587d83c125e486ea9" member_type: VOTER last_known_addr { host: "127.11.49.194" port: 38853 }, Status: LMP_MISMATCH, Last received: 0.0, Next index: 2, Last known committed idx: 1, Time since last communication: 0.000s
I20260601 13:22:37.120077 14512 consensus_queue.cc:237] T 71bf6f3d2348430b86eb8b963b123cad P a8e5f83f9c38476587d83c125e486ea9 [LEADER]: Queue going to LEADER mode. State: All replicated index: 0, Majority replicated index: 1, Committed index: 1, Last appended: 1.1, Last appended by leader: 0, Current term: 1, Majority size: 2, State: 0, Mode: LEADER, active raft config: opid_index: 2 OBSOLETE_local: false peers { permanent_uuid: "ac67c9bed40045fb95feac63981d19e4" member_type: VOTER last_known_addr { host: "127.11.49.193" port: 41853 } } peers { permanent_uuid: "a8e5f83f9c38476587d83c125e486ea9" member_type: VOTER last_known_addr { host: "127.11.49.194" port: 38853 } } peers { permanent_uuid: "ace7ff67be1d4f358eef349b48c689ac" member_type: VOTER last_known_addr { host: "127.11.49.196" port: 42629 } attrs { replace: true } } peers { permanent_uuid: "f4e814cfef054025a7d998bf4ab6bb4b" member_type: NON_VOTER last_known_addr { host: "127.11.49.195" port: 42545 } attrs { promote: true } }
I20260601 13:22:37.121730 14728 raft_consensus.cc:1275] T 71bf6f3d2348430b86eb8b963b123cad P ace7ff67be1d4f358eef349b48c689ac [term 1 FOLLOWER]: Refusing update from remote peer a8e5f83f9c38476587d83c125e486ea9: Log matching property violated. Preceding OpId in replica: term: 1 index: 1. Preceding OpId from leader: term: 1 index: 2. (index mismatch)
I20260601 13:22:37.121785 14436 raft_consensus.cc:1275] T 71bf6f3d2348430b86eb8b963b123cad P ac67c9bed40045fb95feac63981d19e4 [term 1 FOLLOWER]: Refusing update from remote peer a8e5f83f9c38476587d83c125e486ea9: Log matching property violated. Preceding OpId in replica: term: 1 index: 1. Preceding OpId from leader: term: 1 index: 2. (index mismatch)
W20260601 13:22:37.121917 14476 consensus_peers.cc:597] T 71bf6f3d2348430b86eb8b963b123cad P a8e5f83f9c38476587d83c125e486ea9 -> Peer f4e814cfef054025a7d998bf4ab6bb4b (127.11.49.195:42545): Couldn't send request to peer f4e814cfef054025a7d998bf4ab6bb4b. Error code: TABLET_NOT_FOUND (6). Status: Not found: Tablet not found: 71bf6f3d2348430b86eb8b963b123cad. This is attempt 1: this message will repeat every 5th retry.
I20260601 13:22:37.122200 14890 consensus_queue.cc:1048] T 71bf6f3d2348430b86eb8b963b123cad P a8e5f83f9c38476587d83c125e486ea9 [LEADER]: Connected to new peer: Peer: permanent_uuid: "ac67c9bed40045fb95feac63981d19e4" member_type: VOTER last_known_addr { host: "127.11.49.193" port: 41853 }, Status: LMP_MISMATCH, Last received: 0.0, Next index: 2, Last known committed idx: 1, Time since last communication: 0.000s
I20260601 13:22:37.122382 14856 consensus_queue.cc:1048] T 71bf6f3d2348430b86eb8b963b123cad P a8e5f83f9c38476587d83c125e486ea9 [LEADER]: Connected to new peer: Peer: permanent_uuid: "ace7ff67be1d4f358eef349b48c689ac" member_type: VOTER last_known_addr { host: "127.11.49.196" port: 42629 } attrs { replace: true }, Status: LMP_MISMATCH, Last received: 0.0, Next index: 2, Last known committed idx: 1, Time since last communication: 0.000s
I20260601 13:22:37.124465 14856 raft_consensus.cc:2955] T 71bf6f3d2348430b86eb8b963b123cad P a8e5f83f9c38476587d83c125e486ea9 [term 1 LEADER]: Committing config change with OpId 1.2: config changed from index -1 to 2, NON_VOTER f4e814cfef054025a7d998bf4ab6bb4b (127.11.49.195) added. New config: { opid_index: 2 OBSOLETE_local: false peers { permanent_uuid: "ac67c9bed40045fb95feac63981d19e4" member_type: VOTER last_known_addr { host: "127.11.49.193" port: 41853 } } peers { permanent_uuid: "a8e5f83f9c38476587d83c125e486ea9" member_type: VOTER last_known_addr { host: "127.11.49.194" port: 38853 } } peers { permanent_uuid: "ace7ff67be1d4f358eef349b48c689ac" member_type: VOTER last_known_addr { host: "127.11.49.196" port: 42629 } attrs { replace: true } } peers { permanent_uuid: "f4e814cfef054025a7d998bf4ab6bb4b" member_type: NON_VOTER last_known_addr { host: "127.11.49.195" port: 42545 } attrs { promote: true } } }
I20260601 13:22:37.125043 14728 raft_consensus.cc:2955] T 71bf6f3d2348430b86eb8b963b123cad P ace7ff67be1d4f358eef349b48c689ac [term 1 FOLLOWER]: Committing config change with OpId 1.2: config changed from index -1 to 2, NON_VOTER f4e814cfef054025a7d998bf4ab6bb4b (127.11.49.195) added. New config: { opid_index: 2 OBSOLETE_local: false peers { permanent_uuid: "ac67c9bed40045fb95feac63981d19e4" member_type: VOTER last_known_addr { host: "127.11.49.193" port: 41853 } } peers { permanent_uuid: "a8e5f83f9c38476587d83c125e486ea9" member_type: VOTER last_known_addr { host: "127.11.49.194" port: 38853 } } peers { permanent_uuid: "ace7ff67be1d4f358eef349b48c689ac" member_type: VOTER last_known_addr { host: "127.11.49.196" port: 42629 } attrs { replace: true } } peers { permanent_uuid: "f4e814cfef054025a7d998bf4ab6bb4b" member_type: NON_VOTER last_known_addr { host: "127.11.49.195" port: 42545 } attrs { promote: true } } }
I20260601 13:22:37.125139 14436 raft_consensus.cc:2955] T 71bf6f3d2348430b86eb8b963b123cad P ac67c9bed40045fb95feac63981d19e4 [term 1 FOLLOWER]: Committing config change with OpId 1.2: config changed from index -1 to 2, NON_VOTER f4e814cfef054025a7d998bf4ab6bb4b (127.11.49.195) added. New config: { opid_index: 2 OBSOLETE_local: false peers { permanent_uuid: "ac67c9bed40045fb95feac63981d19e4" member_type: VOTER last_known_addr { host: "127.11.49.193" port: 41853 } } peers { permanent_uuid: "a8e5f83f9c38476587d83c125e486ea9" member_type: VOTER last_known_addr { host: "127.11.49.194" port: 38853 } } peers { permanent_uuid: "ace7ff67be1d4f358eef349b48c689ac" member_type: VOTER last_known_addr { host: "127.11.49.196" port: 42629 } attrs { replace: true } } peers { permanent_uuid: "f4e814cfef054025a7d998bf4ab6bb4b" member_type: NON_VOTER last_known_addr { host: "127.11.49.195" port: 42545 } attrs { promote: true } } }
I20260601 13:22:37.127769 14334 catalog_manager.cc:5696] T 71bf6f3d2348430b86eb8b963b123cad P a8e5f83f9c38476587d83c125e486ea9 reported cstate change: config changed from index -1 to 2, NON_VOTER f4e814cfef054025a7d998bf4ab6bb4b (127.11.49.195) added. New cstate: current_term: 1 leader_uuid: "a8e5f83f9c38476587d83c125e486ea9" committed_config { opid_index: 2 OBSOLETE_local: false peers { permanent_uuid: "ac67c9bed40045fb95feac63981d19e4" member_type: VOTER last_known_addr { host: "127.11.49.193" port: 41853 } health_report { overall_health: HEALTHY } } peers { permanent_uuid: "a8e5f83f9c38476587d83c125e486ea9" member_type: VOTER last_known_addr { host: "127.11.49.194" port: 38853 } health_report { overall_health: HEALTHY } } peers { permanent_uuid: "ace7ff67be1d4f358eef349b48c689ac" member_type: VOTER last_known_addr { host: "127.11.49.196" port: 42629 } attrs { replace: true } health_report { overall_health: HEALTHY } } peers { permanent_uuid: "f4e814cfef054025a7d998bf4ab6bb4b" member_type: NON_VOTER last_known_addr { host: "127.11.49.195" port: 42545 } attrs { promote: true } health_report { overall_health: UNKNOWN } } }
I20260601 13:22:37.128240 14436 consensus_queue.cc:237] T e7f5ee65a7564a2f854a9ce4f14953c5 P ac67c9bed40045fb95feac63981d19e4 [LEADER]: Queue going to LEADER mode. State: All replicated index: 0, Majority replicated index: 1, Committed index: 1, Last appended: 1.1, Last appended by leader: 0, Current term: 1, Majority size: 2, State: 0, Mode: LEADER, active raft config: opid_index: 2 OBSOLETE_local: false peers { permanent_uuid: "ac67c9bed40045fb95feac63981d19e4" member_type: VOTER last_known_addr { host: "127.11.49.193" port: 41853 } } peers { permanent_uuid: "a8e5f83f9c38476587d83c125e486ea9" member_type: VOTER last_known_addr { host: "127.11.49.194" port: 38853 } } peers { permanent_uuid: "f4e814cfef054025a7d998bf4ab6bb4b" member_type: VOTER last_known_addr { host: "127.11.49.195" port: 42545 } attrs { replace: true } } peers { permanent_uuid: "ace7ff67be1d4f358eef349b48c689ac" member_type: NON_VOTER last_known_addr { host: "127.11.49.196" port: 42629 } attrs { promote: true } }
W20260601 13:22:37.129861 14401 consensus_peers.cc:597] T e7f5ee65a7564a2f854a9ce4f14953c5 P ac67c9bed40045fb95feac63981d19e4 -> Peer ace7ff67be1d4f358eef349b48c689ac (127.11.49.196:42629): Couldn't send request to peer ace7ff67be1d4f358eef349b48c689ac. Error code: TABLET_NOT_FOUND (6). Status: Not found: Tablet not found: e7f5ee65a7564a2f854a9ce4f14953c5. This is attempt 1: this message will repeat every 5th retry.
I20260601 13:22:37.129886 14512 raft_consensus.cc:1275] T e7f5ee65a7564a2f854a9ce4f14953c5 P a8e5f83f9c38476587d83c125e486ea9 [term 1 FOLLOWER]: Refusing update from remote peer ac67c9bed40045fb95feac63981d19e4: Log matching property violated. Preceding OpId in replica: term: 1 index: 1. Preceding OpId from leader: term: 1 index: 2. (index mismatch)
I20260601 13:22:37.130076 14588 raft_consensus.cc:1275] T e7f5ee65a7564a2f854a9ce4f14953c5 P f4e814cfef054025a7d998bf4ab6bb4b [term 1 FOLLOWER]: Refusing update from remote peer ac67c9bed40045fb95feac63981d19e4: Log matching property violated. Preceding OpId in replica: term: 1 index: 1. Preceding OpId from leader: term: 1 index: 2. (index mismatch)
I20260601 13:22:37.130404 14896 consensus_queue.cc:1048] T e7f5ee65a7564a2f854a9ce4f14953c5 P ac67c9bed40045fb95feac63981d19e4 [LEADER]: Connected to new peer: Peer: permanent_uuid: "a8e5f83f9c38476587d83c125e486ea9" member_type: VOTER last_known_addr { host: "127.11.49.194" port: 38853 }, Status: LMP_MISMATCH, Last received: 0.0, Next index: 2, Last known committed idx: 1, Time since last communication: 0.000s
I20260601 13:22:37.130666 14809 consensus_queue.cc:1048] T e7f5ee65a7564a2f854a9ce4f14953c5 P ac67c9bed40045fb95feac63981d19e4 [LEADER]: Connected to new peer: Peer: permanent_uuid: "f4e814cfef054025a7d998bf4ab6bb4b" member_type: VOTER last_known_addr { host: "127.11.49.195" port: 42545 } attrs { replace: true }, Status: LMP_MISMATCH, Last received: 0.0, Next index: 2, Last known committed idx: 1, Time since last communication: 0.000s
