I20260601 13:35:50.090947  2274 leader_election.cc:304] T 9b0baa0711a2423c89c2e19632da549b P a7385d2225cb41739af41a7ae395ae16 [CANDIDATE]: Term 1 pre-election: Election decided. Result: candidate won. Election summary: received 2 responses out of 3 voters: 2 yes votes; 0 no votes. yes voters: a7385d2225cb41739af41a7ae395ae16, c38194a359014ba3bc6ae19fb4d67e04; no voters: 
I20260601 13:35:50.090965  2462 tablet_service.cc:1917] Received RequestConsensusVote() RPC: tablet_id: "9b0baa0711a2423c89c2e19632da549b" candidate_uuid: "a7385d2225cb41739af41a7ae395ae16" candidate_term: 1 candidate_status { last_received { term: 0 index: 0 } } ignore_live_leader: false dest_uuid: "69e007126e3b4b4dbd7f194346bc57da" is_pre_election: true
I20260601 13:35:50.091078  2462 raft_consensus.cc:2468] T 9b0baa0711a2423c89c2e19632da549b P 69e007126e3b4b4dbd7f194346bc57da [term 0 FOLLOWER]: Leader pre-election vote request: Granting yes vote for candidate a7385d2225cb41739af41a7ae395ae16 in term 0.
I20260601 13:35:50.091136  2547 raft_consensus.cc:2804] T 9b0baa0711a2423c89c2e19632da549b P a7385d2225cb41739af41a7ae395ae16 [term 0 FOLLOWER]: Leader pre-election won for term 1
I20260601 13:35:50.091183  2547 raft_consensus.cc:493] T 9b0baa0711a2423c89c2e19632da549b P a7385d2225cb41739af41a7ae395ae16 [term 0 FOLLOWER]: Starting leader election (no leader contacted us within the election timeout)
I20260601 13:35:50.091233  2547 raft_consensus.cc:3060] T 9b0baa0711a2423c89c2e19632da549b P a7385d2225cb41739af41a7ae395ae16 [term 0 FOLLOWER]: Advancing to term 1
I20260601 13:35:50.092070  2520 raft_consensus.cc:493] T e244d4cfdc2c4449a5249a81fbca3228 P c38194a359014ba3bc6ae19fb4d67e04 [term 0 FOLLOWER]: Starting pre-election (no leader contacted us within the election timeout)
I20260601 13:35:50.092176  2520 raft_consensus.cc:515] T e244d4cfdc2c4449a5249a81fbca3228 P c38194a359014ba3bc6ae19fb4d67e04 [term 0 FOLLOWER]: Starting pre-election with config: opid_index: -1 OBSOLETE_local: false peers { permanent_uuid: "a7385d2225cb41739af41a7ae395ae16" member_type: VOTER last_known_addr { host: "127.29.164.193" port: 39279 } } peers { permanent_uuid: "c38194a359014ba3bc6ae19fb4d67e04" member_type: VOTER last_known_addr { host: "127.29.164.194" port: 43083 } } peers { permanent_uuid: "69e007126e3b4b4dbd7f194346bc57da" member_type: VOTER last_known_addr { host: "127.29.164.195" port: 41429 } }
I20260601 13:35:50.092192  2547 raft_consensus.cc:515] T 9b0baa0711a2423c89c2e19632da549b P a7385d2225cb41739af41a7ae395ae16 [term 1 FOLLOWER]: Starting leader election with config: opid_index: -1 OBSOLETE_local: false peers { permanent_uuid: "a7385d2225cb41739af41a7ae395ae16" member_type: VOTER last_known_addr { host: "127.29.164.193" port: 39279 } } peers { permanent_uuid: "c38194a359014ba3bc6ae19fb4d67e04" member_type: VOTER last_known_addr { host: "127.29.164.194" port: 43083 } } peers { permanent_uuid: "69e007126e3b4b4dbd7f194346bc57da" member_type: VOTER last_known_addr { host: "127.29.164.195" port: 41429 } }
I20260601 13:35:50.092638  2547 leader_election.cc:290] T 9b0baa0711a2423c89c2e19632da549b P a7385d2225cb41739af41a7ae395ae16 [CANDIDATE]: Term 1 election: Requested vote from peers c38194a359014ba3bc6ae19fb4d67e04 (127.29.164.194:43083), 69e007126e3b4b4dbd7f194346bc57da (127.29.164.195:41429)
I20260601 13:35:50.092676  2520 leader_election.cc:290] T e244d4cfdc2c4449a5249a81fbca3228 P c38194a359014ba3bc6ae19fb4d67e04 [CANDIDATE]: Term 1 pre-election: Requested pre-vote from peers a7385d2225cb41739af41a7ae395ae16 (127.29.164.193:39279), 69e007126e3b4b4dbd7f194346bc57da (127.29.164.195:41429)
I20260601 13:35:50.092890  2386 tablet_service.cc:1917] Received RequestConsensusVote() RPC: tablet_id: "9b0baa0711a2423c89c2e19632da549b" candidate_uuid: "a7385d2225cb41739af41a7ae395ae16" candidate_term: 1 candidate_status { last_received { term: 0 index: 0 } } ignore_live_leader: false dest_uuid: "c38194a359014ba3bc6ae19fb4d67e04"
I20260601 13:35:50.092979  2386 raft_consensus.cc:3060] T 9b0baa0711a2423c89c2e19632da549b P c38194a359014ba3bc6ae19fb4d67e04 [term 0 FOLLOWER]: Advancing to term 1
I20260601 13:35:50.093796  2535 raft_consensus.cc:493] T b4337d17d38a47ff9268bbe3286bd27d P 69e007126e3b4b4dbd7f194346bc57da [term 0 FOLLOWER]: Starting pre-election (no leader contacted us within the election timeout)
I20260601 13:35:50.093837  2462 tablet_service.cc:1917] Received RequestConsensusVote() RPC: tablet_id: "9b0baa0711a2423c89c2e19632da549b" candidate_uuid: "a7385d2225cb41739af41a7ae395ae16" candidate_term: 1 candidate_status { last_received { term: 0 index: 0 } } ignore_live_leader: false dest_uuid: "69e007126e3b4b4dbd7f194346bc57da"
I20260601 13:35:50.093896  2535 raft_consensus.cc:515] T b4337d17d38a47ff9268bbe3286bd27d P 69e007126e3b4b4dbd7f194346bc57da [term 0 FOLLOWER]: Starting pre-election with config: opid_index: -1 OBSOLETE_local: false peers { permanent_uuid: "a7385d2225cb41739af41a7ae395ae16" member_type: VOTER last_known_addr { host: "127.29.164.193" port: 39279 } } peers { permanent_uuid: "69e007126e3b4b4dbd7f194346bc57da" member_type: VOTER last_known_addr { host: "127.29.164.195" port: 41429 } } peers { permanent_uuid: "c38194a359014ba3bc6ae19fb4d67e04" member_type: VOTER last_known_addr { host: "127.29.164.194" port: 43083 } }
I20260601 13:35:50.093936  2462 raft_consensus.cc:3060] T 9b0baa0711a2423c89c2e19632da549b P 69e007126e3b4b4dbd7f194346bc57da [term 0 FOLLOWER]: Advancing to term 1
I20260601 13:35:50.093947  2386 raft_consensus.cc:2468] T 9b0baa0711a2423c89c2e19632da549b P c38194a359014ba3bc6ae19fb4d67e04 [term 1 FOLLOWER]: Leader election vote request: Granting yes vote for candidate a7385d2225cb41739af41a7ae395ae16 in term 1.
I20260601 13:35:50.094242  2274 leader_election.cc:304] T 9b0baa0711a2423c89c2e19632da549b P a7385d2225cb41739af41a7ae395ae16 [CANDIDATE]: Term 1 election: Election decided. Result: candidate won. Election summary: received 2 responses out of 3 voters: 2 yes votes; 0 no votes. yes voters: a7385d2225cb41739af41a7ae395ae16, c38194a359014ba3bc6ae19fb4d67e04; no voters: 
I20260601 13:35:50.094251  2535 leader_election.cc:290] T b4337d17d38a47ff9268bbe3286bd27d P 69e007126e3b4b4dbd7f194346bc57da [CANDIDATE]: Term 1 pre-election: Requested pre-vote from peers a7385d2225cb41739af41a7ae395ae16 (127.29.164.193:39279), c38194a359014ba3bc6ae19fb4d67e04 (127.29.164.194:43083)
I20260601 13:35:50.094460  2547 raft_consensus.cc:2804] T 9b0baa0711a2423c89c2e19632da549b P a7385d2225cb41739af41a7ae395ae16 [term 1 FOLLOWER]: Leader election won for term 1
W20260601 13:35:50.094491  2338 tablet.cc:2404] T 018b9aa7be92452687b36b6fad8e857e P a7385d2225cb41739af41a7ae395ae16: Can't schedule compaction. Clean time has not been advanced past its initial value.
I20260601 13:35:50.094519  2547 raft_consensus.cc:697] T 9b0baa0711a2423c89c2e19632da549b P a7385d2225cb41739af41a7ae395ae16 [term 1 LEADER]: Becoming Leader. State: Replica: a7385d2225cb41739af41a7ae395ae16, State: Running, Role: LEADER
I20260601 13:35:50.094640  2547 consensus_queue.cc:237] T 9b0baa0711a2423c89c2e19632da549b P a7385d2225cb41739af41a7ae395ae16 [LEADER]: Queue going to LEADER mode. State: All replicated index: 0, Majority replicated index: 0, Committed index: 0, Last appended: 0.0, Last appended by leader: 0, Current term: 1, Majority size: 2, State: 0, Mode: LEADER, active raft config: opid_index: -1 OBSOLETE_local: false peers { permanent_uuid: "a7385d2225cb41739af41a7ae395ae16" member_type: VOTER last_known_addr { host: "127.29.164.193" port: 39279 } } peers { permanent_uuid: "c38194a359014ba3bc6ae19fb4d67e04" member_type: VOTER last_known_addr { host: "127.29.164.194" port: 43083 } } peers { permanent_uuid: "69e007126e3b4b4dbd7f194346bc57da" member_type: VOTER last_known_addr { host: "127.29.164.195" port: 41429 } }
I20260601 13:35:50.094890  2462 raft_consensus.cc:2468] T 9b0baa0711a2423c89c2e19632da549b P 69e007126e3b4b4dbd7f194346bc57da [term 1 FOLLOWER]: Leader election vote request: Granting yes vote for candidate a7385d2225cb41739af41a7ae395ae16 in term 1.
I20260601 13:35:50.095232  2311 tablet_service.cc:1917] Received RequestConsensusVote() RPC: tablet_id: "b4337d17d38a47ff9268bbe3286bd27d" candidate_uuid: "69e007126e3b4b4dbd7f194346bc57da" candidate_term: 1 candidate_status { last_received { term: 0 index: 0 } } ignore_live_leader: false dest_uuid: "a7385d2225cb41739af41a7ae395ae16" is_pre_election: true
I20260601 13:35:50.095348  2311 raft_consensus.cc:2468] T b4337d17d38a47ff9268bbe3286bd27d P a7385d2225cb41739af41a7ae395ae16 [term 0 FOLLOWER]: Leader pre-election vote request: Granting yes vote for candidate 69e007126e3b4b4dbd7f194346bc57da in term 0.
I20260601 13:35:50.095894  2425 leader_election.cc:304] T b4337d17d38a47ff9268bbe3286bd27d P 69e007126e3b4b4dbd7f194346bc57da [CANDIDATE]: Term 1 pre-election: Election decided. Result: candidate won. Election summary: received 2 responses out of 3 voters: 2 yes votes; 0 no votes. yes voters: 69e007126e3b4b4dbd7f194346bc57da, a7385d2225cb41739af41a7ae395ae16; no voters: 
I20260601 13:35:50.095940  2386 tablet_service.cc:1917] Received RequestConsensusVote() RPC: tablet_id: "b4337d17d38a47ff9268bbe3286bd27d" candidate_uuid: "69e007126e3b4b4dbd7f194346bc57da" candidate_term: 1 candidate_status { last_received { term: 0 index: 0 } } ignore_live_leader: false dest_uuid: "c38194a359014ba3bc6ae19fb4d67e04" is_pre_election: true
I20260601 13:35:50.096056  2535 raft_consensus.cc:2804] T b4337d17d38a47ff9268bbe3286bd27d P 69e007126e3b4b4dbd7f194346bc57da [term 0 FOLLOWER]: Leader pre-election won for term 1
I20260601 13:35:50.096139  2535 raft_consensus.cc:493] T b4337d17d38a47ff9268bbe3286bd27d P 69e007126e3b4b4dbd7f194346bc57da [term 0 FOLLOWER]: Starting leader election (no leader contacted us within the election timeout)
I20260601 13:35:50.096161  2386 raft_consensus.cc:2468] T b4337d17d38a47ff9268bbe3286bd27d P c38194a359014ba3bc6ae19fb4d67e04 [term 0 FOLLOWER]: Leader pre-election vote request: Granting yes vote for candidate 69e007126e3b4b4dbd7f194346bc57da in term 0.
I20260601 13:35:50.096194  2535 raft_consensus.cc:3060] T b4337d17d38a47ff9268bbe3286bd27d P 69e007126e3b4b4dbd7f194346bc57da [term 0 FOLLOWER]: Advancing to term 1
I20260601 13:35:50.096643  2208 catalog_manager.cc:5696] T 9b0baa0711a2423c89c2e19632da549b P a7385d2225cb41739af41a7ae395ae16 reported cstate change: term changed from 0 to 1, leader changed from <none> to a7385d2225cb41739af41a7ae395ae16 (127.29.164.193). New cstate: current_term: 1 leader_uuid: "a7385d2225cb41739af41a7ae395ae16" committed_config { opid_index: -1 OBSOLETE_local: false peers { permanent_uuid: "a7385d2225cb41739af41a7ae395ae16" member_type: VOTER last_known_addr { host: "127.29.164.193" port: 39279 } health_report { overall_health: HEALTHY } } peers { permanent_uuid: "c38194a359014ba3bc6ae19fb4d67e04" member_type: VOTER last_known_addr { host: "127.29.164.194" port: 43083 } health_report { overall_health: UNKNOWN } } peers { permanent_uuid: "69e007126e3b4b4dbd7f194346bc57da" member_type: VOTER last_known_addr { host: "127.29.164.195" port: 41429 } health_report { overall_health: UNKNOWN } } }
I20260601 13:35:50.097136  2535 raft_consensus.cc:515] T b4337d17d38a47ff9268bbe3286bd27d P 69e007126e3b4b4dbd7f194346bc57da [term 1 FOLLOWER]: Starting leader election with config: opid_index: -1 OBSOLETE_local: false peers { permanent_uuid: "a7385d2225cb41739af41a7ae395ae16" member_type: VOTER last_known_addr { host: "127.29.164.193" port: 39279 } } peers { permanent_uuid: "69e007126e3b4b4dbd7f194346bc57da" member_type: VOTER last_known_addr { host: "127.29.164.195" port: 41429 } } peers { permanent_uuid: "c38194a359014ba3bc6ae19fb4d67e04" member_type: VOTER last_known_addr { host: "127.29.164.194" port: 43083 } }
I20260601 13:35:50.097456  2535 leader_election.cc:290] T b4337d17d38a47ff9268bbe3286bd27d P 69e007126e3b4b4dbd7f194346bc57da [CANDIDATE]: Term 1 election: Requested vote from peers a7385d2225cb41739af41a7ae395ae16 (127.29.164.193:39279), c38194a359014ba3bc6ae19fb4d67e04 (127.29.164.194:43083)
I20260601 13:35:50.098007  2311 tablet_service.cc:1917] Received RequestConsensusVote() RPC: tablet_id: "b4337d17d38a47ff9268bbe3286bd27d" candidate_uuid: "69e007126e3b4b4dbd7f194346bc57da" candidate_term: 1 candidate_status { last_received { term: 0 index: 0 } } ignore_live_leader: false dest_uuid: "a7385d2225cb41739af41a7ae395ae16"
I20260601 13:35:50.098119  2311 raft_consensus.cc:3060] T b4337d17d38a47ff9268bbe3286bd27d P a7385d2225cb41739af41a7ae395ae16 [term 0 FOLLOWER]: Advancing to term 1
I20260601 13:35:50.099097  2311 raft_consensus.cc:2468] T b4337d17d38a47ff9268bbe3286bd27d P a7385d2225cb41739af41a7ae395ae16 [term 1 FOLLOWER]: Leader election vote request: Granting yes vote for candidate 69e007126e3b4b4dbd7f194346bc57da in term 1.
I20260601 13:35:50.099354  2462 tablet_service.cc:1917] Received RequestConsensusVote() RPC: tablet_id: "e244d4cfdc2c4449a5249a81fbca3228" candidate_uuid: "c38194a359014ba3bc6ae19fb4d67e04" candidate_term: 1 candidate_status { last_received { term: 0 index: 0 } } ignore_live_leader: false dest_uuid: "69e007126e3b4b4dbd7f194346bc57da" is_pre_election: true
I20260601 13:35:50.099488  2462 raft_consensus.cc:2468] T e244d4cfdc2c4449a5249a81fbca3228 P 69e007126e3b4b4dbd7f194346bc57da [term 0 FOLLOWER]: Leader pre-election vote request: Granting yes vote for candidate c38194a359014ba3bc6ae19fb4d67e04 in term 0.
I20260601 13:35:50.099635  2425 leader_election.cc:304] T b4337d17d38a47ff9268bbe3286bd27d P 69e007126e3b4b4dbd7f194346bc57da [CANDIDATE]: Term 1 election: Election decided. Result: candidate won. Election summary: received 2 responses out of 3 voters: 2 yes votes; 0 no votes. yes voters: 69e007126e3b4b4dbd7f194346bc57da, a7385d2225cb41739af41a7ae395ae16; no voters: 
I20260601 13:35:50.099741  2386 tablet_service.cc:1917] Received RequestConsensusVote() RPC: tablet_id: "b4337d17d38a47ff9268bbe3286bd27d" candidate_uuid: "69e007126e3b4b4dbd7f194346bc57da" candidate_term: 1 candidate_status { last_received { term: 0 index: 0 } } ignore_live_leader: false dest_uuid: "c38194a359014ba3bc6ae19fb4d67e04"
I20260601 13:35:50.099795  2535 raft_consensus.cc:2804] T b4337d17d38a47ff9268bbe3286bd27d P 69e007126e3b4b4dbd7f194346bc57da [term 1 FOLLOWER]: Leader election won for term 1
I20260601 13:35:50.099789  2351 leader_election.cc:304] T e244d4cfdc2c4449a5249a81fbca3228 P c38194a359014ba3bc6ae19fb4d67e04 [CANDIDATE]: Term 1 pre-election: Election decided. Result: candidate won. Election summary: received 2 responses out of 3 voters: 2 yes votes; 0 no votes. yes voters: 69e007126e3b4b4dbd7f194346bc57da, c38194a359014ba3bc6ae19fb4d67e04; no voters: 
I20260601 13:35:50.099758  2311 tablet_service.cc:1917] Received RequestConsensusVote() RPC: tablet_id: "e244d4cfdc2c4449a5249a81fbca3228" candidate_uuid: "c38194a359014ba3bc6ae19fb4d67e04" candidate_term: 1 candidate_status { last_received { term: 0 index: 0 } } ignore_live_leader: false dest_uuid: "a7385d2225cb41739af41a7ae395ae16" is_pre_election: true
I20260601 13:35:50.099836  2386 raft_consensus.cc:3060] T b4337d17d38a47ff9268bbe3286bd27d P c38194a359014ba3bc6ae19fb4d67e04 [term 0 FOLLOWER]: Advancing to term 1
I20260601 13:35:50.099946  2535 raft_consensus.cc:697] T b4337d17d38a47ff9268bbe3286bd27d P 69e007126e3b4b4dbd7f194346bc57da [term 1 LEADER]: Becoming Leader. State: Replica: 69e007126e3b4b4dbd7f194346bc57da, State: Running, Role: LEADER
I20260601 13:35:50.099967  2311 raft_consensus.cc:2468] T e244d4cfdc2c4449a5249a81fbca3228 P a7385d2225cb41739af41a7ae395ae16 [term 0 FOLLOWER]: Leader pre-election vote request: Granting yes vote for candidate c38194a359014ba3bc6ae19fb4d67e04 in term 0.
I20260601 13:35:50.100014  2520 raft_consensus.cc:2804] T e244d4cfdc2c4449a5249a81fbca3228 P c38194a359014ba3bc6ae19fb4d67e04 [term 0 FOLLOWER]: Leader pre-election won for term 1
I20260601 13:35:50.100054  2520 raft_consensus.cc:493] T e244d4cfdc2c4449a5249a81fbca3228 P c38194a359014ba3bc6ae19fb4d67e04 [term 0 FOLLOWER]: Starting leader election (no leader contacted us within the election timeout)
I20260601 13:35:50.100095  2520 raft_consensus.cc:3060] T e244d4cfdc2c4449a5249a81fbca3228 P c38194a359014ba3bc6ae19fb4d67e04 [term 0 FOLLOWER]: Advancing to term 1
I20260601 13:35:50.100068  2535 consensus_queue.cc:237] T b4337d17d38a47ff9268bbe3286bd27d P 69e007126e3b4b4dbd7f194346bc57da [LEADER]: Queue going to LEADER mode. State: All replicated index: 0, Majority replicated index: 0, Committed index: 0, Last appended: 0.0, Last appended by leader: 0, Current term: 1, Majority size: 2, State: 0, Mode: LEADER, active raft config: opid_index: -1 OBSOLETE_local: false peers { permanent_uuid: "a7385d2225cb41739af41a7ae395ae16" member_type: VOTER last_known_addr { host: "127.29.164.193" port: 39279 } } peers { permanent_uuid: "69e007126e3b4b4dbd7f194346bc57da" member_type: VOTER last_known_addr { host: "127.29.164.195" port: 41429 } } peers { permanent_uuid: "c38194a359014ba3bc6ae19fb4d67e04" member_type: VOTER last_known_addr { host: "127.29.164.194" port: 43083 } }
I20260601 13:35:50.101068  2516 raft_consensus.cc:493] T bba1128c055244c4b8d96940e1b44660 P a7385d2225cb41739af41a7ae395ae16 [term 0 FOLLOWER]: Starting pre-election (no leader contacted us within the election timeout)
I20260601 13:35:50.101032  2520 raft_consensus.cc:515] T e244d4cfdc2c4449a5249a81fbca3228 P c38194a359014ba3bc6ae19fb4d67e04 [term 1 FOLLOWER]: Starting leader election with config: opid_index: -1 OBSOLETE_local: false peers { permanent_uuid: "a7385d2225cb41739af41a7ae395ae16" member_type: VOTER last_known_addr { host: "127.29.164.193" port: 39279 } } peers { permanent_uuid: "c38194a359014ba3bc6ae19fb4d67e04" member_type: VOTER last_known_addr { host: "127.29.164.194" port: 43083 } } peers { permanent_uuid: "69e007126e3b4b4dbd7f194346bc57da" member_type: VOTER last_known_addr { host: "127.29.164.195" port: 41429 } }
I20260601 13:35:50.101147  2516 raft_consensus.cc:515] T bba1128c055244c4b8d96940e1b44660 P a7385d2225cb41739af41a7ae395ae16 [term 0 FOLLOWER]: Starting pre-election with config: opid_index: -1 OBSOLETE_local: false peers { permanent_uuid: "a7385d2225cb41739af41a7ae395ae16" member_type: VOTER last_known_addr { host: "127.29.164.193" port: 39279 } } peers { permanent_uuid: "c38194a359014ba3bc6ae19fb4d67e04" member_type: VOTER last_known_addr { host: "127.29.164.194" port: 43083 } } peers { permanent_uuid: "69e007126e3b4b4dbd7f194346bc57da" member_type: VOTER last_known_addr { host: "127.29.164.195" port: 41429 } }
I20260601 13:35:50.101419  2520 leader_election.cc:290] T e244d4cfdc2c4449a5249a81fbca3228 P c38194a359014ba3bc6ae19fb4d67e04 [CANDIDATE]: Term 1 election: Requested vote from peers a7385d2225cb41739af41a7ae395ae16 (127.29.164.193:39279), 69e007126e3b4b4dbd7f194346bc57da (127.29.164.195:41429)
I20260601 13:35:50.101464  2516 leader_election.cc:290] T bba1128c055244c4b8d96940e1b44660 P a7385d2225cb41739af41a7ae395ae16 [CANDIDATE]: Term 1 pre-election: Requested pre-vote from peers c38194a359014ba3bc6ae19fb4d67e04 (127.29.164.194:43083), 69e007126e3b4b4dbd7f194346bc57da (127.29.164.195:41429)
I20260601 13:35:50.101526  2386 raft_consensus.cc:2468] T b4337d17d38a47ff9268bbe3286bd27d P c38194a359014ba3bc6ae19fb4d67e04 [term 1 FOLLOWER]: Leader election vote request: Granting yes vote for candidate 69e007126e3b4b4dbd7f194346bc57da in term 1.
I20260601 13:35:50.101756  2208 catalog_manager.cc:5696] T b4337d17d38a47ff9268bbe3286bd27d P 69e007126e3b4b4dbd7f194346bc57da reported cstate change: term changed from 0 to 1, leader changed from <none> to 69e007126e3b4b4dbd7f194346bc57da (127.29.164.195). New cstate: current_term: 1 leader_uuid: "69e007126e3b4b4dbd7f194346bc57da" committed_config { opid_index: -1 OBSOLETE_local: false peers { permanent_uuid: "a7385d2225cb41739af41a7ae395ae16" member_type: VOTER last_known_addr { host: "127.29.164.193" port: 39279 } health_report { overall_health: UNKNOWN } } peers { permanent_uuid: "69e007126e3b4b4dbd7f194346bc57da" member_type: VOTER last_known_addr { host: "127.29.164.195" port: 41429 } health_report { overall_health: HEALTHY } } peers { permanent_uuid: "c38194a359014ba3bc6ae19fb4d67e04" member_type: VOTER last_known_addr { host: "127.29.164.194" port: 43083 } health_report { overall_health: UNKNOWN } } }
I20260601 13:35:50.101910  2311 tablet_service.cc:1917] Received RequestConsensusVote() RPC: tablet_id: "e244d4cfdc2c4449a5249a81fbca3228" candidate_uuid: "c38194a359014ba3bc6ae19fb4d67e04" candidate_term: 1 candidate_status { last_received { term: 0 index: 0 } } ignore_live_leader: false dest_uuid: "a7385d2225cb41739af41a7ae395ae16"
I20260601 13:35:50.101984  2462 tablet_service.cc:1917] Received RequestConsensusVote() RPC: tablet_id: "bba1128c055244c4b8d96940e1b44660" candidate_uuid: "a7385d2225cb41739af41a7ae395ae16" candidate_term: 1 candidate_status { last_received { term: 0 index: 0 } } ignore_live_leader: false dest_uuid: "69e007126e3b4b4dbd7f194346bc57da" is_pre_election: true
I20260601 13:35:50.101987  2311 raft_consensus.cc:3060] T e244d4cfdc2c4449a5249a81fbca3228 P a7385d2225cb41739af41a7ae395ae16 [term 0 FOLLOWER]: Advancing to term 1
I20260601 13:35:50.102113  2462 raft_consensus.cc:2468] T bba1128c055244c4b8d96940e1b44660 P 69e007126e3b4b4dbd7f194346bc57da [term 0 FOLLOWER]: Leader pre-election vote request: Granting yes vote for candidate a7385d2225cb41739af41a7ae395ae16 in term 0.
I20260601 13:35:50.102347  2386 tablet_service.cc:1917] Received RequestConsensusVote() RPC: tablet_id: "bba1128c055244c4b8d96940e1b44660" candidate_uuid: "a7385d2225cb41739af41a7ae395ae16" candidate_term: 1 candidate_status { last_received { term: 0 index: 0 } } ignore_live_leader: false dest_uuid: "c38194a359014ba3bc6ae19fb4d67e04" is_pre_election: true
I20260601 13:35:50.102447  2386 raft_consensus.cc:2468] T bba1128c055244c4b8d96940e1b44660 P c38194a359014ba3bc6ae19fb4d67e04 [term 0 FOLLOWER]: Leader pre-election vote request: Granting yes vote for candidate a7385d2225cb41739af41a7ae395ae16 in term 0.
I20260601 13:35:50.102708  2274 leader_election.cc:304] T bba1128c055244c4b8d96940e1b44660 P a7385d2225cb41739af41a7ae395ae16 [CANDIDATE]: Term 1 pre-election: Election decided. Result: candidate won. Election summary: received 2 responses out of 3 voters: 2 yes votes; 0 no votes. yes voters: a7385d2225cb41739af41a7ae395ae16, c38194a359014ba3bc6ae19fb4d67e04; no voters: 
I20260601 13:35:50.102880  2311 raft_consensus.cc:2468] T e244d4cfdc2c4449a5249a81fbca3228 P a7385d2225cb41739af41a7ae395ae16 [term 1 FOLLOWER]: Leader election vote request: Granting yes vote for candidate c38194a359014ba3bc6ae19fb4d67e04 in term 1.
I20260601 13:35:50.102919  2516 raft_consensus.cc:2804] T bba1128c055244c4b8d96940e1b44660 P a7385d2225cb41739af41a7ae395ae16 [term 0 FOLLOWER]: Leader pre-election won for term 1
I20260601 13:35:50.102973  2516 raft_consensus.cc:493] T bba1128c055244c4b8d96940e1b44660 P a7385d2225cb41739af41a7ae395ae16 [term 0 FOLLOWER]: Starting leader election (no leader contacted us within the election timeout)
I20260601 13:35:50.103013  2516 raft_consensus.cc:3060] T bba1128c055244c4b8d96940e1b44660 P a7385d2225cb41739af41a7ae395ae16 [term 0 FOLLOWER]: Advancing to term 1
I20260601 13:35:50.103142  2462 tablet_service.cc:1917] Received RequestConsensusVote() RPC: tablet_id: "e244d4cfdc2c4449a5249a81fbca3228" candidate_uuid: "c38194a359014ba3bc6ae19fb4d67e04" candidate_term: 1 candidate_status { last_received { term: 0 index: 0 } } ignore_live_leader: false dest_uuid: "69e007126e3b4b4dbd7f194346bc57da"
I20260601 13:35:50.103222  2462 raft_consensus.cc:3060] T e244d4cfdc2c4449a5249a81fbca3228 P 69e007126e3b4b4dbd7f194346bc57da [term 0 FOLLOWER]: Advancing to term 1
I20260601 13:35:50.103251  2350 leader_election.cc:304] T e244d4cfdc2c4449a5249a81fbca3228 P c38194a359014ba3bc6ae19fb4d67e04 [CANDIDATE]: Term 1 election: Election decided. Result: candidate won. Election summary: received 2 responses out of 3 voters: 2 yes votes; 0 no votes. yes voters: a7385d2225cb41739af41a7ae395ae16, c38194a359014ba3bc6ae19fb4d67e04; no voters: 
I20260601 13:35:50.103541  2520 raft_consensus.cc:2804] T e244d4cfdc2c4449a5249a81fbca3228 P c38194a359014ba3bc6ae19fb4d67e04 [term 1 FOLLOWER]: Leader election won for term 1
I20260601 13:35:50.103834  2520 raft_consensus.cc:697] T e244d4cfdc2c4449a5249a81fbca3228 P c38194a359014ba3bc6ae19fb4d67e04 [term 1 LEADER]: Becoming Leader. State: Replica: c38194a359014ba3bc6ae19fb4d67e04, State: Running, Role: LEADER
I20260601 13:35:50.103891  2516 raft_consensus.cc:515] T bba1128c055244c4b8d96940e1b44660 P a7385d2225cb41739af41a7ae395ae16 [term 1 FOLLOWER]: Starting leader election with config: opid_index: -1 OBSOLETE_local: false peers { permanent_uuid: "a7385d2225cb41739af41a7ae395ae16" member_type: VOTER last_known_addr { host: "127.29.164.193" port: 39279 } } peers { permanent_uuid: "c38194a359014ba3bc6ae19fb4d67e04" member_type: VOTER last_known_addr { host: "127.29.164.194" port: 43083 } } peers { permanent_uuid: "69e007126e3b4b4dbd7f194346bc57da" member_type: VOTER last_known_addr { host: "127.29.164.195" port: 41429 } }
I20260601 13:35:50.103965  2520 consensus_queue.cc:237] T e244d4cfdc2c4449a5249a81fbca3228 P c38194a359014ba3bc6ae19fb4d67e04 [LEADER]: Queue going to LEADER mode. State: All replicated index: 0, Majority replicated index: 0, Committed index: 0, Last appended: 0.0, Last appended by leader: 0, Current term: 1, Majority size: 2, State: 0, Mode: LEADER, active raft config: opid_index: -1 OBSOLETE_local: false peers { permanent_uuid: "a7385d2225cb41739af41a7ae395ae16" member_type: VOTER last_known_addr { host: "127.29.164.193" port: 39279 } } peers { permanent_uuid: "c38194a359014ba3bc6ae19fb4d67e04" member_type: VOTER last_known_addr { host: "127.29.164.194" port: 43083 } } peers { permanent_uuid: "69e007126e3b4b4dbd7f194346bc57da" member_type: VOTER last_known_addr { host: "127.29.164.195" port: 41429 } }
I20260601 13:35:50.104061  2462 raft_consensus.cc:2468] T e244d4cfdc2c4449a5249a81fbca3228 P 69e007126e3b4b4dbd7f194346bc57da [term 1 FOLLOWER]: Leader election vote request: Granting yes vote for candidate c38194a359014ba3bc6ae19fb4d67e04 in term 1.
I20260601 13:35:50.104245  2516 leader_election.cc:290] T bba1128c055244c4b8d96940e1b44660 P a7385d2225cb41739af41a7ae395ae16 [CANDIDATE]: Term 1 election: Requested vote from peers c38194a359014ba3bc6ae19fb4d67e04 (127.29.164.194:43083), 69e007126e3b4b4dbd7f194346bc57da (127.29.164.195:41429)
I20260601 13:35:50.104700  2386 tablet_service.cc:1917] Received RequestConsensusVote() RPC: tablet_id: "bba1128c055244c4b8d96940e1b44660" candidate_uuid: "a7385d2225cb41739af41a7ae395ae16" candidate_term: 1 candidate_status { last_received { term: 0 index: 0 } } ignore_live_leader: false dest_uuid: "c38194a359014ba3bc6ae19fb4d67e04"
I20260601 13:35:50.104815  2386 raft_consensus.cc:3060] T bba1128c055244c4b8d96940e1b44660 P c38194a359014ba3bc6ae19fb4d67e04 [term 0 FOLLOWER]: Advancing to term 1
I20260601 13:35:50.105170  2462 tablet_service.cc:1917] Received RequestConsensusVote() RPC: tablet_id: "bba1128c055244c4b8d96940e1b44660" candidate_uuid: "a7385d2225cb41739af41a7ae395ae16" candidate_term: 1 candidate_status { last_received { term: 0 index: 0 } } ignore_live_leader: false dest_uuid: "69e007126e3b4b4dbd7f194346bc57da"
I20260601 13:35:50.105279  2462 raft_consensus.cc:3060] T bba1128c055244c4b8d96940e1b44660 P 69e007126e3b4b4dbd7f194346bc57da [term 0 FOLLOWER]: Advancing to term 1
I20260601 13:35:50.105614  2386 raft_consensus.cc:2468] T bba1128c055244c4b8d96940e1b44660 P c38194a359014ba3bc6ae19fb4d67e04 [term 1 FOLLOWER]: Leader election vote request: Granting yes vote for candidate a7385d2225cb41739af41a7ae395ae16 in term 1.
I20260601 13:35:50.105979  2274 leader_election.cc:304] T bba1128c055244c4b8d96940e1b44660 P a7385d2225cb41739af41a7ae395ae16 [CANDIDATE]: Term 1 election: Election decided. Result: candidate won. Election summary: received 2 responses out of 3 voters: 2 yes votes; 0 no votes. yes voters: a7385d2225cb41739af41a7ae395ae16, c38194a359014ba3bc6ae19fb4d67e04; no voters: 
I20260601 13:35:50.106109  2462 raft_consensus.cc:2468] T bba1128c055244c4b8d96940e1b44660 P 69e007126e3b4b4dbd7f194346bc57da [term 1 FOLLOWER]: Leader election vote request: Granting yes vote for candidate a7385d2225cb41739af41a7ae395ae16 in term 1.
I20260601 13:35:50.106179  2516 raft_consensus.cc:2804] T bba1128c055244c4b8d96940e1b44660 P a7385d2225cb41739af41a7ae395ae16 [term 1 FOLLOWER]: Leader election won for term 1
I20260601 13:35:50.106305  2516 raft_consensus.cc:697] T bba1128c055244c4b8d96940e1b44660 P a7385d2225cb41739af41a7ae395ae16 [term 1 LEADER]: Becoming Leader. State: Replica: a7385d2225cb41739af41a7ae395ae16, State: Running, Role: LEADER
I20260601 13:35:50.106184  2208 catalog_manager.cc:5696] T e244d4cfdc2c4449a5249a81fbca3228 P c38194a359014ba3bc6ae19fb4d67e04 reported cstate change: term changed from 0 to 1, leader changed from <none> to c38194a359014ba3bc6ae19fb4d67e04 (127.29.164.194). New cstate: current_term: 1 leader_uuid: "c38194a359014ba3bc6ae19fb4d67e04" committed_config { opid_index: -1 OBSOLETE_local: false peers { permanent_uuid: "a7385d2225cb41739af41a7ae395ae16" member_type: VOTER last_known_addr { host: "127.29.164.193" port: 39279 } health_report { overall_health: UNKNOWN } } peers { permanent_uuid: "c38194a359014ba3bc6ae19fb4d67e04" member_type: VOTER last_known_addr { host: "127.29.164.194" port: 43083 } health_report { overall_health: HEALTHY } } peers { permanent_uuid: "69e007126e3b4b4dbd7f194346bc57da" member_type: VOTER last_known_addr { host: "127.29.164.195" port: 41429 } health_report { overall_health: UNKNOWN } } }
I20260601 13:35:50.106411  2516 consensus_queue.cc:237] T bba1128c055244c4b8d96940e1b44660 P a7385d2225cb41739af41a7ae395ae16 [LEADER]: Queue going to LEADER mode. State: All replicated index: 0, Majority replicated index: 0, Committed index: 0, Last appended: 0.0, Last appended by leader: 0, Current term: 1, Majority size: 2, State: 0, Mode: LEADER, active raft config: opid_index: -1 OBSOLETE_local: false peers { permanent_uuid: "a7385d2225cb41739af41a7ae395ae16" member_type: VOTER last_known_addr { host: "127.29.164.193" port: 39279 } } peers { permanent_uuid: "c38194a359014ba3bc6ae19fb4d67e04" member_type: VOTER last_known_addr { host: "127.29.164.194" port: 43083 } } peers { permanent_uuid: "69e007126e3b4b4dbd7f194346bc57da" member_type: VOTER last_known_addr { host: "127.29.164.195" port: 41429 } }
I20260601 13:35:50.108129  2207 catalog_manager.cc:5696] T bba1128c055244c4b8d96940e1b44660 P a7385d2225cb41739af41a7ae395ae16 reported cstate change: term changed from 0 to 1, leader changed from <none> to a7385d2225cb41739af41a7ae395ae16 (127.29.164.193). New cstate: current_term: 1 leader_uuid: "a7385d2225cb41739af41a7ae395ae16" committed_config { opid_index: -1 OBSOLETE_local: false peers { permanent_uuid: "a7385d2225cb41739af41a7ae395ae16" member_type: VOTER last_known_addr { host: "127.29.164.193" port: 39279 } health_report { overall_health: HEALTHY } } peers { permanent_uuid: "c38194a359014ba3bc6ae19fb4d67e04" member_type: VOTER last_known_addr { host: "127.29.164.194" port: 43083 } health_report { overall_health: UNKNOWN } } peers { permanent_uuid: "69e007126e3b4b4dbd7f194346bc57da" member_type: VOTER last_known_addr { host: "127.29.164.195" port: 41429 } health_report { overall_health: UNKNOWN } } }
I20260601 13:35:50.171509  2547 raft_consensus.cc:493] T 627a788936e04465bff61d2608a65205 P a7385d2225cb41739af41a7ae395ae16 [term 0 FOLLOWER]: Starting pre-election (no leader contacted us within the election timeout)
I20260601 13:35:50.171701  2547 raft_consensus.cc:515] T 627a788936e04465bff61d2608a65205 P a7385d2225cb41739af41a7ae395ae16 [term 0 FOLLOWER]: Starting pre-election with config: opid_index: -1 OBSOLETE_local: false peers { permanent_uuid: "a7385d2225cb41739af41a7ae395ae16" member_type: VOTER last_known_addr { host: "127.29.164.193" port: 39279 } } peers { permanent_uuid: "c38194a359014ba3bc6ae19fb4d67e04" member_type: VOTER last_known_addr { host: "127.29.164.194" port: 43083 } } peers { permanent_uuid: "69e007126e3b4b4dbd7f194346bc57da" member_type: VOTER last_known_addr { host: "127.29.164.195" port: 41429 } }
I20260601 13:35:50.172297  2547 leader_election.cc:290] T 627a788936e04465bff61d2608a65205 P a7385d2225cb41739af41a7ae395ae16 [CANDIDATE]: Term 1 pre-election: Requested pre-vote from peers c38194a359014ba3bc6ae19fb4d67e04 (127.29.164.194:43083), 69e007126e3b4b4dbd7f194346bc57da (127.29.164.195:41429)
I20260601 13:35:50.172784  2462 tablet_service.cc:1917] Received RequestConsensusVote() RPC: tablet_id: "627a788936e04465bff61d2608a65205" candidate_uuid: "a7385d2225cb41739af41a7ae395ae16" candidate_term: 1 candidate_status { last_received { term: 0 index: 0 } } ignore_live_leader: false dest_uuid: "69e007126e3b4b4dbd7f194346bc57da" is_pre_election: true
I20260601 13:35:50.172783  2386 tablet_service.cc:1917] Received RequestConsensusVote() RPC: tablet_id: "627a788936e04465bff61d2608a65205" candidate_uuid: "a7385d2225cb41739af41a7ae395ae16" candidate_term: 1 candidate_status { last_received { term: 0 index: 0 } } ignore_live_leader: false dest_uuid: "c38194a359014ba3bc6ae19fb4d67e04" is_pre_election: true
I20260601 13:35:50.172958  2462 raft_consensus.cc:2468] T 627a788936e04465bff61d2608a65205 P 69e007126e3b4b4dbd7f194346bc57da [term 0 FOLLOWER]: Leader pre-election vote request: Granting yes vote for candidate a7385d2225cb41739af41a7ae395ae16 in term 0.
I20260601 13:35:50.172976  2386 raft_consensus.cc:2468] T 627a788936e04465bff61d2608a65205 P c38194a359014ba3bc6ae19fb4d67e04 [term 0 FOLLOWER]: Leader pre-election vote request: Granting yes vote for candidate a7385d2225cb41739af41a7ae395ae16 in term 0.
I20260601 13:35:50.173301  2274 leader_election.cc:304] T 627a788936e04465bff61d2608a65205 P a7385d2225cb41739af41a7ae395ae16 [CANDIDATE]: Term 1 pre-election: Election decided. Result: candidate won. Election summary: received 2 responses out of 3 voters: 2 yes votes; 0 no votes. yes voters: a7385d2225cb41739af41a7ae395ae16, c38194a359014ba3bc6ae19fb4d67e04; no voters: 
I20260601 13:35:50.173511  2547 raft_consensus.cc:2804] T 627a788936e04465bff61d2608a65205 P a7385d2225cb41739af41a7ae395ae16 [term 0 FOLLOWER]: Leader pre-election won for term 1
I20260601 13:35:50.173604  2547 raft_consensus.cc:493] T 627a788936e04465bff61d2608a65205 P a7385d2225cb41739af41a7ae395ae16 [term 0 FOLLOWER]: Starting leader election (no leader contacted us within the election timeout)
I20260601 13:35:50.173661  2547 raft_consensus.cc:3060] T 627a788936e04465bff61d2608a65205 P a7385d2225cb41739af41a7ae395ae16 [term 0 FOLLOWER]: Advancing to term 1
I20260601 13:35:50.173671  2520 raft_consensus.cc:493] T 5f37ce684caf4449a27c5bf4f59b916f P c38194a359014ba3bc6ae19fb4d67e04 [term 0 FOLLOWER]: Starting pre-election (no leader contacted us within the election timeout)
I20260601 13:35:50.173775  2520 raft_consensus.cc:515] T 5f37ce684caf4449a27c5bf4f59b916f P c38194a359014ba3bc6ae19fb4d67e04 [term 0 FOLLOWER]: Starting pre-election with config: opid_index: -1 OBSOLETE_local: false peers { permanent_uuid: "a7385d2225cb41739af41a7ae395ae16" member_type: VOTER last_known_addr { host: "127.29.164.193" port: 39279 } } peers { permanent_uuid: "c38194a359014ba3bc6ae19fb4d67e04" member_type: VOTER last_known_addr { host: "127.29.164.194" port: 43083 } } peers { permanent_uuid: "69e007126e3b4b4dbd7f194346bc57da" member_type: VOTER last_known_addr { host: "127.29.164.195" port: 41429 } }
I20260601 13:35:50.174154  2520 leader_election.cc:290] T 5f37ce684caf4449a27c5bf4f59b916f P c38194a359014ba3bc6ae19fb4d67e04 [CANDIDATE]: Term 1 pre-election: Requested pre-vote from peers a7385d2225cb41739af41a7ae395ae16 (127.29.164.193:39279), 69e007126e3b4b4dbd7f194346bc57da (127.29.164.195:41429)
I20260601 13:35:50.174510  2311 tablet_service.cc:1917] Received RequestConsensusVote() RPC: tablet_id: "5f37ce684caf4449a27c5bf4f59b916f" candidate_uuid: "c38194a359014ba3bc6ae19fb4d67e04" candidate_term: 1 candidate_status { last_received { term: 0 index: 0 } } ignore_live_leader: false dest_uuid: "a7385d2225cb41739af41a7ae395ae16" is_pre_election: true
I20260601 13:35:50.174624  2311 raft_consensus.cc:2468] T 5f37ce684caf4449a27c5bf4f59b916f P a7385d2225cb41739af41a7ae395ae16 [term 0 FOLLOWER]: Leader pre-election vote request: Granting yes vote for candidate c38194a359014ba3bc6ae19fb4d67e04 in term 0.
I20260601 13:35:50.174845  2462 tablet_service.cc:1917] Received RequestConsensusVote() RPC: tablet_id: "5f37ce684caf4449a27c5bf4f59b916f" candidate_uuid: "c38194a359014ba3bc6ae19fb4d67e04" candidate_term: 1 candidate_status { last_received { term: 0 index: 0 } } ignore_live_leader: false dest_uuid: "69e007126e3b4b4dbd7f194346bc57da" is_pre_election: true
I20260601 13:35:50.174860  2547 raft_consensus.cc:515] T 627a788936e04465bff61d2608a65205 P a7385d2225cb41739af41a7ae395ae16 [term 1 FOLLOWER]: Starting leader election with config: opid_index: -1 OBSOLETE_local: false peers { permanent_uuid: "a7385d2225cb41739af41a7ae395ae16" member_type: VOTER last_known_addr { host: "127.29.164.193" port: 39279 } } peers { permanent_uuid: "c38194a359014ba3bc6ae19fb4d67e04" member_type: VOTER last_known_addr { host: "127.29.164.194" port: 43083 } } peers { permanent_uuid: "69e007126e3b4b4dbd7f194346bc57da" member_type: VOTER last_known_addr { host: "127.29.164.195" port: 41429 } }
I20260601 13:35:50.174903  2350 leader_election.cc:304] T 5f37ce684caf4449a27c5bf4f59b916f P c38194a359014ba3bc6ae19fb4d67e04 [CANDIDATE]: Term 1 pre-election: Election decided. Result: candidate won. Election summary: received 2 responses out of 3 voters: 2 yes votes; 0 no votes. yes voters: a7385d2225cb41739af41a7ae395ae16, c38194a359014ba3bc6ae19fb4d67e04; no voters: 
I20260601 13:35:50.174978  2462 raft_consensus.cc:2468] T 5f37ce684caf4449a27c5bf4f59b916f P 69e007126e3b4b4dbd7f194346bc57da [term 0 FOLLOWER]: Leader pre-election vote request: Granting yes vote for candidate c38194a359014ba3bc6ae19fb4d67e04 in term 0.
I20260601 13:35:50.175069  2520 raft_consensus.cc:2804] T 5f37ce684caf4449a27c5bf4f59b916f P c38194a359014ba3bc6ae19fb4d67e04 [term 0 FOLLOWER]: Leader pre-election won for term 1
I20260601 13:35:50.175122  2520 raft_consensus.cc:493] T 5f37ce684caf4449a27c5bf4f59b916f P c38194a359014ba3bc6ae19fb4d67e04 [term 0 FOLLOWER]: Starting leader election (no leader contacted us within the election timeout)
I20260601 13:35:50.175169  2520 raft_consensus.cc:3060] T 5f37ce684caf4449a27c5bf4f59b916f P c38194a359014ba3bc6ae19fb4d67e04 [term 0 FOLLOWER]: Advancing to term 1
I20260601 13:35:50.175208  2547 leader_election.cc:290] T 627a788936e04465bff61d2608a65205 P a7385d2225cb41739af41a7ae395ae16 [CANDIDATE]: Term 1 election: Requested vote from peers c38194a359014ba3bc6ae19fb4d67e04 (127.29.164.194:43083), 69e007126e3b4b4dbd7f194346bc57da (127.29.164.195:41429)
I20260601 13:35:50.175444  2511 raft_consensus.cc:493] T a26e74bebd504e47ab9dbf054a7c9fc4 P 69e007126e3b4b4dbd7f194346bc57da [term 0 FOLLOWER]: Starting pre-election (no leader contacted us within the election timeout)
I20260601 13:35:50.175542  2511 raft_consensus.cc:515] T a26e74bebd504e47ab9dbf054a7c9fc4 P 69e007126e3b4b4dbd7f194346bc57da [term 0 FOLLOWER]: Starting pre-election with config: opid_index: -1 OBSOLETE_local: false peers { permanent_uuid: "a7385d2225cb41739af41a7ae395ae16" member_type: VOTER last_known_addr { host: "127.29.164.193" port: 39279 } } peers { permanent_uuid: "c38194a359014ba3bc6ae19fb4d67e04" member_type: VOTER last_known_addr { host: "127.29.164.194" port: 43083 } } peers { permanent_uuid: "69e007126e3b4b4dbd7f194346bc57da" member_type: VOTER last_known_addr { host: "127.29.164.195" port: 41429 } }
I20260601 13:35:50.175580  2386 tablet_service.cc:1917] Received RequestConsensusVote() RPC: tablet_id: "627a788936e04465bff61d2608a65205" candidate_uuid: "a7385d2225cb41739af41a7ae395ae16" candidate_term: 1 candidate_status { last_received { term: 0 index: 0 } } ignore_live_leader: false dest_uuid: "c38194a359014ba3bc6ae19fb4d67e04"
I20260601 13:35:50.175686  2462 tablet_service.cc:1917] Received RequestConsensusVote() RPC: tablet_id: "627a788936e04465bff61d2608a65205" candidate_uuid: "a7385d2225cb41739af41a7ae395ae16" candidate_term: 1 candidate_status { last_received { term: 0 index: 0 } } ignore_live_leader: false dest_uuid: "69e007126e3b4b4dbd7f194346bc57da"
I20260601 13:35:50.175709  2386 raft_consensus.cc:3060] T 627a788936e04465bff61d2608a65205 P c38194a359014ba3bc6ae19fb4d67e04 [term 0 FOLLOWER]: Advancing to term 1
I20260601 13:35:50.175765  2462 raft_consensus.cc:3060] T 627a788936e04465bff61d2608a65205 P 69e007126e3b4b4dbd7f194346bc57da [term 0 FOLLOWER]: Advancing to term 1
I20260601 13:35:50.175897  2511 leader_election.cc:290] T a26e74bebd504e47ab9dbf054a7c9fc4 P 69e007126e3b4b4dbd7f194346bc57da [CANDIDATE]: Term 1 pre-election: Requested pre-vote from peers a7385d2225cb41739af41a7ae395ae16 (127.29.164.193:39279), c38194a359014ba3bc6ae19fb4d67e04 (127.29.164.194:43083)
I20260601 13:35:50.176210  2311 tablet_service.cc:1917] Received RequestConsensusVote() RPC: tablet_id: "a26e74bebd504e47ab9dbf054a7c9fc4" candidate_uuid: "69e007126e3b4b4dbd7f194346bc57da" candidate_term: 1 candidate_status { last_received { term: 0 index: 0 } } ignore_live_leader: false dest_uuid: "a7385d2225cb41739af41a7ae395ae16" is_pre_election: true
I20260601 13:35:50.176210  2387 tablet_service.cc:1917] Received RequestConsensusVote() RPC: tablet_id: "a26e74bebd504e47ab9dbf054a7c9fc4" candidate_uuid: "69e007126e3b4b4dbd7f194346bc57da" candidate_term: 1 candidate_status { last_received { term: 0 index: 0 } } ignore_live_leader: false dest_uuid: "c38194a359014ba3bc6ae19fb4d67e04" is_pre_election: true
I20260601 13:35:50.176245  2520 raft_consensus.cc:515] T 5f37ce684caf4449a27c5bf4f59b916f P c38194a359014ba3bc6ae19fb4d67e04 [term 1 FOLLOWER]: Starting leader election with config: opid_index: -1 OBSOLETE_local: false peers { permanent_uuid: "a7385d2225cb41739af41a7ae395ae16" member_type: VOTER last_known_addr { host: "127.29.164.193" port: 39279 } } peers { permanent_uuid: "c38194a359014ba3bc6ae19fb4d67e04" member_type: VOTER last_known_addr { host: "127.29.164.194" port: 43083 } } peers { permanent_uuid: "69e007126e3b4b4dbd7f194346bc57da" member_type: VOTER last_known_addr { host: "127.29.164.195" port: 41429 } }
I20260601 13:35:50.176335  2311 raft_consensus.cc:2468] T a26e74bebd504e47ab9dbf054a7c9fc4 P a7385d2225cb41739af41a7ae395ae16 [term 0 FOLLOWER]: Leader pre-election vote request: Granting yes vote for candidate 69e007126e3b4b4dbd7f194346bc57da in term 0.
I20260601 13:35:50.176363  2387 raft_consensus.cc:2468] T a26e74bebd504e47ab9dbf054a7c9fc4 P c38194a359014ba3bc6ae19fb4d67e04 [term 0 FOLLOWER]: Leader pre-election vote request: Granting yes vote for candidate 69e007126e3b4b4dbd7f194346bc57da in term 0.
I20260601 13:35:50.176599  2425 leader_election.cc:304] T a26e74bebd504e47ab9dbf054a7c9fc4 P 69e007126e3b4b4dbd7f194346bc57da [CANDIDATE]: Term 1 pre-election: Election decided. Result: candidate won. Election summary: received 2 responses out of 3 voters: 2 yes votes; 0 no votes. yes voters: 69e007126e3b4b4dbd7f194346bc57da, c38194a359014ba3bc6ae19fb4d67e04; no voters: 
I20260601 13:35:50.176640  2520 leader_election.cc:290] T 5f37ce684caf4449a27c5bf4f59b916f P c38194a359014ba3bc6ae19fb4d67e04 [CANDIDATE]: Term 1 election: Requested vote from peers a7385d2225cb41739af41a7ae395ae16 (127.29.164.193:39279), 69e007126e3b4b4dbd7f194346bc57da (127.29.164.195:41429)
I20260601 13:35:50.176645  2386 raft_consensus.cc:2468] T 627a788936e04465bff61d2608a65205 P c38194a359014ba3bc6ae19fb4d67e04 [term 1 FOLLOWER]: Leader election vote request: Granting yes vote for candidate a7385d2225cb41739af41a7ae395ae16 in term 1.
I20260601 13:35:50.176900  2511 raft_consensus.cc:2804] T a26e74bebd504e47ab9dbf054a7c9fc4 P 69e007126e3b4b4dbd7f194346bc57da [term 0 FOLLOWER]: Leader pre-election won for term 1
I20260601 13:35:50.176916  2274 leader_election.cc:304] T 627a788936e04465bff61d2608a65205 P a7385d2225cb41739af41a7ae395ae16 [CANDIDATE]: Term 1 election: Election decided. Result: candidate won. Election summary: received 2 responses out of 3 voters: 2 yes votes; 0 no votes. yes voters: a7385d2225cb41739af41a7ae395ae16, c38194a359014ba3bc6ae19fb4d67e04; no voters: 
I20260601 13:35:50.176978  2511 raft_consensus.cc:493] T a26e74bebd504e47ab9dbf054a7c9fc4 P 69e007126e3b4b4dbd7f194346bc57da [term 0 FOLLOWER]: Starting leader election (no leader contacted us within the election timeout)
I20260601 13:35:50.177038  2511 raft_consensus.cc:3060] T a26e74bebd504e47ab9dbf054a7c9fc4 P 69e007126e3b4b4dbd7f194346bc57da [term 0 FOLLOWER]: Advancing to term 1
I20260601 13:35:50.177085  2547 raft_consensus.cc:2804] T 627a788936e04465bff61d2608a65205 P a7385d2225cb41739af41a7ae395ae16 [term 1 FOLLOWER]: Leader election won for term 1
I20260601 13:35:50.177170  2547 raft_consensus.cc:697] T 627a788936e04465bff61d2608a65205 P a7385d2225cb41739af41a7ae395ae16 [term 1 LEADER]: Becoming Leader. State: Replica: a7385d2225cb41739af41a7ae395ae16, State: Running, Role: LEADER
I20260601 13:35:50.177313  2547 consensus_queue.cc:237] T 627a788936e04465bff61d2608a65205 P a7385d2225cb41739af41a7ae395ae16 [LEADER]: Queue going to LEADER mode. State: All replicated index: 0, Majority replicated index: 0, Committed index: 0, Last appended: 0.0, Last appended by leader: 0, Current term: 1, Majority size: 2, State: 0, Mode: LEADER, active raft config: opid_index: -1 OBSOLETE_local: false peers { permanent_uuid: "a7385d2225cb41739af41a7ae395ae16" member_type: VOTER last_known_addr { host: "127.29.164.193" port: 39279 } } peers { permanent_uuid: "c38194a359014ba3bc6ae19fb4d67e04" member_type: VOTER last_known_addr { host: "127.29.164.194" port: 43083 } } peers { permanent_uuid: "69e007126e3b4b4dbd7f194346bc57da" member_type: VOTER last_known_addr { host: "127.29.164.195" port: 41429 } }
I20260601 13:35:50.177939  2511 raft_consensus.cc:515] T a26e74bebd504e47ab9dbf054a7c9fc4 P 69e007126e3b4b4dbd7f194346bc57da [term 1 FOLLOWER]: Starting leader election with config: opid_index: -1 OBSOLETE_local: false peers { permanent_uuid: "a7385d2225cb41739af41a7ae395ae16" member_type: VOTER last_known_addr { host: "127.29.164.193" port: 39279 } } peers { permanent_uuid: "c38194a359014ba3bc6ae19fb4d67e04" member_type: VOTER last_known_addr { host: "127.29.164.194" port: 43083 } } peers { permanent_uuid: "69e007126e3b4b4dbd7f194346bc57da" member_type: VOTER last_known_addr { host: "127.29.164.195" port: 41429 } }
I20260601 13:35:50.178280  2511 leader_election.cc:290] T a26e74bebd504e47ab9dbf054a7c9fc4 P 69e007126e3b4b4dbd7f194346bc57da [CANDIDATE]: Term 1 election: Requested vote from peers a7385d2225cb41739af41a7ae395ae16 (127.29.164.193:39279), c38194a359014ba3bc6ae19fb4d67e04 (127.29.164.194:43083)
I20260601 13:35:50.178437  2311 tablet_service.cc:1917] Received RequestConsensusVote() RPC: tablet_id: "5f37ce684caf4449a27c5bf4f59b916f" candidate_uuid: "c38194a359014ba3bc6ae19fb4d67e04" candidate_term: 1 candidate_status { last_received { term: 0 index: 0 } } ignore_live_leader: false dest_uuid: "a7385d2225cb41739af41a7ae395ae16"
I20260601 13:35:50.178543  2311 raft_consensus.cc:3060] T 5f37ce684caf4449a27c5bf4f59b916f P a7385d2225cb41739af41a7ae395ae16 [term 0 FOLLOWER]: Advancing to term 1
I20260601 13:35:50.178619  2310 tablet_service.cc:1917] Received RequestConsensusVote() RPC: tablet_id: "a26e74bebd504e47ab9dbf054a7c9fc4" candidate_uuid: "69e007126e3b4b4dbd7f194346bc57da" candidate_term: 1 candidate_status { last_received { term: 0 index: 0 } } ignore_live_leader: false dest_uuid: "a7385d2225cb41739af41a7ae395ae16"
I20260601 13:35:50.178700  2310 raft_consensus.cc:3060] T a26e74bebd504e47ab9dbf054a7c9fc4 P a7385d2225cb41739af41a7ae395ae16 [term 0 FOLLOWER]: Advancing to term 1
I20260601 13:35:50.179073  2207 catalog_manager.cc:5696] T 627a788936e04465bff61d2608a65205 P a7385d2225cb41739af41a7ae395ae16 reported cstate change: term changed from 0 to 1, leader changed from <none> to a7385d2225cb41739af41a7ae395ae16 (127.29.164.193). New cstate: current_term: 1 leader_uuid: "a7385d2225cb41739af41a7ae395ae16" committed_config { opid_index: -1 OBSOLETE_local: false peers { permanent_uuid: "a7385d2225cb41739af41a7ae395ae16" member_type: VOTER last_known_addr { host: "127.29.164.193" port: 39279 } health_report { overall_health: HEALTHY } } peers { permanent_uuid: "c38194a359014ba3bc6ae19fb4d67e04" member_type: VOTER last_known_addr { host: "127.29.164.194" port: 43083 } health_report { overall_health: UNKNOWN } } peers { permanent_uuid: "69e007126e3b4b4dbd7f194346bc57da" member_type: VOTER last_known_addr { host: "127.29.164.195" port: 41429 } health_report { overall_health: UNKNOWN } } }
I20260601 13:35:50.179467  2311 raft_consensus.cc:2468] T 5f37ce684caf4449a27c5bf4f59b916f P a7385d2225cb41739af41a7ae395ae16 [term 1 FOLLOWER]: Leader election vote request: Granting yes vote for candidate c38194a359014ba3bc6ae19fb4d67e04 in term 1.
I20260601 13:35:50.179581  2310 raft_consensus.cc:2468] T a26e74bebd504e47ab9dbf054a7c9fc4 P a7385d2225cb41739af41a7ae395ae16 [term 1 FOLLOWER]: Leader election vote request: Granting yes vote for candidate 69e007126e3b4b4dbd7f194346bc57da in term 1.
I20260601 13:35:50.179803  2350 leader_election.cc:304] T 5f37ce684caf4449a27c5bf4f59b916f P c38194a359014ba3bc6ae19fb4d67e04 [CANDIDATE]: Term 1 election: Election decided. Result: candidate won. Election summary: received 2 responses out of 3 voters: 2 yes votes; 0 no votes. yes voters: a7385d2225cb41739af41a7ae395ae16, c38194a359014ba3bc6ae19fb4d67e04; no voters: 
