I20260601 13:35:09.527029 29738 raft_consensus.cc:359] T 00000000000000000000000000000000 P aa44555940a2461883fb79e47d6358e6 [term 0 FOLLOWER]: Replica starting. Triggering 0 pending ops. Active config: opid_index: -1 OBSOLETE_local: true peers { permanent_uuid: "aa44555940a2461883fb79e47d6358e6" member_type: VOTER }
I20260601 13:35:09.527114 29738 raft_consensus.cc:385] T 00000000000000000000000000000000 P aa44555940a2461883fb79e47d6358e6 [term 0 FOLLOWER]: Consensus starting up: Expiring failure detector timer to make a prompt election more likely
I20260601 13:35:09.527163 29738 raft_consensus.cc:740] T 00000000000000000000000000000000 P aa44555940a2461883fb79e47d6358e6 [term 0 FOLLOWER]: Becoming Follower/Learner. State: Replica: aa44555940a2461883fb79e47d6358e6, State: Initialized, Role: FOLLOWER
I20260601 13:35:09.527344 29738 consensus_queue.cc:260] T 00000000000000000000000000000000 P aa44555940a2461883fb79e47d6358e6 [NON_LEADER]: Queue going to NON_LEADER mode. State: All replicated index: 0, Majority replicated index: 0, Committed index: 0, Last appended: 0.0, Last appended by leader: 0, Current term: 0, Majority size: -1, State: 0, Mode: NON_LEADER, active raft config: opid_index: -1 OBSOLETE_local: true peers { permanent_uuid: "aa44555940a2461883fb79e47d6358e6" member_type: VOTER }
I20260601 13:35:09.527417 29738 raft_consensus.cc:399] T 00000000000000000000000000000000 P aa44555940a2461883fb79e47d6358e6 [term 0 FOLLOWER]: Only one voter in the Raft config. Triggering election immediately
I20260601 13:35:09.527490 29738 raft_consensus.cc:493] T 00000000000000000000000000000000 P aa44555940a2461883fb79e47d6358e6 [term 0 FOLLOWER]: Starting leader election (initial election of a single-replica configuration)
I20260601 13:35:09.527550 29738 raft_consensus.cc:3060] T 00000000000000000000000000000000 P aa44555940a2461883fb79e47d6358e6 [term 0 FOLLOWER]: Advancing to term 1
I20260601 13:35:09.528225 29738 raft_consensus.cc:515] T 00000000000000000000000000000000 P aa44555940a2461883fb79e47d6358e6 [term 1 FOLLOWER]: Starting leader election with config: opid_index: -1 OBSOLETE_local: true peers { permanent_uuid: "aa44555940a2461883fb79e47d6358e6" member_type: VOTER }
I20260601 13:35:09.528366 29738 leader_election.cc:304] T 00000000000000000000000000000000 P aa44555940a2461883fb79e47d6358e6 [CANDIDATE]: Term 1 election: Election decided. Result: candidate won. Election summary: received 1 responses out of 1 voters: 1 yes votes; 0 no votes. yes voters: aa44555940a2461883fb79e47d6358e6; no voters: 
I20260601 13:35:09.528579 29738 leader_election.cc:290] T 00000000000000000000000000000000 P aa44555940a2461883fb79e47d6358e6 [CANDIDATE]: Term 1 election: Requested vote from peers 
I20260601 13:35:09.528748 29741 raft_consensus.cc:2804] T 00000000000000000000000000000000 P aa44555940a2461883fb79e47d6358e6 [term 1 FOLLOWER]: Leader election won for term 1
I20260601 13:35:09.528978 29741 raft_consensus.cc:697] T 00000000000000000000000000000000 P aa44555940a2461883fb79e47d6358e6 [term 1 LEADER]: Becoming Leader. State: Replica: aa44555940a2461883fb79e47d6358e6, State: Running, Role: LEADER
I20260601 13:35:09.529104 29741 consensus_queue.cc:237] T 00000000000000000000000000000000 P aa44555940a2461883fb79e47d6358e6 [LEADER]: Queue going to LEADER mode. State: All replicated index: 0, Majority replicated index: 0, Committed index: 0, Last appended: 0.0, Last appended by leader: 0, Current term: 1, Majority size: 1, State: 0, Mode: LEADER, active raft config: opid_index: -1 OBSOLETE_local: true peers { permanent_uuid: "aa44555940a2461883fb79e47d6358e6" member_type: VOTER }
I20260601 13:35:09.529114 29738 sys_catalog.cc:565] T 00000000000000000000000000000000 P aa44555940a2461883fb79e47d6358e6 [sys.catalog]: configured and running, proceeding with master startup.
I20260601 13:35:09.529589 29742 sys_catalog.cc:455] T 00000000000000000000000000000000 P aa44555940a2461883fb79e47d6358e6 [sys.catalog]: SysCatalogTable state changed. Reason: RaftConsensus started. Latest consensus state: current_term: 1 leader_uuid: "aa44555940a2461883fb79e47d6358e6" committed_config { opid_index: -1 OBSOLETE_local: true peers { permanent_uuid: "aa44555940a2461883fb79e47d6358e6" member_type: VOTER } }
I20260601 13:35:09.529615 29743 sys_catalog.cc:455] T 00000000000000000000000000000000 P aa44555940a2461883fb79e47d6358e6 [sys.catalog]: SysCatalogTable state changed. Reason: New leader aa44555940a2461883fb79e47d6358e6. Latest consensus state: current_term: 1 leader_uuid: "aa44555940a2461883fb79e47d6358e6" committed_config { opid_index: -1 OBSOLETE_local: true peers { permanent_uuid: "aa44555940a2461883fb79e47d6358e6" member_type: VOTER } }
I20260601 13:35:09.529736 29742 sys_catalog.cc:458] T 00000000000000000000000000000000 P aa44555940a2461883fb79e47d6358e6 [sys.catalog]: This master's current role is: LEADER
I20260601 13:35:09.529757 29743 sys_catalog.cc:458] T 00000000000000000000000000000000 P aa44555940a2461883fb79e47d6358e6 [sys.catalog]: This master's current role is: LEADER
I20260601 13:35:09.530303 29746 catalog_manager.cc:1510] Loading table and tablet metadata into memory...
I20260601 13:35:09.531407 29746 catalog_manager.cc:1519] Initializing Kudu cluster ID...
I20260601 13:35:09.531638 27205 internal_mini_cluster.cc:184] Waiting to initialize catalog manager on master 0
I20260601 13:35:09.533294 29746 catalog_manager.cc:1382] Generated new cluster ID: d9a5586ed9e74d9c9df2f68beb4cab6e
I20260601 13:35:09.533352 29746 catalog_manager.cc:1530] Initializing Kudu internal certificate authority...
I20260601 13:35:09.547607 29746 catalog_manager.cc:1405] Generated new certificate authority record
I20260601 13:35:09.548172 29746 catalog_manager.cc:1539] Loading token signing keys...
I20260601 13:35:09.558465 29746 catalog_manager.cc:6069] T 00000000000000000000000000000000 P aa44555940a2461883fb79e47d6358e6: Generated new TSK 0
I20260601 13:35:09.558655 29746 catalog_manager.cc:1549] Initializing in-progress tserver states...
I20260601 13:35:09.564020 27205 file_cache.cc:492] Constructed file cache file cache with capacity 419430
W20260601 13:35:09.566095 29759 instance_detector.cc:116] could not retrieve AWS instance metadata: Network error: curl error: HTTP response code said error: The requested URL returned error: 404
I20260601 13:35:09.566208 27205 server_base.cc:1061] running on GCE node
W20260601 13:35:09.566095 29760 instance_detector.cc:116] could not retrieve Azure instance metadata: Network error: curl error: HTTP response code said error: The requested URL returned error: 404
W20260601 13:35:09.566198 29762 instance_detector.cc:116] could not retrieve OpenStack instance metadata: Network error: curl error: HTTP response code said error: The requested URL returned error: 404
I20260601 13:35:09.566491 27205 hybrid_clock.cc:584] initializing the hybrid clock with 'system_unsync' time source
W20260601 13:35:09.566584 27205 system_unsync_time.cc:38] NTP support is disabled. Clock error bounds will not be accurate. This configuration is not suitable for distributed clusters.
I20260601 13:35:09.566603 27205 hybrid_clock.cc:648] HybridClock initialized: now 1780320909566603 us; error 0 us; skew 500 ppm
I20260601 13:35:09.567911 27205 webserver.cc:533] Webserver started at http://127.26.145.65:40137/ using document root <none> and password file <none>
I20260601 13:35:09.568123 27205 fs_manager.cc:362] Metadata directory not provided
I20260601 13:35:09.568189 27205 fs_manager.cc:368] Using write-ahead log directory (fs_wal_dir) as metadata directory
I20260601 13:35:09.568274 27205 server_base.cc:909] This appears to be a new deployment of Kudu; creating new FS layout
I20260601 13:35:09.568749 27205 fs_manager.cc:1068] Generated new instance metadata in path /tmp/dist-test-taskukyccb/test-tmp/auto_rebalancer-test.0.AutoRebalancerTest.RangeAwareBuildClusterInfoGroupsByRange.1780320843722148-27205-0/minicluster-data/ts-0-root/instance:
uuid: "a14df2a3b99e444bb5d626786ccc65fa"
format_stamp: "Formatted at 2026-06-01 13:35:09 on dist-test-slave-937d"
I20260601 13:35:09.570349 27205 fs_manager.cc:696] Time spent creating directory manager: real 0.001s	user 0.002s	sys 0.000s
I20260601 13:35:09.571409 29767 log_block_manager.cc:4031] Time spent loading block containers with low live blocks: real 0.000s	user 0.000s	sys 0.000s
I20260601 13:35:09.571676 27205 fs_manager.cc:730] Time spent opening block manager: real 0.001s	user 0.001s	sys 0.000s
I20260601 13:35:09.571763 27205 fs_manager.cc:647] Opened local filesystem: /tmp/dist-test-taskukyccb/test-tmp/auto_rebalancer-test.0.AutoRebalancerTest.RangeAwareBuildClusterInfoGroupsByRange.1780320843722148-27205-0/minicluster-data/ts-0-root
uuid: "a14df2a3b99e444bb5d626786ccc65fa"
format_stamp: "Formatted at 2026-06-01 13:35:09 on dist-test-slave-937d"
I20260601 13:35:09.571856 27205 fs_report.cc:389] FS layout report
--------------------
wal directory: /tmp/dist-test-taskukyccb/test-tmp/auto_rebalancer-test.0.AutoRebalancerTest.RangeAwareBuildClusterInfoGroupsByRange.1780320843722148-27205-0/minicluster-data/ts-0-root
metadata directory: /tmp/dist-test-taskukyccb/test-tmp/auto_rebalancer-test.0.AutoRebalancerTest.RangeAwareBuildClusterInfoGroupsByRange.1780320843722148-27205-0/minicluster-data/ts-0-root
1 data directories: /tmp/dist-test-taskukyccb/test-tmp/auto_rebalancer-test.0.AutoRebalancerTest.RangeAwareBuildClusterInfoGroupsByRange.1780320843722148-27205-0/minicluster-data/ts-0-root/data
Total live blocks: 0
Total live bytes: 0
Total live bytes (after alignment): 0
Total number of LBM containers: 0 (0 full)
Did not check for missing blocks
Did not check for orphaned blocks
Total full LBM containers with extra space: 0 (0 repaired)
Total full LBM container extra space in bytes: 0 (0 repaired)
Total incomplete LBM containers: 0 (0 repaired)
Total LBM partial records: 0 (0 repaired)
Total corrupted LBM metadata records in RocksDB: 0 (0 repaired)
I20260601 13:35:09.581398 27205 rpc_server.cc:225] running with OpenSSL 1.1.1  11 Sep 2018
I20260601 13:35:09.581878 27205 kserver.cc:163] Server-wide thread pool size limit: 3276
I20260601 13:35:09.582190 27205 txn_system_client.cc:432] TxnSystemClient initialization is disabled...
I20260601 13:35:09.582682 27205 ts_tablet_manager.cc:585] Loaded tablet metadata (0 total tablets, 0 live tablets)
I20260601 13:35:09.582743 27205 ts_tablet_manager.cc:531] Time spent load tablet metadata: real 0.000s	user 0.000s	sys 0.000s
I20260601 13:35:09.582803 27205 ts_tablet_manager.cc:616] Registered 0 tablets
I20260601 13:35:09.582851 27205 ts_tablet_manager.cc:595] Time spent register tablets: real 0.000s	user 0.000s	sys 0.000s
I20260601 13:35:09.587070 27205 rpc_server.cc:307] RPC server started. Bound to: 127.26.145.65:36037
I20260601 13:35:09.587137 29830 acceptor_pool.cc:272] collecting diagnostics on the listening RPC socket 127.26.145.65:36037 every 8 connection(s)
I20260601 13:35:09.588033 27205 file_cache.cc:492] Constructed file cache file cache with capacity 419430
W20260601 13:35:09.589881 29835 instance_detector.cc:116] could not retrieve AWS instance metadata: Network error: curl error: HTTP response code said error: The requested URL returned error: 404
W20260601 13:35:09.589959 29836 instance_detector.cc:116] could not retrieve Azure instance metadata: Network error: curl error: HTTP response code said error: The requested URL returned error: 404
W20260601 13:35:09.590147 29838 instance_detector.cc:116] could not retrieve OpenStack instance metadata: Network error: curl error: HTTP response code said error: The requested URL returned error: 404
I20260601 13:35:09.590279 27205 server_base.cc:1061] running on GCE node
I20260601 13:35:09.590474 27205 hybrid_clock.cc:584] initializing the hybrid clock with 'system_unsync' time source
W20260601 13:35:09.590521 27205 system_unsync_time.cc:38] NTP support is disabled. Clock error bounds will not be accurate. This configuration is not suitable for distributed clusters.
I20260601 13:35:09.590543 27205 hybrid_clock.cc:648] HybridClock initialized: now 1780320909590542 us; error 0 us; skew 500 ppm
I20260601 13:35:09.591547 27205 webserver.cc:533] Webserver started at http://127.26.145.66:37083/ using document root <none> and password file <none>
I20260601 13:35:09.591734 27205 fs_manager.cc:362] Metadata directory not provided
I20260601 13:35:09.591820 27205 fs_manager.cc:368] Using write-ahead log directory (fs_wal_dir) as metadata directory
I20260601 13:35:09.591898 27205 server_base.cc:909] This appears to be a new deployment of Kudu; creating new FS layout
I20260601 13:35:09.592376 27205 fs_manager.cc:1068] Generated new instance metadata in path /tmp/dist-test-taskukyccb/test-tmp/auto_rebalancer-test.0.AutoRebalancerTest.RangeAwareBuildClusterInfoGroupsByRange.1780320843722148-27205-0/minicluster-data/ts-1-root/instance:
uuid: "235214ea370b4c229ce860e41ad74685"
format_stamp: "Formatted at 2026-06-01 13:35:09 on dist-test-slave-937d"
I20260601 13:35:09.593015 29831 heartbeater.cc:344] Connected to a master server at 127.26.145.126:40213
I20260601 13:35:09.593122 29831 heartbeater.cc:461] Registering TS with master...
I20260601 13:35:09.593381 29831 heartbeater.cc:507] Master 127.26.145.126:40213 requested a full tablet report, sending...
I20260601 13:35:09.594010 29702 ts_manager.cc:194] Registered new tserver with Master: a14df2a3b99e444bb5d626786ccc65fa (127.26.145.65:36037)
I20260601 13:35:09.594242 27205 fs_manager.cc:696] Time spent creating directory manager: real 0.002s	user 0.001s	sys 0.000s
I20260601 13:35:09.594802 29702 master_service.cc:502] Signed X509 certificate for tserver {username='slave'} at 127.0.0.1:53002
I20260601 13:35:09.595301 29843 log_block_manager.cc:4031] Time spent loading block containers with low live blocks: real 0.000s	user 0.000s	sys 0.000s
I20260601 13:35:09.595546 27205 fs_manager.cc:730] Time spent opening block manager: real 0.001s	user 0.001s	sys 0.000s
I20260601 13:35:09.595629 27205 fs_manager.cc:647] Opened local filesystem: /tmp/dist-test-taskukyccb/test-tmp/auto_rebalancer-test.0.AutoRebalancerTest.RangeAwareBuildClusterInfoGroupsByRange.1780320843722148-27205-0/minicluster-data/ts-1-root
uuid: "235214ea370b4c229ce860e41ad74685"
format_stamp: "Formatted at 2026-06-01 13:35:09 on dist-test-slave-937d"
I20260601 13:35:09.595702 27205 fs_report.cc:389] FS layout report
--------------------
wal directory: /tmp/dist-test-taskukyccb/test-tmp/auto_rebalancer-test.0.AutoRebalancerTest.RangeAwareBuildClusterInfoGroupsByRange.1780320843722148-27205-0/minicluster-data/ts-1-root
metadata directory: /tmp/dist-test-taskukyccb/test-tmp/auto_rebalancer-test.0.AutoRebalancerTest.RangeAwareBuildClusterInfoGroupsByRange.1780320843722148-27205-0/minicluster-data/ts-1-root
1 data directories: /tmp/dist-test-taskukyccb/test-tmp/auto_rebalancer-test.0.AutoRebalancerTest.RangeAwareBuildClusterInfoGroupsByRange.1780320843722148-27205-0/minicluster-data/ts-1-root/data
Total live blocks: 0
Total live bytes: 0
Total live bytes (after alignment): 0
Total number of LBM containers: 0 (0 full)
Did not check for missing blocks
Did not check for orphaned blocks
Total full LBM containers with extra space: 0 (0 repaired)
Total full LBM container extra space in bytes: 0 (0 repaired)
Total incomplete LBM containers: 0 (0 repaired)
Total LBM partial records: 0 (0 repaired)
Total corrupted LBM metadata records in RocksDB: 0 (0 repaired)
I20260601 13:35:09.623831 27205 rpc_server.cc:225] running with OpenSSL 1.1.1  11 Sep 2018
I20260601 13:35:09.624303 27205 kserver.cc:163] Server-wide thread pool size limit: 3276
I20260601 13:35:09.624650 27205 txn_system_client.cc:432] TxnSystemClient initialization is disabled...
I20260601 13:35:09.625150 27205 ts_tablet_manager.cc:585] Loaded tablet metadata (0 total tablets, 0 live tablets)
I20260601 13:35:09.625214 27205 ts_tablet_manager.cc:531] Time spent load tablet metadata: real 0.000s	user 0.000s	sys 0.000s
I20260601 13:35:09.625272 27205 ts_tablet_manager.cc:616] Registered 0 tablets
I20260601 13:35:09.625322 27205 ts_tablet_manager.cc:595] Time spent register tablets: real 0.000s	user 0.000s	sys 0.000s
I20260601 13:35:09.629727 27205 rpc_server.cc:307] RPC server started. Bound to: 127.26.145.66:37229
I20260601 13:35:09.629750 29906 acceptor_pool.cc:272] collecting diagnostics on the listening RPC socket 127.26.145.66:37229 every 8 connection(s)
I20260601 13:35:09.630718 27205 file_cache.cc:492] Constructed file cache file cache with capacity 419430
W20260601 13:35:09.632995 29913 instance_detector.cc:116] could not retrieve OpenStack instance metadata: Network error: curl error: HTTP response code said error: The requested URL returned error: 404
W20260601 13:35:09.632982 29910 instance_detector.cc:116] could not retrieve AWS instance metadata: Network error: curl error: HTTP response code said error: The requested URL returned error: 404
W20260601 13:35:09.632967 29911 instance_detector.cc:116] could not retrieve Azure instance metadata: Network error: curl error: HTTP response code said error: The requested URL returned error: 404
I20260601 13:35:09.633827 27205 server_base.cc:1061] running on GCE node
I20260601 13:35:09.634097 27205 hybrid_clock.cc:584] initializing the hybrid clock with 'system_unsync' time source
W20260601 13:35:09.634155 27205 system_unsync_time.cc:38] NTP support is disabled. Clock error bounds will not be accurate. This configuration is not suitable for distributed clusters.
I20260601 13:35:09.634186 27205 hybrid_clock.cc:648] HybridClock initialized: now 1780320909634186 us; error 0 us; skew 500 ppm
I20260601 13:35:09.635251 27205 webserver.cc:533] Webserver started at http://127.26.145.67:45661/ using document root <none> and password file <none>
I20260601 13:35:09.635294 29907 heartbeater.cc:344] Connected to a master server at 127.26.145.126:40213
I20260601 13:35:09.635393 29907 heartbeater.cc:461] Registering TS with master...
I20260601 13:35:09.635439 27205 fs_manager.cc:362] Metadata directory not provided
I20260601 13:35:09.635496 27205 fs_manager.cc:368] Using write-ahead log directory (fs_wal_dir) as metadata directory
I20260601 13:35:09.635571 27205 server_base.cc:909] This appears to be a new deployment of Kudu; creating new FS layout
I20260601 13:35:09.635658 29907 heartbeater.cc:507] Master 127.26.145.126:40213 requested a full tablet report, sending...
I20260601 13:35:09.636029 27205 fs_manager.cc:1068] Generated new instance metadata in path /tmp/dist-test-taskukyccb/test-tmp/auto_rebalancer-test.0.AutoRebalancerTest.RangeAwareBuildClusterInfoGroupsByRange.1780320843722148-27205-0/minicluster-data/ts-2-root/instance:
uuid: "536ad394586642daba57445421410b10"
format_stamp: "Formatted at 2026-06-01 13:35:09 on dist-test-slave-937d"
I20260601 13:35:09.636319 29702 ts_manager.cc:194] Registered new tserver with Master: 235214ea370b4c229ce860e41ad74685 (127.26.145.66:37229)
I20260601 13:35:09.636876 29702 master_service.cc:502] Signed X509 certificate for tserver {username='slave'} at 127.0.0.1:53014
I20260601 13:35:09.637681 27205 fs_manager.cc:696] Time spent creating directory manager: real 0.001s	user 0.002s	sys 0.000s
I20260601 13:35:09.638576 29918 log_block_manager.cc:4031] Time spent loading block containers with low live blocks: real 0.000s	user 0.000s	sys 0.000s
I20260601 13:35:09.638800 27205 fs_manager.cc:730] Time spent opening block manager: real 0.001s	user 0.001s	sys 0.000s
I20260601 13:35:09.638885 27205 fs_manager.cc:647] Opened local filesystem: /tmp/dist-test-taskukyccb/test-tmp/auto_rebalancer-test.0.AutoRebalancerTest.RangeAwareBuildClusterInfoGroupsByRange.1780320843722148-27205-0/minicluster-data/ts-2-root
uuid: "536ad394586642daba57445421410b10"
format_stamp: "Formatted at 2026-06-01 13:35:09 on dist-test-slave-937d"
I20260601 13:35:09.638976 27205 fs_report.cc:389] FS layout report
--------------------
wal directory: /tmp/dist-test-taskukyccb/test-tmp/auto_rebalancer-test.0.AutoRebalancerTest.RangeAwareBuildClusterInfoGroupsByRange.1780320843722148-27205-0/minicluster-data/ts-2-root
metadata directory: /tmp/dist-test-taskukyccb/test-tmp/auto_rebalancer-test.0.AutoRebalancerTest.RangeAwareBuildClusterInfoGroupsByRange.1780320843722148-27205-0/minicluster-data/ts-2-root
1 data directories: /tmp/dist-test-taskukyccb/test-tmp/auto_rebalancer-test.0.AutoRebalancerTest.RangeAwareBuildClusterInfoGroupsByRange.1780320843722148-27205-0/minicluster-data/ts-2-root/data
Total live blocks: 0
Total live bytes: 0
Total live bytes (after alignment): 0
Total number of LBM containers: 0 (0 full)
Did not check for missing blocks
Did not check for orphaned blocks
Total full LBM containers with extra space: 0 (0 repaired)
Total full LBM container extra space in bytes: 0 (0 repaired)
Total incomplete LBM containers: 0 (0 repaired)
Total LBM partial records: 0 (0 repaired)
Total corrupted LBM metadata records in RocksDB: 0 (0 repaired)
I20260601 13:35:09.688946 27205 rpc_server.cc:225] running with OpenSSL 1.1.1  11 Sep 2018
I20260601 13:35:09.689438 27205 kserver.cc:163] Server-wide thread pool size limit: 3276
I20260601 13:35:09.689771 27205 txn_system_client.cc:432] TxnSystemClient initialization is disabled...
I20260601 13:35:09.690266 27205 ts_tablet_manager.cc:585] Loaded tablet metadata (0 total tablets, 0 live tablets)
I20260601 13:35:09.690328 27205 ts_tablet_manager.cc:531] Time spent load tablet metadata: real 0.000s	user 0.000s	sys 0.000s
I20260601 13:35:09.690385 27205 ts_tablet_manager.cc:616] Registered 0 tablets
I20260601 13:35:09.690442 27205 ts_tablet_manager.cc:595] Time spent register tablets: real 0.000s	user 0.000s	sys 0.000s
I20260601 13:35:09.695161 27205 rpc_server.cc:307] RPC server started. Bound to: 127.26.145.67:44063
I20260601 13:35:09.695194 29981 acceptor_pool.cc:272] collecting diagnostics on the listening RPC socket 127.26.145.67:44063 every 8 connection(s)
I20260601 13:35:09.699980 29982 heartbeater.cc:344] Connected to a master server at 127.26.145.126:40213
I20260601 13:35:09.700119 29982 heartbeater.cc:461] Registering TS with master...
I20260601 13:35:09.700341 29982 heartbeater.cc:507] Master 127.26.145.126:40213 requested a full tablet report, sending...
I20260601 13:35:09.700934 29702 ts_manager.cc:194] Registered new tserver with Master: 536ad394586642daba57445421410b10 (127.26.145.67:44063)
I20260601 13:35:09.701244 27205 internal_mini_cluster.cc:371] 3 TS(s) registered with all masters after 0.005656647s
I20260601 13:35:09.701624 29702 master_service.cc:502] Signed X509 certificate for tserver {username='slave'} at 127.0.0.1:53030
I20260601 13:35:10.595887 29831 heartbeater.cc:499] Master 127.26.145.126:40213 was elected leader, sending a full tablet report...
I20260601 13:35:10.637913 29907 heartbeater.cc:499] Master 127.26.145.126:40213 was elected leader, sending a full tablet report...
I20260601 13:35:10.702529 29982 heartbeater.cc:499] Master 127.26.145.126:40213 was elected leader, sending a full tablet report...
I20260601 13:35:10.735911 29702 catalog_manager.cc:2282] Servicing CreateTable request from {username='slave'} at 127.0.0.1:53038:
name: "range_aware_auto_rebalancer_test"
schema {
  columns {
    name: "key"
    type: INT32
    is_key: true
    is_nullable: false
    encoding: AUTO_ENCODING
    compression: DEFAULT_COMPRESSION
    cfile_block_size: 0
    immutable: false
  }
}
num_replicas: 3
split_rows_range_bounds {
  rows: "\006\001\000\000\000\000\007\001\n\000\000\000\006\001\n\000\000\000\007\001\024\000\000\000""\006\001\000\000\000\000\007\001\n\000\000\000\006\001\n\000\000\000\007\001\024\000\000\000"
  indirect_data: """"
}
partition_schema {
  hash_schema {
    columns {
      name: "key"
    }
    num_buckets: 2
    seed: 0
  }
  range_schema {
    columns {
      name: "key"
    }
  }
}
W20260601 13:35:10.736709 29702 catalog_manager.cc:7076] The number of live tablet servers is not enough to re-replicate a tablet replica of the newly created table range_aware_auto_rebalancer_test in case of a server failure: 4 tablet servers would be needed, 3 are available. Consider bringing up more tablet servers.
I20260601 13:35:10.748613 29870 tablet_service.cc:1511] Processing CreateTablet for tablet b38aba7072914261b36384d13f6752c8 (DEFAULT_TABLE table=range_aware_auto_rebalancer_test [id=5b4b772f2eb143898408b9808eea005f]), partition=HASH (key) PARTITION 0, RANGE (key) PARTITION 10 <= VALUES < 20
I20260601 13:35:10.748685 29871 tablet_service.cc:1511] Processing CreateTablet for tablet 98d991ceb30e4ffeb27510f6ab4f7e9f (DEFAULT_TABLE table=range_aware_auto_rebalancer_test [id=5b4b772f2eb143898408b9808eea005f]), partition=HASH (key) PARTITION 0, RANGE (key) PARTITION 0 <= VALUES < 10
I20260601 13:35:10.748962 29795 tablet_service.cc:1511] Processing CreateTablet for tablet 98d991ceb30e4ffeb27510f6ab4f7e9f (DEFAULT_TABLE table=range_aware_auto_rebalancer_test [id=5b4b772f2eb143898408b9808eea005f]), partition=HASH (key) PARTITION 0, RANGE (key) PARTITION 0 <= VALUES < 10
I20260601 13:35:10.749153 29869 tablet_service.cc:1511] Processing CreateTablet for tablet 4b1616f1eb8b41618bbf3f78cec4aa62 (DEFAULT_TABLE table=range_aware_auto_rebalancer_test [id=5b4b772f2eb143898408b9808eea005f]), partition=HASH (key) PARTITION 1, RANGE (key) PARTITION 0 <= VALUES < 10
I20260601 13:35:10.749220 29795 data_dirs.cc:400] Could only allocate 1 dirs of requested 3 for tablet 98d991ceb30e4ffeb27510f6ab4f7e9f. 1 dirs total, 0 dirs full, 0 dirs failed
I20260601 13:35:10.749577 29868 tablet_service.cc:1511] Processing CreateTablet for tablet 7a6e34b56d14428c8e8bf6b64554f417 (DEFAULT_TABLE table=range_aware_auto_rebalancer_test [id=5b4b772f2eb143898408b9808eea005f]), partition=HASH (key) PARTITION 1, RANGE (key) PARTITION 10 <= VALUES < 20
I20260601 13:35:10.750165 29945 tablet_service.cc:1511] Processing CreateTablet for tablet b38aba7072914261b36384d13f6752c8 (DEFAULT_TABLE table=range_aware_auto_rebalancer_test [id=5b4b772f2eb143898408b9808eea005f]), partition=HASH (key) PARTITION 0, RANGE (key) PARTITION 10 <= VALUES < 20
I20260601 13:35:10.750249 29944 tablet_service.cc:1511] Processing CreateTablet for tablet 4b1616f1eb8b41618bbf3f78cec4aa62 (DEFAULT_TABLE table=range_aware_auto_rebalancer_test [id=5b4b772f2eb143898408b9808eea005f]), partition=HASH (key) PARTITION 1, RANGE (key) PARTITION 0 <= VALUES < 10
I20260601 13:35:10.750422 29945 data_dirs.cc:400] Could only allocate 1 dirs of requested 3 for tablet b38aba7072914261b36384d13f6752c8. 1 dirs total, 0 dirs full, 0 dirs failed
I20260601 13:35:10.750434 29943 tablet_service.cc:1511] Processing CreateTablet for tablet 7a6e34b56d14428c8e8bf6b64554f417 (DEFAULT_TABLE table=range_aware_auto_rebalancer_test [id=5b4b772f2eb143898408b9808eea005f]), partition=HASH (key) PARTITION 1, RANGE (key) PARTITION 10 <= VALUES < 20
I20260601 13:35:10.750640 29944 data_dirs.cc:400] Could only allocate 1 dirs of requested 3 for tablet 4b1616f1eb8b41618bbf3f78cec4aa62. 1 dirs total, 0 dirs full, 0 dirs failed
I20260601 13:35:10.750255 29946 tablet_service.cc:1511] Processing CreateTablet for tablet 98d991ceb30e4ffeb27510f6ab4f7e9f (DEFAULT_TABLE table=range_aware_auto_rebalancer_test [id=5b4b772f2eb143898408b9808eea005f]), partition=HASH (key) PARTITION 0, RANGE (key) PARTITION 0 <= VALUES < 10
I20260601 13:35:10.750803 29943 data_dirs.cc:400] Could only allocate 1 dirs of requested 3 for tablet 7a6e34b56d14428c8e8bf6b64554f417. 1 dirs total, 0 dirs full, 0 dirs failed
I20260601 13:35:10.751912 29794 tablet_service.cc:1511] Processing CreateTablet for tablet b38aba7072914261b36384d13f6752c8 (DEFAULT_TABLE table=range_aware_auto_rebalancer_test [id=5b4b772f2eb143898408b9808eea005f]), partition=HASH (key) PARTITION 0, RANGE (key) PARTITION 10 <= VALUES < 20
I20260601 13:35:10.752144 29794 data_dirs.cc:400] Could only allocate 1 dirs of requested 3 for tablet b38aba7072914261b36384d13f6752c8. 1 dirs total, 0 dirs full, 0 dirs failed
I20260601 13:35:10.752833 29946 data_dirs.cc:400] Could only allocate 1 dirs of requested 3 for tablet 98d991ceb30e4ffeb27510f6ab4f7e9f. 1 dirs total, 0 dirs full, 0 dirs failed
I20260601 13:35:10.753197 30003 tablet_bootstrap.cc:492] T 4b1616f1eb8b41618bbf3f78cec4aa62 P 536ad394586642daba57445421410b10: Bootstrap starting.
I20260601 13:35:10.754302 29793 tablet_service.cc:1511] Processing CreateTablet for tablet 4b1616f1eb8b41618bbf3f78cec4aa62 (DEFAULT_TABLE table=range_aware_auto_rebalancer_test [id=5b4b772f2eb143898408b9808eea005f]), partition=HASH (key) PARTITION 1, RANGE (key) PARTITION 0 <= VALUES < 10
I20260601 13:35:10.754554 29793 data_dirs.cc:400] Could only allocate 1 dirs of requested 3 for tablet 4b1616f1eb8b41618bbf3f78cec4aa62. 1 dirs total, 0 dirs full, 0 dirs failed
I20260601 13:35:10.754781 30003 tablet_bootstrap.cc:654] T 4b1616f1eb8b41618bbf3f78cec4aa62 P 536ad394586642daba57445421410b10: Neither blocks nor log segments found. Creating new log.
I20260601 13:35:10.755359 30002 tablet_bootstrap.cc:492] T 98d991ceb30e4ffeb27510f6ab4f7e9f P a14df2a3b99e444bb5d626786ccc65fa: Bootstrap starting.
I20260601 13:35:10.756143 30003 tablet_bootstrap.cc:492] T 4b1616f1eb8b41618bbf3f78cec4aa62 P 536ad394586642daba57445421410b10: No bootstrap required, opened a new log
I20260601 13:35:10.756227 30003 ts_tablet_manager.cc:1403] T 4b1616f1eb8b41618bbf3f78cec4aa62 P 536ad394586642daba57445421410b10: Time spent bootstrapping tablet: real 0.003s	user 0.001s	sys 0.001s
I20260601 13:35:10.756464 30002 tablet_bootstrap.cc:654] T 98d991ceb30e4ffeb27510f6ab4f7e9f P a14df2a3b99e444bb5d626786ccc65fa: Neither blocks nor log segments found. Creating new log.
I20260601 13:35:10.756651 30003 raft_consensus.cc:359] T 4b1616f1eb8b41618bbf3f78cec4aa62 P 536ad394586642daba57445421410b10 [term 0 FOLLOWER]: Replica starting. Triggering 0 pending ops. Active config: opid_index: -1 OBSOLETE_local: false peers { permanent_uuid: "a14df2a3b99e444bb5d626786ccc65fa" member_type: VOTER last_known_addr { host: "127.26.145.65" port: 36037 } } peers { permanent_uuid: "235214ea370b4c229ce860e41ad74685" member_type: VOTER last_known_addr { host: "127.26.145.66" port: 37229 } } peers { permanent_uuid: "536ad394586642daba57445421410b10" member_type: VOTER last_known_addr { host: "127.26.145.67" port: 44063 } }
I20260601 13:35:10.756758 30003 raft_consensus.cc:385] T 4b1616f1eb8b41618bbf3f78cec4aa62 P 536ad394586642daba57445421410b10 [term 0 FOLLOWER]: Consensus starting up: Expiring failure detector timer to make a prompt election more likely
I20260601 13:35:10.756714 29792 tablet_service.cc:1511] Processing CreateTablet for tablet 7a6e34b56d14428c8e8bf6b64554f417 (DEFAULT_TABLE table=range_aware_auto_rebalancer_test [id=5b4b772f2eb143898408b9808eea005f]), partition=HASH (key) PARTITION 1, RANGE (key) PARTITION 10 <= VALUES < 20
I20260601 13:35:10.756790 30003 raft_consensus.cc:740] T 4b1616f1eb8b41618bbf3f78cec4aa62 P 536ad394586642daba57445421410b10 [term 0 FOLLOWER]: Becoming Follower/Learner. State: Replica: 536ad394586642daba57445421410b10, State: Initialized, Role: FOLLOWER
I20260601 13:35:10.756948 30003 consensus_queue.cc:260] T 4b1616f1eb8b41618bbf3f78cec4aa62 P 536ad394586642daba57445421410b10 [NON_LEADER]: Queue going to NON_LEADER mode. State: All replicated index: 0, Majority replicated index: 0, Committed index: 0, Last appended: 0.0, Last appended by leader: 0, Current term: 0, Majority size: -1, State: 0, Mode: NON_LEADER, active raft config: opid_index: -1 OBSOLETE_local: false peers { permanent_uuid: "a14df2a3b99e444bb5d626786ccc65fa" member_type: VOTER last_known_addr { host: "127.26.145.65" port: 36037 } } peers { permanent_uuid: "235214ea370b4c229ce860e41ad74685" member_type: VOTER last_known_addr { host: "127.26.145.66" port: 37229 } } peers { permanent_uuid: "536ad394586642daba57445421410b10" member_type: VOTER last_known_addr { host: "127.26.145.67" port: 44063 } }
I20260601 13:35:10.757365 30003 ts_tablet_manager.cc:1434] T 4b1616f1eb8b41618bbf3f78cec4aa62 P 536ad394586642daba57445421410b10: Time spent starting tablet: real 0.001s	user 0.000s	sys 0.001s
I20260601 13:35:10.757566 30003 tablet_bootstrap.cc:492] T 98d991ceb30e4ffeb27510f6ab4f7e9f P 536ad394586642daba57445421410b10: Bootstrap starting.
I20260601 13:35:10.748973 29870 data_dirs.cc:400] Could only allocate 1 dirs of requested 3 for tablet b38aba7072914261b36384d13f6752c8. 1 dirs total, 0 dirs full, 0 dirs failed
I20260601 13:35:10.757543 30002 tablet_bootstrap.cc:492] T 98d991ceb30e4ffeb27510f6ab4f7e9f P a14df2a3b99e444bb5d626786ccc65fa: No bootstrap required, opened a new log
I20260601 13:35:10.757723 30002 ts_tablet_manager.cc:1403] T 98d991ceb30e4ffeb27510f6ab4f7e9f P a14df2a3b99e444bb5d626786ccc65fa: Time spent bootstrapping tablet: real 0.002s	user 0.002s	sys 0.000s
I20260601 13:35:10.757848 29869 data_dirs.cc:400] Could only allocate 1 dirs of requested 3 for tablet 4b1616f1eb8b41618bbf3f78cec4aa62. 1 dirs total, 0 dirs full, 0 dirs failed
I20260601 13:35:10.758185 30002 raft_consensus.cc:359] T 98d991ceb30e4ffeb27510f6ab4f7e9f P a14df2a3b99e444bb5d626786ccc65fa [term 0 FOLLOWER]: Replica starting. Triggering 0 pending ops. Active config: opid_index: -1 OBSOLETE_local: false peers { permanent_uuid: "235214ea370b4c229ce860e41ad74685" member_type: VOTER last_known_addr { host: "127.26.145.66" port: 37229 } } peers { permanent_uuid: "a14df2a3b99e444bb5d626786ccc65fa" member_type: VOTER last_known_addr { host: "127.26.145.65" port: 36037 } } peers { permanent_uuid: "536ad394586642daba57445421410b10" member_type: VOTER last_known_addr { host: "127.26.145.67" port: 44063 } }
I20260601 13:35:10.758270 30002 raft_consensus.cc:385] T 98d991ceb30e4ffeb27510f6ab4f7e9f P a14df2a3b99e444bb5d626786ccc65fa [term 0 FOLLOWER]: Consensus starting up: Expiring failure detector timer to make a prompt election more likely
I20260601 13:35:10.758297 30002 raft_consensus.cc:740] T 98d991ceb30e4ffeb27510f6ab4f7e9f P a14df2a3b99e444bb5d626786ccc65fa [term 0 FOLLOWER]: Becoming Follower/Learner. State: Replica: a14df2a3b99e444bb5d626786ccc65fa, State: Initialized, Role: FOLLOWER
I20260601 13:35:10.758402 30002 consensus_queue.cc:260] T 98d991ceb30e4ffeb27510f6ab4f7e9f P a14df2a3b99e444bb5d626786ccc65fa [NON_LEADER]: Queue going to NON_LEADER mode. State: All replicated index: 0, Majority replicated index: 0, Committed index: 0, Last appended: 0.0, Last appended by leader: 0, Current term: 0, Majority size: -1, State: 0, Mode: NON_LEADER, active raft config: opid_index: -1 OBSOLETE_local: false peers { permanent_uuid: "235214ea370b4c229ce860e41ad74685" member_type: VOTER last_known_addr { host: "127.26.145.66" port: 37229 } } peers { permanent_uuid: "a14df2a3b99e444bb5d626786ccc65fa" member_type: VOTER last_known_addr { host: "127.26.145.65" port: 36037 } } peers { permanent_uuid: "536ad394586642daba57445421410b10" member_type: VOTER last_known_addr { host: "127.26.145.67" port: 44063 } }
I20260601 13:35:10.758513 30003 tablet_bootstrap.cc:654] T 98d991ceb30e4ffeb27510f6ab4f7e9f P 536ad394586642daba57445421410b10: Neither blocks nor log segments found. Creating new log.
I20260601 13:35:10.758750 30002 ts_tablet_manager.cc:1434] T 98d991ceb30e4ffeb27510f6ab4f7e9f P a14df2a3b99e444bb5d626786ccc65fa: Time spent starting tablet: real 0.001s	user 0.001s	sys 0.000s
I20260601 13:35:10.758930 30002 tablet_bootstrap.cc:492] T b38aba7072914261b36384d13f6752c8 P a14df2a3b99e444bb5d626786ccc65fa: Bootstrap starting.
I20260601 13:35:10.756947 29792 data_dirs.cc:400] Could only allocate 1 dirs of requested 3 for tablet 7a6e34b56d14428c8e8bf6b64554f417. 1 dirs total, 0 dirs full, 0 dirs failed
I20260601 13:35:10.759960 29868 data_dirs.cc:400] Could only allocate 1 dirs of requested 3 for tablet 7a6e34b56d14428c8e8bf6b64554f417. 1 dirs total, 0 dirs full, 0 dirs failed
I20260601 13:35:10.760095 30009 tablet_bootstrap.cc:492] T b38aba7072914261b36384d13f6752c8 P 235214ea370b4c229ce860e41ad74685: Bootstrap starting.
I20260601 13:35:10.760990 30009 tablet_bootstrap.cc:654] T b38aba7072914261b36384d13f6752c8 P 235214ea370b4c229ce860e41ad74685: Neither blocks nor log segments found. Creating new log.
I20260601 13:35:10.762004 29871 data_dirs.cc:400] Could only allocate 1 dirs of requested 3 for tablet 98d991ceb30e4ffeb27510f6ab4f7e9f. 1 dirs total, 0 dirs full, 0 dirs failed
I20260601 13:35:10.762800 30002 tablet_bootstrap.cc:654] T b38aba7072914261b36384d13f6752c8 P a14df2a3b99e444bb5d626786ccc65fa: Neither blocks nor log segments found. Creating new log.
I20260601 13:35:10.762006 30009 tablet_bootstrap.cc:492] T b38aba7072914261b36384d13f6752c8 P 235214ea370b4c229ce860e41ad74685: No bootstrap required, opened a new log
I20260601 13:35:10.763141 30009 ts_tablet_manager.cc:1403] T b38aba7072914261b36384d13f6752c8 P 235214ea370b4c229ce860e41ad74685: Time spent bootstrapping tablet: real 0.003s	user 0.002s	sys 0.000s
I20260601 13:35:10.763562 30009 raft_consensus.cc:359] T b38aba7072914261b36384d13f6752c8 P 235214ea370b4c229ce860e41ad74685 [term 0 FOLLOWER]: Replica starting. Triggering 0 pending ops. Active config: opid_index: -1 OBSOLETE_local: false peers { permanent_uuid: "a14df2a3b99e444bb5d626786ccc65fa" member_type: VOTER last_known_addr { host: "127.26.145.65" port: 36037 } } peers { permanent_uuid: "235214ea370b4c229ce860e41ad74685" member_type: VOTER last_known_addr { host: "127.26.145.66" port: 37229 } } peers { permanent_uuid: "536ad394586642daba57445421410b10" member_type: VOTER last_known_addr { host: "127.26.145.67" port: 44063 } }
I20260601 13:35:10.763677 30009 raft_consensus.cc:385] T b38aba7072914261b36384d13f6752c8 P 235214ea370b4c229ce860e41ad74685 [term 0 FOLLOWER]: Consensus starting up: Expiring failure detector timer to make a prompt election more likely
I20260601 13:35:10.763711 30009 raft_consensus.cc:740] T b38aba7072914261b36384d13f6752c8 P 235214ea370b4c229ce860e41ad74685 [term 0 FOLLOWER]: Becoming Follower/Learner. State: Replica: 235214ea370b4c229ce860e41ad74685, State: Initialized, Role: FOLLOWER
I20260601 13:35:10.763827 30009 consensus_queue.cc:260] T b38aba7072914261b36384d13f6752c8 P 235214ea370b4c229ce860e41ad74685 [NON_LEADER]: Queue going to NON_LEADER mode. State: All replicated index: 0, Majority replicated index: 0, Committed index: 0, Last appended: 0.0, Last appended by leader: 0, Current term: 0, Majority size: -1, State: 0, Mode: NON_LEADER, active raft config: opid_index: -1 OBSOLETE_local: false peers { permanent_uuid: "a14df2a3b99e444bb5d626786ccc65fa" member_type: VOTER last_known_addr { host: "127.26.145.65" port: 36037 } } peers { permanent_uuid: "235214ea370b4c229ce860e41ad74685" member_type: VOTER last_known_addr { host: "127.26.145.66" port: 37229 } } peers { permanent_uuid: "536ad394586642daba57445421410b10" member_type: VOTER last_known_addr { host: "127.26.145.67" port: 44063 } }
I20260601 13:35:10.764257 30009 ts_tablet_manager.cc:1434] T b38aba7072914261b36384d13f6752c8 P 235214ea370b4c229ce860e41ad74685: Time spent starting tablet: real 0.001s	user 0.001s	sys 0.000s
I20260601 13:35:10.764418 30009 tablet_bootstrap.cc:492] T 4b1616f1eb8b41618bbf3f78cec4aa62 P 235214ea370b4c229ce860e41ad74685: Bootstrap starting.
I20260601 13:35:10.765465 30009 tablet_bootstrap.cc:654] T 4b1616f1eb8b41618bbf3f78cec4aa62 P 235214ea370b4c229ce860e41ad74685: Neither blocks nor log segments found. Creating new log.
I20260601 13:35:10.765797 30003 tablet_bootstrap.cc:492] T 98d991ceb30e4ffeb27510f6ab4f7e9f P 536ad394586642daba57445421410b10: No bootstrap required, opened a new log
I20260601 13:35:10.765887 30003 ts_tablet_manager.cc:1403] T 98d991ceb30e4ffeb27510f6ab4f7e9f P 536ad394586642daba57445421410b10: Time spent bootstrapping tablet: real 0.008s	user 0.002s	sys 0.000s
I20260601 13:35:10.766136 30002 tablet_bootstrap.cc:492] T b38aba7072914261b36384d13f6752c8 P a14df2a3b99e444bb5d626786ccc65fa: No bootstrap required, opened a new log
I20260601 13:35:10.766247 30002 ts_tablet_manager.cc:1403] T b38aba7072914261b36384d13f6752c8 P a14df2a3b99e444bb5d626786ccc65fa: Time spent bootstrapping tablet: real 0.007s	user 0.000s	sys 0.002s
I20260601 13:35:10.766274 30003 raft_consensus.cc:359] T 98d991ceb30e4ffeb27510f6ab4f7e9f P 536ad394586642daba57445421410b10 [term 0 FOLLOWER]: Replica starting. Triggering 0 pending ops. Active config: opid_index: -1 OBSOLETE_local: false peers { permanent_uuid: "235214ea370b4c229ce860e41ad74685" member_type: VOTER last_known_addr { host: "127.26.145.66" port: 37229 } } peers { permanent_uuid: "a14df2a3b99e444bb5d626786ccc65fa" member_type: VOTER last_known_addr { host: "127.26.145.65" port: 36037 } } peers { permanent_uuid: "536ad394586642daba57445421410b10" member_type: VOTER last_known_addr { host: "127.26.145.67" port: 44063 } }
I20260601 13:35:10.766358 30003 raft_consensus.cc:385] T 98d991ceb30e4ffeb27510f6ab4f7e9f P 536ad394586642daba57445421410b10 [term 0 FOLLOWER]: Consensus starting up: Expiring failure detector timer to make a prompt election more likely
I20260601 13:35:10.766417 30003 raft_consensus.cc:740] T 98d991ceb30e4ffeb27510f6ab4f7e9f P 536ad394586642daba57445421410b10 [term 0 FOLLOWER]: Becoming Follower/Learner. State: Replica: 536ad394586642daba57445421410b10, State: Initialized, Role: FOLLOWER
I20260601 13:35:10.766572 30003 consensus_queue.cc:260] T 98d991ceb30e4ffeb27510f6ab4f7e9f P 536ad394586642daba57445421410b10 [NON_LEADER]: Queue going to NON_LEADER mode. State: All replicated index: 0, Majority replicated index: 0, Committed index: 0, Last appended: 0.0, Last appended by leader: 0, Current term: 0, Majority size: -1, State: 0, Mode: NON_LEADER, active raft config: opid_index: -1 OBSOLETE_local: false peers { permanent_uuid: "235214ea370b4c229ce860e41ad74685" member_type: VOTER last_known_addr { host: "127.26.145.66" port: 37229 } } peers { permanent_uuid: "a14df2a3b99e444bb5d626786ccc65fa" member_type: VOTER last_known_addr { host: "127.26.145.65" port: 36037 } } peers { permanent_uuid: "536ad394586642daba57445421410b10" member_type: VOTER last_known_addr { host: "127.26.145.67" port: 44063 } }
I20260601 13:35:10.766656 30002 raft_consensus.cc:359] T b38aba7072914261b36384d13f6752c8 P a14df2a3b99e444bb5d626786ccc65fa [term 0 FOLLOWER]: Replica starting. Triggering 0 pending ops. Active config: opid_index: -1 OBSOLETE_local: false peers { permanent_uuid: "a14df2a3b99e444bb5d626786ccc65fa" member_type: VOTER last_known_addr { host: "127.26.145.65" port: 36037 } } peers { permanent_uuid: "235214ea370b4c229ce860e41ad74685" member_type: VOTER last_known_addr { host: "127.26.145.66" port: 37229 } } peers { permanent_uuid: "536ad394586642daba57445421410b10" member_type: VOTER last_known_addr { host: "127.26.145.67" port: 44063 } }
I20260601 13:35:10.766782 30002 raft_consensus.cc:385] T b38aba7072914261b36384d13f6752c8 P a14df2a3b99e444bb5d626786ccc65fa [term 0 FOLLOWER]: Consensus starting up: Expiring failure detector timer to make a prompt election more likely
I20260601 13:35:10.766826 30002 raft_consensus.cc:740] T b38aba7072914261b36384d13f6752c8 P a14df2a3b99e444bb5d626786ccc65fa [term 0 FOLLOWER]: Becoming Follower/Learner. State: Replica: a14df2a3b99e444bb5d626786ccc65fa, State: Initialized, Role: FOLLOWER
I20260601 13:35:10.766868 30003 ts_tablet_manager.cc:1434] T 98d991ceb30e4ffeb27510f6ab4f7e9f P 536ad394586642daba57445421410b10: Time spent starting tablet: real 0.001s	user 0.000s	sys 0.000s
I20260601 13:35:10.766947 30002 consensus_queue.cc:260] T b38aba7072914261b36384d13f6752c8 P a14df2a3b99e444bb5d626786ccc65fa [NON_LEADER]: Queue going to NON_LEADER mode. State: All replicated index: 0, Majority replicated index: 0, Committed index: 0, Last appended: 0.0, Last appended by leader: 0, Current term: 0, Majority size: -1, State: 0, Mode: NON_LEADER, active raft config: opid_index: -1 OBSOLETE_local: false peers { permanent_uuid: "a14df2a3b99e444bb5d626786ccc65fa" member_type: VOTER last_known_addr { host: "127.26.145.65" port: 36037 } } peers { permanent_uuid: "235214ea370b4c229ce860e41ad74685" member_type: VOTER last_known_addr { host: "127.26.145.66" port: 37229 } } peers { permanent_uuid: "536ad394586642daba57445421410b10" member_type: VOTER last_known_addr { host: "127.26.145.67" port: 44063 } }
I20260601 13:35:10.767084 30003 tablet_bootstrap.cc:492] T 7a6e34b56d14428c8e8bf6b64554f417 P 536ad394586642daba57445421410b10: Bootstrap starting.
I20260601 13:35:10.767206 30002 ts_tablet_manager.cc:1434] T b38aba7072914261b36384d13f6752c8 P a14df2a3b99e444bb5d626786ccc65fa: Time spent starting tablet: real 0.001s	user 0.001s	sys 0.000s
I20260601 13:35:10.767395 30002 tablet_bootstrap.cc:492] T 4b1616f1eb8b41618bbf3f78cec4aa62 P a14df2a3b99e444bb5d626786ccc65fa: Bootstrap starting.
I20260601 13:35:10.768390 30002 tablet_bootstrap.cc:654] T 4b1616f1eb8b41618bbf3f78cec4aa62 P a14df2a3b99e444bb5d626786ccc65fa: Neither blocks nor log segments found. Creating new log.
I20260601 13:35:10.768436 30003 tablet_bootstrap.cc:654] T 7a6e34b56d14428c8e8bf6b64554f417 P 536ad394586642daba57445421410b10: Neither blocks nor log segments found. Creating new log.
I20260601 13:35:10.769426 30003 tablet_bootstrap.cc:492] T 7a6e34b56d14428c8e8bf6b64554f417 P 536ad394586642daba57445421410b10: No bootstrap required, opened a new log
I20260601 13:35:10.769554 30003 ts_tablet_manager.cc:1403] T 7a6e34b56d14428c8e8bf6b64554f417 P 536ad394586642daba57445421410b10: Time spent bootstrapping tablet: real 0.003s	user 0.002s	sys 0.000s
I20260601 13:35:10.770000 30003 raft_consensus.cc:359] T 7a6e34b56d14428c8e8bf6b64554f417 P 536ad394586642daba57445421410b10 [term 0 FOLLOWER]: Replica starting. Triggering 0 pending ops. Active config: opid_index: -1 OBSOLETE_local: false peers { permanent_uuid: "a14df2a3b99e444bb5d626786ccc65fa" member_type: VOTER last_known_addr { host: "127.26.145.65" port: 36037 } } peers { permanent_uuid: "235214ea370b4c229ce860e41ad74685" member_type: VOTER last_known_addr { host: "127.26.145.66" port: 37229 } } peers { permanent_uuid: "536ad394586642daba57445421410b10" member_type: VOTER last_known_addr { host: "127.26.145.67" port: 44063 } }
I20260601 13:35:10.770099 30003 raft_consensus.cc:385] T 7a6e34b56d14428c8e8bf6b64554f417 P 536ad394586642daba57445421410b10 [term 0 FOLLOWER]: Consensus starting up: Expiring failure detector timer to make a prompt election more likely
I20260601 13:35:10.770135 30003 raft_consensus.cc:740] T 7a6e34b56d14428c8e8bf6b64554f417 P 536ad394586642daba57445421410b10 [term 0 FOLLOWER]: Becoming Follower/Learner. State: Replica: 536ad394586642daba57445421410b10, State: Initialized, Role: FOLLOWER
I20260601 13:35:10.770264 30003 consensus_queue.cc:260] T 7a6e34b56d14428c8e8bf6b64554f417 P 536ad394586642daba57445421410b10 [NON_LEADER]: Queue going to NON_LEADER mode. State: All replicated index: 0, Majority replicated index: 0, Committed index: 0, Last appended: 0.0, Last appended by leader: 0, Current term: 0, Majority size: -1, State: 0, Mode: NON_LEADER, active raft config: opid_index: -1 OBSOLETE_local: false peers { permanent_uuid: "a14df2a3b99e444bb5d626786ccc65fa" member_type: VOTER last_known_addr { host: "127.26.145.65" port: 36037 } } peers { permanent_uuid: "235214ea370b4c229ce860e41ad74685" member_type: VOTER last_known_addr { host: "127.26.145.66" port: 37229 } } peers { permanent_uuid: "536ad394586642daba57445421410b10" member_type: VOTER last_known_addr { host: "127.26.145.67" port: 44063 } }
I20260601 13:35:10.770599 30003 ts_tablet_manager.cc:1434] T 7a6e34b56d14428c8e8bf6b64554f417 P 536ad394586642daba57445421410b10: Time spent starting tablet: real 0.001s	user 0.001s	sys 0.000s
I20260601 13:35:10.770787 30003 tablet_bootstrap.cc:492] T b38aba7072914261b36384d13f6752c8 P 536ad394586642daba57445421410b10: Bootstrap starting.
I20260601 13:35:10.771668 30003 tablet_bootstrap.cc:654] T b38aba7072914261b36384d13f6752c8 P 536ad394586642daba57445421410b10: Neither blocks nor log segments found. Creating new log.
I20260601 13:35:10.772387 30006 raft_consensus.cc:493] T 7a6e34b56d14428c8e8bf6b64554f417 P 536ad394586642daba57445421410b10 [term 0 FOLLOWER]: Starting pre-election (no leader contacted us within the election timeout)
I20260601 13:35:10.772471 30006 raft_consensus.cc:515] T 7a6e34b56d14428c8e8bf6b64554f417 P 536ad394586642daba57445421410b10 [term 0 FOLLOWER]: Starting pre-election with config: opid_index: -1 OBSOLETE_local: false peers { permanent_uuid: "a14df2a3b99e444bb5d626786ccc65fa" member_type: VOTER last_known_addr { host: "127.26.145.65" port: 36037 } } peers { permanent_uuid: "235214ea370b4c229ce860e41ad74685" member_type: VOTER last_known_addr { host: "127.26.145.66" port: 37229 } } peers { permanent_uuid: "536ad394586642daba57445421410b10" member_type: VOTER last_known_addr { host: "127.26.145.67" port: 44063 } }
I20260601 13:35:10.772766 30009 tablet_bootstrap.cc:492] T 4b1616f1eb8b41618bbf3f78cec4aa62 P 235214ea370b4c229ce860e41ad74685: No bootstrap required, opened a new log
I20260601 13:35:10.772841 30009 ts_tablet_manager.cc:1403] T 4b1616f1eb8b41618bbf3f78cec4aa62 P 235214ea370b4c229ce860e41ad74685: Time spent bootstrapping tablet: real 0.008s	user 0.002s	sys 0.000s
I20260601 13:35:10.773030 30006 leader_election.cc:290] T 7a6e34b56d14428c8e8bf6b64554f417 P 536ad394586642daba57445421410b10 [CANDIDATE]: Term 1 pre-election: Requested pre-vote from peers a14df2a3b99e444bb5d626786ccc65fa (127.26.145.65:36037), 235214ea370b4c229ce860e41ad74685 (127.26.145.66:37229)
