I20260601 13:35:44.938324  6895 catalog_manager.cc:5696] T 7138516061be4b4ab38a137cfad2d067 P 882c408dc6fe4a5da6c15909bedd97c0 reported cstate change: term changed from 0 to 1, leader changed from <none> to 882c408dc6fe4a5da6c15909bedd97c0 (127.2.119.193). New cstate: current_term: 1 leader_uuid: "882c408dc6fe4a5da6c15909bedd97c0" committed_config { opid_index: -1 OBSOLETE_local: false peers { permanent_uuid: "af41432f1c5b4ad796329dfee817d6f8" member_type: VOTER last_known_addr { host: "127.2.119.194" port: 45733 } health_report { overall_health: UNKNOWN } } peers { permanent_uuid: "882c408dc6fe4a5da6c15909bedd97c0" member_type: VOTER last_known_addr { host: "127.2.119.193" port: 42069 } health_report { overall_health: HEALTHY } } peers { permanent_uuid: "5ea48b92797c402ba4be08df825af20f" member_type: VOTER last_known_addr { host: "127.2.119.195" port: 36321 } health_report { overall_health: UNKNOWN } } }
I20260601 13:35:44.975966  7150 raft_consensus.cc:1275] T 8fac998830f44c45b60c1375a9253c82 P 5ea48b92797c402ba4be08df825af20f [term 1 FOLLOWER]: Refusing update from remote peer af41432f1c5b4ad796329dfee817d6f8: Log matching property violated. Preceding OpId in replica: term: 0 index: 0. Preceding OpId from leader: term: 1 index: 2. (index mismatch)
I20260601 13:35:44.978338  7255 consensus_queue.cc:1048] T 8fac998830f44c45b60c1375a9253c82 P af41432f1c5b4ad796329dfee817d6f8 [LEADER]: Connected to new peer: Peer: permanent_uuid: "5ea48b92797c402ba4be08df825af20f" member_type: VOTER last_known_addr { host: "127.2.119.195" port: 36321 }, Status: LMP_MISMATCH, Last received: 0.0, Next index: 1, Last known committed idx: 0, Time since last communication: 0.000s
I20260601 13:35:44.978914  7075 raft_consensus.cc:1275] T bf3659729a154cb7aef63a135f1f1568 P af41432f1c5b4ad796329dfee817d6f8 [term 1 FOLLOWER]: Refusing update from remote peer 5ea48b92797c402ba4be08df825af20f: Log matching property violated. Preceding OpId in replica: term: 0 index: 0. Preceding OpId from leader: term: 1 index: 2. (index mismatch)
I20260601 13:35:44.979182  6997 raft_consensus.cc:1275] T bf3659729a154cb7aef63a135f1f1568 P 882c408dc6fe4a5da6c15909bedd97c0 [term 1 FOLLOWER]: Refusing update from remote peer 5ea48b92797c402ba4be08df825af20f: Log matching property violated. Preceding OpId in replica: term: 0 index: 0. Preceding OpId from leader: term: 1 index: 2. (index mismatch)
I20260601 13:35:44.979267  7149 raft_consensus.cc:1275] T eca6f4bbf0824ed187554e64fff98898 P 5ea48b92797c402ba4be08df825af20f [term 1 FOLLOWER]: Refusing update from remote peer af41432f1c5b4ad796329dfee817d6f8: Log matching property violated. Preceding OpId in replica: term: 0 index: 0. Preceding OpId from leader: term: 1 index: 2. (index mismatch)
I20260601 13:35:44.979537  7074 raft_consensus.cc:1275] T 346addbae7804a5e9c1f582c2783e52a P af41432f1c5b4ad796329dfee817d6f8 [term 1 FOLLOWER]: Refusing update from remote peer 5ea48b92797c402ba4be08df825af20f: Log matching property violated. Preceding OpId in replica: term: 0 index: 0. Preceding OpId from leader: term: 1 index: 2. (index mismatch)
I20260601 13:35:44.979591  7150 raft_consensus.cc:1275] T 8f155bc6a37e44e0bf2b9c5a7ff201ec P 5ea48b92797c402ba4be08df825af20f [term 1 FOLLOWER]: Refusing update from remote peer af41432f1c5b4ad796329dfee817d6f8: Log matching property violated. Preceding OpId in replica: term: 0 index: 0. Preceding OpId from leader: term: 1 index: 2. (index mismatch)
I20260601 13:35:44.979820  6998 raft_consensus.cc:1275] T 346addbae7804a5e9c1f582c2783e52a P 882c408dc6fe4a5da6c15909bedd97c0 [term 1 FOLLOWER]: Refusing update from remote peer 5ea48b92797c402ba4be08df825af20f: Log matching property violated. Preceding OpId in replica: term: 0 index: 0. Preceding OpId from leader: term: 1 index: 2. (index mismatch)
I20260601 13:35:44.980126  6996 raft_consensus.cc:1275] T 8fac998830f44c45b60c1375a9253c82 P 882c408dc6fe4a5da6c15909bedd97c0 [term 1 FOLLOWER]: Refusing update from remote peer af41432f1c5b4ad796329dfee817d6f8: Log matching property violated. Preceding OpId in replica: term: 0 index: 0. Preceding OpId from leader: term: 1 index: 2. (index mismatch)
I20260601 13:35:44.980370  7250 consensus_queue.cc:1048] T eca6f4bbf0824ed187554e64fff98898 P af41432f1c5b4ad796329dfee817d6f8 [LEADER]: Connected to new peer: Peer: permanent_uuid: "5ea48b92797c402ba4be08df825af20f" member_type: VOTER last_known_addr { host: "127.2.119.195" port: 36321 }, Status: LMP_MISMATCH, Last received: 0.0, Next index: 1, Last known committed idx: 0, Time since last communication: 0.000s
I20260601 13:35:44.980669  7250 consensus_queue.cc:1048] T 8f155bc6a37e44e0bf2b9c5a7ff201ec P af41432f1c5b4ad796329dfee817d6f8 [LEADER]: Connected to new peer: Peer: permanent_uuid: "5ea48b92797c402ba4be08df825af20f" member_type: VOTER last_known_addr { host: "127.2.119.195" port: 36321 }, Status: LMP_MISMATCH, Last received: 0.0, Next index: 1, Last known committed idx: 0, Time since last communication: 0.000s
I20260601 13:35:44.981359  7149 raft_consensus.cc:1275] T 42612cf847eb4f37ab0fbb28a620195b P 5ea48b92797c402ba4be08df825af20f [term 1 FOLLOWER]: Refusing update from remote peer af41432f1c5b4ad796329dfee817d6f8: Log matching property violated. Preceding OpId in replica: term: 0 index: 0. Preceding OpId from leader: term: 1 index: 2. (index mismatch)
I20260601 13:35:44.981869  6995 raft_consensus.cc:1275] T 42612cf847eb4f37ab0fbb28a620195b P 882c408dc6fe4a5da6c15909bedd97c0 [term 1 FOLLOWER]: Refusing update from remote peer af41432f1c5b4ad796329dfee817d6f8: Log matching property violated. Preceding OpId in replica: term: 0 index: 0. Preceding OpId from leader: term: 1 index: 2. (index mismatch)
I20260601 13:35:44.982836  7246 consensus_queue.cc:1048] T bf3659729a154cb7aef63a135f1f1568 P 5ea48b92797c402ba4be08df825af20f [LEADER]: Connected to new peer: Peer: permanent_uuid: "882c408dc6fe4a5da6c15909bedd97c0" member_type: VOTER last_known_addr { host: "127.2.119.193" port: 42069 }, Status: LMP_MISMATCH, Last received: 0.0, Next index: 1, Last known committed idx: 0, Time since last communication: 0.000s
I20260601 13:35:44.983197  7246 consensus_queue.cc:1048] T 346addbae7804a5e9c1f582c2783e52a P 5ea48b92797c402ba4be08df825af20f [LEADER]: Connected to new peer: Peer: permanent_uuid: "882c408dc6fe4a5da6c15909bedd97c0" member_type: VOTER last_known_addr { host: "127.2.119.193" port: 42069 }, Status: LMP_MISMATCH, Last received: 0.0, Next index: 1, Last known committed idx: 0, Time since last communication: 0.000s
I20260601 13:35:44.983662  6998 raft_consensus.cc:1275] T 8f155bc6a37e44e0bf2b9c5a7ff201ec P 882c408dc6fe4a5da6c15909bedd97c0 [term 1 FOLLOWER]: Refusing update from remote peer af41432f1c5b4ad796329dfee817d6f8: Log matching property violated. Preceding OpId in replica: term: 0 index: 0. Preceding OpId from leader: term: 1 index: 2. (index mismatch)
I20260601 13:35:44.983951  7250 consensus_queue.cc:1048] T 42612cf847eb4f37ab0fbb28a620195b P af41432f1c5b4ad796329dfee817d6f8 [LEADER]: Connected to new peer: Peer: permanent_uuid: "5ea48b92797c402ba4be08df825af20f" member_type: VOTER last_known_addr { host: "127.2.119.195" port: 36321 }, Status: LMP_MISMATCH, Last received: 0.0, Next index: 1, Last known committed idx: 0, Time since last communication: 0.000s
I20260601 13:35:44.983953  7074 raft_consensus.cc:1275] T 9fad95fae4d74d4197ff9a89800367e3 P af41432f1c5b4ad796329dfee817d6f8 [term 1 FOLLOWER]: Refusing update from remote peer 5ea48b92797c402ba4be08df825af20f: Log matching property violated. Preceding OpId in replica: term: 0 index: 0. Preceding OpId from leader: term: 1 index: 2. (index mismatch)
I20260601 13:35:44.984303  7250 consensus_queue.cc:1048] T 8fac998830f44c45b60c1375a9253c82 P af41432f1c5b4ad796329dfee817d6f8 [LEADER]: Connected to new peer: Peer: permanent_uuid: "882c408dc6fe4a5da6c15909bedd97c0" member_type: VOTER last_known_addr { host: "127.2.119.193" port: 42069 }, Status: LMP_MISMATCH, Last received: 0.0, Next index: 1, Last known committed idx: 0, Time since last communication: 0.000s
I20260601 13:35:44.984723  6996 raft_consensus.cc:1275] T 9fad95fae4d74d4197ff9a89800367e3 P 882c408dc6fe4a5da6c15909bedd97c0 [term 1 FOLLOWER]: Refusing update from remote peer 5ea48b92797c402ba4be08df825af20f: Log matching property violated. Preceding OpId in replica: term: 0 index: 0. Preceding OpId from leader: term: 1 index: 2. (index mismatch)
I20260601 13:35:44.985019  6997 raft_consensus.cc:1275] T eca6f4bbf0824ed187554e64fff98898 P 882c408dc6fe4a5da6c15909bedd97c0 [term 1 FOLLOWER]: Refusing update from remote peer af41432f1c5b4ad796329dfee817d6f8: Log matching property violated. Preceding OpId in replica: term: 0 index: 0. Preceding OpId from leader: term: 1 index: 2. (index mismatch)
I20260601 13:35:44.986392  7146 raft_consensus.cc:1275] T 629674a7bf144fbf89b48f36580be9ce P 5ea48b92797c402ba4be08df825af20f [term 1 FOLLOWER]: Refusing update from remote peer af41432f1c5b4ad796329dfee817d6f8: Log matching property violated. Preceding OpId in replica: term: 0 index: 0. Preceding OpId from leader: term: 1 index: 2. (index mismatch)
I20260601 13:35:44.987206  7255 consensus_queue.cc:1048] T 42612cf847eb4f37ab0fbb28a620195b P af41432f1c5b4ad796329dfee817d6f8 [LEADER]: Connected to new peer: Peer: permanent_uuid: "882c408dc6fe4a5da6c15909bedd97c0" member_type: VOTER last_known_addr { host: "127.2.119.193" port: 42069 }, Status: LMP_MISMATCH, Last received: 0.0, Next index: 1, Last known committed idx: 0, Time since last communication: 0.000s
I20260601 13:35:44.987565  7255 consensus_queue.cc:1048] T 8f155bc6a37e44e0bf2b9c5a7ff201ec P af41432f1c5b4ad796329dfee817d6f8 [LEADER]: Connected to new peer: Peer: permanent_uuid: "882c408dc6fe4a5da6c15909bedd97c0" member_type: VOTER last_known_addr { host: "127.2.119.193" port: 42069 }, Status: LMP_MISMATCH, Last received: 0.0, Next index: 1, Last known committed idx: 0, Time since last communication: 0.000s
I20260601 13:35:44.987819  7255 consensus_queue.cc:1048] T 629674a7bf144fbf89b48f36580be9ce P af41432f1c5b4ad796329dfee817d6f8 [LEADER]: Connected to new peer: Peer: permanent_uuid: "5ea48b92797c402ba4be08df825af20f" member_type: VOTER last_known_addr { host: "127.2.119.195" port: 36321 }, Status: LMP_MISMATCH, Last received: 0.0, Next index: 1, Last known committed idx: 0, Time since last communication: 0.000s
I20260601 13:35:44.988058  7255 consensus_queue.cc:1048] T eca6f4bbf0824ed187554e64fff98898 P af41432f1c5b4ad796329dfee817d6f8 [LEADER]: Connected to new peer: Peer: permanent_uuid: "882c408dc6fe4a5da6c15909bedd97c0" member_type: VOTER last_known_addr { host: "127.2.119.193" port: 42069 }, Status: LMP_MISMATCH, Last received: 0.0, Next index: 1, Last known committed idx: 0, Time since last communication: 0.000s
I20260601 13:35:44.992501  7202 consensus_queue.cc:1048] T 9fad95fae4d74d4197ff9a89800367e3 P 5ea48b92797c402ba4be08df825af20f [LEADER]: Connected to new peer: Peer: permanent_uuid: "882c408dc6fe4a5da6c15909bedd97c0" member_type: VOTER last_known_addr { host: "127.2.119.193" port: 42069 }, Status: LMP_MISMATCH, Last received: 0.0, Next index: 1, Last known committed idx: 0, Time since last communication: 0.000s
I20260601 13:35:44.993306  7148 raft_consensus.cc:1275] T 114a3cf5e56149c6acabdcf5e3a689cb P 5ea48b92797c402ba4be08df825af20f [term 1 FOLLOWER]: Refusing update from remote peer af41432f1c5b4ad796329dfee817d6f8: Log matching property violated. Preceding OpId in replica: term: 0 index: 0. Preceding OpId from leader: term: 1 index: 2. (index mismatch)
I20260601 13:35:44.993650  7255 consensus_queue.cc:1048] T 114a3cf5e56149c6acabdcf5e3a689cb P af41432f1c5b4ad796329dfee817d6f8 [LEADER]: Connected to new peer: Peer: permanent_uuid: "5ea48b92797c402ba4be08df825af20f" member_type: VOTER last_known_addr { host: "127.2.119.195" port: 36321 }, Status: LMP_MISMATCH, Last received: 0.0, Next index: 1, Last known committed idx: 0, Time since last communication: 0.000s
I20260601 13:35:44.994783  7246 consensus_queue.cc:1048] T bf3659729a154cb7aef63a135f1f1568 P 5ea48b92797c402ba4be08df825af20f [LEADER]: Connected to new peer: Peer: permanent_uuid: "af41432f1c5b4ad796329dfee817d6f8" member_type: VOTER last_known_addr { host: "127.2.119.194" port: 45733 }, Status: LMP_MISMATCH, Last received: 0.0, Next index: 1, Last known committed idx: 0, Time since last communication: 0.000s
I20260601 13:35:44.994987  7202 consensus_queue.cc:1048] T 346addbae7804a5e9c1f582c2783e52a P 5ea48b92797c402ba4be08df825af20f [LEADER]: Connected to new peer: Peer: permanent_uuid: "af41432f1c5b4ad796329dfee817d6f8" member_type: VOTER last_known_addr { host: "127.2.119.194" port: 45733 }, Status: LMP_MISMATCH, Last received: 0.0, Next index: 1, Last known committed idx: 0, Time since last communication: 0.000s
I20260601 13:35:44.995085  7246 consensus_queue.cc:1048] T 9fad95fae4d74d4197ff9a89800367e3 P 5ea48b92797c402ba4be08df825af20f [LEADER]: Connected to new peer: Peer: permanent_uuid: "af41432f1c5b4ad796329dfee817d6f8" member_type: VOTER last_known_addr { host: "127.2.119.194" port: 45733 }, Status: LMP_MISMATCH, Last received: 0.0, Next index: 1, Last known committed idx: 0, Time since last communication: 0.000s
I20260601 13:35:44.999318  6991 raft_consensus.cc:1275] T 629674a7bf144fbf89b48f36580be9ce P 882c408dc6fe4a5da6c15909bedd97c0 [term 1 FOLLOWER]: Refusing update from remote peer af41432f1c5b4ad796329dfee817d6f8: Log matching property violated. Preceding OpId in replica: term: 0 index: 0. Preceding OpId from leader: term: 1 index: 2. (index mismatch)
I20260601 13:35:45.006518  7250 consensus_queue.cc:1048] T 629674a7bf144fbf89b48f36580be9ce P af41432f1c5b4ad796329dfee817d6f8 [LEADER]: Connected to new peer: Peer: permanent_uuid: "882c408dc6fe4a5da6c15909bedd97c0" member_type: VOTER last_known_addr { host: "127.2.119.193" port: 42069 }, Status: LMP_MISMATCH, Last received: 0.0, Next index: 1, Last known committed idx: 0, Time since last communication: 0.000s
I20260601 13:35:45.006690  6994 raft_consensus.cc:1275] T 114a3cf5e56149c6acabdcf5e3a689cb P 882c408dc6fe4a5da6c15909bedd97c0 [term 1 FOLLOWER]: Refusing update from remote peer af41432f1c5b4ad796329dfee817d6f8: Log matching property violated. Preceding OpId in replica: term: 0 index: 0. Preceding OpId from leader: term: 1 index: 2. (index mismatch)
I20260601 13:35:45.007331  7271 mvcc.cc:204] Tried to move back new op lower bound from 7292194590640312320 to 7292194589771509760. Current Snapshot: MvccSnapshot[applied={T|T < 7292194590622040064}]
I20260601 13:35:45.009132  7255 consensus_queue.cc:1048] T 114a3cf5e56149c6acabdcf5e3a689cb P af41432f1c5b4ad796329dfee817d6f8 [LEADER]: Connected to new peer: Peer: permanent_uuid: "882c408dc6fe4a5da6c15909bedd97c0" member_type: VOTER last_known_addr { host: "127.2.119.193" port: 42069 }, Status: LMP_MISMATCH, Last received: 0.0, Next index: 1, Last known committed idx: 0, Time since last communication: 0.000s
I20260601 13:35:45.028380  7146 raft_consensus.cc:1275] T 7138516061be4b4ab38a137cfad2d067 P 5ea48b92797c402ba4be08df825af20f [term 1 FOLLOWER]: Refusing update from remote peer 882c408dc6fe4a5da6c15909bedd97c0: Log matching property violated. Preceding OpId in replica: term: 0 index: 0. Preceding OpId from leader: term: 1 index: 2. (index mismatch)
I20260601 13:35:45.028528  7072 raft_consensus.cc:1275] T d9793a8de55e49b0870c34b2258f984b P af41432f1c5b4ad796329dfee817d6f8 [term 1 FOLLOWER]: Refusing update from remote peer 882c408dc6fe4a5da6c15909bedd97c0: Log matching property violated. Preceding OpId in replica: term: 0 index: 0. Preceding OpId from leader: term: 1 index: 2. (index mismatch)
I20260601 13:35:45.028688  7148 raft_consensus.cc:1275] T d9793a8de55e49b0870c34b2258f984b P 5ea48b92797c402ba4be08df825af20f [term 1 FOLLOWER]: Refusing update from remote peer 882c408dc6fe4a5da6c15909bedd97c0: Log matching property violated. Preceding OpId in replica: term: 0 index: 0. Preceding OpId from leader: term: 1 index: 2. (index mismatch)
I20260601 13:35:45.028853  7071 raft_consensus.cc:1275] T 7138516061be4b4ab38a137cfad2d067 P af41432f1c5b4ad796329dfee817d6f8 [term 1 FOLLOWER]: Refusing update from remote peer 882c408dc6fe4a5da6c15909bedd97c0: Log matching property violated. Preceding OpId in replica: term: 0 index: 0. Preceding OpId from leader: term: 1 index: 2. (index mismatch)
I20260601 13:35:45.029528  7203 consensus_queue.cc:1048] T 7138516061be4b4ab38a137cfad2d067 P 882c408dc6fe4a5da6c15909bedd97c0 [LEADER]: Connected to new peer: Peer: permanent_uuid: "5ea48b92797c402ba4be08df825af20f" member_type: VOTER last_known_addr { host: "127.2.119.195" port: 36321 }, Status: LMP_MISMATCH, Last received: 0.0, Next index: 1, Last known committed idx: 0, Time since last communication: 0.000s
I20260601 13:35:45.029799  7203 consensus_queue.cc:1048] T d9793a8de55e49b0870c34b2258f984b P 882c408dc6fe4a5da6c15909bedd97c0 [LEADER]: Connected to new peer: Peer: permanent_uuid: "5ea48b92797c402ba4be08df825af20f" member_type: VOTER last_known_addr { host: "127.2.119.195" port: 36321 }, Status: LMP_MISMATCH, Last received: 0.0, Next index: 1, Last known committed idx: 0, Time since last communication: 0.000s
I20260601 13:35:45.030470  7148 raft_consensus.cc:1275] T 9a61791a72574ff2ab945e066e86edfb P 5ea48b92797c402ba4be08df825af20f [term 1 FOLLOWER]: Refusing update from remote peer 882c408dc6fe4a5da6c15909bedd97c0: Log matching property violated. Preceding OpId in replica: term: 0 index: 0. Preceding OpId from leader: term: 1 index: 2. (index mismatch)
I20260601 13:35:45.030791  7071 raft_consensus.cc:1275] T 9a61791a72574ff2ab945e066e86edfb P af41432f1c5b4ad796329dfee817d6f8 [term 1 FOLLOWER]: Refusing update from remote peer 882c408dc6fe4a5da6c15909bedd97c0: Log matching property violated. Preceding OpId in replica: term: 0 index: 0. Preceding OpId from leader: term: 1 index: 2. (index mismatch)
I20260601 13:35:45.031320  7248 consensus_queue.cc:1048] T d9793a8de55e49b0870c34b2258f984b P 882c408dc6fe4a5da6c15909bedd97c0 [LEADER]: Connected to new peer: Peer: permanent_uuid: "af41432f1c5b4ad796329dfee817d6f8" member_type: VOTER last_known_addr { host: "127.2.119.194" port: 45733 }, Status: LMP_MISMATCH, Last received: 0.0, Next index: 1, Last known committed idx: 0, Time since last communication: 0.000s
I20260601 13:35:45.031600  7248 consensus_queue.cc:1048] T 7138516061be4b4ab38a137cfad2d067 P 882c408dc6fe4a5da6c15909bedd97c0 [LEADER]: Connected to new peer: Peer: permanent_uuid: "af41432f1c5b4ad796329dfee817d6f8" member_type: VOTER last_known_addr { host: "127.2.119.194" port: 45733 }, Status: LMP_MISMATCH, Last received: 0.0, Next index: 1, Last known committed idx: 0, Time since last communication: 0.000s
I20260601 13:35:45.031883  7248 consensus_queue.cc:1048] T 9a61791a72574ff2ab945e066e86edfb P 882c408dc6fe4a5da6c15909bedd97c0 [LEADER]: Connected to new peer: Peer: permanent_uuid: "5ea48b92797c402ba4be08df825af20f" member_type: VOTER last_known_addr { host: "127.2.119.195" port: 36321 }, Status: LMP_MISMATCH, Last received: 0.0, Next index: 1, Last known committed idx: 0, Time since last communication: 0.000s
I20260601 13:35:45.034832  7203 consensus_queue.cc:1048] T 9a61791a72574ff2ab945e066e86edfb P 882c408dc6fe4a5da6c15909bedd97c0 [LEADER]: Connected to new peer: Peer: permanent_uuid: "af41432f1c5b4ad796329dfee817d6f8" member_type: VOTER last_known_addr { host: "127.2.119.194" port: 45733 }, Status: LMP_MISMATCH, Last received: 0.0, Next index: 1, Last known committed idx: 0, Time since last communication: 0.000s
I20260601 13:35:45.041671  7314 mvcc.cc:204] Tried to move back new op lower bound from 7292194590649618432 to 7292194589984460800. Current Snapshot: MvccSnapshot[applied={T|T < 7292194590649618432}]
I20260601 13:35:45.094143  7269 mvcc.cc:204] Tried to move back new op lower bound from 7292194590640312320 to 7292194589771509760. Current Snapshot: MvccSnapshot[applied={T|T < 7292194590622040064}]
I20260601 13:35:45.458742  2527 file_cache.cc:492] Constructed file cache file cache with capacity 419430
I20260601 13:35:45.460995  2527 server_base.cc:1061] running on GCE node
W20260601 13:35:45.461261  7345 instance_detector.cc:116] could not retrieve Azure instance metadata: Network error: curl error: HTTP response code said error: The requested URL returned error: 404
W20260601 13:35:45.461848  7347 instance_detector.cc:116] could not retrieve OpenStack instance metadata: Network error: curl error: HTTP response code said error: The requested URL returned error: 404
W20260601 13:35:45.462113  7344 instance_detector.cc:116] could not retrieve AWS instance metadata: Network error: curl error: HTTP response code said error: The requested URL returned error: 404
I20260601 13:35:45.462400  2527 hybrid_clock.cc:584] initializing the hybrid clock with 'system_unsync' time source
W20260601 13:35:45.462464  2527 system_unsync_time.cc:38] NTP support is disabled. Clock error bounds will not be accurate. This configuration is not suitable for distributed clusters.
I20260601 13:35:45.462495  2527 hybrid_clock.cc:648] HybridClock initialized: now 1780320945462494 us; error 0 us; skew 500 ppm
I20260601 13:35:45.463685  2527 webserver.cc:533] Webserver started at http://127.2.119.196:37897/ using document root <none> and password file <none>
I20260601 13:35:45.463851  2527 fs_manager.cc:362] Metadata directory not provided
I20260601 13:35:45.463918  2527 fs_manager.cc:368] Using write-ahead log directory (fs_wal_dir) as metadata directory
I20260601 13:35:45.463999  2527 server_base.cc:909] This appears to be a new deployment of Kudu; creating new FS layout
I20260601 13:35:45.464514  2527 fs_manager.cc:1068] Generated new instance metadata in path /tmp/dist-test-taskYgqNK4/test-tmp/auto_rebalancer-test.0.AutoRebalancerTest.TestMaxMovesPerServer.1780320839908919-2527-0/minicluster-data/ts-3-root/instance:
uuid: "4c70743e85d44fd29836bad2389e70ee"
format_stamp: "Formatted at 2026-06-01 13:35:45 on dist-test-slave-hpqb"
I20260601 13:35:45.466460  2527 fs_manager.cc:696] Time spent creating directory manager: real 0.002s	user 0.000s	sys 0.002s
I20260601 13:35:45.467574  7352 log_block_manager.cc:4031] Time spent loading block containers with low live blocks: real 0.000s	user 0.000s	sys 0.000s
I20260601 13:35:45.467830  2527 fs_manager.cc:730] Time spent opening block manager: real 0.001s	user 0.000s	sys 0.001s
I20260601 13:35:45.467942  2527 fs_manager.cc:647] Opened local filesystem: /tmp/dist-test-taskYgqNK4/test-tmp/auto_rebalancer-test.0.AutoRebalancerTest.TestMaxMovesPerServer.1780320839908919-2527-0/minicluster-data/ts-3-root
uuid: "4c70743e85d44fd29836bad2389e70ee"
format_stamp: "Formatted at 2026-06-01 13:35:45 on dist-test-slave-hpqb"
I20260601 13:35:45.468067  2527 fs_report.cc:389] FS layout report
--------------------
wal directory: /tmp/dist-test-taskYgqNK4/test-tmp/auto_rebalancer-test.0.AutoRebalancerTest.TestMaxMovesPerServer.1780320839908919-2527-0/minicluster-data/ts-3-root
metadata directory: /tmp/dist-test-taskYgqNK4/test-tmp/auto_rebalancer-test.0.AutoRebalancerTest.TestMaxMovesPerServer.1780320839908919-2527-0/minicluster-data/ts-3-root
1 data directories: /tmp/dist-test-taskYgqNK4/test-tmp/auto_rebalancer-test.0.AutoRebalancerTest.TestMaxMovesPerServer.1780320839908919-2527-0/minicluster-data/ts-3-root/data
Total live blocks: 0
Total live bytes: 0
Total live bytes (after alignment): 0
Total number of LBM containers: 0 (0 full)
Did not check for missing blocks
Did not check for orphaned blocks
Total full LBM containers with extra space: 0 (0 repaired)
Total full LBM container extra space in bytes: 0 (0 repaired)
Total incomplete LBM containers: 0 (0 repaired)
Total LBM partial records: 0 (0 repaired)
Total corrupted LBM metadata records in RocksDB: 0 (0 repaired)
I20260601 13:35:45.481187  2527 rpc_server.cc:225] running with OpenSSL 1.1.1  11 Sep 2018
I20260601 13:35:45.481562  2527 kserver.cc:163] Server-wide thread pool size limit: 3276
I20260601 13:35:45.481845  2527 txn_system_client.cc:432] TxnSystemClient initialization is disabled...
I20260601 13:35:45.482286  2527 ts_tablet_manager.cc:585] Loaded tablet metadata (0 total tablets, 0 live tablets)
I20260601 13:35:45.482347  2527 ts_tablet_manager.cc:531] Time spent load tablet metadata: real 0.000s	user 0.000s	sys 0.000s
I20260601 13:35:45.482405  2527 ts_tablet_manager.cc:616] Registered 0 tablets
I20260601 13:35:45.482440  2527 ts_tablet_manager.cc:595] Time spent register tablets: real 0.000s	user 0.000s	sys 0.000s
I20260601 13:35:45.487269  2527 rpc_server.cc:307] RPC server started. Bound to: 127.2.119.196:36325
I20260601 13:35:45.487382  7415 acceptor_pool.cc:272] collecting diagnostics on the listening RPC socket 127.2.119.196:36325 every 8 connection(s)
I20260601 13:35:45.488186  2527 file_cache.cc:492] Constructed file cache file cache with capacity 419430
W20260601 13:35:45.490010  7420 instance_detector.cc:116] could not retrieve AWS instance metadata: Network error: curl error: HTTP response code said error: The requested URL returned error: 404
W20260601 13:35:45.490108  7421 instance_detector.cc:116] could not retrieve Azure instance metadata: Network error: curl error: HTTP response code said error: The requested URL returned error: 404
I20260601 13:35:45.490329  2527 server_base.cc:1061] running on GCE node
W20260601 13:35:45.490399  7423 instance_detector.cc:116] could not retrieve OpenStack instance metadata: Network error: curl error: HTTP response code said error: The requested URL returned error: 404
I20260601 13:35:45.490602  2527 hybrid_clock.cc:584] initializing the hybrid clock with 'system_unsync' time source
W20260601 13:35:45.490665  2527 system_unsync_time.cc:38] NTP support is disabled. Clock error bounds will not be accurate. This configuration is not suitable for distributed clusters.
I20260601 13:35:45.490701  2527 hybrid_clock.cc:648] HybridClock initialized: now 1780320945490700 us; error 0 us; skew 500 ppm
I20260601 13:35:45.491734  2527 webserver.cc:533] Webserver started at http://127.2.119.197:35711/ using document root <none> and password file <none>
I20260601 13:35:45.491914  2527 fs_manager.cc:362] Metadata directory not provided
I20260601 13:35:45.491989  2527 fs_manager.cc:368] Using write-ahead log directory (fs_wal_dir) as metadata directory
I20260601 13:35:45.492069  2527 server_base.cc:909] This appears to be a new deployment of Kudu; creating new FS layout
I20260601 13:35:45.492587  2527 fs_manager.cc:1068] Generated new instance metadata in path /tmp/dist-test-taskYgqNK4/test-tmp/auto_rebalancer-test.0.AutoRebalancerTest.TestMaxMovesPerServer.1780320839908919-2527-0/minicluster-data/ts-4-root/instance:
uuid: "2123379cacb74092a272163455144c83"
format_stamp: "Formatted at 2026-06-01 13:35:45 on dist-test-slave-hpqb"
I20260601 13:35:45.492754  7416 heartbeater.cc:344] Connected to a master server at 127.2.119.254:44269
I20260601 13:35:45.492848  7416 heartbeater.cc:461] Registering TS with master...
I20260601 13:35:45.493088  7416 heartbeater.cc:507] Master 127.2.119.254:44269 requested a full tablet report, sending...
I20260601 13:35:45.493705  6885 ts_manager.cc:194] Registered new tserver with Master: 4c70743e85d44fd29836bad2389e70ee (127.2.119.196:36325)
I20260601 13:35:45.494352  6885 master_service.cc:502] Signed X509 certificate for tserver {username='slave'} at 127.0.0.1:56350
I20260601 13:35:45.494355  2527 fs_manager.cc:696] Time spent creating directory manager: real 0.002s	user 0.000s	sys 0.002s
I20260601 13:35:45.495570  7428 log_block_manager.cc:4031] Time spent loading block containers with low live blocks: real 0.000s	user 0.000s	sys 0.000s
I20260601 13:35:45.495864  2527 fs_manager.cc:730] Time spent opening block manager: real 0.001s	user 0.000s	sys 0.001s
I20260601 13:35:45.495949  2527 fs_manager.cc:647] Opened local filesystem: /tmp/dist-test-taskYgqNK4/test-tmp/auto_rebalancer-test.0.AutoRebalancerTest.TestMaxMovesPerServer.1780320839908919-2527-0/minicluster-data/ts-4-root
uuid: "2123379cacb74092a272163455144c83"
format_stamp: "Formatted at 2026-06-01 13:35:45 on dist-test-slave-hpqb"
I20260601 13:35:45.496039  2527 fs_report.cc:389] FS layout report
--------------------
wal directory: /tmp/dist-test-taskYgqNK4/test-tmp/auto_rebalancer-test.0.AutoRebalancerTest.TestMaxMovesPerServer.1780320839908919-2527-0/minicluster-data/ts-4-root
metadata directory: /tmp/dist-test-taskYgqNK4/test-tmp/auto_rebalancer-test.0.AutoRebalancerTest.TestMaxMovesPerServer.1780320839908919-2527-0/minicluster-data/ts-4-root
1 data directories: /tmp/dist-test-taskYgqNK4/test-tmp/auto_rebalancer-test.0.AutoRebalancerTest.TestMaxMovesPerServer.1780320839908919-2527-0/minicluster-data/ts-4-root/data
Total live blocks: 0
Total live bytes: 0
Total live bytes (after alignment): 0
Total number of LBM containers: 0 (0 full)
Did not check for missing blocks
Did not check for orphaned blocks
Total full LBM containers with extra space: 0 (0 repaired)
Total full LBM container extra space in bytes: 0 (0 repaired)
Total incomplete LBM containers: 0 (0 repaired)
Total LBM partial records: 0 (0 repaired)
Total corrupted LBM metadata records in RocksDB: 0 (0 repaired)
I20260601 13:35:45.515115  2527 rpc_server.cc:225] running with OpenSSL 1.1.1  11 Sep 2018
I20260601 13:35:45.515556  2527 kserver.cc:163] Server-wide thread pool size limit: 3276
I20260601 13:35:45.515872  2527 txn_system_client.cc:432] TxnSystemClient initialization is disabled...
I20260601 13:35:45.516403  2527 ts_tablet_manager.cc:585] Loaded tablet metadata (0 total tablets, 0 live tablets)
I20260601 13:35:45.516465  2527 ts_tablet_manager.cc:531] Time spent load tablet metadata: real 0.000s	user 0.000s	sys 0.000s
I20260601 13:35:45.516523  2527 ts_tablet_manager.cc:616] Registered 0 tablets
I20260601 13:35:45.516557  2527 ts_tablet_manager.cc:595] Time spent register tablets: real 0.000s	user 0.000s	sys 0.000s
I20260601 13:35:45.521183  2527 rpc_server.cc:307] RPC server started. Bound to: 127.2.119.197:36423
I20260601 13:35:45.521368  7491 acceptor_pool.cc:272] collecting diagnostics on the listening RPC socket 127.2.119.197:36423 every 8 connection(s)
I20260601 13:35:45.522123  2527 file_cache.cc:492] Constructed file cache file cache with capacity 419430
W20260601 13:35:45.523974  7498 instance_detector.cc:116] could not retrieve OpenStack instance metadata: Network error: curl error: HTTP response code said error: The requested URL returned error: 404
W20260601 13:35:45.523988  7495 instance_detector.cc:116] could not retrieve AWS instance metadata: Network error: curl error: HTTP response code said error: The requested URL returned error: 404
W20260601 13:35:45.524353  7496 instance_detector.cc:116] could not retrieve Azure instance metadata: Network error: curl error: HTTP response code said error: The requested URL returned error: 404
I20260601 13:35:45.524381  2527 server_base.cc:1061] running on GCE node
I20260601 13:35:45.524593  2527 hybrid_clock.cc:584] initializing the hybrid clock with 'system_unsync' time source
W20260601 13:35:45.524642  2527 system_unsync_time.cc:38] NTP support is disabled. Clock error bounds will not be accurate. This configuration is not suitable for distributed clusters.
I20260601 13:35:45.524664  2527 hybrid_clock.cc:648] HybridClock initialized: now 1780320945524664 us; error 0 us; skew 500 ppm
I20260601 13:35:45.525758  2527 webserver.cc:533] Webserver started at http://127.2.119.198:39471/ using document root <none> and password file <none>
I20260601 13:35:45.525909  2527 fs_manager.cc:362] Metadata directory not provided
I20260601 13:35:45.525959  2527 fs_manager.cc:368] Using write-ahead log directory (fs_wal_dir) as metadata directory
I20260601 13:35:45.526048  2527 server_base.cc:909] This appears to be a new deployment of Kudu; creating new FS layout
I20260601 13:35:45.526548  7492 heartbeater.cc:344] Connected to a master server at 127.2.119.254:44269
I20260601 13:35:45.526549  2527 fs_manager.cc:1068] Generated new instance metadata in path /tmp/dist-test-taskYgqNK4/test-tmp/auto_rebalancer-test.0.AutoRebalancerTest.TestMaxMovesPerServer.1780320839908919-2527-0/minicluster-data/ts-5-root/instance:
uuid: "185c7f8205bc4d98b08ce93bb7ed6fd3"
format_stamp: "Formatted at 2026-06-01 13:35:45 on dist-test-slave-hpqb"
I20260601 13:35:45.526685  7492 heartbeater.cc:461] Registering TS with master...
I20260601 13:35:45.526916  7492 heartbeater.cc:507] Master 127.2.119.254:44269 requested a full tablet report, sending...
I20260601 13:35:45.527519  6885 ts_manager.cc:194] Registered new tserver with Master: 2123379cacb74092a272163455144c83 (127.2.119.197:36423)
I20260601 13:35:45.528141  6885 master_service.cc:502] Signed X509 certificate for tserver {username='slave'} at 127.0.0.1:56366
I20260601 13:35:45.528466  2527 fs_manager.cc:696] Time spent creating directory manager: real 0.002s	user 0.001s	sys 0.000s
I20260601 13:35:45.529366  7503 log_block_manager.cc:4031] Time spent loading block containers with low live blocks: real 0.000s	user 0.000s	sys 0.000s
I20260601 13:35:45.529603  2527 fs_manager.cc:730] Time spent opening block manager: real 0.001s	user 0.001s	sys 0.000s
I20260601 13:35:45.529692  2527 fs_manager.cc:647] Opened local filesystem: /tmp/dist-test-taskYgqNK4/test-tmp/auto_rebalancer-test.0.AutoRebalancerTest.TestMaxMovesPerServer.1780320839908919-2527-0/minicluster-data/ts-5-root
uuid: "185c7f8205bc4d98b08ce93bb7ed6fd3"
format_stamp: "Formatted at 2026-06-01 13:35:45 on dist-test-slave-hpqb"
I20260601 13:35:45.529758  2527 fs_report.cc:389] FS layout report
--------------------
wal directory: /tmp/dist-test-taskYgqNK4/test-tmp/auto_rebalancer-test.0.AutoRebalancerTest.TestMaxMovesPerServer.1780320839908919-2527-0/minicluster-data/ts-5-root
metadata directory: /tmp/dist-test-taskYgqNK4/test-tmp/auto_rebalancer-test.0.AutoRebalancerTest.TestMaxMovesPerServer.1780320839908919-2527-0/minicluster-data/ts-5-root
1 data directories: /tmp/dist-test-taskYgqNK4/test-tmp/auto_rebalancer-test.0.AutoRebalancerTest.TestMaxMovesPerServer.1780320839908919-2527-0/minicluster-data/ts-5-root/data
Total live blocks: 0
Total live bytes: 0
Total live bytes (after alignment): 0
Total number of LBM containers: 0 (0 full)
Did not check for missing blocks
Did not check for orphaned blocks
Total full LBM containers with extra space: 0 (0 repaired)
Total full LBM container extra space in bytes: 0 (0 repaired)
Total incomplete LBM containers: 0 (0 repaired)
Total LBM partial records: 0 (0 repaired)
Total corrupted LBM metadata records in RocksDB: 0 (0 repaired)
I20260601 13:35:45.540499  2527 rpc_server.cc:225] running with OpenSSL 1.1.1  11 Sep 2018
I20260601 13:35:45.540978  2527 kserver.cc:163] Server-wide thread pool size limit: 3276
I20260601 13:35:45.541353  2527 txn_system_client.cc:432] TxnSystemClient initialization is disabled...
I20260601 13:35:45.541868  2527 ts_tablet_manager.cc:585] Loaded tablet metadata (0 total tablets, 0 live tablets)
I20260601 13:35:45.541920  2527 ts_tablet_manager.cc:531] Time spent load tablet metadata: real 0.000s	user 0.000s	sys 0.000s
I20260601 13:35:45.541960  2527 ts_tablet_manager.cc:616] Registered 0 tablets
I20260601 13:35:45.541987  2527 ts_tablet_manager.cc:595] Time spent register tablets: real 0.000s	user 0.000s	sys 0.000s
I20260601 13:35:45.546518  2527 rpc_server.cc:307] RPC server started. Bound to: 127.2.119.198:38273
I20260601 13:35:45.546664  7566 acceptor_pool.cc:272] collecting diagnostics on the listening RPC socket 127.2.119.198:38273 every 8 connection(s)
I20260601 13:35:45.550971  7567 heartbeater.cc:344] Connected to a master server at 127.2.119.254:44269
I20260601 13:35:45.551069  7567 heartbeater.cc:461] Registering TS with master...
I20260601 13:35:45.551273  7567 heartbeater.cc:507] Master 127.2.119.254:44269 requested a full tablet report, sending...
I20260601 13:35:45.551874  6885 ts_manager.cc:194] Registered new tserver with Master: 185c7f8205bc4d98b08ce93bb7ed6fd3 (127.2.119.198:38273)
I20260601 13:35:45.552490  6885 master_service.cc:502] Signed X509 certificate for tserver {username='slave'} at 127.0.0.1:56382
I20260601 13:35:46.425514  7071 consensus_queue.cc:237] T 8fac998830f44c45b60c1375a9253c82 P af41432f1c5b4ad796329dfee817d6f8 [LEADER]: Queue going to LEADER mode. State: All replicated index: 0, Majority replicated index: 24, Committed index: 24, Last appended: 1.24, Last appended by leader: 0, Current term: 1, Majority size: 2, State: 0, Mode: LEADER, active raft config: opid_index: 25 OBSOLETE_local: false peers { permanent_uuid: "882c408dc6fe4a5da6c15909bedd97c0" member_type: VOTER last_known_addr { host: "127.2.119.193" port: 42069 } } peers { permanent_uuid: "af41432f1c5b4ad796329dfee817d6f8" member_type: VOTER last_known_addr { host: "127.2.119.194" port: 45733 } } peers { permanent_uuid: "5ea48b92797c402ba4be08df825af20f" member_type: VOTER last_known_addr { host: "127.2.119.195" port: 36321 } attrs { replace: true } } peers { permanent_uuid: "4c70743e85d44fd29836bad2389e70ee" member_type: NON_VOTER last_known_addr { host: "127.2.119.196" port: 36325 } attrs { promote: true } }
I20260601 13:35:46.427138  7144 raft_consensus.cc:1275] T 8fac998830f44c45b60c1375a9253c82 P 5ea48b92797c402ba4be08df825af20f [term 1 FOLLOWER]: Refusing update from remote peer af41432f1c5b4ad796329dfee817d6f8: Log matching property violated. Preceding OpId in replica: term: 1 index: 24. Preceding OpId from leader: term: 1 index: 25. (index mismatch)
I20260601 13:35:46.427254  6994 raft_consensus.cc:1275] T 8fac998830f44c45b60c1375a9253c82 P 882c408dc6fe4a5da6c15909bedd97c0 [term 1 FOLLOWER]: Refusing update from remote peer af41432f1c5b4ad796329dfee817d6f8: Log matching property violated. Preceding OpId in replica: term: 1 index: 24. Preceding OpId from leader: term: 1 index: 25. (index mismatch)
I20260601 13:35:46.427565  7573 consensus_queue.cc:1048] T 8fac998830f44c45b60c1375a9253c82 P af41432f1c5b4ad796329dfee817d6f8 [LEADER]: Connected to new peer: Peer: permanent_uuid: "5ea48b92797c402ba4be08df825af20f" member_type: VOTER last_known_addr { host: "127.2.119.195" port: 36321 } attrs { replace: true }, Status: LMP_MISMATCH, Last received: 0.0, Next index: 25, Last known committed idx: 24, Time since last communication: 0.000s
I20260601 13:35:46.427821  7336 consensus_queue.cc:1048] T 8fac998830f44c45b60c1375a9253c82 P af41432f1c5b4ad796329dfee817d6f8 [LEADER]: Connected to new peer: Peer: permanent_uuid: "882c408dc6fe4a5da6c15909bedd97c0" member_type: VOTER last_known_addr { host: "127.2.119.193" port: 42069 }, Status: LMP_MISMATCH, Last received: 0.0, Next index: 25, Last known committed idx: 24, Time since last communication: 0.000s
I20260601 13:35:46.429366  7572 raft_consensus.cc:2955] T 8fac998830f44c45b60c1375a9253c82 P af41432f1c5b4ad796329dfee817d6f8 [term 1 LEADER]: Committing config change with OpId 1.25: config changed from index -1 to 25, NON_VOTER 4c70743e85d44fd29836bad2389e70ee (127.2.119.196) added. New config: { opid_index: 25 OBSOLETE_local: false peers { permanent_uuid: "882c408dc6fe4a5da6c15909bedd97c0" member_type: VOTER last_known_addr { host: "127.2.119.193" port: 42069 } } peers { permanent_uuid: "af41432f1c5b4ad796329dfee817d6f8" member_type: VOTER last_known_addr { host: "127.2.119.194" port: 45733 } } peers { permanent_uuid: "5ea48b92797c402ba4be08df825af20f" member_type: VOTER last_known_addr { host: "127.2.119.195" port: 36321 } attrs { replace: true } } peers { permanent_uuid: "4c70743e85d44fd29836bad2389e70ee" member_type: NON_VOTER last_known_addr { host: "127.2.119.196" port: 36325 } attrs { promote: true } } }
I20260601 13:35:46.429816  7144 raft_consensus.cc:2955] T 8fac998830f44c45b60c1375a9253c82 P 5ea48b92797c402ba4be08df825af20f [term 1 FOLLOWER]: Committing config change with OpId 1.25: config changed from index -1 to 25, NON_VOTER 4c70743e85d44fd29836bad2389e70ee (127.2.119.196) added. New config: { opid_index: 25 OBSOLETE_local: false peers { permanent_uuid: "882c408dc6fe4a5da6c15909bedd97c0" member_type: VOTER last_known_addr { host: "127.2.119.193" port: 42069 } } peers { permanent_uuid: "af41432f1c5b4ad796329dfee817d6f8" member_type: VOTER last_known_addr { host: "127.2.119.194" port: 45733 } } peers { permanent_uuid: "5ea48b92797c402ba4be08df825af20f" member_type: VOTER last_known_addr { host: "127.2.119.195" port: 36321 } attrs { replace: true } } peers { permanent_uuid: "4c70743e85d44fd29836bad2389e70ee" member_type: NON_VOTER last_known_addr { host: "127.2.119.196" port: 36325 } attrs { promote: true } } }
I20260601 13:35:46.429925  6994 raft_consensus.cc:2955] T 8fac998830f44c45b60c1375a9253c82 P 882c408dc6fe4a5da6c15909bedd97c0 [term 1 FOLLOWER]: Committing config change with OpId 1.25: config changed from index -1 to 25, NON_VOTER 4c70743e85d44fd29836bad2389e70ee (127.2.119.196) added. New config: { opid_index: 25 OBSOLETE_local: false peers { permanent_uuid: "882c408dc6fe4a5da6c15909bedd97c0" member_type: VOTER last_known_addr { host: "127.2.119.193" port: 42069 } } peers { permanent_uuid: "af41432f1c5b4ad796329dfee817d6f8" member_type: VOTER last_known_addr { host: "127.2.119.194" port: 45733 } } peers { permanent_uuid: "5ea48b92797c402ba4be08df825af20f" member_type: VOTER last_known_addr { host: "127.2.119.195" port: 36321 } attrs { replace: true } } peers { permanent_uuid: "4c70743e85d44fd29836bad2389e70ee" member_type: NON_VOTER last_known_addr { host: "127.2.119.196" port: 36325 } attrs { promote: true } } }
W20260601 13:35:46.431557  7038 consensus_peers.cc:597] T 8fac998830f44c45b60c1375a9253c82 P af41432f1c5b4ad796329dfee817d6f8 -> Peer 4c70743e85d44fd29836bad2389e70ee (127.2.119.196:36325): Couldn't send request to peer 4c70743e85d44fd29836bad2389e70ee. Error code: TABLET_NOT_FOUND (6). Status: Not found: Tablet not found: 8fac998830f44c45b60c1375a9253c82. This is attempt 1: this message will repeat every 5th retry.
I20260601 13:35:46.432364  6885 catalog_manager.cc:5696] T 8fac998830f44c45b60c1375a9253c82 P 882c408dc6fe4a5da6c15909bedd97c0 reported cstate change: config changed from index -1 to 25, NON_VOTER 4c70743e85d44fd29836bad2389e70ee (127.2.119.196) added. New cstate: current_term: 1 leader_uuid: "af41432f1c5b4ad796329dfee817d6f8" committed_config { opid_index: 25 OBSOLETE_local: false peers { permanent_uuid: "882c408dc6fe4a5da6c15909bedd97c0" member_type: VOTER last_known_addr { host: "127.2.119.193" port: 42069 } } peers { permanent_uuid: "af41432f1c5b4ad796329dfee817d6f8" member_type: VOTER last_known_addr { host: "127.2.119.194" port: 45733 } } peers { permanent_uuid: "5ea48b92797c402ba4be08df825af20f" member_type: VOTER last_known_addr { host: "127.2.119.195" port: 36321 } attrs { replace: true } } peers { permanent_uuid: "4c70743e85d44fd29836bad2389e70ee" member_type: NON_VOTER last_known_addr { host: "127.2.119.196" port: 36325 } attrs { promote: true } } }
I20260601 13:35:46.437764  7144 consensus_queue.cc:237] T 346addbae7804a5e9c1f582c2783e52a P 5ea48b92797c402ba4be08df825af20f [LEADER]: Queue going to LEADER mode. State: All replicated index: 0, Majority replicated index: 25, Committed index: 25, Last appended: 1.25, Last appended by leader: 0, Current term: 1, Majority size: 2, State: 0, Mode: LEADER, active raft config: opid_index: 26 OBSOLETE_local: false peers { permanent_uuid: "882c408dc6fe4a5da6c15909bedd97c0" member_type: VOTER last_known_addr { host: "127.2.119.193" port: 42069 } } peers { permanent_uuid: "af41432f1c5b4ad796329dfee817d6f8" member_type: VOTER last_known_addr { host: "127.2.119.194" port: 45733 } attrs { replace: true } } peers { permanent_uuid: "5ea48b92797c402ba4be08df825af20f" member_type: VOTER last_known_addr { host: "127.2.119.195" port: 36321 } } peers { permanent_uuid: "2123379cacb74092a272163455144c83" member_type: NON_VOTER last_known_addr { host: "127.2.119.197" port: 36423 } attrs { promote: true } }
I20260601 13:35:46.439605  6991 raft_consensus.cc:1275] T 346addbae7804a5e9c1f582c2783e52a P 882c408dc6fe4a5da6c15909bedd97c0 [term 1 FOLLOWER]: Refusing update from remote peer 5ea48b92797c402ba4be08df825af20f: Log matching property violated. Preceding OpId in replica: term: 1 index: 25. Preceding OpId from leader: term: 1 index: 26. (index mismatch)
I20260601 13:35:46.439672  7071 raft_consensus.cc:1275] T 346addbae7804a5e9c1f582c2783e52a P af41432f1c5b4ad796329dfee817d6f8 [term 1 FOLLOWER]: Refusing update from remote peer 5ea48b92797c402ba4be08df825af20f: Log matching property violated. Preceding OpId in replica: term: 1 index: 25. Preceding OpId from leader: term: 1 index: 26. (index mismatch)
I20260601 13:35:46.439980  7584 consensus_queue.cc:1048] T 346addbae7804a5e9c1f582c2783e52a P 5ea48b92797c402ba4be08df825af20f [LEADER]: Connected to new peer: Peer: permanent_uuid: "af41432f1c5b4ad796329dfee817d6f8" member_type: VOTER last_known_addr { host: "127.2.119.194" port: 45733 } attrs { replace: true }, Status: LMP_MISMATCH, Last received: 0.0, Next index: 26, Last known committed idx: 25, Time since last communication: 0.000s
I20260601 13:35:46.440299  7585 consensus_queue.cc:1048] T 346addbae7804a5e9c1f582c2783e52a P 5ea48b92797c402ba4be08df825af20f [LEADER]: Connected to new peer: Peer: permanent_uuid: "882c408dc6fe4a5da6c15909bedd97c0" member_type: VOTER last_known_addr { host: "127.2.119.193" port: 42069 }, Status: LMP_MISMATCH, Last received: 0.0, Next index: 26, Last known committed idx: 25, Time since last communication: 0.000s
I20260601 13:35:46.441619  7584 raft_consensus.cc:2955] T 346addbae7804a5e9c1f582c2783e52a P 5ea48b92797c402ba4be08df825af20f [term 1 LEADER]: Committing config change with OpId 1.26: config changed from index -1 to 26, NON_VOTER 2123379cacb74092a272163455144c83 (127.2.119.197) added. New config: { opid_index: 26 OBSOLETE_local: false peers { permanent_uuid: "882c408dc6fe4a5da6c15909bedd97c0" member_type: VOTER last_known_addr { host: "127.2.119.193" port: 42069 } } peers { permanent_uuid: "af41432f1c5b4ad796329dfee817d6f8" member_type: VOTER last_known_addr { host: "127.2.119.194" port: 45733 } attrs { replace: true } } peers { permanent_uuid: "5ea48b92797c402ba4be08df825af20f" member_type: VOTER last_known_addr { host: "127.2.119.195" port: 36321 } } peers { permanent_uuid: "2123379cacb74092a272163455144c83" member_type: NON_VOTER last_known_addr { host: "127.2.119.197" port: 36423 } attrs { promote: true } } }
I20260601 13:35:46.442095  7071 raft_consensus.cc:2955] T 346addbae7804a5e9c1f582c2783e52a P af41432f1c5b4ad796329dfee817d6f8 [term 1 FOLLOWER]: Committing config change with OpId 1.26: config changed from index -1 to 26, NON_VOTER 2123379cacb74092a272163455144c83 (127.2.119.197) added. New config: { opid_index: 26 OBSOLETE_local: false peers { permanent_uuid: "882c408dc6fe4a5da6c15909bedd97c0" member_type: VOTER last_known_addr { host: "127.2.119.193" port: 42069 } } peers { permanent_uuid: "af41432f1c5b4ad796329dfee817d6f8" member_type: VOTER last_known_addr { host: "127.2.119.194" port: 45733 } attrs { replace: true } } peers { permanent_uuid: "5ea48b92797c402ba4be08df825af20f" member_type: VOTER last_known_addr { host: "127.2.119.195" port: 36321 } } peers { permanent_uuid: "2123379cacb74092a272163455144c83" member_type: NON_VOTER last_known_addr { host: "127.2.119.197" port: 36423 } attrs { promote: true } } }
I20260601 13:35:46.442102  6991 raft_consensus.cc:2955] T 346addbae7804a5e9c1f582c2783e52a P 882c408dc6fe4a5da6c15909bedd97c0 [term 1 FOLLOWER]: Committing config change with OpId 1.26: config changed from index -1 to 26, NON_VOTER 2123379cacb74092a272163455144c83 (127.2.119.197) added. New config: { opid_index: 26 OBSOLETE_local: false peers { permanent_uuid: "882c408dc6fe4a5da6c15909bedd97c0" member_type: VOTER last_known_addr { host: "127.2.119.193" port: 42069 } } peers { permanent_uuid: "af41432f1c5b4ad796329dfee817d6f8" member_type: VOTER last_known_addr { host: "127.2.119.194" port: 45733 } attrs { replace: true } } peers { permanent_uuid: "5ea48b92797c402ba4be08df825af20f" member_type: VOTER last_known_addr { host: "127.2.119.195" port: 36321 } } peers { permanent_uuid: "2123379cacb74092a272163455144c83" member_type: NON_VOTER last_known_addr { host: "127.2.119.197" port: 36423 } attrs { promote: true } } }
I20260601 13:35:46.444443  6894 catalog_manager.cc:5696] T 346addbae7804a5e9c1f582c2783e52a P af41432f1c5b4ad796329dfee817d6f8 reported cstate change: config changed from index -1 to 26, NON_VOTER 2123379cacb74092a272163455144c83 (127.2.119.197) added. New cstate: current_term: 1 leader_uuid: "5ea48b92797c402ba4be08df825af20f" committed_config { opid_index: 26 OBSOLETE_local: false peers { permanent_uuid: "882c408dc6fe4a5da6c15909bedd97c0" member_type: VOTER last_known_addr { host: "127.2.119.193" port: 42069 } } peers { permanent_uuid: "af41432f1c5b4ad796329dfee817d6f8" member_type: VOTER last_known_addr { host: "127.2.119.194" port: 45733 } attrs { replace: true } } peers { permanent_uuid: "5ea48b92797c402ba4be08df825af20f" member_type: VOTER last_known_addr { host: "127.2.119.195" port: 36321 } } peers { permanent_uuid: "2123379cacb74092a272163455144c83" member_type: NON_VOTER last_known_addr { host: "127.2.119.197" port: 36423 } attrs { promote: true } } }
