I20260601 13:35:06.253260  9795 raft_consensus.cc:2272] T adf08f47cbbd4ba1a62fb49106662736 P 263cae745f4b4487857aa685f35886a6 [term 1 FOLLOWER]: Raft consensus is shut down!
I20260601 13:35:06.267093  9795 tablet_server.cc:196] TabletServer@127.9.144.194:0 shutdown complete.
I20260601 13:35:06.269574  9795 tablet_server.cc:179] TabletServer@127.9.144.195:0 shutting down...
I20260601 13:35:06.273155  9795 ts_tablet_manager.cc:1507] Shutting down tablet manager...
I20260601 13:35:06.273483  9795 tablet_replica.cc:333] T adf08f47cbbd4ba1a62fb49106662736 P a7badb2293c44d6fa93b5effa8842bf8: stopping tablet replica
I20260601 13:35:06.273633  9795 raft_consensus.cc:2243] T adf08f47cbbd4ba1a62fb49106662736 P a7badb2293c44d6fa93b5effa8842bf8 [term 1 FOLLOWER]: Raft consensus shutting down.
I20260601 13:35:06.273782  9795 raft_consensus.cc:2272] T adf08f47cbbd4ba1a62fb49106662736 P a7badb2293c44d6fa93b5effa8842bf8 [term 1 FOLLOWER]: Raft consensus is shut down!
I20260601 13:35:06.274369  9795 tablet_replica.cc:333] T 90e6510753a1486e86ae2213796a7ef1 P a7badb2293c44d6fa93b5effa8842bf8: stopping tablet replica
I20260601 13:35:06.274505  9795 raft_consensus.cc:2243] T 90e6510753a1486e86ae2213796a7ef1 P a7badb2293c44d6fa93b5effa8842bf8 [term 1 LEADER]: Raft consensus shutting down.
I20260601 13:35:06.274684  9795 pending_rounds.cc:70] T 90e6510753a1486e86ae2213796a7ef1 P a7badb2293c44d6fa93b5effa8842bf8: Trying to abort 1 pending ops.
I20260601 13:35:06.274716  9795 pending_rounds.cc:77] T 90e6510753a1486e86ae2213796a7ef1 P a7badb2293c44d6fa93b5effa8842bf8: Aborting op as it isn't in flight: id { term: 1 index: 1 } timestamp: 7292194431533154304 op_type: NO_OP noop_request { }
I20260601 13:35:06.274798  9795 raft_consensus.cc:2889] T 90e6510753a1486e86ae2213796a7ef1 P a7badb2293c44d6fa93b5effa8842bf8 [term 1 LEADER]: NO_OP replication failed: Aborted: Op aborted
I20260601 13:35:06.274863  9795 raft_consensus.cc:2272] T 90e6510753a1486e86ae2213796a7ef1 P a7badb2293c44d6fa93b5effa8842bf8 [term 1 FOLLOWER]: Raft consensus is shut down!
I20260601 13:35:06.275405  9795 tablet_replica.cc:333] T e169e2351fe8471e9804174bea6ab6d6 P a7badb2293c44d6fa93b5effa8842bf8: stopping tablet replica
I20260601 13:35:06.275489  9795 raft_consensus.cc:2243] T e169e2351fe8471e9804174bea6ab6d6 P a7badb2293c44d6fa93b5effa8842bf8 [term 1 FOLLOWER]: Raft consensus shutting down.
I20260601 13:35:06.275786  9795 raft_consensus.cc:2272] T e169e2351fe8471e9804174bea6ab6d6 P a7badb2293c44d6fa93b5effa8842bf8 [term 1 FOLLOWER]: Raft consensus is shut down!
I20260601 13:35:06.276300  9795 tablet_replica.cc:333] T fb9d68c7ca474289a521d48ac1f95bf6 P a7badb2293c44d6fa93b5effa8842bf8: stopping tablet replica
I20260601 13:35:06.276379  9795 raft_consensus.cc:2243] T fb9d68c7ca474289a521d48ac1f95bf6 P a7badb2293c44d6fa93b5effa8842bf8 [term 1 LEADER]: Raft consensus shutting down.
I20260601 13:35:06.276484  9795 pending_rounds.cc:70] T fb9d68c7ca474289a521d48ac1f95bf6 P a7badb2293c44d6fa93b5effa8842bf8: Trying to abort 1 pending ops.
I20260601 13:35:06.276510  9795 pending_rounds.cc:77] T fb9d68c7ca474289a521d48ac1f95bf6 P a7badb2293c44d6fa93b5effa8842bf8: Aborting op as it isn't in flight: id { term: 1 index: 1 } timestamp: 7292194431042166784 op_type: NO_OP noop_request { }
I20260601 13:35:06.276571  9795 raft_consensus.cc:2889] T fb9d68c7ca474289a521d48ac1f95bf6 P a7badb2293c44d6fa93b5effa8842bf8 [term 1 LEADER]: NO_OP replication failed: Aborted: Op aborted
I20260601 13:35:06.276611  9795 raft_consensus.cc:2272] T fb9d68c7ca474289a521d48ac1f95bf6 P a7badb2293c44d6fa93b5effa8842bf8 [term 1 FOLLOWER]: Raft consensus is shut down!
I20260601 13:35:06.289830  9795 tablet_server.cc:196] TabletServer@127.9.144.195:0 shutdown complete.
I20260601 13:35:06.292510  9795 master.cc:562] Master@127.9.144.254:43903 shutting down...
I20260601 13:35:06.296572  9795 raft_consensus.cc:2243] T 00000000000000000000000000000000 P c1061b077d1b4abc96caaa8e90504663 [term 1 LEADER]: Raft consensus shutting down.
I20260601 13:35:06.296752  9795 raft_consensus.cc:2272] T 00000000000000000000000000000000 P c1061b077d1b4abc96caaa8e90504663 [term 1 FOLLOWER]: Raft consensus is shut down!
I20260601 13:35:06.296803  9795 tablet_replica.cc:333] T 00000000000000000000000000000000 P c1061b077d1b4abc96caaa8e90504663: stopping tablet replica
I20260601 13:35:06.299516  9795 master.cc:584] Master@127.9.144.254:43903 shutdown complete.
[       OK ] AutoRebalancerTest.RangeAwareBuildClusterInfoGroupsByRange (1607 ms)
[ RUN      ] AutoRebalancerTest.RangeAwareRebalancesNewRangeReplicas
I20260601 13:35:06.307763  9795 internal_mini_cluster.cc:156] Creating distributed mini masters. Addrs: 127.9.144.254:46809
I20260601 13:35:06.308136  9795 file_cache.cc:492] Constructed file cache file cache with capacity 419430
W20260601 13:35:06.309953 12666 instance_detector.cc:116] could not retrieve Azure instance metadata: Network error: curl error: HTTP response code said error: The requested URL returned error: 404
W20260601 13:35:06.309886 12665 instance_detector.cc:116] could not retrieve AWS instance metadata: Network error: curl error: HTTP response code said error: The requested URL returned error: 404
W20260601 13:35:06.310111 12668 instance_detector.cc:116] could not retrieve OpenStack instance metadata: Network error: curl error: HTTP response code said error: The requested URL returned error: 404
I20260601 13:35:06.310189  9795 server_base.cc:1061] running on GCE node
I20260601 13:35:06.310354  9795 hybrid_clock.cc:584] initializing the hybrid clock with 'system_unsync' time source
W20260601 13:35:06.310413  9795 system_unsync_time.cc:38] NTP support is disabled. Clock error bounds will not be accurate. This configuration is not suitable for distributed clusters.
I20260601 13:35:06.310449  9795 hybrid_clock.cc:648] HybridClock initialized: now 1780320906310448 us; error 0 us; skew 500 ppm
I20260601 13:35:06.311838  9795 webserver.cc:533] Webserver started at http://127.9.144.254:41219/ using document root <none> and password file <none>
I20260601 13:35:06.312052  9795 fs_manager.cc:362] Metadata directory not provided
I20260601 13:35:06.312124  9795 fs_manager.cc:368] Using write-ahead log directory (fs_wal_dir) as metadata directory
I20260601 13:35:06.312208  9795 server_base.cc:909] This appears to be a new deployment of Kudu; creating new FS layout
I20260601 13:35:06.312674  9795 fs_manager.cc:1068] Generated new instance metadata in path /tmp/dist-test-taskX5Ulrw/test-tmp/auto_rebalancer-test.0.AutoRebalancerTest.RangeAwareRebalancesNewRangeReplicas.1780320836536168-9795-0/minicluster-data/master-0-root/instance:
uuid: "7dadc9d48c05488c89fb2ed8c47a5531"
format_stamp: "Formatted at 2026-06-01 13:35:06 on dist-test-slave-2m1q"
I20260601 13:35:06.314301  9795 fs_manager.cc:696] Time spent creating directory manager: real 0.001s	user 0.000s	sys 0.002s
I20260601 13:35:06.315343 12673 log_block_manager.cc:4031] Time spent loading block containers with low live blocks: real 0.000s	user 0.000s	sys 0.000s
I20260601 13:35:06.315642  9795 fs_manager.cc:730] Time spent opening block manager: real 0.001s	user 0.000s	sys 0.001s
I20260601 13:35:06.315728  9795 fs_manager.cc:647] Opened local filesystem: /tmp/dist-test-taskX5Ulrw/test-tmp/auto_rebalancer-test.0.AutoRebalancerTest.RangeAwareRebalancesNewRangeReplicas.1780320836536168-9795-0/minicluster-data/master-0-root
uuid: "7dadc9d48c05488c89fb2ed8c47a5531"
format_stamp: "Formatted at 2026-06-01 13:35:06 on dist-test-slave-2m1q"
I20260601 13:35:06.315822  9795 fs_report.cc:389] FS layout report
--------------------
wal directory: /tmp/dist-test-taskX5Ulrw/test-tmp/auto_rebalancer-test.0.AutoRebalancerTest.RangeAwareRebalancesNewRangeReplicas.1780320836536168-9795-0/minicluster-data/master-0-root
metadata directory: /tmp/dist-test-taskX5Ulrw/test-tmp/auto_rebalancer-test.0.AutoRebalancerTest.RangeAwareRebalancesNewRangeReplicas.1780320836536168-9795-0/minicluster-data/master-0-root
1 data directories: /tmp/dist-test-taskX5Ulrw/test-tmp/auto_rebalancer-test.0.AutoRebalancerTest.RangeAwareRebalancesNewRangeReplicas.1780320836536168-9795-0/minicluster-data/master-0-root/data
Total live blocks: 0
Total live bytes: 0
Total live bytes (after alignment): 0
Total number of LBM containers: 0 (0 full)
Did not check for missing blocks
Did not check for orphaned blocks
Total full LBM containers with extra space: 0 (0 repaired)
Total full LBM container extra space in bytes: 0 (0 repaired)
Total incomplete LBM containers: 0 (0 repaired)
Total LBM partial records: 0 (0 repaired)
Total corrupted LBM metadata records in RocksDB: 0 (0 repaired)
I20260601 13:35:06.325009  9795 rpc_server.cc:225] running with OpenSSL 1.1.1  11 Sep 2018
I20260601 13:35:06.325450  9795 kserver.cc:163] Server-wide thread pool size limit: 3276
I20260601 13:35:06.329807  9795 rpc_server.cc:307] RPC server started. Bound to: 127.9.144.254:46809
I20260601 13:35:06.333182 12725 acceptor_pool.cc:272] collecting diagnostics on the listening RPC socket 127.9.144.254:46809 every 8 connection(s)
I20260601 13:35:06.333685 12726 data_dirs.cc:400] Could only allocate 1 dirs of requested 3 for tablet 00000000000000000000000000000000. 1 dirs total, 0 dirs full, 0 dirs failed
I20260601 13:35:06.335594 12726 tablet_bootstrap.cc:492] T 00000000000000000000000000000000 P 7dadc9d48c05488c89fb2ed8c47a5531: Bootstrap starting.
I20260601 13:35:06.336485 12726 tablet_bootstrap.cc:654] T 00000000000000000000000000000000 P 7dadc9d48c05488c89fb2ed8c47a5531: Neither blocks nor log segments found. Creating new log.
I20260601 13:35:06.337585 12726 tablet_bootstrap.cc:492] T 00000000000000000000000000000000 P 7dadc9d48c05488c89fb2ed8c47a5531: No bootstrap required, opened a new log
I20260601 13:35:06.338001 12726 raft_consensus.cc:359] T 00000000000000000000000000000000 P 7dadc9d48c05488c89fb2ed8c47a5531 [term 0 FOLLOWER]: Replica starting. Triggering 0 pending ops. Active config: opid_index: -1 OBSOLETE_local: true peers { permanent_uuid: "7dadc9d48c05488c89fb2ed8c47a5531" member_type: VOTER }
I20260601 13:35:06.338097 12726 raft_consensus.cc:385] T 00000000000000000000000000000000 P 7dadc9d48c05488c89fb2ed8c47a5531 [term 0 FOLLOWER]: Consensus starting up: Expiring failure detector timer to make a prompt election more likely
I20260601 13:35:06.338121 12726 raft_consensus.cc:740] T 00000000000000000000000000000000 P 7dadc9d48c05488c89fb2ed8c47a5531 [term 0 FOLLOWER]: Becoming Follower/Learner. State: Replica: 7dadc9d48c05488c89fb2ed8c47a5531, State: Initialized, Role: FOLLOWER
I20260601 13:35:06.338227 12726 consensus_queue.cc:260] T 00000000000000000000000000000000 P 7dadc9d48c05488c89fb2ed8c47a5531 [NON_LEADER]: Queue going to NON_LEADER mode. State: All replicated index: 0, Majority replicated index: 0, Committed index: 0, Last appended: 0.0, Last appended by leader: 0, Current term: 0, Majority size: -1, State: 0, Mode: NON_LEADER, active raft config: opid_index: -1 OBSOLETE_local: true peers { permanent_uuid: "7dadc9d48c05488c89fb2ed8c47a5531" member_type: VOTER }
I20260601 13:35:06.338284 12726 raft_consensus.cc:399] T 00000000000000000000000000000000 P 7dadc9d48c05488c89fb2ed8c47a5531 [term 0 FOLLOWER]: Only one voter in the Raft config. Triggering election immediately
I20260601 13:35:06.338306 12726 raft_consensus.cc:493] T 00000000000000000000000000000000 P 7dadc9d48c05488c89fb2ed8c47a5531 [term 0 FOLLOWER]: Starting leader election (initial election of a single-replica configuration)
I20260601 13:35:06.338339 12726 raft_consensus.cc:3060] T 00000000000000000000000000000000 P 7dadc9d48c05488c89fb2ed8c47a5531 [term 0 FOLLOWER]: Advancing to term 1
I20260601 13:35:06.339031 12726 raft_consensus.cc:515] T 00000000000000000000000000000000 P 7dadc9d48c05488c89fb2ed8c47a5531 [term 1 FOLLOWER]: Starting leader election with config: opid_index: -1 OBSOLETE_local: true peers { permanent_uuid: "7dadc9d48c05488c89fb2ed8c47a5531" member_type: VOTER }
I20260601 13:35:06.339161 12726 leader_election.cc:304] T 00000000000000000000000000000000 P 7dadc9d48c05488c89fb2ed8c47a5531 [CANDIDATE]: Term 1 election: Election decided. Result: candidate won. Election summary: received 1 responses out of 1 voters: 1 yes votes; 0 no votes. yes voters: 7dadc9d48c05488c89fb2ed8c47a5531; no voters: 
I20260601 13:35:06.339337 12726 leader_election.cc:290] T 00000000000000000000000000000000 P 7dadc9d48c05488c89fb2ed8c47a5531 [CANDIDATE]: Term 1 election: Requested vote from peers 
I20260601 13:35:06.339605 12729 raft_consensus.cc:2804] T 00000000000000000000000000000000 P 7dadc9d48c05488c89fb2ed8c47a5531 [term 1 FOLLOWER]: Leader election won for term 1
I20260601 13:35:06.339813 12726 sys_catalog.cc:565] T 00000000000000000000000000000000 P 7dadc9d48c05488c89fb2ed8c47a5531 [sys.catalog]: configured and running, proceeding with master startup.
I20260601 13:35:06.339813 12729 raft_consensus.cc:697] T 00000000000000000000000000000000 P 7dadc9d48c05488c89fb2ed8c47a5531 [term 1 LEADER]: Becoming Leader. State: Replica: 7dadc9d48c05488c89fb2ed8c47a5531, State: Running, Role: LEADER
I20260601 13:35:06.339983 12729 consensus_queue.cc:237] T 00000000000000000000000000000000 P 7dadc9d48c05488c89fb2ed8c47a5531 [LEADER]: Queue going to LEADER mode. State: All replicated index: 0, Majority replicated index: 0, Committed index: 0, Last appended: 0.0, Last appended by leader: 0, Current term: 1, Majority size: 1, State: 0, Mode: LEADER, active raft config: opid_index: -1 OBSOLETE_local: true peers { permanent_uuid: "7dadc9d48c05488c89fb2ed8c47a5531" member_type: VOTER }
I20260601 13:35:06.340493 12730 sys_catalog.cc:455] T 00000000000000000000000000000000 P 7dadc9d48c05488c89fb2ed8c47a5531 [sys.catalog]: SysCatalogTable state changed. Reason: RaftConsensus started. Latest consensus state: current_term: 1 leader_uuid: "7dadc9d48c05488c89fb2ed8c47a5531" committed_config { opid_index: -1 OBSOLETE_local: true peers { permanent_uuid: "7dadc9d48c05488c89fb2ed8c47a5531" member_type: VOTER } }
I20260601 13:35:06.340619 12730 sys_catalog.cc:458] T 00000000000000000000000000000000 P 7dadc9d48c05488c89fb2ed8c47a5531 [sys.catalog]: This master's current role is: LEADER
I20260601 13:35:06.340524 12731 sys_catalog.cc:455] T 00000000000000000000000000000000 P 7dadc9d48c05488c89fb2ed8c47a5531 [sys.catalog]: SysCatalogTable state changed. Reason: New leader 7dadc9d48c05488c89fb2ed8c47a5531. Latest consensus state: current_term: 1 leader_uuid: "7dadc9d48c05488c89fb2ed8c47a5531" committed_config { opid_index: -1 OBSOLETE_local: true peers { permanent_uuid: "7dadc9d48c05488c89fb2ed8c47a5531" member_type: VOTER } }
I20260601 13:35:06.340813 12731 sys_catalog.cc:458] T 00000000000000000000000000000000 P 7dadc9d48c05488c89fb2ed8c47a5531 [sys.catalog]: This master's current role is: LEADER
I20260601 13:35:06.340873 12736 catalog_manager.cc:1510] Loading table and tablet metadata into memory...
I20260601 13:35:06.341837 12736 catalog_manager.cc:1519] Initializing Kudu cluster ID...
I20260601 13:35:06.342172  9795 internal_mini_cluster.cc:184] Waiting to initialize catalog manager on master 0
I20260601 13:35:06.344234 12736 catalog_manager.cc:1382] Generated new cluster ID: 490d64dd74ec4472a3605334abe71426
I20260601 13:35:06.344338 12736 catalog_manager.cc:1530] Initializing Kudu internal certificate authority...
I20260601 13:35:06.376415 12736 catalog_manager.cc:1405] Generated new certificate authority record
I20260601 13:35:06.377058 12736 catalog_manager.cc:1539] Loading token signing keys...
I20260601 13:35:06.385021 12736 catalog_manager.cc:6069] T 00000000000000000000000000000000 P 7dadc9d48c05488c89fb2ed8c47a5531: Generated new TSK 0
I20260601 13:35:06.385291 12736 catalog_manager.cc:1549] Initializing in-progress tserver states...
I20260601 13:35:06.407217  9795 file_cache.cc:492] Constructed file cache file cache with capacity 419430
W20260601 13:35:06.409217 12750 instance_detector.cc:116] could not retrieve OpenStack instance metadata: Network error: curl error: HTTP response code said error: The requested URL returned error: 404
W20260601 13:35:06.409387 12748 instance_detector.cc:116] could not retrieve Azure instance metadata: Network error: curl error: HTTP response code said error: The requested URL returned error: 404
W20260601 13:35:06.409401 12747 instance_detector.cc:116] could not retrieve AWS instance metadata: Network error: curl error: HTTP response code said error: The requested URL returned error: 404
I20260601 13:35:06.409533  9795 server_base.cc:1061] running on GCE node
I20260601 13:35:06.409788  9795 hybrid_clock.cc:584] initializing the hybrid clock with 'system_unsync' time source
W20260601 13:35:06.409834  9795 system_unsync_time.cc:38] NTP support is disabled. Clock error bounds will not be accurate. This configuration is not suitable for distributed clusters.
I20260601 13:35:06.409850  9795 hybrid_clock.cc:648] HybridClock initialized: now 1780320906409850 us; error 0 us; skew 500 ppm
I20260601 13:35:06.410728  9795 webserver.cc:533] Webserver started at http://127.9.144.193:44961/ using document root <none> and password file <none>
I20260601 13:35:06.410902  9795 fs_manager.cc:362] Metadata directory not provided
I20260601 13:35:06.410949  9795 fs_manager.cc:368] Using write-ahead log directory (fs_wal_dir) as metadata directory
I20260601 13:35:06.411049  9795 server_base.cc:909] This appears to be a new deployment of Kudu; creating new FS layout
I20260601 13:35:06.411479  9795 fs_manager.cc:1068] Generated new instance metadata in path /tmp/dist-test-taskX5Ulrw/test-tmp/auto_rebalancer-test.0.AutoRebalancerTest.RangeAwareRebalancesNewRangeReplicas.1780320836536168-9795-0/minicluster-data/ts-0-root/instance:
uuid: "42d1816d7a384f0689f49ec2e58b0e70"
format_stamp: "Formatted at 2026-06-01 13:35:06 on dist-test-slave-2m1q"
I20260601 13:35:06.413007  9795 fs_manager.cc:696] Time spent creating directory manager: real 0.001s	user 0.002s	sys 0.000s
I20260601 13:35:06.413996 12755 log_block_manager.cc:4031] Time spent loading block containers with low live blocks: real 0.000s	user 0.000s	sys 0.000s
I20260601 13:35:06.414235  9795 fs_manager.cc:730] Time spent opening block manager: real 0.001s	user 0.001s	sys 0.000s
I20260601 13:35:06.414319  9795 fs_manager.cc:647] Opened local filesystem: /tmp/dist-test-taskX5Ulrw/test-tmp/auto_rebalancer-test.0.AutoRebalancerTest.RangeAwareRebalancesNewRangeReplicas.1780320836536168-9795-0/minicluster-data/ts-0-root
uuid: "42d1816d7a384f0689f49ec2e58b0e70"
format_stamp: "Formatted at 2026-06-01 13:35:06 on dist-test-slave-2m1q"
I20260601 13:35:06.414413  9795 fs_report.cc:389] FS layout report
--------------------
wal directory: /tmp/dist-test-taskX5Ulrw/test-tmp/auto_rebalancer-test.0.AutoRebalancerTest.RangeAwareRebalancesNewRangeReplicas.1780320836536168-9795-0/minicluster-data/ts-0-root
metadata directory: /tmp/dist-test-taskX5Ulrw/test-tmp/auto_rebalancer-test.0.AutoRebalancerTest.RangeAwareRebalancesNewRangeReplicas.1780320836536168-9795-0/minicluster-data/ts-0-root
1 data directories: /tmp/dist-test-taskX5Ulrw/test-tmp/auto_rebalancer-test.0.AutoRebalancerTest.RangeAwareRebalancesNewRangeReplicas.1780320836536168-9795-0/minicluster-data/ts-0-root/data
Total live blocks: 0
Total live bytes: 0
Total live bytes (after alignment): 0
Total number of LBM containers: 0 (0 full)
Did not check for missing blocks
Did not check for orphaned blocks
Total full LBM containers with extra space: 0 (0 repaired)
Total full LBM container extra space in bytes: 0 (0 repaired)
Total incomplete LBM containers: 0 (0 repaired)
Total LBM partial records: 0 (0 repaired)
Total corrupted LBM metadata records in RocksDB: 0 (0 repaired)
I20260601 13:35:06.430629  9795 rpc_server.cc:225] running with OpenSSL 1.1.1  11 Sep 2018
I20260601 13:35:06.431141  9795 kserver.cc:163] Server-wide thread pool size limit: 3276
I20260601 13:35:06.431483  9795 txn_system_client.cc:432] TxnSystemClient initialization is disabled...
I20260601 13:35:06.432006  9795 ts_tablet_manager.cc:585] Loaded tablet metadata (0 total tablets, 0 live tablets)
I20260601 13:35:06.432068  9795 ts_tablet_manager.cc:531] Time spent load tablet metadata: real 0.000s	user 0.000s	sys 0.000s
I20260601 13:35:06.432127  9795 ts_tablet_manager.cc:616] Registered 0 tablets
I20260601 13:35:06.432179  9795 ts_tablet_manager.cc:595] Time spent register tablets: real 0.000s	user 0.000s	sys 0.000s
I20260601 13:35:06.436476  9795 rpc_server.cc:307] RPC server started. Bound to: 127.9.144.193:38775
I20260601 13:35:06.436482 12818 acceptor_pool.cc:272] collecting diagnostics on the listening RPC socket 127.9.144.193:38775 every 8 connection(s)
I20260601 13:35:06.437433  9795 file_cache.cc:492] Constructed file cache file cache with capacity 419430
W20260601 13:35:06.439508 12823 instance_detector.cc:116] could not retrieve AWS instance metadata: Network error: curl error: HTTP response code said error: The requested URL returned error: 404
W20260601 13:35:06.439579 12826 instance_detector.cc:116] could not retrieve OpenStack instance metadata: Network error: curl error: HTTP response code said error: The requested URL returned error: 404
W20260601 13:35:06.439635 12824 instance_detector.cc:116] could not retrieve Azure instance metadata: Network error: curl error: HTTP response code said error: The requested URL returned error: 404
I20260601 13:35:06.439767  9795 server_base.cc:1061] running on GCE node
I20260601 13:35:06.439968  9795 hybrid_clock.cc:584] initializing the hybrid clock with 'system_unsync' time source
W20260601 13:35:06.440035  9795 system_unsync_time.cc:38] NTP support is disabled. Clock error bounds will not be accurate. This configuration is not suitable for distributed clusters.
I20260601 13:35:06.440058  9795 hybrid_clock.cc:648] HybridClock initialized: now 1780320906440058 us; error 0 us; skew 500 ppm
I20260601 13:35:06.441138  9795 webserver.cc:533] Webserver started at http://127.9.144.194:45819/ using document root <none> and password file <none>
I20260601 13:35:06.441320  9795 fs_manager.cc:362] Metadata directory not provided
I20260601 13:35:06.441391  9795 fs_manager.cc:368] Using write-ahead log directory (fs_wal_dir) as metadata directory
I20260601 13:35:06.441479  9795 server_base.cc:909] This appears to be a new deployment of Kudu; creating new FS layout
I20260601 13:35:06.441998  9795 fs_manager.cc:1068] Generated new instance metadata in path /tmp/dist-test-taskX5Ulrw/test-tmp/auto_rebalancer-test.0.AutoRebalancerTest.RangeAwareRebalancesNewRangeReplicas.1780320836536168-9795-0/minicluster-data/ts-1-root/instance:
uuid: "0abc7f0d8c6241d686b3406a9218978a"
format_stamp: "Formatted at 2026-06-01 13:35:06 on dist-test-slave-2m1q"
I20260601 13:35:06.442540 12819 heartbeater.cc:344] Connected to a master server at 127.9.144.254:46809
I20260601 13:35:06.442652 12819 heartbeater.cc:461] Registering TS with master...
I20260601 13:35:06.442893 12819 heartbeater.cc:507] Master 127.9.144.254:46809 requested a full tablet report, sending...
I20260601 13:35:06.443552 12690 ts_manager.cc:194] Registered new tserver with Master: 42d1816d7a384f0689f49ec2e58b0e70 (127.9.144.193:38775)
I20260601 13:35:06.443950  9795 fs_manager.cc:696] Time spent creating directory manager: real 0.002s	user 0.000s	sys 0.002s
I20260601 13:35:06.444250 12690 master_service.cc:502] Signed X509 certificate for tserver {username='slave'} at 127.0.0.1:37422
I20260601 13:35:06.445073 12831 log_block_manager.cc:4031] Time spent loading block containers with low live blocks: real 0.000s	user 0.000s	sys 0.000s
I20260601 13:35:06.445346  9795 fs_manager.cc:730] Time spent opening block manager: real 0.001s	user 0.000s	sys 0.001s
I20260601 13:35:06.445420  9795 fs_manager.cc:647] Opened local filesystem: /tmp/dist-test-taskX5Ulrw/test-tmp/auto_rebalancer-test.0.AutoRebalancerTest.RangeAwareRebalancesNewRangeReplicas.1780320836536168-9795-0/minicluster-data/ts-1-root
uuid: "0abc7f0d8c6241d686b3406a9218978a"
format_stamp: "Formatted at 2026-06-01 13:35:06 on dist-test-slave-2m1q"
I20260601 13:35:06.445495  9795 fs_report.cc:389] FS layout report
--------------------
wal directory: /tmp/dist-test-taskX5Ulrw/test-tmp/auto_rebalancer-test.0.AutoRebalancerTest.RangeAwareRebalancesNewRangeReplicas.1780320836536168-9795-0/minicluster-data/ts-1-root
metadata directory: /tmp/dist-test-taskX5Ulrw/test-tmp/auto_rebalancer-test.0.AutoRebalancerTest.RangeAwareRebalancesNewRangeReplicas.1780320836536168-9795-0/minicluster-data/ts-1-root
1 data directories: /tmp/dist-test-taskX5Ulrw/test-tmp/auto_rebalancer-test.0.AutoRebalancerTest.RangeAwareRebalancesNewRangeReplicas.1780320836536168-9795-0/minicluster-data/ts-1-root/data
Total live blocks: 0
Total live bytes: 0
Total live bytes (after alignment): 0
Total number of LBM containers: 0 (0 full)
Did not check for missing blocks
Did not check for orphaned blocks
Total full LBM containers with extra space: 0 (0 repaired)
Total full LBM container extra space in bytes: 0 (0 repaired)
Total incomplete LBM containers: 0 (0 repaired)
Total LBM partial records: 0 (0 repaired)
Total corrupted LBM metadata records in RocksDB: 0 (0 repaired)
I20260601 13:35:06.449363  9795 rpc_server.cc:225] running with OpenSSL 1.1.1  11 Sep 2018
I20260601 13:35:06.449807  9795 kserver.cc:163] Server-wide thread pool size limit: 3276
I20260601 13:35:06.450146  9795 txn_system_client.cc:432] TxnSystemClient initialization is disabled...
I20260601 13:35:06.450670  9795 ts_tablet_manager.cc:585] Loaded tablet metadata (0 total tablets, 0 live tablets)
I20260601 13:35:06.450707  9795 ts_tablet_manager.cc:531] Time spent load tablet metadata: real 0.000s	user 0.000s	sys 0.000s
I20260601 13:35:06.450739  9795 ts_tablet_manager.cc:616] Registered 0 tablets
I20260601 13:35:06.450800  9795 ts_tablet_manager.cc:595] Time spent register tablets: real 0.000s	user 0.000s	sys 0.000s
I20260601 13:35:06.455754  9795 rpc_server.cc:307] RPC server started. Bound to: 127.9.144.194:37739
I20260601 13:35:06.455783 12894 acceptor_pool.cc:272] collecting diagnostics on the listening RPC socket 127.9.144.194:37739 every 8 connection(s)
I20260601 13:35:06.456707  9795 file_cache.cc:492] Constructed file cache file cache with capacity 419430
W20260601 13:35:06.458626 12899 instance_detector.cc:116] could not retrieve Azure instance metadata: Network error: curl error: HTTP response code said error: The requested URL returned error: 404
W20260601 13:35:06.458657 12898 instance_detector.cc:116] could not retrieve AWS instance metadata: Network error: curl error: HTTP response code said error: The requested URL returned error: 404
W20260601 13:35:06.458662 12901 instance_detector.cc:116] could not retrieve OpenStack instance metadata: Network error: curl error: HTTP response code said error: The requested URL returned error: 404
I20260601 13:35:06.459093  9795 server_base.cc:1061] running on GCE node
I20260601 13:35:06.459331  9795 hybrid_clock.cc:584] initializing the hybrid clock with 'system_unsync' time source
W20260601 13:35:06.459384  9795 system_unsync_time.cc:38] NTP support is disabled. Clock error bounds will not be accurate. This configuration is not suitable for distributed clusters.
I20260601 13:35:06.459401  9795 hybrid_clock.cc:648] HybridClock initialized: now 1780320906459401 us; error 0 us; skew 500 ppm
I20260601 13:35:06.460464  9795 webserver.cc:533] Webserver started at http://127.9.144.195:44159/ using document root <none> and password file <none>
I20260601 13:35:06.460666  9795 fs_manager.cc:362] Metadata directory not provided
I20260601 13:35:06.460729  9795 fs_manager.cc:368] Using write-ahead log directory (fs_wal_dir) as metadata directory
I20260601 13:35:06.460819  9795 server_base.cc:909] This appears to be a new deployment of Kudu; creating new FS layout
I20260601 13:35:06.461230 12895 heartbeater.cc:344] Connected to a master server at 127.9.144.254:46809
I20260601 13:35:06.461330 12895 heartbeater.cc:461] Registering TS with master...
I20260601 13:35:06.461335  9795 fs_manager.cc:1068] Generated new instance metadata in path /tmp/dist-test-taskX5Ulrw/test-tmp/auto_rebalancer-test.0.AutoRebalancerTest.RangeAwareRebalancesNewRangeReplicas.1780320836536168-9795-0/minicluster-data/ts-2-root/instance:
uuid: "11cad54ac4364d20afb147d02e6c67c7"
format_stamp: "Formatted at 2026-06-01 13:35:06 on dist-test-slave-2m1q"
I20260601 13:35:06.461582 12895 heartbeater.cc:507] Master 127.9.144.254:46809 requested a full tablet report, sending...
I20260601 13:35:06.462261 12690 ts_manager.cc:194] Registered new tserver with Master: 0abc7f0d8c6241d686b3406a9218978a (127.9.144.194:37739)
I20260601 13:35:06.462800 12690 master_service.cc:502] Signed X509 certificate for tserver {username='slave'} at 127.0.0.1:37436
I20260601 13:35:06.463263  9795 fs_manager.cc:696] Time spent creating directory manager: real 0.002s	user 0.000s	sys 0.002s
I20260601 13:35:06.464370 12906 log_block_manager.cc:4031] Time spent loading block containers with low live blocks: real 0.000s	user 0.000s	sys 0.000s
I20260601 13:35:06.464897  9795 fs_manager.cc:730] Time spent opening block manager: real 0.001s	user 0.000s	sys 0.001s
I20260601 13:35:06.465015  9795 fs_manager.cc:647] Opened local filesystem: /tmp/dist-test-taskX5Ulrw/test-tmp/auto_rebalancer-test.0.AutoRebalancerTest.RangeAwareRebalancesNewRangeReplicas.1780320836536168-9795-0/minicluster-data/ts-2-root
uuid: "11cad54ac4364d20afb147d02e6c67c7"
format_stamp: "Formatted at 2026-06-01 13:35:06 on dist-test-slave-2m1q"
I20260601 13:35:06.465430  9795 fs_report.cc:389] FS layout report
--------------------
wal directory: /tmp/dist-test-taskX5Ulrw/test-tmp/auto_rebalancer-test.0.AutoRebalancerTest.RangeAwareRebalancesNewRangeReplicas.1780320836536168-9795-0/minicluster-data/ts-2-root
metadata directory: /tmp/dist-test-taskX5Ulrw/test-tmp/auto_rebalancer-test.0.AutoRebalancerTest.RangeAwareRebalancesNewRangeReplicas.1780320836536168-9795-0/minicluster-data/ts-2-root
1 data directories: /tmp/dist-test-taskX5Ulrw/test-tmp/auto_rebalancer-test.0.AutoRebalancerTest.RangeAwareRebalancesNewRangeReplicas.1780320836536168-9795-0/minicluster-data/ts-2-root/data
Total live blocks: 0
Total live bytes: 0
Total live bytes (after alignment): 0
Total number of LBM containers: 0 (0 full)
Did not check for missing blocks
Did not check for orphaned blocks
Total full LBM containers with extra space: 0 (0 repaired)
Total full LBM container extra space in bytes: 0 (0 repaired)
Total incomplete LBM containers: 0 (0 repaired)
Total LBM partial records: 0 (0 repaired)
Total corrupted LBM metadata records in RocksDB: 0 (0 repaired)
I20260601 13:35:06.485756  9795 rpc_server.cc:225] running with OpenSSL 1.1.1  11 Sep 2018
I20260601 13:35:06.486322  9795 kserver.cc:163] Server-wide thread pool size limit: 3276
I20260601 13:35:06.486680  9795 txn_system_client.cc:432] TxnSystemClient initialization is disabled...
I20260601 13:35:06.487174  9795 ts_tablet_manager.cc:585] Loaded tablet metadata (0 total tablets, 0 live tablets)
I20260601 13:35:06.487237  9795 ts_tablet_manager.cc:531] Time spent load tablet metadata: real 0.000s	user 0.000s	sys 0.000s
I20260601 13:35:06.487296  9795 ts_tablet_manager.cc:616] Registered 0 tablets
I20260601 13:35:06.487349  9795 ts_tablet_manager.cc:595] Time spent register tablets: real 0.000s	user 0.000s	sys 0.000s
I20260601 13:35:06.492502 12969 acceptor_pool.cc:272] collecting diagnostics on the listening RPC socket 127.9.144.195:41705 every 8 connection(s)
I20260601 13:35:06.492518  9795 rpc_server.cc:307] RPC server started. Bound to: 127.9.144.195:41705
I20260601 13:35:06.497401 12970 heartbeater.cc:344] Connected to a master server at 127.9.144.254:46809
I20260601 13:35:06.497548 12970 heartbeater.cc:461] Registering TS with master...
I20260601 13:35:06.497790 12970 heartbeater.cc:507] Master 127.9.144.254:46809 requested a full tablet report, sending...
I20260601 13:35:06.498548 12690 ts_manager.cc:194] Registered new tserver with Master: 11cad54ac4364d20afb147d02e6c67c7 (127.9.144.195:41705)
I20260601 13:35:06.498744  9795 internal_mini_cluster.cc:371] 3 TS(s) registered with all masters after 0.005735071s
I20260601 13:35:06.499234 12690 master_service.cc:502] Signed X509 certificate for tserver {username='slave'} at 127.0.0.1:37444
I20260601 13:35:07.445298 12819 heartbeater.cc:499] Master 127.9.144.254:46809 was elected leader, sending a full tablet report...
I20260601 13:35:07.463778 12895 heartbeater.cc:499] Master 127.9.144.254:46809 was elected leader, sending a full tablet report...
I20260601 13:35:07.500283 12970 heartbeater.cc:499] Master 127.9.144.254:46809 was elected leader, sending a full tablet report...
I20260601 13:35:07.534360 12690 catalog_manager.cc:2282] Servicing CreateTable request from {username='slave'} at 127.0.0.1:37454:
name: "range_aware_rebalance_new_range"
schema {
  columns {
    name: "key"
    type: INT32
    is_key: true
    is_nullable: false
    encoding: AUTO_ENCODING
    compression: DEFAULT_COMPRESSION
    cfile_block_size: 0
    immutable: false
  }
}
num_replicas: 3
split_rows_range_bounds {
  rows: "\006\001\000\000\000\000\007\001\n\000\000\000""\006\001\000\000\000\000\007\001\n\000\000\000"
  indirect_data: """"
}
partition_schema {
  hash_schema {
    columns {
      name: "key"
    }
    num_buckets: 8
    seed: 0
  }
  range_schema {
    columns {
      name: "key"
    }
  }
}
W20260601 13:35:07.534945 12690 catalog_manager.cc:7076] The number of live tablet servers is not enough to re-replicate a tablet replica of the newly created table range_aware_rebalance_new_range in case of a server failure: 4 tablet servers would be needed, 3 are available. Consider bringing up more tablet servers.
I20260601 13:35:07.547478 12783 tablet_service.cc:1511] Processing CreateTablet for tablet abb76a59adde415ea761e2de8d30a522 (DEFAULT_TABLE table=range_aware_rebalance_new_range [id=54f79c41b9c74c8082605d7736de8ac3]), partition=HASH (key) PARTITION 0, RANGE (key) PARTITION 0 <= VALUES < 10
I20260601 13:35:07.547860 12783 data_dirs.cc:400] Could only allocate 1 dirs of requested 3 for tablet abb76a59adde415ea761e2de8d30a522. 1 dirs total, 0 dirs full, 0 dirs failed
I20260601 13:35:07.548440 12934 tablet_service.cc:1511] Processing CreateTablet for tablet abb76a59adde415ea761e2de8d30a522 (DEFAULT_TABLE table=range_aware_rebalance_new_range [id=54f79c41b9c74c8082605d7736de8ac3]), partition=HASH (key) PARTITION 0, RANGE (key) PARTITION 0 <= VALUES < 10
I20260601 13:35:07.548470 12776 tablet_service.cc:1511] Processing CreateTablet for tablet d8efc340446a49ec981ea76940d5b284 (DEFAULT_TABLE table=range_aware_rebalance_new_range [id=54f79c41b9c74c8082605d7736de8ac3]), partition=HASH (key) PARTITION 7, RANGE (key) PARTITION 0 <= VALUES < 10
I20260601 13:35:07.548734 12934 data_dirs.cc:400] Could only allocate 1 dirs of requested 3 for tablet abb76a59adde415ea761e2de8d30a522. 1 dirs total, 0 dirs full, 0 dirs failed
I20260601 13:35:07.548794 12776 data_dirs.cc:400] Could only allocate 1 dirs of requested 3 for tablet d8efc340446a49ec981ea76940d5b284. 1 dirs total, 0 dirs full, 0 dirs failed
I20260601 13:35:07.550189 12782 tablet_service.cc:1511] Processing CreateTablet for tablet 6210100ece1044cfbfa7f37af1a3eacc (DEFAULT_TABLE table=range_aware_rebalance_new_range [id=54f79c41b9c74c8082605d7736de8ac3]), partition=HASH (key) PARTITION 1, RANGE (key) PARTITION 0 <= VALUES < 10
I20260601 13:35:07.550441 12782 data_dirs.cc:400] Could only allocate 1 dirs of requested 3 for tablet 6210100ece1044cfbfa7f37af1a3eacc. 1 dirs total, 0 dirs full, 0 dirs failed
I20260601 13:35:07.551167 12927 tablet_service.cc:1511] Processing CreateTablet for tablet d8efc340446a49ec981ea76940d5b284 (DEFAULT_TABLE table=range_aware_rebalance_new_range [id=54f79c41b9c74c8082605d7736de8ac3]), partition=HASH (key) PARTITION 7, RANGE (key) PARTITION 0 <= VALUES < 10
I20260601 13:35:07.551339 12933 tablet_service.cc:1511] Processing CreateTablet for tablet 6210100ece1044cfbfa7f37af1a3eacc (DEFAULT_TABLE table=range_aware_rebalance_new_range [id=54f79c41b9c74c8082605d7736de8ac3]), partition=HASH (key) PARTITION 1, RANGE (key) PARTITION 0 <= VALUES < 10
I20260601 13:35:07.551427 12927 data_dirs.cc:400] Could only allocate 1 dirs of requested 3 for tablet d8efc340446a49ec981ea76940d5b284. 1 dirs total, 0 dirs full, 0 dirs failed
I20260601 13:35:07.551446 12990 tablet_bootstrap.cc:492] T abb76a59adde415ea761e2de8d30a522 P 11cad54ac4364d20afb147d02e6c67c7: Bootstrap starting.
I20260601 13:35:07.551620 12933 data_dirs.cc:400] Could only allocate 1 dirs of requested 3 for tablet 6210100ece1044cfbfa7f37af1a3eacc. 1 dirs total, 0 dirs full, 0 dirs failed
I20260601 13:35:07.551759 12781 tablet_service.cc:1511] Processing CreateTablet for tablet 9b76753fcd67482b995b5c7e65d6b5cf (DEFAULT_TABLE table=range_aware_rebalance_new_range [id=54f79c41b9c74c8082605d7736de8ac3]), partition=HASH (key) PARTITION 2, RANGE (key) PARTITION 0 <= VALUES < 10
I20260601 13:35:07.552268 12781 data_dirs.cc:400] Could only allocate 1 dirs of requested 3 for tablet 9b76753fcd67482b995b5c7e65d6b5cf. 1 dirs total, 0 dirs full, 0 dirs failed
I20260601 13:35:07.552873 12990 tablet_bootstrap.cc:654] T abb76a59adde415ea761e2de8d30a522 P 11cad54ac4364d20afb147d02e6c67c7: Neither blocks nor log segments found. Creating new log.
I20260601 13:35:07.553725 12780 tablet_service.cc:1511] Processing CreateTablet for tablet 42e38008731a4a4a8e0fef91bdef3f47 (DEFAULT_TABLE table=range_aware_rebalance_new_range [id=54f79c41b9c74c8082605d7736de8ac3]), partition=HASH (key) PARTITION 3, RANGE (key) PARTITION 0 <= VALUES < 10
I20260601 13:35:07.554025 12780 data_dirs.cc:400] Could only allocate 1 dirs of requested 3 for tablet 42e38008731a4a4a8e0fef91bdef3f47. 1 dirs total, 0 dirs full, 0 dirs failed
I20260601 13:35:07.554147 12932 tablet_service.cc:1511] Processing CreateTablet for tablet 9b76753fcd67482b995b5c7e65d6b5cf (DEFAULT_TABLE table=range_aware_rebalance_new_range [id=54f79c41b9c74c8082605d7736de8ac3]), partition=HASH (key) PARTITION 2, RANGE (key) PARTITION 0 <= VALUES < 10
I20260601 13:35:07.554382 12932 data_dirs.cc:400] Could only allocate 1 dirs of requested 3 for tablet 9b76753fcd67482b995b5c7e65d6b5cf. 1 dirs total, 0 dirs full, 0 dirs failed
I20260601 13:35:07.555341 12779 tablet_service.cc:1511] Processing CreateTablet for tablet e93df16cd6e849b89a02f14e1e45915b (DEFAULT_TABLE table=range_aware_rebalance_new_range [id=54f79c41b9c74c8082605d7736de8ac3]), partition=HASH (key) PARTITION 4, RANGE (key) PARTITION 0 <= VALUES < 10
I20260601 13:35:07.555608 12779 data_dirs.cc:400] Could only allocate 1 dirs of requested 3 for tablet e93df16cd6e849b89a02f14e1e45915b. 1 dirs total, 0 dirs full, 0 dirs failed
I20260601 13:35:07.556552 12931 tablet_service.cc:1511] Processing CreateTablet for tablet 42e38008731a4a4a8e0fef91bdef3f47 (DEFAULT_TABLE table=range_aware_rebalance_new_range [id=54f79c41b9c74c8082605d7736de8ac3]), partition=HASH (key) PARTITION 3, RANGE (key) PARTITION 0 <= VALUES < 10
I20260601 13:35:07.556833 12931 data_dirs.cc:400] Could only allocate 1 dirs of requested 3 for tablet 42e38008731a4a4a8e0fef91bdef3f47. 1 dirs total, 0 dirs full, 0 dirs failed
I20260601 13:35:07.556901 12778 tablet_service.cc:1511] Processing CreateTablet for tablet 26a0aad4e1ec4878b97b603ce11c7492 (DEFAULT_TABLE table=range_aware_rebalance_new_range [id=54f79c41b9c74c8082605d7736de8ac3]), partition=HASH (key) PARTITION 5, RANGE (key) PARTITION 0 <= VALUES < 10
I20260601 13:35:07.557116 12778 data_dirs.cc:400] Could only allocate 1 dirs of requested 3 for tablet 26a0aad4e1ec4878b97b603ce11c7492. 1 dirs total, 0 dirs full, 0 dirs failed
I20260601 13:35:07.558375 12777 tablet_service.cc:1511] Processing CreateTablet for tablet fd7acd9326d7473c908448e2ac6c29f7 (DEFAULT_TABLE table=range_aware_rebalance_new_range [id=54f79c41b9c74c8082605d7736de8ac3]), partition=HASH (key) PARTITION 6, RANGE (key) PARTITION 0 <= VALUES < 10
I20260601 13:35:07.558501 12928 tablet_service.cc:1511] Processing CreateTablet for tablet fd7acd9326d7473c908448e2ac6c29f7 (DEFAULT_TABLE table=range_aware_rebalance_new_range [id=54f79c41b9c74c8082605d7736de8ac3]), partition=HASH (key) PARTITION 6, RANGE (key) PARTITION 0 <= VALUES < 10
I20260601 13:35:07.558720 12777 data_dirs.cc:400] Could only allocate 1 dirs of requested 3 for tablet fd7acd9326d7473c908448e2ac6c29f7. 1 dirs total, 0 dirs full, 0 dirs failed
I20260601 13:35:07.558769 12928 data_dirs.cc:400] Could only allocate 1 dirs of requested 3 for tablet fd7acd9326d7473c908448e2ac6c29f7. 1 dirs total, 0 dirs full, 0 dirs failed
I20260601 13:35:07.559329 12930 tablet_service.cc:1511] Processing CreateTablet for tablet e93df16cd6e849b89a02f14e1e45915b (DEFAULT_TABLE table=range_aware_rebalance_new_range [id=54f79c41b9c74c8082605d7736de8ac3]), partition=HASH (key) PARTITION 4, RANGE (key) PARTITION 0 <= VALUES < 10
I20260601 13:35:07.559583 12930 data_dirs.cc:400] Could only allocate 1 dirs of requested 3 for tablet e93df16cd6e849b89a02f14e1e45915b. 1 dirs total, 0 dirs full, 0 dirs failed
I20260601 13:35:07.561123 12929 tablet_service.cc:1511] Processing CreateTablet for tablet 26a0aad4e1ec4878b97b603ce11c7492 (DEFAULT_TABLE table=range_aware_rebalance_new_range [id=54f79c41b9c74c8082605d7736de8ac3]), partition=HASH (key) PARTITION 5, RANGE (key) PARTITION 0 <= VALUES < 10
I20260601 13:35:07.561203 12990 tablet_bootstrap.cc:492] T abb76a59adde415ea761e2de8d30a522 P 11cad54ac4364d20afb147d02e6c67c7: No bootstrap required, opened a new log
I20260601 13:35:07.561293 12990 ts_tablet_manager.cc:1403] T abb76a59adde415ea761e2de8d30a522 P 11cad54ac4364d20afb147d02e6c67c7: Time spent bootstrapping tablet: real 0.010s	user 0.002s	sys 0.000s
I20260601 13:35:07.561389 12929 data_dirs.cc:400] Could only allocate 1 dirs of requested 3 for tablet 26a0aad4e1ec4878b97b603ce11c7492. 1 dirs total, 0 dirs full, 0 dirs failed
I20260601 13:35:07.561683 12990 raft_consensus.cc:359] T abb76a59adde415ea761e2de8d30a522 P 11cad54ac4364d20afb147d02e6c67c7 [term 0 FOLLOWER]: Replica starting. Triggering 0 pending ops. Active config: opid_index: -1 OBSOLETE_local: false peers { permanent_uuid: "42d1816d7a384f0689f49ec2e58b0e70" member_type: VOTER last_known_addr { host: "127.9.144.193" port: 38775 } } peers { permanent_uuid: "11cad54ac4364d20afb147d02e6c67c7" member_type: VOTER last_known_addr { host: "127.9.144.195" port: 41705 } } peers { permanent_uuid: "0abc7f0d8c6241d686b3406a9218978a" member_type: VOTER last_known_addr { host: "127.9.144.194" port: 37739 } }
I20260601 13:35:07.561771 12990 raft_consensus.cc:385] T abb76a59adde415ea761e2de8d30a522 P 11cad54ac4364d20afb147d02e6c67c7 [term 0 FOLLOWER]: Consensus starting up: Expiring failure detector timer to make a prompt election more likely
I20260601 13:35:07.561793 12990 raft_consensus.cc:740] T abb76a59adde415ea761e2de8d30a522 P 11cad54ac4364d20afb147d02e6c67c7 [term 0 FOLLOWER]: Becoming Follower/Learner. State: Replica: 11cad54ac4364d20afb147d02e6c67c7, State: Initialized, Role: FOLLOWER
I20260601 13:35:07.561940 12990 consensus_queue.cc:260] T abb76a59adde415ea761e2de8d30a522 P 11cad54ac4364d20afb147d02e6c67c7 [NON_LEADER]: Queue going to NON_LEADER mode. State: All replicated index: 0, Majority replicated index: 0, Committed index: 0, Last appended: 0.0, Last appended by leader: 0, Current term: 0, Majority size: -1, State: 0, Mode: NON_LEADER, active raft config: opid_index: -1 OBSOLETE_local: false peers { permanent_uuid: "42d1816d7a384f0689f49ec2e58b0e70" member_type: VOTER last_known_addr { host: "127.9.144.193" port: 38775 } } peers { permanent_uuid: "11cad54ac4364d20afb147d02e6c67c7" member_type: VOTER last_known_addr { host: "127.9.144.195" port: 41705 } } peers { permanent_uuid: "0abc7f0d8c6241d686b3406a9218978a" member_type: VOTER last_known_addr { host: "127.9.144.194" port: 37739 } }
I20260601 13:35:07.562417 12990 ts_tablet_manager.cc:1434] T abb76a59adde415ea761e2de8d30a522 P 11cad54ac4364d20afb147d02e6c67c7: Time spent starting tablet: real 0.001s	user 0.000s	sys 0.001s
I20260601 13:35:07.562568 12990 tablet_bootstrap.cc:492] T d8efc340446a49ec981ea76940d5b284 P 11cad54ac4364d20afb147d02e6c67c7: Bootstrap starting.
I20260601 13:35:07.563583 12990 tablet_bootstrap.cc:654] T d8efc340446a49ec981ea76940d5b284 P 11cad54ac4364d20afb147d02e6c67c7: Neither blocks nor log segments found. Creating new log.
I20260601 13:35:07.566442 12992 tablet_bootstrap.cc:492] T abb76a59adde415ea761e2de8d30a522 P 42d1816d7a384f0689f49ec2e58b0e70: Bootstrap starting.
I20260601 13:35:07.567113 12859 tablet_service.cc:1511] Processing CreateTablet for tablet abb76a59adde415ea761e2de8d30a522 (DEFAULT_TABLE table=range_aware_rebalance_new_range [id=54f79c41b9c74c8082605d7736de8ac3]), partition=HASH (key) PARTITION 0, RANGE (key) PARTITION 0 <= VALUES < 10
I20260601 13:35:07.567435 12859 data_dirs.cc:400] Could only allocate 1 dirs of requested 3 for tablet abb76a59adde415ea761e2de8d30a522. 1 dirs total, 0 dirs full, 0 dirs failed
I20260601 13:35:07.567477 12857 tablet_service.cc:1511] Processing CreateTablet for tablet 9b76753fcd67482b995b5c7e65d6b5cf (DEFAULT_TABLE table=range_aware_rebalance_new_range [id=54f79c41b9c74c8082605d7736de8ac3]), partition=HASH (key) PARTITION 2, RANGE (key) PARTITION 0 <= VALUES < 10
I20260601 13:35:07.567608 12992 tablet_bootstrap.cc:654] T abb76a59adde415ea761e2de8d30a522 P 42d1816d7a384f0689f49ec2e58b0e70: Neither blocks nor log segments found. Creating new log.
I20260601 13:35:07.567868 12857 data_dirs.cc:400] Could only allocate 1 dirs of requested 3 for tablet 9b76753fcd67482b995b5c7e65d6b5cf. 1 dirs total, 0 dirs full, 0 dirs failed
I20260601 13:35:07.567955 12856 tablet_service.cc:1511] Processing CreateTablet for tablet 42e38008731a4a4a8e0fef91bdef3f47 (DEFAULT_TABLE table=range_aware_rebalance_new_range [id=54f79c41b9c74c8082605d7736de8ac3]), partition=HASH (key) PARTITION 3, RANGE (key) PARTITION 0 <= VALUES < 10
I20260601 13:35:07.568222 12856 data_dirs.cc:400] Could only allocate 1 dirs of requested 3 for tablet 42e38008731a4a4a8e0fef91bdef3f47. 1 dirs total, 0 dirs full, 0 dirs failed
I20260601 13:35:07.568789 12990 tablet_bootstrap.cc:492] T d8efc340446a49ec981ea76940d5b284 P 11cad54ac4364d20afb147d02e6c67c7: No bootstrap required, opened a new log
I20260601 13:35:07.568866 12990 ts_tablet_manager.cc:1403] T d8efc340446a49ec981ea76940d5b284 P 11cad54ac4364d20afb147d02e6c67c7: Time spent bootstrapping tablet: real 0.006s	user 0.000s	sys 0.002s
I20260601 13:35:07.569326 12990 raft_consensus.cc:359] T d8efc340446a49ec981ea76940d5b284 P 11cad54ac4364d20afb147d02e6c67c7 [term 0 FOLLOWER]: Replica starting. Triggering 0 pending ops. Active config: opid_index: -1 OBSOLETE_local: false peers { permanent_uuid: "0abc7f0d8c6241d686b3406a9218978a" member_type: VOTER last_known_addr { host: "127.9.144.194" port: 37739 } } peers { permanent_uuid: "42d1816d7a384f0689f49ec2e58b0e70" member_type: VOTER last_known_addr { host: "127.9.144.193" port: 38775 } } peers { permanent_uuid: "11cad54ac4364d20afb147d02e6c67c7" member_type: VOTER last_known_addr { host: "127.9.144.195" port: 41705 } }
I20260601 13:35:07.569439 12990 raft_consensus.cc:385] T d8efc340446a49ec981ea76940d5b284 P 11cad54ac4364d20afb147d02e6c67c7 [term 0 FOLLOWER]: Consensus starting up: Expiring failure detector timer to make a prompt election more likely
I20260601 13:35:07.569470 12990 raft_consensus.cc:740] T d8efc340446a49ec981ea76940d5b284 P 11cad54ac4364d20afb147d02e6c67c7 [term 0 FOLLOWER]: Becoming Follower/Learner. State: Replica: 11cad54ac4364d20afb147d02e6c67c7, State: Initialized, Role: FOLLOWER
I20260601 13:35:07.569586 12990 consensus_queue.cc:260] T d8efc340446a49ec981ea76940d5b284 P 11cad54ac4364d20afb147d02e6c67c7 [NON_LEADER]: Queue going to NON_LEADER mode. State: All replicated index: 0, Majority replicated index: 0, Committed index: 0, Last appended: 0.0, Last appended by leader: 0, Current term: 0, Majority size: -1, State: 0, Mode: NON_LEADER, active raft config: opid_index: -1 OBSOLETE_local: false peers { permanent_uuid: "0abc7f0d8c6241d686b3406a9218978a" member_type: VOTER last_known_addr { host: "127.9.144.194" port: 37739 } } peers { permanent_uuid: "42d1816d7a384f0689f49ec2e58b0e70" member_type: VOTER last_known_addr { host: "127.9.144.193" port: 38775 } } peers { permanent_uuid: "11cad54ac4364d20afb147d02e6c67c7" member_type: VOTER last_known_addr { host: "127.9.144.195" port: 41705 } }
I20260601 13:35:07.567121 12858 tablet_service.cc:1511] Processing CreateTablet for tablet 6210100ece1044cfbfa7f37af1a3eacc (DEFAULT_TABLE table=range_aware_rebalance_new_range [id=54f79c41b9c74c8082605d7736de8ac3]), partition=HASH (key) PARTITION 1, RANGE (key) PARTITION 0 <= VALUES < 10
I20260601 13:35:07.569873 12990 ts_tablet_manager.cc:1434] T d8efc340446a49ec981ea76940d5b284 P 11cad54ac4364d20afb147d02e6c67c7: Time spent starting tablet: real 0.001s	user 0.000s	sys 0.001s
I20260601 13:35:07.569891 12858 data_dirs.cc:400] Could only allocate 1 dirs of requested 3 for tablet 6210100ece1044cfbfa7f37af1a3eacc. 1 dirs total, 0 dirs full, 0 dirs failed
I20260601 13:35:07.570096 12990 tablet_bootstrap.cc:492] T 9b76753fcd67482b995b5c7e65d6b5cf P 11cad54ac4364d20afb147d02e6c67c7: Bootstrap starting.
I20260601 13:35:07.570379 12855 tablet_service.cc:1511] Processing CreateTablet for tablet e93df16cd6e849b89a02f14e1e45915b (DEFAULT_TABLE table=range_aware_rebalance_new_range [id=54f79c41b9c74c8082605d7736de8ac3]), partition=HASH (key) PARTITION 4, RANGE (key) PARTITION 0 <= VALUES < 10
I20260601 13:35:07.570654 12855 data_dirs.cc:400] Could only allocate 1 dirs of requested 3 for tablet e93df16cd6e849b89a02f14e1e45915b. 1 dirs total, 0 dirs full, 0 dirs failed
I20260601 13:35:07.571089 12990 tablet_bootstrap.cc:654] T 9b76753fcd67482b995b5c7e65d6b5cf P 11cad54ac4364d20afb147d02e6c67c7: Neither blocks nor log segments found. Creating new log.
