I20260601 13:21:23.795979 20863 raft_consensus.cc:515] T c36c65f2670a429981de3579ea81deb9 P a086e2b50e9f419199e2c9a83910f8e5 [term 1 FOLLOWER]: Starting leader election with config: opid_index: -1 OBSOLETE_local: false peers { permanent_uuid: "b4af4d697c074dc0bc7a789b919a1c13" member_type: VOTER last_known_addr { host: "127.19.130.195" port: 36485 } } peers { permanent_uuid: "0ab3b39954b44fb089f6f7ef8c43345a" member_type: VOTER last_known_addr { host: "127.19.130.193" port: 34237 } } peers { permanent_uuid: "a086e2b50e9f419199e2c9a83910f8e5" member_type: VOTER last_known_addr { host: "127.19.130.194" port: 35349 } }
I20260601 13:21:23.796319 20863 leader_election.cc:290] T c36c65f2670a429981de3579ea81deb9 P a086e2b50e9f419199e2c9a83910f8e5 [CANDIDATE]: Term 1 election: Requested vote from peers b4af4d697c074dc0bc7a789b919a1c13 (127.19.130.195:36485), 0ab3b39954b44fb089f6f7ef8c43345a (127.19.130.193:34237)
I20260601 13:21:23.796555 20801 tablet_service.cc:1917] Received RequestConsensusVote() RPC: tablet_id: "c36c65f2670a429981de3579ea81deb9" candidate_uuid: "a086e2b50e9f419199e2c9a83910f8e5" candidate_term: 1 candidate_status { last_received { term: 0 index: 0 } } ignore_live_leader: false dest_uuid: "b4af4d697c074dc0bc7a789b919a1c13"
I20260601 13:21:23.796659 20801 raft_consensus.cc:3060] T c36c65f2670a429981de3579ea81deb9 P b4af4d697c074dc0bc7a789b919a1c13 [term 0 FOLLOWER]: Advancing to term 1
I20260601 13:21:23.796703 20650 tablet_service.cc:1917] Received RequestConsensusVote() RPC: tablet_id: "c36c65f2670a429981de3579ea81deb9" candidate_uuid: "a086e2b50e9f419199e2c9a83910f8e5" candidate_term: 1 candidate_status { last_received { term: 0 index: 0 } } ignore_live_leader: false dest_uuid: "0ab3b39954b44fb089f6f7ef8c43345a"
I20260601 13:21:23.796854 20650 raft_consensus.cc:3060] T c36c65f2670a429981de3579ea81deb9 P 0ab3b39954b44fb089f6f7ef8c43345a [term 0 FOLLOWER]: Advancing to term 1
I20260601 13:21:23.797401 20801 raft_consensus.cc:2468] T c36c65f2670a429981de3579ea81deb9 P b4af4d697c074dc0bc7a789b919a1c13 [term 1 FOLLOWER]: Leader election vote request: Granting yes vote for candidate a086e2b50e9f419199e2c9a83910f8e5 in term 1.
I20260601 13:21:23.797588 20650 raft_consensus.cc:2468] T c36c65f2670a429981de3579ea81deb9 P 0ab3b39954b44fb089f6f7ef8c43345a [term 1 FOLLOWER]: Leader election vote request: Granting yes vote for candidate a086e2b50e9f419199e2c9a83910f8e5 in term 1.
I20260601 13:21:23.797657 20692 leader_election.cc:304] T c36c65f2670a429981de3579ea81deb9 P a086e2b50e9f419199e2c9a83910f8e5 [CANDIDATE]: Term 1 election: Election decided. Result: candidate won. Election summary: received 2 responses out of 3 voters: 2 yes votes; 0 no votes. yes voters: a086e2b50e9f419199e2c9a83910f8e5, b4af4d697c074dc0bc7a789b919a1c13; no voters: 
I20260601 13:21:23.797932 20863 raft_consensus.cc:2804] T c36c65f2670a429981de3579ea81deb9 P a086e2b50e9f419199e2c9a83910f8e5 [term 1 FOLLOWER]: Leader election won for term 1
I20260601 13:21:23.798060 20863 raft_consensus.cc:697] T c36c65f2670a429981de3579ea81deb9 P a086e2b50e9f419199e2c9a83910f8e5 [term 1 LEADER]: Becoming Leader. State: Replica: a086e2b50e9f419199e2c9a83910f8e5, State: Running, Role: LEADER
I20260601 13:21:23.798199 20863 consensus_queue.cc:237] T c36c65f2670a429981de3579ea81deb9 P a086e2b50e9f419199e2c9a83910f8e5 [LEADER]: Queue going to LEADER mode. State: All replicated index: 0, Majority replicated index: 0, Committed index: 0, Last appended: 0.0, Last appended by leader: 0, Current term: 1, Majority size: 2, State: 0, Mode: LEADER, active raft config: opid_index: -1 OBSOLETE_local: false peers { permanent_uuid: "b4af4d697c074dc0bc7a789b919a1c13" member_type: VOTER last_known_addr { host: "127.19.130.195" port: 36485 } } peers { permanent_uuid: "0ab3b39954b44fb089f6f7ef8c43345a" member_type: VOTER last_known_addr { host: "127.19.130.193" port: 34237 } } peers { permanent_uuid: "a086e2b50e9f419199e2c9a83910f8e5" member_type: VOTER last_known_addr { host: "127.19.130.194" port: 35349 } }
I20260601 13:21:23.799775 20546 catalog_manager.cc:5696] T c36c65f2670a429981de3579ea81deb9 P a086e2b50e9f419199e2c9a83910f8e5 reported cstate change: term changed from 0 to 1, leader changed from <none> to a086e2b50e9f419199e2c9a83910f8e5 (127.19.130.194). New cstate: current_term: 1 leader_uuid: "a086e2b50e9f419199e2c9a83910f8e5" committed_config { opid_index: -1 OBSOLETE_local: false peers { permanent_uuid: "b4af4d697c074dc0bc7a789b919a1c13" member_type: VOTER last_known_addr { host: "127.19.130.195" port: 36485 } health_report { overall_health: UNKNOWN } } peers { permanent_uuid: "0ab3b39954b44fb089f6f7ef8c43345a" member_type: VOTER last_known_addr { host: "127.19.130.193" port: 34237 } health_report { overall_health: UNKNOWN } } peers { permanent_uuid: "a086e2b50e9f419199e2c9a83910f8e5" member_type: VOTER last_known_addr { host: "127.19.130.194" port: 35349 } health_report { overall_health: HEALTHY } } }
I20260601 13:21:23.837589 20881 raft_consensus.cc:493] T b54e0161fa6f4f41a5cf58954e76849c P 0ab3b39954b44fb089f6f7ef8c43345a [term 0 FOLLOWER]: Starting pre-election (no leader contacted us within the election timeout)
I20260601 13:21:23.837733 20881 raft_consensus.cc:515] T b54e0161fa6f4f41a5cf58954e76849c P 0ab3b39954b44fb089f6f7ef8c43345a [term 0 FOLLOWER]: Starting pre-election with config: opid_index: -1 OBSOLETE_local: false peers { permanent_uuid: "0ab3b39954b44fb089f6f7ef8c43345a" member_type: VOTER last_known_addr { host: "127.19.130.193" port: 34237 } } peers { permanent_uuid: "a086e2b50e9f419199e2c9a83910f8e5" member_type: VOTER last_known_addr { host: "127.19.130.194" port: 35349 } } peers { permanent_uuid: "b4af4d697c074dc0bc7a789b919a1c13" member_type: VOTER last_known_addr { host: "127.19.130.195" port: 36485 } }
I20260601 13:21:23.838253 20881 leader_election.cc:290] T b54e0161fa6f4f41a5cf58954e76849c P 0ab3b39954b44fb089f6f7ef8c43345a [CANDIDATE]: Term 1 pre-election: Requested pre-vote from peers a086e2b50e9f419199e2c9a83910f8e5 (127.19.130.194:35349), b4af4d697c074dc0bc7a789b919a1c13 (127.19.130.195:36485)
I20260601 13:21:23.838688 20801 tablet_service.cc:1917] Received RequestConsensusVote() RPC: tablet_id: "b54e0161fa6f4f41a5cf58954e76849c" candidate_uuid: "0ab3b39954b44fb089f6f7ef8c43345a" candidate_term: 1 candidate_status { last_received { term: 0 index: 0 } } ignore_live_leader: false dest_uuid: "b4af4d697c074dc0bc7a789b919a1c13" is_pre_election: true
I20260601 13:21:23.838685 20725 tablet_service.cc:1917] Received RequestConsensusVote() RPC: tablet_id: "b54e0161fa6f4f41a5cf58954e76849c" candidate_uuid: "0ab3b39954b44fb089f6f7ef8c43345a" candidate_term: 1 candidate_status { last_received { term: 0 index: 0 } } ignore_live_leader: false dest_uuid: "a086e2b50e9f419199e2c9a83910f8e5" is_pre_election: true
I20260601 13:21:23.838810 20801 raft_consensus.cc:2468] T b54e0161fa6f4f41a5cf58954e76849c P b4af4d697c074dc0bc7a789b919a1c13 [term 0 FOLLOWER]: Leader pre-election vote request: Granting yes vote for candidate 0ab3b39954b44fb089f6f7ef8c43345a in term 0.
I20260601 13:21:23.838928 20725 raft_consensus.cc:2468] T b54e0161fa6f4f41a5cf58954e76849c P a086e2b50e9f419199e2c9a83910f8e5 [term 0 FOLLOWER]: Leader pre-election vote request: Granting yes vote for candidate 0ab3b39954b44fb089f6f7ef8c43345a in term 0.
I20260601 13:21:23.839161 20616 leader_election.cc:304] T b54e0161fa6f4f41a5cf58954e76849c P 0ab3b39954b44fb089f6f7ef8c43345a [CANDIDATE]: Term 1 pre-election: Election decided. Result: candidate won. Election summary: received 2 responses out of 3 voters: 2 yes votes; 0 no votes. yes voters: 0ab3b39954b44fb089f6f7ef8c43345a, b4af4d697c074dc0bc7a789b919a1c13; no voters: 
I20260601 13:21:23.839326 20881 raft_consensus.cc:2804] T b54e0161fa6f4f41a5cf58954e76849c P 0ab3b39954b44fb089f6f7ef8c43345a [term 0 FOLLOWER]: Leader pre-election won for term 1
I20260601 13:21:23.839385 20881 raft_consensus.cc:493] T b54e0161fa6f4f41a5cf58954e76849c P 0ab3b39954b44fb089f6f7ef8c43345a [term 0 FOLLOWER]: Starting leader election (no leader contacted us within the election timeout)
I20260601 13:21:23.839413 20881 raft_consensus.cc:3060] T b54e0161fa6f4f41a5cf58954e76849c P 0ab3b39954b44fb089f6f7ef8c43345a [term 0 FOLLOWER]: Advancing to term 1
I20260601 13:21:23.840380 20881 raft_consensus.cc:515] T b54e0161fa6f4f41a5cf58954e76849c P 0ab3b39954b44fb089f6f7ef8c43345a [term 1 FOLLOWER]: Starting leader election with config: opid_index: -1 OBSOLETE_local: false peers { permanent_uuid: "0ab3b39954b44fb089f6f7ef8c43345a" member_type: VOTER last_known_addr { host: "127.19.130.193" port: 34237 } } peers { permanent_uuid: "a086e2b50e9f419199e2c9a83910f8e5" member_type: VOTER last_known_addr { host: "127.19.130.194" port: 35349 } } peers { permanent_uuid: "b4af4d697c074dc0bc7a789b919a1c13" member_type: VOTER last_known_addr { host: "127.19.130.195" port: 36485 } }
I20260601 13:21:23.840758 20881 leader_election.cc:290] T b54e0161fa6f4f41a5cf58954e76849c P 0ab3b39954b44fb089f6f7ef8c43345a [CANDIDATE]: Term 1 election: Requested vote from peers a086e2b50e9f419199e2c9a83910f8e5 (127.19.130.194:35349), b4af4d697c074dc0bc7a789b919a1c13 (127.19.130.195:36485)
I20260601 13:21:23.841128 20801 tablet_service.cc:1917] Received RequestConsensusVote() RPC: tablet_id: "b54e0161fa6f4f41a5cf58954e76849c" candidate_uuid: "0ab3b39954b44fb089f6f7ef8c43345a" candidate_term: 1 candidate_status { last_received { term: 0 index: 0 } } ignore_live_leader: false dest_uuid: "b4af4d697c074dc0bc7a789b919a1c13"
I20260601 13:21:23.841225 20801 raft_consensus.cc:3060] T b54e0161fa6f4f41a5cf58954e76849c P b4af4d697c074dc0bc7a789b919a1c13 [term 0 FOLLOWER]: Advancing to term 1
I20260601 13:21:23.841928 20801 raft_consensus.cc:2468] T b54e0161fa6f4f41a5cf58954e76849c P b4af4d697c074dc0bc7a789b919a1c13 [term 1 FOLLOWER]: Leader election vote request: Granting yes vote for candidate 0ab3b39954b44fb089f6f7ef8c43345a in term 1.
I20260601 13:21:23.842152 20725 tablet_service.cc:1917] Received RequestConsensusVote() RPC: tablet_id: "b54e0161fa6f4f41a5cf58954e76849c" candidate_uuid: "0ab3b39954b44fb089f6f7ef8c43345a" candidate_term: 1 candidate_status { last_received { term: 0 index: 0 } } ignore_live_leader: false dest_uuid: "a086e2b50e9f419199e2c9a83910f8e5"
I20260601 13:21:23.842204 20616 leader_election.cc:304] T b54e0161fa6f4f41a5cf58954e76849c P 0ab3b39954b44fb089f6f7ef8c43345a [CANDIDATE]: Term 1 election: Election decided. Result: candidate won. Election summary: received 2 responses out of 3 voters: 2 yes votes; 0 no votes. yes voters: 0ab3b39954b44fb089f6f7ef8c43345a, b4af4d697c074dc0bc7a789b919a1c13; no voters: 
I20260601 13:21:23.842252 20725 raft_consensus.cc:3060] T b54e0161fa6f4f41a5cf58954e76849c P a086e2b50e9f419199e2c9a83910f8e5 [term 0 FOLLOWER]: Advancing to term 1
I20260601 13:21:23.842391 20881 raft_consensus.cc:2804] T b54e0161fa6f4f41a5cf58954e76849c P 0ab3b39954b44fb089f6f7ef8c43345a [term 1 FOLLOWER]: Leader election won for term 1
I20260601 13:21:23.842526 20881 raft_consensus.cc:697] T b54e0161fa6f4f41a5cf58954e76849c P 0ab3b39954b44fb089f6f7ef8c43345a [term 1 LEADER]: Becoming Leader. State: Replica: 0ab3b39954b44fb089f6f7ef8c43345a, State: Running, Role: LEADER
I20260601 13:21:23.842691 20881 consensus_queue.cc:237] T b54e0161fa6f4f41a5cf58954e76849c P 0ab3b39954b44fb089f6f7ef8c43345a [LEADER]: Queue going to LEADER mode. State: All replicated index: 0, Majority replicated index: 0, Committed index: 0, Last appended: 0.0, Last appended by leader: 0, Current term: 1, Majority size: 2, State: 0, Mode: LEADER, active raft config: opid_index: -1 OBSOLETE_local: false peers { permanent_uuid: "0ab3b39954b44fb089f6f7ef8c43345a" member_type: VOTER last_known_addr { host: "127.19.130.193" port: 34237 } } peers { permanent_uuid: "a086e2b50e9f419199e2c9a83910f8e5" member_type: VOTER last_known_addr { host: "127.19.130.194" port: 35349 } } peers { permanent_uuid: "b4af4d697c074dc0bc7a789b919a1c13" member_type: VOTER last_known_addr { host: "127.19.130.195" port: 36485 } }
I20260601 13:21:23.843130 20725 raft_consensus.cc:2468] T b54e0161fa6f4f41a5cf58954e76849c P a086e2b50e9f419199e2c9a83910f8e5 [term 1 FOLLOWER]: Leader election vote request: Granting yes vote for candidate 0ab3b39954b44fb089f6f7ef8c43345a in term 1.
I20260601 13:21:23.844444 20546 catalog_manager.cc:5696] T b54e0161fa6f4f41a5cf58954e76849c P 0ab3b39954b44fb089f6f7ef8c43345a reported cstate change: term changed from 0 to 1, leader changed from <none> to 0ab3b39954b44fb089f6f7ef8c43345a (127.19.130.193). New cstate: current_term: 1 leader_uuid: "0ab3b39954b44fb089f6f7ef8c43345a" committed_config { opid_index: -1 OBSOLETE_local: false peers { permanent_uuid: "0ab3b39954b44fb089f6f7ef8c43345a" member_type: VOTER last_known_addr { host: "127.19.130.193" port: 34237 } health_report { overall_health: HEALTHY } } peers { permanent_uuid: "a086e2b50e9f419199e2c9a83910f8e5" member_type: VOTER last_known_addr { host: "127.19.130.194" port: 35349 } health_report { overall_health: UNKNOWN } } peers { permanent_uuid: "b4af4d697c074dc0bc7a789b919a1c13" member_type: VOTER last_known_addr { host: "127.19.130.195" port: 36485 } health_report { overall_health: UNKNOWN } } }
I20260601 13:21:23.915997 20863 raft_consensus.cc:493] T 2aa71768ba2749b9b14331d69d97095a P a086e2b50e9f419199e2c9a83910f8e5 [term 0 FOLLOWER]: Starting pre-election (no leader contacted us within the election timeout)
I20260601 13:21:23.916145 20863 raft_consensus.cc:515] T 2aa71768ba2749b9b14331d69d97095a P a086e2b50e9f419199e2c9a83910f8e5 [term 0 FOLLOWER]: Starting pre-election with config: opid_index: -1 OBSOLETE_local: false peers { permanent_uuid: "0ab3b39954b44fb089f6f7ef8c43345a" member_type: VOTER last_known_addr { host: "127.19.130.193" port: 34237 } } peers { permanent_uuid: "a086e2b50e9f419199e2c9a83910f8e5" member_type: VOTER last_known_addr { host: "127.19.130.194" port: 35349 } } peers { permanent_uuid: "b4af4d697c074dc0bc7a789b919a1c13" member_type: VOTER last_known_addr { host: "127.19.130.195" port: 36485 } }
I20260601 13:21:23.916671 20863 leader_election.cc:290] T 2aa71768ba2749b9b14331d69d97095a P a086e2b50e9f419199e2c9a83910f8e5 [CANDIDATE]: Term 1 pre-election: Requested pre-vote from peers 0ab3b39954b44fb089f6f7ef8c43345a (127.19.130.193:34237), b4af4d697c074dc0bc7a789b919a1c13 (127.19.130.195:36485)
I20260601 13:21:23.917160 20801 tablet_service.cc:1917] Received RequestConsensusVote() RPC: tablet_id: "2aa71768ba2749b9b14331d69d97095a" candidate_uuid: "a086e2b50e9f419199e2c9a83910f8e5" candidate_term: 1 candidate_status { last_received { term: 0 index: 0 } } ignore_live_leader: false dest_uuid: "b4af4d697c074dc0bc7a789b919a1c13" is_pre_election: true
I20260601 13:21:23.917218 20650 tablet_service.cc:1917] Received RequestConsensusVote() RPC: tablet_id: "2aa71768ba2749b9b14331d69d97095a" candidate_uuid: "a086e2b50e9f419199e2c9a83910f8e5" candidate_term: 1 candidate_status { last_received { term: 0 index: 0 } } ignore_live_leader: false dest_uuid: "0ab3b39954b44fb089f6f7ef8c43345a" is_pre_election: true
I20260601 13:21:23.917279 20801 raft_consensus.cc:2468] T 2aa71768ba2749b9b14331d69d97095a P b4af4d697c074dc0bc7a789b919a1c13 [term 0 FOLLOWER]: Leader pre-election vote request: Granting yes vote for candidate a086e2b50e9f419199e2c9a83910f8e5 in term 0.
I20260601 13:21:23.917390 20650 raft_consensus.cc:2468] T 2aa71768ba2749b9b14331d69d97095a P 0ab3b39954b44fb089f6f7ef8c43345a [term 0 FOLLOWER]: Leader pre-election vote request: Granting yes vote for candidate a086e2b50e9f419199e2c9a83910f8e5 in term 0.
I20260601 13:21:23.917689 20692 leader_election.cc:304] T 2aa71768ba2749b9b14331d69d97095a P a086e2b50e9f419199e2c9a83910f8e5 [CANDIDATE]: Term 1 pre-election: Election decided. Result: candidate won. Election summary: received 2 responses out of 3 voters: 2 yes votes; 0 no votes. yes voters: a086e2b50e9f419199e2c9a83910f8e5, b4af4d697c074dc0bc7a789b919a1c13; no voters: 
I20260601 13:21:23.917878 20863 raft_consensus.cc:2804] T 2aa71768ba2749b9b14331d69d97095a P a086e2b50e9f419199e2c9a83910f8e5 [term 0 FOLLOWER]: Leader pre-election won for term 1
I20260601 13:21:23.917948 20863 raft_consensus.cc:493] T 2aa71768ba2749b9b14331d69d97095a P a086e2b50e9f419199e2c9a83910f8e5 [term 0 FOLLOWER]: Starting leader election (no leader contacted us within the election timeout)
I20260601 13:21:23.917976 20863 raft_consensus.cc:3060] T 2aa71768ba2749b9b14331d69d97095a P a086e2b50e9f419199e2c9a83910f8e5 [term 0 FOLLOWER]: Advancing to term 1
I20260601 13:21:23.918757 20863 raft_consensus.cc:515] T 2aa71768ba2749b9b14331d69d97095a P a086e2b50e9f419199e2c9a83910f8e5 [term 1 FOLLOWER]: Starting leader election with config: opid_index: -1 OBSOLETE_local: false peers { permanent_uuid: "0ab3b39954b44fb089f6f7ef8c43345a" member_type: VOTER last_known_addr { host: "127.19.130.193" port: 34237 } } peers { permanent_uuid: "a086e2b50e9f419199e2c9a83910f8e5" member_type: VOTER last_known_addr { host: "127.19.130.194" port: 35349 } } peers { permanent_uuid: "b4af4d697c074dc0bc7a789b919a1c13" member_type: VOTER last_known_addr { host: "127.19.130.195" port: 36485 } }
I20260601 13:21:23.919086 20863 leader_election.cc:290] T 2aa71768ba2749b9b14331d69d97095a P a086e2b50e9f419199e2c9a83910f8e5 [CANDIDATE]: Term 1 election: Requested vote from peers 0ab3b39954b44fb089f6f7ef8c43345a (127.19.130.193:34237), b4af4d697c074dc0bc7a789b919a1c13 (127.19.130.195:36485)
I20260601 13:21:23.919438 20650 tablet_service.cc:1917] Received RequestConsensusVote() RPC: tablet_id: "2aa71768ba2749b9b14331d69d97095a" candidate_uuid: "a086e2b50e9f419199e2c9a83910f8e5" candidate_term: 1 candidate_status { last_received { term: 0 index: 0 } } ignore_live_leader: false dest_uuid: "0ab3b39954b44fb089f6f7ef8c43345a"
I20260601 13:21:23.919440 20801 tablet_service.cc:1917] Received RequestConsensusVote() RPC: tablet_id: "2aa71768ba2749b9b14331d69d97095a" candidate_uuid: "a086e2b50e9f419199e2c9a83910f8e5" candidate_term: 1 candidate_status { last_received { term: 0 index: 0 } } ignore_live_leader: false dest_uuid: "b4af4d697c074dc0bc7a789b919a1c13"
I20260601 13:21:23.919540 20650 raft_consensus.cc:3060] T 2aa71768ba2749b9b14331d69d97095a P 0ab3b39954b44fb089f6f7ef8c43345a [term 0 FOLLOWER]: Advancing to term 1
I20260601 13:21:23.919633 20801 raft_consensus.cc:3060] T 2aa71768ba2749b9b14331d69d97095a P b4af4d697c074dc0bc7a789b919a1c13 [term 0 FOLLOWER]: Advancing to term 1
I20260601 13:21:23.920444 20650 raft_consensus.cc:2468] T 2aa71768ba2749b9b14331d69d97095a P 0ab3b39954b44fb089f6f7ef8c43345a [term 1 FOLLOWER]: Leader election vote request: Granting yes vote for candidate a086e2b50e9f419199e2c9a83910f8e5 in term 1.
I20260601 13:21:23.920480 20801 raft_consensus.cc:2468] T 2aa71768ba2749b9b14331d69d97095a P b4af4d697c074dc0bc7a789b919a1c13 [term 1 FOLLOWER]: Leader election vote request: Granting yes vote for candidate a086e2b50e9f419199e2c9a83910f8e5 in term 1.
I20260601 13:21:23.920799 20690 leader_election.cc:304] T 2aa71768ba2749b9b14331d69d97095a P a086e2b50e9f419199e2c9a83910f8e5 [CANDIDATE]: Term 1 election: Election decided. Result: candidate won. Election summary: received 2 responses out of 3 voters: 2 yes votes; 0 no votes. yes voters: 0ab3b39954b44fb089f6f7ef8c43345a, a086e2b50e9f419199e2c9a83910f8e5; no voters: 
I20260601 13:21:23.921029 20863 raft_consensus.cc:2804] T 2aa71768ba2749b9b14331d69d97095a P a086e2b50e9f419199e2c9a83910f8e5 [term 1 FOLLOWER]: Leader election won for term 1
I20260601 13:21:23.921131 20863 raft_consensus.cc:697] T 2aa71768ba2749b9b14331d69d97095a P a086e2b50e9f419199e2c9a83910f8e5 [term 1 LEADER]: Becoming Leader. State: Replica: a086e2b50e9f419199e2c9a83910f8e5, State: Running, Role: LEADER
I20260601 13:21:23.921272 20863 consensus_queue.cc:237] T 2aa71768ba2749b9b14331d69d97095a P a086e2b50e9f419199e2c9a83910f8e5 [LEADER]: Queue going to LEADER mode. State: All replicated index: 0, Majority replicated index: 0, Committed index: 0, Last appended: 0.0, Last appended by leader: 0, Current term: 1, Majority size: 2, State: 0, Mode: LEADER, active raft config: opid_index: -1 OBSOLETE_local: false peers { permanent_uuid: "0ab3b39954b44fb089f6f7ef8c43345a" member_type: VOTER last_known_addr { host: "127.19.130.193" port: 34237 } } peers { permanent_uuid: "a086e2b50e9f419199e2c9a83910f8e5" member_type: VOTER last_known_addr { host: "127.19.130.194" port: 35349 } } peers { permanent_uuid: "b4af4d697c074dc0bc7a789b919a1c13" member_type: VOTER last_known_addr { host: "127.19.130.195" port: 36485 } }
I20260601 13:21:23.922812 20546 catalog_manager.cc:5696] T 2aa71768ba2749b9b14331d69d97095a P a086e2b50e9f419199e2c9a83910f8e5 reported cstate change: term changed from 0 to 1, leader changed from <none> to a086e2b50e9f419199e2c9a83910f8e5 (127.19.130.194). New cstate: current_term: 1 leader_uuid: "a086e2b50e9f419199e2c9a83910f8e5" committed_config { opid_index: -1 OBSOLETE_local: false peers { permanent_uuid: "0ab3b39954b44fb089f6f7ef8c43345a" member_type: VOTER last_known_addr { host: "127.19.130.193" port: 34237 } health_report { overall_health: UNKNOWN } } peers { permanent_uuid: "a086e2b50e9f419199e2c9a83910f8e5" member_type: VOTER last_known_addr { host: "127.19.130.194" port: 35349 } health_report { overall_health: HEALTHY } } peers { permanent_uuid: "b4af4d697c074dc0bc7a789b919a1c13" member_type: VOTER last_known_addr { host: "127.19.130.195" port: 36485 } health_report { overall_health: UNKNOWN } } }
I20260601 13:21:23.970157 19979 file_cache.cc:492] Constructed file cache file cache with capacity 419430
W20260601 13:21:23.972347 20896 instance_detector.cc:116] could not retrieve AWS instance metadata: Network error: curl error: HTTP response code said error: The requested URL returned error: 404
W20260601 13:21:23.972342 20899 instance_detector.cc:116] could not retrieve OpenStack instance metadata: Network error: curl error: HTTP response code said error: The requested URL returned error: 404
W20260601 13:21:23.972508 20897 instance_detector.cc:116] could not retrieve Azure instance metadata: Network error: curl error: HTTP response code said error: The requested URL returned error: 404
I20260601 13:21:23.972654 19979 server_base.cc:1061] running on GCE node
I20260601 13:21:23.972887 19979 hybrid_clock.cc:584] initializing the hybrid clock with 'system_unsync' time source
W20260601 13:21:23.972930 19979 system_unsync_time.cc:38] NTP support is disabled. Clock error bounds will not be accurate. This configuration is not suitable for distributed clusters.
I20260601 13:21:23.972946 19979 hybrid_clock.cc:648] HybridClock initialized: now 1780320083972946 us; error 0 us; skew 500 ppm
I20260601 13:21:23.973943 19979 webserver.cc:533] Webserver started at http://127.19.130.196:45669/ using document root <none> and password file <none>
I20260601 13:21:23.974102 19979 fs_manager.cc:362] Metadata directory not provided
I20260601 13:21:23.974150 19979 fs_manager.cc:368] Using write-ahead log directory (fs_wal_dir) as metadata directory
I20260601 13:21:23.974207 19979 server_base.cc:909] This appears to be a new deployment of Kudu; creating new FS layout
I20260601 13:21:23.974612 19979 fs_manager.cc:1068] Generated new instance metadata in path /tmp/dist-test-taskoI52Qi/test-tmp/auto_rebalancer-test.0.AutoRebalancerTest.AutoRebalancingTurnOffAndOn.1780320079818205-19979-0/minicluster-data/ts-3-root/instance:
uuid: "f8be59d305444afc91a6a4b8b093b2d9"
format_stamp: "Formatted at 2026-06-01 13:21:23 on dist-test-slave-hpqb"
I20260601 13:21:23.976176 19979 fs_manager.cc:696] Time spent creating directory manager: real 0.001s	user 0.002s	sys 0.000s
I20260601 13:21:23.977404 20904 log_block_manager.cc:4031] Time spent loading block containers with low live blocks: real 0.000s	user 0.000s	sys 0.000s
I20260601 13:21:23.977712 19979 fs_manager.cc:730] Time spent opening block manager: real 0.001s	user 0.000s	sys 0.001s
I20260601 13:21:23.977793 19979 fs_manager.cc:647] Opened local filesystem: /tmp/dist-test-taskoI52Qi/test-tmp/auto_rebalancer-test.0.AutoRebalancerTest.AutoRebalancingTurnOffAndOn.1780320079818205-19979-0/minicluster-data/ts-3-root
uuid: "f8be59d305444afc91a6a4b8b093b2d9"
format_stamp: "Formatted at 2026-06-01 13:21:23 on dist-test-slave-hpqb"
I20260601 13:21:23.977849 19979 fs_report.cc:389] FS layout report
--------------------
wal directory: /tmp/dist-test-taskoI52Qi/test-tmp/auto_rebalancer-test.0.AutoRebalancerTest.AutoRebalancingTurnOffAndOn.1780320079818205-19979-0/minicluster-data/ts-3-root
metadata directory: /tmp/dist-test-taskoI52Qi/test-tmp/auto_rebalancer-test.0.AutoRebalancerTest.AutoRebalancingTurnOffAndOn.1780320079818205-19979-0/minicluster-data/ts-3-root
1 data directories: /tmp/dist-test-taskoI52Qi/test-tmp/auto_rebalancer-test.0.AutoRebalancerTest.AutoRebalancingTurnOffAndOn.1780320079818205-19979-0/minicluster-data/ts-3-root/data
Total live blocks: 0
Total live bytes: 0
Total live bytes (after alignment): 0
Total number of LBM containers: 0 (0 full)
Did not check for missing blocks
Did not check for orphaned blocks
Total full LBM containers with extra space: 0 (0 repaired)
Total full LBM container extra space in bytes: 0 (0 repaired)
Total incomplete LBM containers: 0 (0 repaired)
Total LBM partial records: 0 (0 repaired)
Total corrupted LBM metadata records in RocksDB: 0 (0 repaired)
I20260601 13:21:23.986613 19979 rpc_server.cc:225] running with OpenSSL 1.1.1  11 Sep 2018
I20260601 13:21:23.987028 19979 kserver.cc:163] Server-wide thread pool size limit: 3276
I20260601 13:21:23.987284 19979 txn_system_client.cc:432] TxnSystemClient initialization is disabled...
I20260601 13:21:23.987830 19979 ts_tablet_manager.cc:585] Loaded tablet metadata (0 total tablets, 0 live tablets)
I20260601 13:21:23.987871 19979 ts_tablet_manager.cc:531] Time spent load tablet metadata: real 0.000s	user 0.000s	sys 0.000s
I20260601 13:21:23.987905 19979 ts_tablet_manager.cc:616] Registered 0 tablets
I20260601 13:21:23.987920 19979 ts_tablet_manager.cc:595] Time spent register tablets: real 0.000s	user 0.000s	sys 0.000s
I20260601 13:21:23.993413 19979 rpc_server.cc:307] RPC server started. Bound to: 127.19.130.196:34789
I20260601 13:21:23.993501 20967 acceptor_pool.cc:272] collecting diagnostics on the listening RPC socket 127.19.130.196:34789 every 8 connection(s)
I20260601 13:21:23.998417 20968 heartbeater.cc:344] Connected to a master server at 127.19.130.254:46041
I20260601 13:21:23.998555 20968 heartbeater.cc:461] Registering TS with master...
I20260601 13:21:23.998811 20968 heartbeater.cc:507] Master 127.19.130.254:46041 requested a full tablet report, sending...
I20260601 13:21:23.999501 20546 ts_manager.cc:194] Registered new tserver with Master: f8be59d305444afc91a6a4b8b093b2d9 (127.19.130.196:34789)
I20260601 13:21:24.000010 20546 master_service.cc:502] Signed X509 certificate for tserver {username='slave'} at 127.0.0.1:36560
I20260601 13:21:24.175959 20889 consensus_queue.cc:1048] T b6af053c8c3f4689a13e3f8a15484eaa P b4af4d697c074dc0bc7a789b919a1c13 [LEADER]: Connected to new peer: Peer: permanent_uuid: "0ab3b39954b44fb089f6f7ef8c43345a" member_type: VOTER last_known_addr { host: "127.19.130.193" port: 34237 }, Status: LMP_MISMATCH, Last received: 0.0, Next index: 1, Last known committed idx: 0, Time since last communication: 0.000s
I20260601 13:21:24.179602 20889 consensus_queue.cc:1048] T b6af053c8c3f4689a13e3f8a15484eaa P b4af4d697c074dc0bc7a789b919a1c13 [LEADER]: Connected to new peer: Peer: permanent_uuid: "a086e2b50e9f419199e2c9a83910f8e5" member_type: VOTER last_known_addr { host: "127.19.130.194" port: 35349 }, Status: LMP_MISMATCH, Last received: 0.0, Next index: 1, Last known committed idx: 0, Time since last communication: 0.000s
I20260601 13:21:24.179733 20881 consensus_queue.cc:1048] T 01a9cd2be7224300b699d8ea4241fddb P 0ab3b39954b44fb089f6f7ef8c43345a [LEADER]: Connected to new peer: Peer: permanent_uuid: "b4af4d697c074dc0bc7a789b919a1c13" member_type: VOTER last_known_addr { host: "127.19.130.195" port: 36485 }, Status: LMP_MISMATCH, Last received: 0.0, Next index: 1, Last known committed idx: 0, Time since last communication: 0.000s
I20260601 13:21:24.181849 20881 consensus_queue.cc:1048] T 01a9cd2be7224300b699d8ea4241fddb P 0ab3b39954b44fb089f6f7ef8c43345a [LEADER]: Connected to new peer: Peer: permanent_uuid: "a086e2b50e9f419199e2c9a83910f8e5" member_type: VOTER last_known_addr { host: "127.19.130.194" port: 35349 }, Status: LMP_MISMATCH, Last received: 0.0, Next index: 1, Last known committed idx: 0, Time since last communication: 0.000s
I20260601 13:21:24.206077 20859 consensus_queue.cc:1048] T c36c65f2670a429981de3579ea81deb9 P a086e2b50e9f419199e2c9a83910f8e5 [LEADER]: Connected to new peer: Peer: permanent_uuid: "b4af4d697c074dc0bc7a789b919a1c13" member_type: VOTER last_known_addr { host: "127.19.130.195" port: 36485 }, Status: LMP_MISMATCH, Last received: 0.0, Next index: 1, Last known committed idx: 0, Time since last communication: 0.000s
I20260601 13:21:24.207311 20863 consensus_queue.cc:1048] T c36c65f2670a429981de3579ea81deb9 P a086e2b50e9f419199e2c9a83910f8e5 [LEADER]: Connected to new peer: Peer: permanent_uuid: "0ab3b39954b44fb089f6f7ef8c43345a" member_type: VOTER last_known_addr { host: "127.19.130.193" port: 34237 }, Status: LMP_MISMATCH, Last received: 0.0, Next index: 1, Last known committed idx: 0, Time since last communication: 0.000s
I20260601 13:21:24.229156 20980 consensus_queue.cc:1048] T f31058dc079149a1a79ab9f8d001fd94 P a086e2b50e9f419199e2c9a83910f8e5 [LEADER]: Connected to new peer: Peer: permanent_uuid: "b4af4d697c074dc0bc7a789b919a1c13" member_type: VOTER last_known_addr { host: "127.19.130.195" port: 36485 }, Status: LMP_MISMATCH, Last received: 0.0, Next index: 1, Last known committed idx: 0, Time since last communication: 0.000s
I20260601 13:21:24.232314 20981 consensus_queue.cc:1048] T f31058dc079149a1a79ab9f8d001fd94 P a086e2b50e9f419199e2c9a83910f8e5 [LEADER]: Connected to new peer: Peer: permanent_uuid: "0ab3b39954b44fb089f6f7ef8c43345a" member_type: VOTER last_known_addr { host: "127.19.130.193" port: 34237 }, Status: LMP_MISMATCH, Last received: 0.0, Next index: 1, Last known committed idx: 0, Time since last communication: 0.000s
I20260601 13:21:24.232990 20857 consensus_queue.cc:1048] T b54e0161fa6f4f41a5cf58954e76849c P 0ab3b39954b44fb089f6f7ef8c43345a [LEADER]: Connected to new peer: Peer: permanent_uuid: "b4af4d697c074dc0bc7a789b919a1c13" member_type: VOTER last_known_addr { host: "127.19.130.195" port: 36485 }, Status: LMP_MISMATCH, Last received: 0.0, Next index: 1, Last known committed idx: 0, Time since last communication: 0.000s
I20260601 13:21:24.236467 20852 consensus_queue.cc:1048] T b54e0161fa6f4f41a5cf58954e76849c P 0ab3b39954b44fb089f6f7ef8c43345a [LEADER]: Connected to new peer: Peer: permanent_uuid: "a086e2b50e9f419199e2c9a83910f8e5" member_type: VOTER last_known_addr { host: "127.19.130.194" port: 35349 }, Status: LMP_MISMATCH, Last received: 0.0, Next index: 1, Last known committed idx: 0, Time since last communication: 0.000s
I20260601 13:21:24.246140 20889 consensus_queue.cc:1048] T 2343c029f4934126ab310b13aee72759 P b4af4d697c074dc0bc7a789b919a1c13 [LEADER]: Connected to new peer: Peer: permanent_uuid: "a086e2b50e9f419199e2c9a83910f8e5" member_type: VOTER last_known_addr { host: "127.19.130.194" port: 35349 }, Status: LMP_MISMATCH, Last received: 0.0, Next index: 1, Last known committed idx: 0, Time since last communication: 0.000s
I20260601 13:21:24.248960 20890 consensus_queue.cc:1048] T 2343c029f4934126ab310b13aee72759 P b4af4d697c074dc0bc7a789b919a1c13 [LEADER]: Connected to new peer: Peer: permanent_uuid: "0ab3b39954b44fb089f6f7ef8c43345a" member_type: VOTER last_known_addr { host: "127.19.130.193" port: 34237 }, Status: LMP_MISMATCH, Last received: 0.0, Next index: 1, Last known committed idx: 0, Time since last communication: 0.000s
I20260601 13:21:24.272825 20852 consensus_queue.cc:1048] T 8a6b0e86a9504ffd8501d2acc38a7500 P 0ab3b39954b44fb089f6f7ef8c43345a [LEADER]: Connected to new peer: Peer: permanent_uuid: "a086e2b50e9f419199e2c9a83910f8e5" member_type: VOTER last_known_addr { host: "127.19.130.194" port: 35349 }, Status: LMP_MISMATCH, Last received: 0.0, Next index: 1, Last known committed idx: 0, Time since last communication: 0.000s
I20260601 13:21:24.275964 20857 consensus_queue.cc:1048] T 8a6b0e86a9504ffd8501d2acc38a7500 P 0ab3b39954b44fb089f6f7ef8c43345a [LEADER]: Connected to new peer: Peer: permanent_uuid: "b4af4d697c074dc0bc7a789b919a1c13" member_type: VOTER last_known_addr { host: "127.19.130.195" port: 36485 }, Status: LMP_MISMATCH, Last received: 0.0, Next index: 1, Last known committed idx: 0, Time since last communication: 0.000s
I20260601 13:21:24.374750 20981 consensus_queue.cc:1048] T 2aa71768ba2749b9b14331d69d97095a P a086e2b50e9f419199e2c9a83910f8e5 [LEADER]: Connected to new peer: Peer: permanent_uuid: "b4af4d697c074dc0bc7a789b919a1c13" member_type: VOTER last_known_addr { host: "127.19.130.195" port: 36485 }, Status: LMP_MISMATCH, Last received: 0.0, Next index: 1, Last known committed idx: 0, Time since last communication: 0.000s
I20260601 13:21:24.377684 20981 consensus_queue.cc:1048] T 2aa71768ba2749b9b14331d69d97095a P a086e2b50e9f419199e2c9a83910f8e5 [LEADER]: Connected to new peer: Peer: permanent_uuid: "0ab3b39954b44fb089f6f7ef8c43345a" member_type: VOTER last_known_addr { host: "127.19.130.193" port: 34237 }, Status: LMP_MISMATCH, Last received: 0.0, Next index: 1, Last known committed idx: 0, Time since last communication: 0.000s
I20260601 13:21:24.529220 20601 auto_leader_rebalancer.cc:140] leader rebalance for table test-workload
I20260601 13:21:24.530750 20601 auto_leader_rebalancer.cc:388] table: test-workload, leader rebalance finish, leader transfer count: 0
I20260601 13:21:24.531004 20601 auto_leader_rebalancer.cc:451] All tables' leader rebalancing finished this round
I20260601 13:21:25.000986 20968 heartbeater.cc:499] Master 127.19.130.254:46041 was elected leader, sending a full tablet report...
I20260601 13:21:26.535933 20601 auto_leader_rebalancer.cc:140] leader rebalance for table test-workload
I20260601 13:21:26.536890 20601 auto_leader_rebalancer.cc:388] table: test-workload, leader rebalance finish, leader transfer count: 0
I20260601 13:21:26.536978 20601 auto_leader_rebalancer.cc:451] All tables' leader rebalancing finished this round
I20260601 13:21:28.537328 20601 auto_leader_rebalancer.cc:140] leader rebalance for table test-workload
I20260601 13:21:28.538341 20601 auto_leader_rebalancer.cc:388] table: test-workload, leader rebalance finish, leader transfer count: 0
I20260601 13:21:28.538434 20601 auto_leader_rebalancer.cc:451] All tables' leader rebalancing finished this round
I20260601 13:21:29.545394 20725 consensus_queue.cc:237] T c36c65f2670a429981de3579ea81deb9 P a086e2b50e9f419199e2c9a83910f8e5 [LEADER]: Queue going to LEADER mode. State: All replicated index: 0, Majority replicated index: 1, Committed index: 1, Last appended: 1.1, Last appended by leader: 0, Current term: 1, Majority size: 2, State: 0, Mode: LEADER, active raft config: opid_index: 2 OBSOLETE_local: false peers { permanent_uuid: "b4af4d697c074dc0bc7a789b919a1c13" member_type: VOTER last_known_addr { host: "127.19.130.195" port: 36485 } attrs { replace: true } } peers { permanent_uuid: "0ab3b39954b44fb089f6f7ef8c43345a" member_type: VOTER last_known_addr { host: "127.19.130.193" port: 34237 } } peers { permanent_uuid: "a086e2b50e9f419199e2c9a83910f8e5" member_type: VOTER last_known_addr { host: "127.19.130.194" port: 35349 } } peers { permanent_uuid: "f8be59d305444afc91a6a4b8b093b2d9" member_type: NON_VOTER last_known_addr { host: "127.19.130.196" port: 34789 } attrs { promote: true } }
I20260601 13:21:29.547102 20801 raft_consensus.cc:1275] T c36c65f2670a429981de3579ea81deb9 P b4af4d697c074dc0bc7a789b919a1c13 [term 1 FOLLOWER]: Refusing update from remote peer a086e2b50e9f419199e2c9a83910f8e5: Log matching property violated. Preceding OpId in replica: term: 1 index: 1. Preceding OpId from leader: term: 1 index: 2. (index mismatch)
I20260601 13:21:29.547271 20650 raft_consensus.cc:1275] T c36c65f2670a429981de3579ea81deb9 P 0ab3b39954b44fb089f6f7ef8c43345a [term 1 FOLLOWER]: Refusing update from remote peer a086e2b50e9f419199e2c9a83910f8e5: Log matching property violated. Preceding OpId in replica: term: 1 index: 1. Preceding OpId from leader: term: 1 index: 2. (index mismatch)
I20260601 13:21:29.547626 20998 consensus_queue.cc:1048] T c36c65f2670a429981de3579ea81deb9 P a086e2b50e9f419199e2c9a83910f8e5 [LEADER]: Connected to new peer: Peer: permanent_uuid: "b4af4d697c074dc0bc7a789b919a1c13" member_type: VOTER last_known_addr { host: "127.19.130.195" port: 36485 } attrs { replace: true }, Status: LMP_MISMATCH, Last received: 0.0, Next index: 2, Last known committed idx: 1, Time since last communication: 0.000s
I20260601 13:21:29.547845 20997 consensus_queue.cc:1048] T c36c65f2670a429981de3579ea81deb9 P a086e2b50e9f419199e2c9a83910f8e5 [LEADER]: Connected to new peer: Peer: permanent_uuid: "0ab3b39954b44fb089f6f7ef8c43345a" member_type: VOTER last_known_addr { host: "127.19.130.193" port: 34237 }, Status: LMP_MISMATCH, Last received: 0.0, Next index: 2, Last known committed idx: 1, Time since last communication: 0.000s
I20260601 13:21:29.549615 20981 raft_consensus.cc:2955] T c36c65f2670a429981de3579ea81deb9 P a086e2b50e9f419199e2c9a83910f8e5 [term 1 LEADER]: Committing config change with OpId 1.2: config changed from index -1 to 2, NON_VOTER f8be59d305444afc91a6a4b8b093b2d9 (127.19.130.196) added. New config: { opid_index: 2 OBSOLETE_local: false peers { permanent_uuid: "b4af4d697c074dc0bc7a789b919a1c13" member_type: VOTER last_known_addr { host: "127.19.130.195" port: 36485 } attrs { replace: true } } peers { permanent_uuid: "0ab3b39954b44fb089f6f7ef8c43345a" member_type: VOTER last_known_addr { host: "127.19.130.193" port: 34237 } } peers { permanent_uuid: "a086e2b50e9f419199e2c9a83910f8e5" member_type: VOTER last_known_addr { host: "127.19.130.194" port: 35349 } } peers { permanent_uuid: "f8be59d305444afc91a6a4b8b093b2d9" member_type: NON_VOTER last_known_addr { host: "127.19.130.196" port: 34789 } attrs { promote: true } } }
I20260601 13:21:29.550002 20801 raft_consensus.cc:2955] T c36c65f2670a429981de3579ea81deb9 P b4af4d697c074dc0bc7a789b919a1c13 [term 1 FOLLOWER]: Committing config change with OpId 1.2: config changed from index -1 to 2, NON_VOTER f8be59d305444afc91a6a4b8b093b2d9 (127.19.130.196) added. New config: { opid_index: 2 OBSOLETE_local: false peers { permanent_uuid: "b4af4d697c074dc0bc7a789b919a1c13" member_type: VOTER last_known_addr { host: "127.19.130.195" port: 36485 } attrs { replace: true } } peers { permanent_uuid: "0ab3b39954b44fb089f6f7ef8c43345a" member_type: VOTER last_known_addr { host: "127.19.130.193" port: 34237 } } peers { permanent_uuid: "a086e2b50e9f419199e2c9a83910f8e5" member_type: VOTER last_known_addr { host: "127.19.130.194" port: 35349 } } peers { permanent_uuid: "f8be59d305444afc91a6a4b8b093b2d9" member_type: NON_VOTER last_known_addr { host: "127.19.130.196" port: 34789 } attrs { promote: true } } }
I20260601 13:21:29.550104 20650 raft_consensus.cc:2955] T c36c65f2670a429981de3579ea81deb9 P 0ab3b39954b44fb089f6f7ef8c43345a [term 1 FOLLOWER]: Committing config change with OpId 1.2: config changed from index -1 to 2, NON_VOTER f8be59d305444afc91a6a4b8b093b2d9 (127.19.130.196) added. New config: { opid_index: 2 OBSOLETE_local: false peers { permanent_uuid: "b4af4d697c074dc0bc7a789b919a1c13" member_type: VOTER last_known_addr { host: "127.19.130.195" port: 36485 } attrs { replace: true } } peers { permanent_uuid: "0ab3b39954b44fb089f6f7ef8c43345a" member_type: VOTER last_known_addr { host: "127.19.130.193" port: 34237 } } peers { permanent_uuid: "a086e2b50e9f419199e2c9a83910f8e5" member_type: VOTER last_known_addr { host: "127.19.130.194" port: 35349 } } peers { permanent_uuid: "f8be59d305444afc91a6a4b8b093b2d9" member_type: NON_VOTER last_known_addr { host: "127.19.130.196" port: 34789 } attrs { promote: true } } }
I20260601 13:21:29.552569 20545 catalog_manager.cc:5696] T c36c65f2670a429981de3579ea81deb9 P a086e2b50e9f419199e2c9a83910f8e5 reported cstate change: config changed from index -1 to 2, NON_VOTER f8be59d305444afc91a6a4b8b093b2d9 (127.19.130.196) added. New cstate: current_term: 1 leader_uuid: "a086e2b50e9f419199e2c9a83910f8e5" committed_config { opid_index: 2 OBSOLETE_local: false peers { permanent_uuid: "b4af4d697c074dc0bc7a789b919a1c13" member_type: VOTER last_known_addr { host: "127.19.130.195" port: 36485 } attrs { replace: true } health_report { overall_health: HEALTHY } } peers { permanent_uuid: "0ab3b39954b44fb089f6f7ef8c43345a" member_type: VOTER last_known_addr { host: "127.19.130.193" port: 34237 } health_report { overall_health: HEALTHY } } peers { permanent_uuid: "a086e2b50e9f419199e2c9a83910f8e5" member_type: VOTER last_known_addr { host: "127.19.130.194" port: 35349 } health_report { overall_health: HEALTHY } } peers { permanent_uuid: "f8be59d305444afc91a6a4b8b093b2d9" member_type: NON_VOTER last_known_addr { host: "127.19.130.196" port: 34789 } attrs { promote: true } health_report { overall_health: UNKNOWN } } }
W20260601 13:21:29.553861 20690 consensus_peers.cc:597] T c36c65f2670a429981de3579ea81deb9 P a086e2b50e9f419199e2c9a83910f8e5 -> Peer f8be59d305444afc91a6a4b8b093b2d9 (127.19.130.196:34789): Couldn't send request to peer f8be59d305444afc91a6a4b8b093b2d9. Error code: TABLET_NOT_FOUND (6). Status: Not found: Tablet not found: c36c65f2670a429981de3579ea81deb9. This is attempt 1: this message will repeat every 5th retry.
I20260601 13:21:29.557783 20801 consensus_queue.cc:237] T 2343c029f4934126ab310b13aee72759 P b4af4d697c074dc0bc7a789b919a1c13 [LEADER]: Queue going to LEADER mode. State: All replicated index: 0, Majority replicated index: 1, Committed index: 1, Last appended: 1.1, Last appended by leader: 0, Current term: 1, Majority size: 2, State: 0, Mode: LEADER, active raft config: opid_index: 2 OBSOLETE_local: false peers { permanent_uuid: "0ab3b39954b44fb089f6f7ef8c43345a" member_type: VOTER last_known_addr { host: "127.19.130.193" port: 34237 } attrs { replace: true } } peers { permanent_uuid: "a086e2b50e9f419199e2c9a83910f8e5" member_type: VOTER last_known_addr { host: "127.19.130.194" port: 35349 } } peers { permanent_uuid: "b4af4d697c074dc0bc7a789b919a1c13" member_type: VOTER last_known_addr { host: "127.19.130.195" port: 36485 } } peers { permanent_uuid: "f8be59d305444afc91a6a4b8b093b2d9" member_type: NON_VOTER last_known_addr { host: "127.19.130.196" port: 34789 } attrs { promote: true } }
I20260601 13:21:29.559571 20725 raft_consensus.cc:1275] T 2343c029f4934126ab310b13aee72759 P a086e2b50e9f419199e2c9a83910f8e5 [term 1 FOLLOWER]: Refusing update from remote peer b4af4d697c074dc0bc7a789b919a1c13: Log matching property violated. Preceding OpId in replica: term: 1 index: 1. Preceding OpId from leader: term: 1 index: 2. (index mismatch)
I20260601 13:21:29.559931 20650 raft_consensus.cc:1275] T 2343c029f4934126ab310b13aee72759 P 0ab3b39954b44fb089f6f7ef8c43345a [term 1 FOLLOWER]: Refusing update from remote peer b4af4d697c074dc0bc7a789b919a1c13: Log matching property violated. Preceding OpId in replica: term: 1 index: 1. Preceding OpId from leader: term: 1 index: 2. (index mismatch)
I20260601 13:21:29.560287 21009 consensus_queue.cc:1048] T 2343c029f4934126ab310b13aee72759 P b4af4d697c074dc0bc7a789b919a1c13 [LEADER]: Connected to new peer: Peer: permanent_uuid: "a086e2b50e9f419199e2c9a83910f8e5" member_type: VOTER last_known_addr { host: "127.19.130.194" port: 35349 }, Status: LMP_MISMATCH, Last received: 0.0, Next index: 2, Last known committed idx: 1, Time since last communication: 0.000s
I20260601 13:21:29.560491 21010 consensus_queue.cc:1048] T 2343c029f4934126ab310b13aee72759 P b4af4d697c074dc0bc7a789b919a1c13 [LEADER]: Connected to new peer: Peer: permanent_uuid: "0ab3b39954b44fb089f6f7ef8c43345a" member_type: VOTER last_known_addr { host: "127.19.130.193" port: 34237 } attrs { replace: true }, Status: LMP_MISMATCH, Last received: 0.0, Next index: 2, Last known committed idx: 1, Time since last communication: 0.000s
I20260601 13:21:29.562389 21010 raft_consensus.cc:2955] T 2343c029f4934126ab310b13aee72759 P b4af4d697c074dc0bc7a789b919a1c13 [term 1 LEADER]: Committing config change with OpId 1.2: config changed from index -1 to 2, NON_VOTER f8be59d305444afc91a6a4b8b093b2d9 (127.19.130.196) added. New config: { opid_index: 2 OBSOLETE_local: false peers { permanent_uuid: "0ab3b39954b44fb089f6f7ef8c43345a" member_type: VOTER last_known_addr { host: "127.19.130.193" port: 34237 } attrs { replace: true } } peers { permanent_uuid: "a086e2b50e9f419199e2c9a83910f8e5" member_type: VOTER last_known_addr { host: "127.19.130.194" port: 35349 } } peers { permanent_uuid: "b4af4d697c074dc0bc7a789b919a1c13" member_type: VOTER last_known_addr { host: "127.19.130.195" port: 36485 } } peers { permanent_uuid: "f8be59d305444afc91a6a4b8b093b2d9" member_type: NON_VOTER last_known_addr { host: "127.19.130.196" port: 34789 } attrs { promote: true } } }
I20260601 13:21:29.562657 20725 raft_consensus.cc:2955] T 2343c029f4934126ab310b13aee72759 P a086e2b50e9f419199e2c9a83910f8e5 [term 1 FOLLOWER]: Committing config change with OpId 1.2: config changed from index -1 to 2, NON_VOTER f8be59d305444afc91a6a4b8b093b2d9 (127.19.130.196) added. New config: { opid_index: 2 OBSOLETE_local: false peers { permanent_uuid: "0ab3b39954b44fb089f6f7ef8c43345a" member_type: VOTER last_known_addr { host: "127.19.130.193" port: 34237 } attrs { replace: true } } peers { permanent_uuid: "a086e2b50e9f419199e2c9a83910f8e5" member_type: VOTER last_known_addr { host: "127.19.130.194" port: 35349 } } peers { permanent_uuid: "b4af4d697c074dc0bc7a789b919a1c13" member_type: VOTER last_known_addr { host: "127.19.130.195" port: 36485 } } peers { permanent_uuid: "f8be59d305444afc91a6a4b8b093b2d9" member_type: NON_VOTER last_known_addr { host: "127.19.130.196" port: 34789 } attrs { promote: true } } }
I20260601 13:21:29.562837 20650 raft_consensus.cc:2955] T 2343c029f4934126ab310b13aee72759 P 0ab3b39954b44fb089f6f7ef8c43345a [term 1 FOLLOWER]: Committing config change with OpId 1.2: config changed from index -1 to 2, NON_VOTER f8be59d305444afc91a6a4b8b093b2d9 (127.19.130.196) added. New config: { opid_index: 2 OBSOLETE_local: false peers { permanent_uuid: "0ab3b39954b44fb089f6f7ef8c43345a" member_type: VOTER last_known_addr { host: "127.19.130.193" port: 34237 } attrs { replace: true } } peers { permanent_uuid: "a086e2b50e9f419199e2c9a83910f8e5" member_type: VOTER last_known_addr { host: "127.19.130.194" port: 35349 } } peers { permanent_uuid: "b4af4d697c074dc0bc7a789b919a1c13" member_type: VOTER last_known_addr { host: "127.19.130.195" port: 36485 } } peers { permanent_uuid: "f8be59d305444afc91a6a4b8b093b2d9" member_type: NON_VOTER last_known_addr { host: "127.19.130.196" port: 34789 } attrs { promote: true } } }
I20260601 13:21:29.564699 20546 catalog_manager.cc:5696] T 2343c029f4934126ab310b13aee72759 P b4af4d697c074dc0bc7a789b919a1c13 reported cstate change: config changed from index -1 to 2, NON_VOTER f8be59d305444afc91a6a4b8b093b2d9 (127.19.130.196) added. New cstate: current_term: 1 leader_uuid: "b4af4d697c074dc0bc7a789b919a1c13" committed_config { opid_index: 2 OBSOLETE_local: false peers { permanent_uuid: "0ab3b39954b44fb089f6f7ef8c43345a" member_type: VOTER last_known_addr { host: "127.19.130.193" port: 34237 } attrs { replace: true } health_report { overall_health: HEALTHY } } peers { permanent_uuid: "a086e2b50e9f419199e2c9a83910f8e5" member_type: VOTER last_known_addr { host: "127.19.130.194" port: 35349 } health_report { overall_health: HEALTHY } } peers { permanent_uuid: "b4af4d697c074dc0bc7a789b919a1c13" member_type: VOTER last_known_addr { host: "127.19.130.195" port: 36485 } health_report { overall_health: HEALTHY } } peers { permanent_uuid: "f8be59d305444afc91a6a4b8b093b2d9" member_type: NON_VOTER last_known_addr { host: "127.19.130.196" port: 34789 } attrs { promote: true } health_report { overall_health: UNKNOWN } } }
W20260601 13:21:29.565968 20765 consensus_peers.cc:597] T 2343c029f4934126ab310b13aee72759 P b4af4d697c074dc0bc7a789b919a1c13 -> Peer f8be59d305444afc91a6a4b8b093b2d9 (127.19.130.196:34789): Couldn't send request to peer f8be59d305444afc91a6a4b8b093b2d9. Error code: TABLET_NOT_FOUND (6). Status: Not found: Tablet not found: 2343c029f4934126ab310b13aee72759. This is attempt 1: this message will repeat every 5th retry.
I20260601 13:21:29.570642 20650 consensus_queue.cc:237] T b54e0161fa6f4f41a5cf58954e76849c P 0ab3b39954b44fb089f6f7ef8c43345a [LEADER]: Queue going to LEADER mode. State: All replicated index: 0, Majority replicated index: 1, Committed index: 1, Last appended: 1.1, Last appended by leader: 0, Current term: 1, Majority size: 2, State: 0, Mode: LEADER, active raft config: opid_index: 2 OBSOLETE_local: false peers { permanent_uuid: "0ab3b39954b44fb089f6f7ef8c43345a" member_type: VOTER last_known_addr { host: "127.19.130.193" port: 34237 } } peers { permanent_uuid: "a086e2b50e9f419199e2c9a83910f8e5" member_type: VOTER last_known_addr { host: "127.19.130.194" port: 35349 } attrs { replace: true } } peers { permanent_uuid: "b4af4d697c074dc0bc7a789b919a1c13" member_type: VOTER last_known_addr { host: "127.19.130.195" port: 36485 } } peers { permanent_uuid: "f8be59d305444afc91a6a4b8b093b2d9" member_type: NON_VOTER last_known_addr { host: "127.19.130.196" port: 34789 } attrs { promote: true } }
I20260601 13:21:29.572306 20801 raft_consensus.cc:1275] T b54e0161fa6f4f41a5cf58954e76849c P b4af4d697c074dc0bc7a789b919a1c13 [term 1 FOLLOWER]: Refusing update from remote peer 0ab3b39954b44fb089f6f7ef8c43345a: Log matching property violated. Preceding OpId in replica: term: 1 index: 1. Preceding OpId from leader: term: 1 index: 2. (index mismatch)
