I20260601 13:35:05.823422  3639 raft_consensus.cc:2468] T 4817d944d6db4ac8ba7e8be15a6ba5c3 P 1b4f3ac272704d33bbd49930af696932 [term 0 FOLLOWER]: Leader pre-election vote request: Granting yes vote for candidate 55d00d92e94d4a66be9182d5b76d7653 in term 0.
I20260601 13:35:05.823422  3715 raft_consensus.cc:2468] T 4817d944d6db4ac8ba7e8be15a6ba5c3 P b95b2b88161849e491ef2c24d7666b14 [term 0 FOLLOWER]: Leader pre-election vote request: Granting yes vote for candidate 55d00d92e94d4a66be9182d5b76d7653 in term 0.
I20260601 13:35:05.823768  3756 leader_election.cc:304] T 4817d944d6db4ac8ba7e8be15a6ba5c3 P 55d00d92e94d4a66be9182d5b76d7653 [CANDIDATE]: Term 1 pre-election: Election decided. Result: candidate won. Election summary: received 2 responses out of 3 voters: 2 yes votes; 0 no votes. yes voters: 1b4f3ac272704d33bbd49930af696932, 55d00d92e94d4a66be9182d5b76d7653; no voters: 
I20260601 13:35:05.824031  3864 raft_consensus.cc:2804] T 4817d944d6db4ac8ba7e8be15a6ba5c3 P 55d00d92e94d4a66be9182d5b76d7653 [term 0 FOLLOWER]: Leader pre-election won for term 1
I20260601 13:35:05.824126  3864 raft_consensus.cc:493] T 4817d944d6db4ac8ba7e8be15a6ba5c3 P 55d00d92e94d4a66be9182d5b76d7653 [term 0 FOLLOWER]: Starting leader election (no leader contacted us within the election timeout)
I20260601 13:35:05.824189  3864 raft_consensus.cc:3060] T 4817d944d6db4ac8ba7e8be15a6ba5c3 P 55d00d92e94d4a66be9182d5b76d7653 [term 0 FOLLOWER]: Advancing to term 1
I20260601 13:35:05.825116  3864 raft_consensus.cc:515] T 4817d944d6db4ac8ba7e8be15a6ba5c3 P 55d00d92e94d4a66be9182d5b76d7653 [term 1 FOLLOWER]: Starting leader election with config: opid_index: -1 OBSOLETE_local: false peers { permanent_uuid: "1b4f3ac272704d33bbd49930af696932" member_type: VOTER last_known_addr { host: "127.0.172.1" port: 41569 } } peers { permanent_uuid: "b95b2b88161849e491ef2c24d7666b14" member_type: VOTER last_known_addr { host: "127.0.172.2" port: 42387 } } peers { permanent_uuid: "55d00d92e94d4a66be9182d5b76d7653" member_type: VOTER last_known_addr { host: "127.0.172.3" port: 40065 } }
I20260601 13:35:05.825489  3864 leader_election.cc:290] T 4817d944d6db4ac8ba7e8be15a6ba5c3 P 55d00d92e94d4a66be9182d5b76d7653 [CANDIDATE]: Term 1 election: Requested vote from peers 1b4f3ac272704d33bbd49930af696932 (127.0.172.1:41569), b95b2b88161849e491ef2c24d7666b14 (127.0.172.2:42387)
I20260601 13:35:05.825800  3715 tablet_service.cc:1917] Received RequestConsensusVote() RPC: tablet_id: "4817d944d6db4ac8ba7e8be15a6ba5c3" candidate_uuid: "55d00d92e94d4a66be9182d5b76d7653" candidate_term: 1 candidate_status { last_received { term: 0 index: 0 } } ignore_live_leader: false dest_uuid: "b95b2b88161849e491ef2c24d7666b14"
I20260601 13:35:05.825822  3639 tablet_service.cc:1917] Received RequestConsensusVote() RPC: tablet_id: "4817d944d6db4ac8ba7e8be15a6ba5c3" candidate_uuid: "55d00d92e94d4a66be9182d5b76d7653" candidate_term: 1 candidate_status { last_received { term: 0 index: 0 } } ignore_live_leader: false dest_uuid: "1b4f3ac272704d33bbd49930af696932"
I20260601 13:35:05.825948  3639 raft_consensus.cc:3060] T 4817d944d6db4ac8ba7e8be15a6ba5c3 P 1b4f3ac272704d33bbd49930af696932 [term 0 FOLLOWER]: Advancing to term 1
I20260601 13:35:05.825948  3715 raft_consensus.cc:3060] T 4817d944d6db4ac8ba7e8be15a6ba5c3 P b95b2b88161849e491ef2c24d7666b14 [term 0 FOLLOWER]: Advancing to term 1
I20260601 13:35:05.826910  3715 raft_consensus.cc:2468] T 4817d944d6db4ac8ba7e8be15a6ba5c3 P b95b2b88161849e491ef2c24d7666b14 [term 1 FOLLOWER]: Leader election vote request: Granting yes vote for candidate 55d00d92e94d4a66be9182d5b76d7653 in term 1.
I20260601 13:35:05.826910  3639 raft_consensus.cc:2468] T 4817d944d6db4ac8ba7e8be15a6ba5c3 P 1b4f3ac272704d33bbd49930af696932 [term 1 FOLLOWER]: Leader election vote request: Granting yes vote for candidate 55d00d92e94d4a66be9182d5b76d7653 in term 1.
I20260601 13:35:05.827292  3756 leader_election.cc:304] T 4817d944d6db4ac8ba7e8be15a6ba5c3 P 55d00d92e94d4a66be9182d5b76d7653 [CANDIDATE]: Term 1 election: Election decided. Result: candidate won. Election summary: received 2 responses out of 3 voters: 2 yes votes; 0 no votes. yes voters: 1b4f3ac272704d33bbd49930af696932, 55d00d92e94d4a66be9182d5b76d7653; no voters: 
I20260601 13:35:05.827499  3864 raft_consensus.cc:2804] T 4817d944d6db4ac8ba7e8be15a6ba5c3 P 55d00d92e94d4a66be9182d5b76d7653 [term 1 FOLLOWER]: Leader election won for term 1
I20260601 13:35:05.827639  3864 raft_consensus.cc:697] T 4817d944d6db4ac8ba7e8be15a6ba5c3 P 55d00d92e94d4a66be9182d5b76d7653 [term 1 LEADER]: Becoming Leader. State: Replica: 55d00d92e94d4a66be9182d5b76d7653, State: Running, Role: LEADER
I20260601 13:35:05.827793  3864 consensus_queue.cc:237] T 4817d944d6db4ac8ba7e8be15a6ba5c3 P 55d00d92e94d4a66be9182d5b76d7653 [LEADER]: Queue going to LEADER mode. State: All replicated index: 0, Majority replicated index: 0, Committed index: 0, Last appended: 0.0, Last appended by leader: 0, Current term: 1, Majority size: 2, State: 0, Mode: LEADER, active raft config: opid_index: -1 OBSOLETE_local: false peers { permanent_uuid: "1b4f3ac272704d33bbd49930af696932" member_type: VOTER last_known_addr { host: "127.0.172.1" port: 41569 } } peers { permanent_uuid: "b95b2b88161849e491ef2c24d7666b14" member_type: VOTER last_known_addr { host: "127.0.172.2" port: 42387 } } peers { permanent_uuid: "55d00d92e94d4a66be9182d5b76d7653" member_type: VOTER last_known_addr { host: "127.0.172.3" port: 40065 } }
I20260601 13:35:05.829556  3535 catalog_manager.cc:5696] T 4817d944d6db4ac8ba7e8be15a6ba5c3 P 55d00d92e94d4a66be9182d5b76d7653 reported cstate change: term changed from 0 to 1, leader changed from <none> to 55d00d92e94d4a66be9182d5b76d7653 (127.0.172.3). New cstate: current_term: 1 leader_uuid: "55d00d92e94d4a66be9182d5b76d7653" committed_config { opid_index: -1 OBSOLETE_local: false peers { permanent_uuid: "1b4f3ac272704d33bbd49930af696932" member_type: VOTER last_known_addr { host: "127.0.172.1" port: 41569 } health_report { overall_health: UNKNOWN } } peers { permanent_uuid: "b95b2b88161849e491ef2c24d7666b14" member_type: VOTER last_known_addr { host: "127.0.172.2" port: 42387 } health_report { overall_health: UNKNOWN } } peers { permanent_uuid: "55d00d92e94d4a66be9182d5b76d7653" member_type: VOTER last_known_addr { host: "127.0.172.3" port: 40065 } health_report { overall_health: HEALTHY } } }
I20260601 13:35:05.834311  3846 raft_consensus.cc:493] T aad8b11ab3904f959925b0879cd0a833 P b95b2b88161849e491ef2c24d7666b14 [term 0 FOLLOWER]: Starting pre-election (no leader contacted us within the election timeout)
I20260601 13:35:05.834484  3846 raft_consensus.cc:515] T aad8b11ab3904f959925b0879cd0a833 P b95b2b88161849e491ef2c24d7666b14 [term 0 FOLLOWER]: Starting pre-election with config: opid_index: -1 OBSOLETE_local: false peers { permanent_uuid: "1b4f3ac272704d33bbd49930af696932" member_type: VOTER last_known_addr { host: "127.0.172.1" port: 41569 } } peers { permanent_uuid: "b95b2b88161849e491ef2c24d7666b14" member_type: VOTER last_known_addr { host: "127.0.172.2" port: 42387 } } peers { permanent_uuid: "55d00d92e94d4a66be9182d5b76d7653" member_type: VOTER last_known_addr { host: "127.0.172.3" port: 40065 } }
I20260601 13:35:05.834935  3846 leader_election.cc:290] T aad8b11ab3904f959925b0879cd0a833 P b95b2b88161849e491ef2c24d7666b14 [CANDIDATE]: Term 1 pre-election: Requested pre-vote from peers 1b4f3ac272704d33bbd49930af696932 (127.0.172.1:41569), 55d00d92e94d4a66be9182d5b76d7653 (127.0.172.3:40065)
I20260601 13:35:05.835534  3639 tablet_service.cc:1917] Received RequestConsensusVote() RPC: tablet_id: "aad8b11ab3904f959925b0879cd0a833" candidate_uuid: "b95b2b88161849e491ef2c24d7666b14" candidate_term: 1 candidate_status { last_received { term: 0 index: 0 } } ignore_live_leader: false dest_uuid: "1b4f3ac272704d33bbd49930af696932" is_pre_election: true
I20260601 13:35:05.835549  3790 tablet_service.cc:1917] Received RequestConsensusVote() RPC: tablet_id: "aad8b11ab3904f959925b0879cd0a833" candidate_uuid: "b95b2b88161849e491ef2c24d7666b14" candidate_term: 1 candidate_status { last_received { term: 0 index: 0 } } ignore_live_leader: false dest_uuid: "55d00d92e94d4a66be9182d5b76d7653" is_pre_election: true
I20260601 13:35:05.835703  3639 raft_consensus.cc:2468] T aad8b11ab3904f959925b0879cd0a833 P 1b4f3ac272704d33bbd49930af696932 [term 0 FOLLOWER]: Leader pre-election vote request: Granting yes vote for candidate b95b2b88161849e491ef2c24d7666b14 in term 0.
I20260601 13:35:05.835744  3790 raft_consensus.cc:2468] T aad8b11ab3904f959925b0879cd0a833 P 55d00d92e94d4a66be9182d5b76d7653 [term 0 FOLLOWER]: Leader pre-election vote request: Granting yes vote for candidate b95b2b88161849e491ef2c24d7666b14 in term 0.
I20260601 13:35:05.836014  3680 leader_election.cc:304] T aad8b11ab3904f959925b0879cd0a833 P b95b2b88161849e491ef2c24d7666b14 [CANDIDATE]: Term 1 pre-election: Election decided. Result: candidate won. Election summary: received 2 responses out of 3 voters: 2 yes votes; 0 no votes. yes voters: 55d00d92e94d4a66be9182d5b76d7653, b95b2b88161849e491ef2c24d7666b14; no voters: 
I20260601 13:35:05.836336  3846 raft_consensus.cc:2804] T aad8b11ab3904f959925b0879cd0a833 P b95b2b88161849e491ef2c24d7666b14 [term 0 FOLLOWER]: Leader pre-election won for term 1
I20260601 13:35:05.836409  3846 raft_consensus.cc:493] T aad8b11ab3904f959925b0879cd0a833 P b95b2b88161849e491ef2c24d7666b14 [term 0 FOLLOWER]: Starting leader election (no leader contacted us within the election timeout)
I20260601 13:35:05.836467  3846 raft_consensus.cc:3060] T aad8b11ab3904f959925b0879cd0a833 P b95b2b88161849e491ef2c24d7666b14 [term 0 FOLLOWER]: Advancing to term 1
I20260601 13:35:05.837272  3846 raft_consensus.cc:515] T aad8b11ab3904f959925b0879cd0a833 P b95b2b88161849e491ef2c24d7666b14 [term 1 FOLLOWER]: Starting leader election with config: opid_index: -1 OBSOLETE_local: false peers { permanent_uuid: "1b4f3ac272704d33bbd49930af696932" member_type: VOTER last_known_addr { host: "127.0.172.1" port: 41569 } } peers { permanent_uuid: "b95b2b88161849e491ef2c24d7666b14" member_type: VOTER last_known_addr { host: "127.0.172.2" port: 42387 } } peers { permanent_uuid: "55d00d92e94d4a66be9182d5b76d7653" member_type: VOTER last_known_addr { host: "127.0.172.3" port: 40065 } }
I20260601 13:35:05.837637  3846 leader_election.cc:290] T aad8b11ab3904f959925b0879cd0a833 P b95b2b88161849e491ef2c24d7666b14 [CANDIDATE]: Term 1 election: Requested vote from peers 1b4f3ac272704d33bbd49930af696932 (127.0.172.1:41569), 55d00d92e94d4a66be9182d5b76d7653 (127.0.172.3:40065)
I20260601 13:35:05.838078  3790 tablet_service.cc:1917] Received RequestConsensusVote() RPC: tablet_id: "aad8b11ab3904f959925b0879cd0a833" candidate_uuid: "b95b2b88161849e491ef2c24d7666b14" candidate_term: 1 candidate_status { last_received { term: 0 index: 0 } } ignore_live_leader: false dest_uuid: "55d00d92e94d4a66be9182d5b76d7653"
I20260601 13:35:05.838186  3790 raft_consensus.cc:3060] T aad8b11ab3904f959925b0879cd0a833 P 55d00d92e94d4a66be9182d5b76d7653 [term 0 FOLLOWER]: Advancing to term 1
I20260601 13:35:05.839087  3790 raft_consensus.cc:2468] T aad8b11ab3904f959925b0879cd0a833 P 55d00d92e94d4a66be9182d5b76d7653 [term 1 FOLLOWER]: Leader election vote request: Granting yes vote for candidate b95b2b88161849e491ef2c24d7666b14 in term 1.
I20260601 13:35:05.839347  3639 tablet_service.cc:1917] Received RequestConsensusVote() RPC: tablet_id: "aad8b11ab3904f959925b0879cd0a833" candidate_uuid: "b95b2b88161849e491ef2c24d7666b14" candidate_term: 1 candidate_status { last_received { term: 0 index: 0 } } ignore_live_leader: false dest_uuid: "1b4f3ac272704d33bbd49930af696932"
I20260601 13:35:05.839422  3680 leader_election.cc:304] T aad8b11ab3904f959925b0879cd0a833 P b95b2b88161849e491ef2c24d7666b14 [CANDIDATE]: Term 1 election: Election decided. Result: candidate won. Election summary: received 2 responses out of 3 voters: 2 yes votes; 0 no votes. yes voters: 55d00d92e94d4a66be9182d5b76d7653, b95b2b88161849e491ef2c24d7666b14; no voters: 
I20260601 13:35:05.839462  3639 raft_consensus.cc:3060] T aad8b11ab3904f959925b0879cd0a833 P 1b4f3ac272704d33bbd49930af696932 [term 0 FOLLOWER]: Advancing to term 1
I20260601 13:35:05.839628  3846 raft_consensus.cc:2804] T aad8b11ab3904f959925b0879cd0a833 P b95b2b88161849e491ef2c24d7666b14 [term 1 FOLLOWER]: Leader election won for term 1
I20260601 13:35:05.839771  3846 raft_consensus.cc:697] T aad8b11ab3904f959925b0879cd0a833 P b95b2b88161849e491ef2c24d7666b14 [term 1 LEADER]: Becoming Leader. State: Replica: b95b2b88161849e491ef2c24d7666b14, State: Running, Role: LEADER
I20260601 13:35:05.839919  3846 consensus_queue.cc:237] T aad8b11ab3904f959925b0879cd0a833 P b95b2b88161849e491ef2c24d7666b14 [LEADER]: Queue going to LEADER mode. State: All replicated index: 0, Majority replicated index: 0, Committed index: 0, Last appended: 0.0, Last appended by leader: 0, Current term: 1, Majority size: 2, State: 0, Mode: LEADER, active raft config: opid_index: -1 OBSOLETE_local: false peers { permanent_uuid: "1b4f3ac272704d33bbd49930af696932" member_type: VOTER last_known_addr { host: "127.0.172.1" port: 41569 } } peers { permanent_uuid: "b95b2b88161849e491ef2c24d7666b14" member_type: VOTER last_known_addr { host: "127.0.172.2" port: 42387 } } peers { permanent_uuid: "55d00d92e94d4a66be9182d5b76d7653" member_type: VOTER last_known_addr { host: "127.0.172.3" port: 40065 } }
I20260601 13:35:05.840389  3639 raft_consensus.cc:2468] T aad8b11ab3904f959925b0879cd0a833 P 1b4f3ac272704d33bbd49930af696932 [term 1 FOLLOWER]: Leader election vote request: Granting yes vote for candidate b95b2b88161849e491ef2c24d7666b14 in term 1.
I20260601 13:35:05.841745  3535 catalog_manager.cc:5696] T aad8b11ab3904f959925b0879cd0a833 P b95b2b88161849e491ef2c24d7666b14 reported cstate change: term changed from 0 to 1, leader changed from <none> to b95b2b88161849e491ef2c24d7666b14 (127.0.172.2). New cstate: current_term: 1 leader_uuid: "b95b2b88161849e491ef2c24d7666b14" committed_config { opid_index: -1 OBSOLETE_local: false peers { permanent_uuid: "1b4f3ac272704d33bbd49930af696932" member_type: VOTER last_known_addr { host: "127.0.172.1" port: 41569 } health_report { overall_health: UNKNOWN } } peers { permanent_uuid: "b95b2b88161849e491ef2c24d7666b14" member_type: VOTER last_known_addr { host: "127.0.172.2" port: 42387 } health_report { overall_health: HEALTHY } } peers { permanent_uuid: "55d00d92e94d4a66be9182d5b76d7653" member_type: VOTER last_known_addr { host: "127.0.172.3" port: 40065 } health_report { overall_health: UNKNOWN } } }
I20260601 13:35:05.919235  3845 raft_consensus.cc:493] T 47f4512841f84083ab49b61a035409d5 P 1b4f3ac272704d33bbd49930af696932 [term 0 FOLLOWER]: Starting pre-election (no leader contacted us within the election timeout)
I20260601 13:35:05.919399  3845 raft_consensus.cc:515] T 47f4512841f84083ab49b61a035409d5 P 1b4f3ac272704d33bbd49930af696932 [term 0 FOLLOWER]: Starting pre-election with config: opid_index: -1 OBSOLETE_local: false peers { permanent_uuid: "55d00d92e94d4a66be9182d5b76d7653" member_type: VOTER last_known_addr { host: "127.0.172.3" port: 40065 } } peers { permanent_uuid: "b95b2b88161849e491ef2c24d7666b14" member_type: VOTER last_known_addr { host: "127.0.172.2" port: 42387 } } peers { permanent_uuid: "1b4f3ac272704d33bbd49930af696932" member_type: VOTER last_known_addr { host: "127.0.172.1" port: 41569 } }
I20260601 13:35:05.919927  3845 leader_election.cc:290] T 47f4512841f84083ab49b61a035409d5 P 1b4f3ac272704d33bbd49930af696932 [CANDIDATE]: Term 1 pre-election: Requested pre-vote from peers 55d00d92e94d4a66be9182d5b76d7653 (127.0.172.3:40065), b95b2b88161849e491ef2c24d7666b14 (127.0.172.2:42387)
I20260601 13:35:05.920426  3715 tablet_service.cc:1917] Received RequestConsensusVote() RPC: tablet_id: "47f4512841f84083ab49b61a035409d5" candidate_uuid: "1b4f3ac272704d33bbd49930af696932" candidate_term: 1 candidate_status { last_received { term: 0 index: 0 } } ignore_live_leader: false dest_uuid: "b95b2b88161849e491ef2c24d7666b14" is_pre_election: true
I20260601 13:35:05.920426  3790 tablet_service.cc:1917] Received RequestConsensusVote() RPC: tablet_id: "47f4512841f84083ab49b61a035409d5" candidate_uuid: "1b4f3ac272704d33bbd49930af696932" candidate_term: 1 candidate_status { last_received { term: 0 index: 0 } } ignore_live_leader: false dest_uuid: "55d00d92e94d4a66be9182d5b76d7653" is_pre_election: true
I20260601 13:35:05.920606  3715 raft_consensus.cc:2468] T 47f4512841f84083ab49b61a035409d5 P b95b2b88161849e491ef2c24d7666b14 [term 0 FOLLOWER]: Leader pre-election vote request: Granting yes vote for candidate 1b4f3ac272704d33bbd49930af696932 in term 0.
I20260601 13:35:05.920606  3790 raft_consensus.cc:2468] T 47f4512841f84083ab49b61a035409d5 P 55d00d92e94d4a66be9182d5b76d7653 [term 0 FOLLOWER]: Leader pre-election vote request: Granting yes vote for candidate 1b4f3ac272704d33bbd49930af696932 in term 0.
I20260601 13:35:05.920959  3604 leader_election.cc:304] T 47f4512841f84083ab49b61a035409d5 P 1b4f3ac272704d33bbd49930af696932 [CANDIDATE]: Term 1 pre-election: Election decided. Result: candidate won. Election summary: received 2 responses out of 3 voters: 2 yes votes; 0 no votes. yes voters: 1b4f3ac272704d33bbd49930af696932, 55d00d92e94d4a66be9182d5b76d7653; no voters: 
I20260601 13:35:05.921181  3845 raft_consensus.cc:2804] T 47f4512841f84083ab49b61a035409d5 P 1b4f3ac272704d33bbd49930af696932 [term 0 FOLLOWER]: Leader pre-election won for term 1
I20260601 13:35:05.921244  3845 raft_consensus.cc:493] T 47f4512841f84083ab49b61a035409d5 P 1b4f3ac272704d33bbd49930af696932 [term 0 FOLLOWER]: Starting leader election (no leader contacted us within the election timeout)
I20260601 13:35:05.921272  3845 raft_consensus.cc:3060] T 47f4512841f84083ab49b61a035409d5 P 1b4f3ac272704d33bbd49930af696932 [term 0 FOLLOWER]: Advancing to term 1
I20260601 13:35:05.922138  3845 raft_consensus.cc:515] T 47f4512841f84083ab49b61a035409d5 P 1b4f3ac272704d33bbd49930af696932 [term 1 FOLLOWER]: Starting leader election with config: opid_index: -1 OBSOLETE_local: false peers { permanent_uuid: "55d00d92e94d4a66be9182d5b76d7653" member_type: VOTER last_known_addr { host: "127.0.172.3" port: 40065 } } peers { permanent_uuid: "b95b2b88161849e491ef2c24d7666b14" member_type: VOTER last_known_addr { host: "127.0.172.2" port: 42387 } } peers { permanent_uuid: "1b4f3ac272704d33bbd49930af696932" member_type: VOTER last_known_addr { host: "127.0.172.1" port: 41569 } }
I20260601 13:35:05.922525  3845 leader_election.cc:290] T 47f4512841f84083ab49b61a035409d5 P 1b4f3ac272704d33bbd49930af696932 [CANDIDATE]: Term 1 election: Requested vote from peers 55d00d92e94d4a66be9182d5b76d7653 (127.0.172.3:40065), b95b2b88161849e491ef2c24d7666b14 (127.0.172.2:42387)
I20260601 13:35:05.922904  3715 tablet_service.cc:1917] Received RequestConsensusVote() RPC: tablet_id: "47f4512841f84083ab49b61a035409d5" candidate_uuid: "1b4f3ac272704d33bbd49930af696932" candidate_term: 1 candidate_status { last_received { term: 0 index: 0 } } ignore_live_leader: false dest_uuid: "b95b2b88161849e491ef2c24d7666b14"
I20260601 13:35:05.922911  3790 tablet_service.cc:1917] Received RequestConsensusVote() RPC: tablet_id: "47f4512841f84083ab49b61a035409d5" candidate_uuid: "1b4f3ac272704d33bbd49930af696932" candidate_term: 1 candidate_status { last_received { term: 0 index: 0 } } ignore_live_leader: false dest_uuid: "55d00d92e94d4a66be9182d5b76d7653"
I20260601 13:35:05.923019  3715 raft_consensus.cc:3060] T 47f4512841f84083ab49b61a035409d5 P b95b2b88161849e491ef2c24d7666b14 [term 0 FOLLOWER]: Advancing to term 1
I20260601 13:35:05.923098  3790 raft_consensus.cc:3060] T 47f4512841f84083ab49b61a035409d5 P 55d00d92e94d4a66be9182d5b76d7653 [term 0 FOLLOWER]: Advancing to term 1
I20260601 13:35:05.923835  3715 raft_consensus.cc:2468] T 47f4512841f84083ab49b61a035409d5 P b95b2b88161849e491ef2c24d7666b14 [term 1 FOLLOWER]: Leader election vote request: Granting yes vote for candidate 1b4f3ac272704d33bbd49930af696932 in term 1.
I20260601 13:35:05.923843  3790 raft_consensus.cc:2468] T 47f4512841f84083ab49b61a035409d5 P 55d00d92e94d4a66be9182d5b76d7653 [term 1 FOLLOWER]: Leader election vote request: Granting yes vote for candidate 1b4f3ac272704d33bbd49930af696932 in term 1.
I20260601 13:35:05.924129  3602 leader_election.cc:304] T 47f4512841f84083ab49b61a035409d5 P 1b4f3ac272704d33bbd49930af696932 [CANDIDATE]: Term 1 election: Election decided. Result: candidate won. Election summary: received 2 responses out of 3 voters: 2 yes votes; 0 no votes. yes voters: 1b4f3ac272704d33bbd49930af696932, b95b2b88161849e491ef2c24d7666b14; no voters: 
I20260601 13:35:05.924352  3845 raft_consensus.cc:2804] T 47f4512841f84083ab49b61a035409d5 P 1b4f3ac272704d33bbd49930af696932 [term 1 FOLLOWER]: Leader election won for term 1
I20260601 13:35:05.924431  3845 raft_consensus.cc:697] T 47f4512841f84083ab49b61a035409d5 P 1b4f3ac272704d33bbd49930af696932 [term 1 LEADER]: Becoming Leader. State: Replica: 1b4f3ac272704d33bbd49930af696932, State: Running, Role: LEADER
I20260601 13:35:05.924584  3845 consensus_queue.cc:237] T 47f4512841f84083ab49b61a035409d5 P 1b4f3ac272704d33bbd49930af696932 [LEADER]: Queue going to LEADER mode. State: All replicated index: 0, Majority replicated index: 0, Committed index: 0, Last appended: 0.0, Last appended by leader: 0, Current term: 1, Majority size: 2, State: 0, Mode: LEADER, active raft config: opid_index: -1 OBSOLETE_local: false peers { permanent_uuid: "55d00d92e94d4a66be9182d5b76d7653" member_type: VOTER last_known_addr { host: "127.0.172.3" port: 40065 } } peers { permanent_uuid: "b95b2b88161849e491ef2c24d7666b14" member_type: VOTER last_known_addr { host: "127.0.172.2" port: 42387 } } peers { permanent_uuid: "1b4f3ac272704d33bbd49930af696932" member_type: VOTER last_known_addr { host: "127.0.172.1" port: 41569 } }
I20260601 13:35:05.926612  3535 catalog_manager.cc:5696] T 47f4512841f84083ab49b61a035409d5 P 1b4f3ac272704d33bbd49930af696932 reported cstate change: term changed from 0 to 1, leader changed from <none> to 1b4f3ac272704d33bbd49930af696932 (127.0.172.1). New cstate: current_term: 1 leader_uuid: "1b4f3ac272704d33bbd49930af696932" committed_config { opid_index: -1 OBSOLETE_local: false peers { permanent_uuid: "55d00d92e94d4a66be9182d5b76d7653" member_type: VOTER last_known_addr { host: "127.0.172.3" port: 40065 } health_report { overall_health: UNKNOWN } } peers { permanent_uuid: "b95b2b88161849e491ef2c24d7666b14" member_type: VOTER last_known_addr { host: "127.0.172.2" port: 42387 } health_report { overall_health: UNKNOWN } } peers { permanent_uuid: "1b4f3ac272704d33bbd49930af696932" member_type: VOTER last_known_addr { host: "127.0.172.1" port: 41569 } health_report { overall_health: HEALTHY } } }
I20260601 13:35:05.967659  3846 raft_consensus.cc:493] T 0acbd24949f747729e1c191b2c530429 P b95b2b88161849e491ef2c24d7666b14 [term 0 FOLLOWER]: Starting pre-election (no leader contacted us within the election timeout)
I20260601 13:35:05.967818  3846 raft_consensus.cc:515] T 0acbd24949f747729e1c191b2c530429 P b95b2b88161849e491ef2c24d7666b14 [term 0 FOLLOWER]: Starting pre-election with config: opid_index: -1 OBSOLETE_local: false peers { permanent_uuid: "1b4f3ac272704d33bbd49930af696932" member_type: VOTER last_known_addr { host: "127.0.172.1" port: 41569 } } peers { permanent_uuid: "b95b2b88161849e491ef2c24d7666b14" member_type: VOTER last_known_addr { host: "127.0.172.2" port: 42387 } } peers { permanent_uuid: "55d00d92e94d4a66be9182d5b76d7653" member_type: VOTER last_known_addr { host: "127.0.172.3" port: 40065 } }
I20260601 13:35:05.968405  3846 leader_election.cc:290] T 0acbd24949f747729e1c191b2c530429 P b95b2b88161849e491ef2c24d7666b14 [CANDIDATE]: Term 1 pre-election: Requested pre-vote from peers 1b4f3ac272704d33bbd49930af696932 (127.0.172.1:41569), 55d00d92e94d4a66be9182d5b76d7653 (127.0.172.3:40065)
I20260601 13:35:05.968941  3639 tablet_service.cc:1917] Received RequestConsensusVote() RPC: tablet_id: "0acbd24949f747729e1c191b2c530429" candidate_uuid: "b95b2b88161849e491ef2c24d7666b14" candidate_term: 1 candidate_status { last_received { term: 0 index: 0 } } ignore_live_leader: false dest_uuid: "1b4f3ac272704d33bbd49930af696932" is_pre_election: true
I20260601 13:35:05.968953  3790 tablet_service.cc:1917] Received RequestConsensusVote() RPC: tablet_id: "0acbd24949f747729e1c191b2c530429" candidate_uuid: "b95b2b88161849e491ef2c24d7666b14" candidate_term: 1 candidate_status { last_received { term: 0 index: 0 } } ignore_live_leader: false dest_uuid: "55d00d92e94d4a66be9182d5b76d7653" is_pre_election: true
I20260601 13:35:05.969172  3639 raft_consensus.cc:2468] T 0acbd24949f747729e1c191b2c530429 P 1b4f3ac272704d33bbd49930af696932 [term 0 FOLLOWER]: Leader pre-election vote request: Granting yes vote for candidate b95b2b88161849e491ef2c24d7666b14 in term 0.
I20260601 13:35:05.969187  3790 raft_consensus.cc:2468] T 0acbd24949f747729e1c191b2c530429 P 55d00d92e94d4a66be9182d5b76d7653 [term 0 FOLLOWER]: Leader pre-election vote request: Granting yes vote for candidate b95b2b88161849e491ef2c24d7666b14 in term 0.
I20260601 13:35:05.969507  3680 leader_election.cc:304] T 0acbd24949f747729e1c191b2c530429 P b95b2b88161849e491ef2c24d7666b14 [CANDIDATE]: Term 1 pre-election: Election decided. Result: candidate won. Election summary: received 2 responses out of 3 voters: 2 yes votes; 0 no votes. yes voters: 55d00d92e94d4a66be9182d5b76d7653, b95b2b88161849e491ef2c24d7666b14; no voters: 
I20260601 13:35:05.969738  3846 raft_consensus.cc:2804] T 0acbd24949f747729e1c191b2c530429 P b95b2b88161849e491ef2c24d7666b14 [term 0 FOLLOWER]: Leader pre-election won for term 1
I20260601 13:35:05.969799  3846 raft_consensus.cc:493] T 0acbd24949f747729e1c191b2c530429 P b95b2b88161849e491ef2c24d7666b14 [term 0 FOLLOWER]: Starting leader election (no leader contacted us within the election timeout)
I20260601 13:35:05.969847  3846 raft_consensus.cc:3060] T 0acbd24949f747729e1c191b2c530429 P b95b2b88161849e491ef2c24d7666b14 [term 0 FOLLOWER]: Advancing to term 1
I20260601 13:35:05.970801  3846 raft_consensus.cc:515] T 0acbd24949f747729e1c191b2c530429 P b95b2b88161849e491ef2c24d7666b14 [term 1 FOLLOWER]: Starting leader election with config: opid_index: -1 OBSOLETE_local: false peers { permanent_uuid: "1b4f3ac272704d33bbd49930af696932" member_type: VOTER last_known_addr { host: "127.0.172.1" port: 41569 } } peers { permanent_uuid: "b95b2b88161849e491ef2c24d7666b14" member_type: VOTER last_known_addr { host: "127.0.172.2" port: 42387 } } peers { permanent_uuid: "55d00d92e94d4a66be9182d5b76d7653" member_type: VOTER last_known_addr { host: "127.0.172.3" port: 40065 } }
I20260601 13:35:05.971184  3846 leader_election.cc:290] T 0acbd24949f747729e1c191b2c530429 P b95b2b88161849e491ef2c24d7666b14 [CANDIDATE]: Term 1 election: Requested vote from peers 1b4f3ac272704d33bbd49930af696932 (127.0.172.1:41569), 55d00d92e94d4a66be9182d5b76d7653 (127.0.172.3:40065)
I20260601 13:35:05.971539  3790 tablet_service.cc:1917] Received RequestConsensusVote() RPC: tablet_id: "0acbd24949f747729e1c191b2c530429" candidate_uuid: "b95b2b88161849e491ef2c24d7666b14" candidate_term: 1 candidate_status { last_received { term: 0 index: 0 } } ignore_live_leader: false dest_uuid: "55d00d92e94d4a66be9182d5b76d7653"
I20260601 13:35:05.971536  3639 tablet_service.cc:1917] Received RequestConsensusVote() RPC: tablet_id: "0acbd24949f747729e1c191b2c530429" candidate_uuid: "b95b2b88161849e491ef2c24d7666b14" candidate_term: 1 candidate_status { last_received { term: 0 index: 0 } } ignore_live_leader: false dest_uuid: "1b4f3ac272704d33bbd49930af696932"
I20260601 13:35:05.971699  3790 raft_consensus.cc:3060] T 0acbd24949f747729e1c191b2c530429 P 55d00d92e94d4a66be9182d5b76d7653 [term 0 FOLLOWER]: Advancing to term 1
I20260601 13:35:05.971731  3639 raft_consensus.cc:3060] T 0acbd24949f747729e1c191b2c530429 P 1b4f3ac272704d33bbd49930af696932 [term 0 FOLLOWER]: Advancing to term 1
I20260601 13:35:05.972414  3790 raft_consensus.cc:2468] T 0acbd24949f747729e1c191b2c530429 P 55d00d92e94d4a66be9182d5b76d7653 [term 1 FOLLOWER]: Leader election vote request: Granting yes vote for candidate b95b2b88161849e491ef2c24d7666b14 in term 1.
I20260601 13:35:05.972535  3639 raft_consensus.cc:2468] T 0acbd24949f747729e1c191b2c530429 P 1b4f3ac272704d33bbd49930af696932 [term 1 FOLLOWER]: Leader election vote request: Granting yes vote for candidate b95b2b88161849e491ef2c24d7666b14 in term 1.
I20260601 13:35:05.972692  3680 leader_election.cc:304] T 0acbd24949f747729e1c191b2c530429 P b95b2b88161849e491ef2c24d7666b14 [CANDIDATE]: Term 1 election: Election decided. Result: candidate won. Election summary: received 2 responses out of 3 voters: 2 yes votes; 0 no votes. yes voters: 55d00d92e94d4a66be9182d5b76d7653, b95b2b88161849e491ef2c24d7666b14; no voters: 
I20260601 13:35:05.972867  3846 raft_consensus.cc:2804] T 0acbd24949f747729e1c191b2c530429 P b95b2b88161849e491ef2c24d7666b14 [term 1 FOLLOWER]: Leader election won for term 1
I20260601 13:35:05.972965  3846 raft_consensus.cc:697] T 0acbd24949f747729e1c191b2c530429 P b95b2b88161849e491ef2c24d7666b14 [term 1 LEADER]: Becoming Leader. State: Replica: b95b2b88161849e491ef2c24d7666b14, State: Running, Role: LEADER
I20260601 13:35:05.973107  3846 consensus_queue.cc:237] T 0acbd24949f747729e1c191b2c530429 P b95b2b88161849e491ef2c24d7666b14 [LEADER]: Queue going to LEADER mode. State: All replicated index: 0, Majority replicated index: 0, Committed index: 0, Last appended: 0.0, Last appended by leader: 0, Current term: 1, Majority size: 2, State: 0, Mode: LEADER, active raft config: opid_index: -1 OBSOLETE_local: false peers { permanent_uuid: "1b4f3ac272704d33bbd49930af696932" member_type: VOTER last_known_addr { host: "127.0.172.1" port: 41569 } } peers { permanent_uuid: "b95b2b88161849e491ef2c24d7666b14" member_type: VOTER last_known_addr { host: "127.0.172.2" port: 42387 } } peers { permanent_uuid: "55d00d92e94d4a66be9182d5b76d7653" member_type: VOTER last_known_addr { host: "127.0.172.3" port: 40065 } }
I20260601 13:35:05.974776  3535 catalog_manager.cc:5696] T 0acbd24949f747729e1c191b2c530429 P b95b2b88161849e491ef2c24d7666b14 reported cstate change: term changed from 0 to 1, leader changed from <none> to b95b2b88161849e491ef2c24d7666b14 (127.0.172.2). New cstate: current_term: 1 leader_uuid: "b95b2b88161849e491ef2c24d7666b14" committed_config { opid_index: -1 OBSOLETE_local: false peers { permanent_uuid: "1b4f3ac272704d33bbd49930af696932" member_type: VOTER last_known_addr { host: "127.0.172.1" port: 41569 } health_report { overall_health: UNKNOWN } } peers { permanent_uuid: "b95b2b88161849e491ef2c24d7666b14" member_type: VOTER last_known_addr { host: "127.0.172.2" port: 42387 } health_report { overall_health: HEALTHY } } peers { permanent_uuid: "55d00d92e94d4a66be9182d5b76d7653" member_type: VOTER last_known_addr { host: "127.0.172.3" port: 40065 } health_report { overall_health: UNKNOWN } } }
I20260601 13:35:06.036253   688 file_cache.cc:492] Constructed file cache file cache with capacity 419430
W20260601 13:35:06.038642  3884 instance_detector.cc:116] could not retrieve AWS instance metadata: Network error: curl error: HTTP response code said error: The requested URL returned error: 404
W20260601 13:35:06.038715  3887 instance_detector.cc:116] could not retrieve OpenStack instance metadata: Network error: curl error: HTTP response code said error: The requested URL returned error: 404
I20260601 13:35:06.038827   688 server_base.cc:1061] running on GCE node
W20260601 13:35:06.038715  3885 instance_detector.cc:116] could not retrieve Azure instance metadata: Network error: curl error: HTTP response code said error: The requested URL returned error: 404
I20260601 13:35:06.039191   688 hybrid_clock.cc:584] initializing the hybrid clock with 'system_unsync' time source
W20260601 13:35:06.039263   688 system_unsync_time.cc:38] NTP support is disabled. Clock error bounds will not be accurate. This configuration is not suitable for distributed clusters.
I20260601 13:35:06.039290   688 hybrid_clock.cc:648] HybridClock initialized: now 1780320906039289 us; error 0 us; skew 500 ppm
I20260601 13:35:06.040612   688 webserver.cc:533] Webserver started at http://127.0.172.4:41177/ using document root <none> and password file <none>
I20260601 13:35:06.040814   688 fs_manager.cc:362] Metadata directory not provided
I20260601 13:35:06.040895   688 fs_manager.cc:368] Using write-ahead log directory (fs_wal_dir) as metadata directory
I20260601 13:35:06.040983   688 server_base.cc:909] This appears to be a new deployment of Kudu; creating new FS layout
I20260601 13:35:06.041451   688 fs_manager.cc:1068] Generated new instance metadata in path /tmp/dist-test-taskiGtjXA/test-tmp/auto_rebalancer-test.0.AutoRebalancerTest.RangeAwareRebalancesNewRangeReplicas.1780320834897427-688-0/minicluster-data/ts-3-root/instance:
uuid: "ecb6ab9b1de444a794fa9ef52d9e3c0f"
format_stamp: "Formatted at 2026-06-01 13:35:06 on dist-test-slave-xhq8"
I20260601 13:35:06.043323   688 fs_manager.cc:696] Time spent creating directory manager: real 0.002s	user 0.002s	sys 0.000s
I20260601 13:35:06.044574  3892 log_block_manager.cc:4031] Time spent loading block containers with low live blocks: real 0.000s	user 0.000s	sys 0.000s
I20260601 13:35:06.044996   688 fs_manager.cc:730] Time spent opening block manager: real 0.001s	user 0.001s	sys 0.000s
I20260601 13:35:06.045109   688 fs_manager.cc:647] Opened local filesystem: /tmp/dist-test-taskiGtjXA/test-tmp/auto_rebalancer-test.0.AutoRebalancerTest.RangeAwareRebalancesNewRangeReplicas.1780320834897427-688-0/minicluster-data/ts-3-root
uuid: "ecb6ab9b1de444a794fa9ef52d9e3c0f"
format_stamp: "Formatted at 2026-06-01 13:35:06 on dist-test-slave-xhq8"
I20260601 13:35:06.045269   688 fs_report.cc:389] FS layout report
--------------------
wal directory: /tmp/dist-test-taskiGtjXA/test-tmp/auto_rebalancer-test.0.AutoRebalancerTest.RangeAwareRebalancesNewRangeReplicas.1780320834897427-688-0/minicluster-data/ts-3-root
metadata directory: /tmp/dist-test-taskiGtjXA/test-tmp/auto_rebalancer-test.0.AutoRebalancerTest.RangeAwareRebalancesNewRangeReplicas.1780320834897427-688-0/minicluster-data/ts-3-root
1 data directories: /tmp/dist-test-taskiGtjXA/test-tmp/auto_rebalancer-test.0.AutoRebalancerTest.RangeAwareRebalancesNewRangeReplicas.1780320834897427-688-0/minicluster-data/ts-3-root/data
Total live blocks: 0
Total live bytes: 0
Total live bytes (after alignment): 0
Total number of LBM containers: 0 (0 full)
Did not check for missing blocks
Did not check for orphaned blocks
Total full LBM containers with extra space: 0 (0 repaired)
Total full LBM container extra space in bytes: 0 (0 repaired)
Total incomplete LBM containers: 0 (0 repaired)
Total LBM partial records: 0 (0 repaired)
Total corrupted LBM metadata records in RocksDB: 0 (0 repaired)
I20260601 13:35:06.051523  3864 consensus_queue.cc:1048] T 825263039e7141cab1d556556bd1dd0d P 55d00d92e94d4a66be9182d5b76d7653 [LEADER]: Connected to new peer: Peer: permanent_uuid: "1b4f3ac272704d33bbd49930af696932" member_type: VOTER last_known_addr { host: "127.0.172.1" port: 41569 }, Status: LMP_MISMATCH, Last received: 0.0, Next index: 1, Last known committed idx: 0, Time since last communication: 0.000s
I20260601 13:35:06.054929  3840 consensus_queue.cc:1048] T 825263039e7141cab1d556556bd1dd0d P 55d00d92e94d4a66be9182d5b76d7653 [LEADER]: Connected to new peer: Peer: permanent_uuid: "b95b2b88161849e491ef2c24d7666b14" member_type: VOTER last_known_addr { host: "127.0.172.2" port: 42387 }, Status: LMP_MISMATCH, Last received: 0.0, Next index: 1, Last known committed idx: 0, Time since last communication: 0.000s
I20260601 13:35:06.056705   688 rpc_server.cc:225] running with OpenSSL 1.1.1  11 Sep 2018
I20260601 13:35:06.057192   688 kserver.cc:163] Server-wide thread pool size limit: 3276
I20260601 13:35:06.057548   688 txn_system_client.cc:432] TxnSystemClient initialization is disabled...
I20260601 13:35:06.058108   688 ts_tablet_manager.cc:585] Loaded tablet metadata (0 total tablets, 0 live tablets)
I20260601 13:35:06.058151   688 ts_tablet_manager.cc:531] Time spent load tablet metadata: real 0.000s	user 0.000s	sys 0.000s
I20260601 13:35:06.058228   688 ts_tablet_manager.cc:616] Registered 0 tablets
I20260601 13:35:06.058275   688 ts_tablet_manager.cc:595] Time spent register tablets: real 0.000s	user 0.000s	sys 0.000s
I20260601 13:35:06.063970   688 rpc_server.cc:307] RPC server started. Bound to: 127.0.172.4:35307
I20260601 13:35:06.064059  3960 acceptor_pool.cc:272] collecting diagnostics on the listening RPC socket 127.0.172.4:35307 every 8 connection(s)
I20260601 13:35:06.065584  3536 catalog_manager.cc:3569] Servicing AlterTable request from {username='slave'} at 127.0.0.1:44950:
table { table_name: "range_aware_rebalance_new_range" } alter_schema_steps { type: ADD_RANGE_PARTITION add_range_partition { range_bounds { rows: "\006\001\n\000\000\000\007\001\024\000\000\000""\006\001\n\000\000\000\007\001\024\000\000\000" indirect_data: """" } } } schema { columns { name: "key" type: INT32 is_key: true is_nullable: false encoding: AUTO_ENCODING compression: DEFAULT_COMPRESSION cfile_block_size: 0 immutable: false } } modify_external_catalogs: true
I20260601 13:35:06.069708  3961 heartbeater.cc:344] Connected to a master server at 127.0.172.62:40149
I20260601 13:35:06.069829  3961 heartbeater.cc:461] Registering TS with master...
I20260601 13:35:06.070079  3961 heartbeater.cc:507] Master 127.0.172.62:40149 requested a full tablet report, sending...
I20260601 13:35:06.070737  3535 ts_manager.cc:194] Registered new tserver with Master: ecb6ab9b1de444a794fa9ef52d9e3c0f (127.0.172.4:35307)
W20260601 13:35:06.071194  3536 catalog_manager.cc:5956] Failed to send alter table request: Not found: failed to reset TS proxy: No leader found: Tablet c599c9e49d154f79ba7272f0a6bc3b06 has no consensus state
I20260601 13:35:06.071376  3535 master_service.cc:502] Signed X509 certificate for tserver {username='slave'} at 127.0.0.1:44966
W20260601 13:35:06.071532  3536 catalog_manager.cc:5956] Failed to send alter table request: Not found: failed to reset TS proxy: No leader found: Tablet cb9958575a5b43afb9c31954f7a83f98 has no consensus state
W20260601 13:35:06.071782  3536 catalog_manager.cc:5956] Failed to send alter table request: Not found: failed to reset TS proxy: No leader found: Tablet ee841901778d49859dfb24cfb75994a9 has no consensus state
W20260601 13:35:06.072068  3536 catalog_manager.cc:5956] Failed to send alter table request: Not found: failed to reset TS proxy: No leader found: Tablet 74ff7b0a5997410ab7cc61fa194edf9e has no consensus state
W20260601 13:35:06.072325  3536 catalog_manager.cc:5956] Failed to send alter table request: Not found: failed to reset TS proxy: No leader found: Tablet 74565914f0294577a5c15eddc0c88dc8 has no consensus state
W20260601 13:35:06.072564  3536 catalog_manager.cc:5956] Failed to send alter table request: Not found: failed to reset TS proxy: No leader found: Tablet 040e82a0402d4bf3b1dd0a91f30cb168 has no consensus state
W20260601 13:35:06.072817  3536 catalog_manager.cc:5956] Failed to send alter table request: Not found: failed to reset TS proxy: No leader found: Tablet 7648aec42cb14b59b268585b9fe90ea7 has no consensus state
W20260601 13:35:06.073078  3536 catalog_manager.cc:5956] Failed to send alter table request: Not found: failed to reset TS proxy: No leader found: Tablet 1dcc0243581d4161958423eea355c180 has no consensus state
I20260601 13:35:06.078271  3700 tablet_service.cc:1511] Processing CreateTablet for tablet c599c9e49d154f79ba7272f0a6bc3b06 (DEFAULT_TABLE table=range_aware_rebalance_new_range [id=62ebbb654b024d4ab8d48d720562a185]), partition=HASH (key) PARTITION 0, RANGE (key) PARTITION 10 <= VALUES < 20
I20260601 13:35:06.078265  3627 tablet_service.cc:1511] Processing CreateTablet for tablet c599c9e49d154f79ba7272f0a6bc3b06 (DEFAULT_TABLE table=range_aware_rebalance_new_range [id=62ebbb654b024d4ab8d48d720562a185]), partition=HASH (key) PARTITION 0, RANGE (key) PARTITION 10 <= VALUES < 20
I20260601 13:35:06.078672  3700 data_dirs.cc:400] Could only allocate 1 dirs of requested 3 for tablet c599c9e49d154f79ba7272f0a6bc3b06. 1 dirs total, 0 dirs full, 0 dirs failed
I20260601 13:35:06.078830  3629 tablet_service.cc:1511] Processing CreateTablet for tablet cb9958575a5b43afb9c31954f7a83f98 (DEFAULT_TABLE table=range_aware_rebalance_new_range [id=62ebbb654b024d4ab8d48d720562a185]), partition=HASH (key) PARTITION 1, RANGE (key) PARTITION 10 <= VALUES < 20
I20260601 13:35:06.079726  3624 tablet_service.cc:1511] Processing CreateTablet for tablet 74ff7b0a5997410ab7cc61fa194edf9e (DEFAULT_TABLE table=range_aware_rebalance_new_range [id=62ebbb654b024d4ab8d48d720562a185]), partition=HASH (key) PARTITION 3, RANGE (key) PARTITION 10 <= VALUES < 20
I20260601 13:35:06.080664  3627 data_dirs.cc:400] Could only allocate 1 dirs of requested 3 for tablet c599c9e49d154f79ba7272f0a6bc3b06. 1 dirs total, 0 dirs full, 0 dirs failed
I20260601 13:35:06.080879  3624 data_dirs.cc:400] Could only allocate 1 dirs of requested 3 for tablet 74ff7b0a5997410ab7cc61fa194edf9e. 1 dirs total, 0 dirs full, 0 dirs failed
I20260601 13:35:06.080909  3775 tablet_service.cc:1511] Processing CreateTablet for tablet cb9958575a5b43afb9c31954f7a83f98 (DEFAULT_TABLE table=range_aware_rebalance_new_range [id=62ebbb654b024d4ab8d48d720562a185]), partition=HASH (key) PARTITION 1, RANGE (key) PARTITION 10 <= VALUES < 20
I20260601 13:35:06.081003  3774 tablet_service.cc:1511] Processing CreateTablet for tablet ee841901778d49859dfb24cfb75994a9 (DEFAULT_TABLE table=range_aware_rebalance_new_range [id=62ebbb654b024d4ab8d48d720562a185]), partition=HASH (key) PARTITION 2, RANGE (key) PARTITION 10 <= VALUES < 20
I20260601 13:35:06.081162  3775 data_dirs.cc:400] Could only allocate 1 dirs of requested 3 for tablet cb9958575a5b43afb9c31954f7a83f98. 1 dirs total, 0 dirs full, 0 dirs failed
I20260601 13:35:06.081421  3774 data_dirs.cc:400] Could only allocate 1 dirs of requested 3 for tablet ee841901778d49859dfb24cfb75994a9. 1 dirs total, 0 dirs full, 0 dirs failed
I20260601 13:35:06.083266  3836 tablet_bootstrap.cc:492] T cb9958575a5b43afb9c31954f7a83f98 P 55d00d92e94d4a66be9182d5b76d7653: Bootstrap starting.
I20260601 13:35:06.083484  3629 data_dirs.cc:400] Could only allocate 1 dirs of requested 3 for tablet cb9958575a5b43afb9c31954f7a83f98. 1 dirs total, 0 dirs full, 0 dirs failed
I20260601 13:35:06.083642  3837 tablet_bootstrap.cc:492] T 74ff7b0a5997410ab7cc61fa194edf9e P 1b4f3ac272704d33bbd49930af696932: Bootstrap starting.
I20260601 13:35:06.084321  3836 tablet_bootstrap.cc:654] T cb9958575a5b43afb9c31954f7a83f98 P 55d00d92e94d4a66be9182d5b76d7653: Neither blocks nor log segments found. Creating new log.
I20260601 13:35:06.084731  3837 tablet_bootstrap.cc:654] T 74ff7b0a5997410ab7cc61fa194edf9e P 1b4f3ac272704d33bbd49930af696932: Neither blocks nor log segments found. Creating new log.
I20260601 13:35:06.085788  3629 tablet_service.cc:1511] Processing CreateTablet for tablet 74565914f0294577a5c15eddc0c88dc8 (DEFAULT_TABLE table=range_aware_rebalance_new_range [id=62ebbb654b024d4ab8d48d720562a185]), partition=HASH (key) PARTITION 4, RANGE (key) PARTITION 10 <= VALUES < 20
I20260601 13:35:06.086038  3629 data_dirs.cc:400] Could only allocate 1 dirs of requested 3 for tablet 74565914f0294577a5c15eddc0c88dc8. 1 dirs total, 0 dirs full, 0 dirs failed
I20260601 13:35:06.086225  3702 tablet_service.cc:1511] Processing CreateTablet for tablet ee841901778d49859dfb24cfb75994a9 (DEFAULT_TABLE table=range_aware_rebalance_new_range [id=62ebbb654b024d4ab8d48d720562a185]), partition=HASH (key) PARTITION 2, RANGE (key) PARTITION 10 <= VALUES < 20
I20260601 13:35:06.086517  3702 data_dirs.cc:400] Could only allocate 1 dirs of requested 3 for tablet ee841901778d49859dfb24cfb75994a9. 1 dirs total, 0 dirs full, 0 dirs failed
I20260601 13:35:06.088420  3629 tablet_service.cc:1511] Processing CreateTablet for tablet 7648aec42cb14b59b268585b9fe90ea7 (DEFAULT_TABLE table=range_aware_rebalance_new_range [id=62ebbb654b024d4ab8d48d720562a185]), partition=HASH (key) PARTITION 6, RANGE (key) PARTITION 10 <= VALUES < 20
I20260601 13:35:06.088680  3629 data_dirs.cc:400] Could only allocate 1 dirs of requested 3 for tablet 7648aec42cb14b59b268585b9fe90ea7. 1 dirs total, 0 dirs full, 0 dirs failed
I20260601 13:35:06.089026  3699 tablet_service.cc:1511] Processing CreateTablet for tablet 74ff7b0a5997410ab7cc61fa194edf9e (DEFAULT_TABLE table=range_aware_rebalance_new_range [id=62ebbb654b024d4ab8d48d720562a185]), partition=HASH (key) PARTITION 3, RANGE (key) PARTITION 10 <= VALUES < 20
I20260601 13:35:06.089315  3699 data_dirs.cc:400] Could only allocate 1 dirs of requested 3 for tablet 74ff7b0a5997410ab7cc61fa194edf9e. 1 dirs total, 0 dirs full, 0 dirs failed
I20260601 13:35:06.089730  3925 tablet_service.cc:1511] Processing CreateTablet for tablet c599c9e49d154f79ba7272f0a6bc3b06 (DEFAULT_TABLE table=range_aware_rebalance_new_range [id=62ebbb654b024d4ab8d48d720562a185]), partition=HASH (key) PARTITION 0, RANGE (key) PARTITION 10 <= VALUES < 20
I20260601 13:35:06.089984  3925 data_dirs.cc:400] Could only allocate 1 dirs of requested 3 for tablet c599c9e49d154f79ba7272f0a6bc3b06. 1 dirs total, 0 dirs full, 0 dirs failed
I20260601 13:35:06.090025  3919 tablet_service.cc:1511] Processing CreateTablet for tablet 7648aec42cb14b59b268585b9fe90ea7 (DEFAULT_TABLE table=range_aware_rebalance_new_range [id=62ebbb654b024d4ab8d48d720562a185]), partition=HASH (key) PARTITION 6, RANGE (key) PARTITION 10 <= VALUES < 20
I20260601 13:35:06.090286  3919 data_dirs.cc:400] Could only allocate 1 dirs of requested 3 for tablet 7648aec42cb14b59b268585b9fe90ea7. 1 dirs total, 0 dirs full, 0 dirs failed
I20260601 13:35:06.090760  3705 tablet_service.cc:1511] Processing CreateTablet for tablet 040e82a0402d4bf3b1dd0a91f30cb168 (DEFAULT_TABLE table=range_aware_rebalance_new_range [id=62ebbb654b024d4ab8d48d720562a185]), partition=HASH (key) PARTITION 5, RANGE (key) PARTITION 10 <= VALUES < 20
I20260601 13:35:06.091022  3705 data_dirs.cc:400] Could only allocate 1 dirs of requested 3 for tablet 040e82a0402d4bf3b1dd0a91f30cb168. 1 dirs total, 0 dirs full, 0 dirs failed
I20260601 13:35:06.092151  3698 tablet_service.cc:1511] Processing CreateTablet for tablet 7648aec42cb14b59b268585b9fe90ea7 (DEFAULT_TABLE table=range_aware_rebalance_new_range [id=62ebbb654b024d4ab8d48d720562a185]), partition=HASH (key) PARTITION 6, RANGE (key) PARTITION 10 <= VALUES < 20
I20260601 13:35:06.092442  3698 data_dirs.cc:400] Could only allocate 1 dirs of requested 3 for tablet 7648aec42cb14b59b268585b9fe90ea7. 1 dirs total, 0 dirs full, 0 dirs failed
I20260601 13:35:06.092442  3967 tablet_bootstrap.cc:492] T c599c9e49d154f79ba7272f0a6bc3b06 P ecb6ab9b1de444a794fa9ef52d9e3c0f: Bootstrap starting.
I20260601 13:35:06.092785  3924 tablet_service.cc:1511] Processing CreateTablet for tablet ee841901778d49859dfb24cfb75994a9 (DEFAULT_TABLE table=range_aware_rebalance_new_range [id=62ebbb654b024d4ab8d48d720562a185]), partition=HASH (key) PARTITION 2, RANGE (key) PARTITION 10 <= VALUES < 20
I20260601 13:35:06.092929  3919 tablet_service.cc:1511] Processing CreateTablet for tablet 1dcc0243581d4161958423eea355c180 (DEFAULT_TABLE table=range_aware_rebalance_new_range [id=62ebbb654b024d4ab8d48d720562a185]), partition=HASH (key) PARTITION 7, RANGE (key) PARTITION 10 <= VALUES < 20
I20260601 13:35:06.093070  3924 data_dirs.cc:400] Could only allocate 1 dirs of requested 3 for tablet ee841901778d49859dfb24cfb75994a9. 1 dirs total, 0 dirs full, 0 dirs failed
I20260601 13:35:06.093243  3919 data_dirs.cc:400] Could only allocate 1 dirs of requested 3 for tablet 1dcc0243581d4161958423eea355c180. 1 dirs total, 0 dirs full, 0 dirs failed
W20260601 13:35:06.093400  3523 catalog_manager.cc:4809] Async tablet task AlterTable RPC for tablet 1dcc0243581d4161958423eea355c180 (table range_aware_rebalance_new_range [id=62ebbb654b024d4ab8d48d720562a185], current schema version=0) failed: Not found: failed to reset TS proxy: No leader found: Tablet 1dcc0243581d4161958423eea355c180 consensus state has no leader
I20260601 13:35:06.093479  3922 tablet_service.cc:1511] Processing CreateTablet for tablet 74ff7b0a5997410ab7cc61fa194edf9e (DEFAULT_TABLE table=range_aware_rebalance_new_range [id=62ebbb654b024d4ab8d48d720562a185]), partition=HASH (key) PARTITION 3, RANGE (key) PARTITION 10 <= VALUES < 20
I20260601 13:35:06.093741  3922 data_dirs.cc:400] Could only allocate 1 dirs of requested 3 for tablet 74ff7b0a5997410ab7cc61fa194edf9e. 1 dirs total, 0 dirs full, 0 dirs failed
I20260601 13:35:06.094161  3967 tablet_bootstrap.cc:654] T c599c9e49d154f79ba7272f0a6bc3b06 P ecb6ab9b1de444a794fa9ef52d9e3c0f: Neither blocks nor log segments found. Creating new log.
I20260601 13:35:06.094128  3780 tablet_service.cc:1511] Processing CreateTablet for tablet 1dcc0243581d4161958423eea355c180 (DEFAULT_TABLE table=range_aware_rebalance_new_range [id=62ebbb654b024d4ab8d48d720562a185]), partition=HASH (key) PARTITION 7, RANGE (key) PARTITION 10 <= VALUES < 20
I20260601 13:35:06.094456  3780 data_dirs.cc:400] Could only allocate 1 dirs of requested 3 for tablet 1dcc0243581d4161958423eea355c180. 1 dirs total, 0 dirs full, 0 dirs failed
I20260601 13:35:06.096694  3921 tablet_service.cc:1511] Processing CreateTablet for tablet 74565914f0294577a5c15eddc0c88dc8 (DEFAULT_TABLE table=range_aware_rebalance_new_range [id=62ebbb654b024d4ab8d48d720562a185]), partition=HASH (key) PARTITION 4, RANGE (key) PARTITION 10 <= VALUES < 20
I20260601 13:35:06.096856  3775 tablet_service.cc:1511] Processing CreateTablet for tablet 040e82a0402d4bf3b1dd0a91f30cb168 (DEFAULT_TABLE table=range_aware_rebalance_new_range [id=62ebbb654b024d4ab8d48d720562a185]), partition=HASH (key) PARTITION 5, RANGE (key) PARTITION 10 <= VALUES < 20
