I20260601 13:35:37.097158 23271 raft_consensus.cc:2468] T 5e2d609608cd49e1982f4894a8df4bb8 P 83a08c918b614688b6fcf164ecb6c7bd [term 0 FOLLOWER]: Leader pre-election vote request: Granting yes vote for candidate 28809cb3c4eb4da49e19d242d9428fee in term 0.
I20260601 13:35:37.097170 23195 raft_consensus.cc:2468] T 5e2d609608cd49e1982f4894a8df4bb8 P cdd46c7043e44581850d88dabf6bfc3e [term 0 FOLLOWER]: Leader pre-election vote request: Granting yes vote for candidate 28809cb3c4eb4da49e19d242d9428fee in term 0.
I20260601 13:35:37.097539 23312 leader_election.cc:304] T 5e2d609608cd49e1982f4894a8df4bb8 P 28809cb3c4eb4da49e19d242d9428fee [CANDIDATE]: Term 1 pre-election: Election decided. Result: candidate won. Election summary: received 2 responses out of 3 voters: 2 yes votes; 0 no votes. yes voters: 28809cb3c4eb4da49e19d242d9428fee, 83a08c918b614688b6fcf164ecb6c7bd; no voters: 
I20260601 13:35:37.097749 23405 raft_consensus.cc:2804] T 5e2d609608cd49e1982f4894a8df4bb8 P 28809cb3c4eb4da49e19d242d9428fee [term 0 FOLLOWER]: Leader pre-election won for term 1
I20260601 13:35:37.097801 23405 raft_consensus.cc:493] T 5e2d609608cd49e1982f4894a8df4bb8 P 28809cb3c4eb4da49e19d242d9428fee [term 0 FOLLOWER]: Starting leader election (no leader contacted us within the election timeout)
I20260601 13:35:37.097854 23405 raft_consensus.cc:3060] T 5e2d609608cd49e1982f4894a8df4bb8 P 28809cb3c4eb4da49e19d242d9428fee [term 0 FOLLOWER]: Advancing to term 1
I20260601 13:35:37.098696 23405 raft_consensus.cc:515] T 5e2d609608cd49e1982f4894a8df4bb8 P 28809cb3c4eb4da49e19d242d9428fee [term 1 FOLLOWER]: Starting leader election with config: opid_index: -1 OBSOLETE_local: false peers { permanent_uuid: "cdd46c7043e44581850d88dabf6bfc3e" member_type: VOTER last_known_addr { host: "127.18.78.1" port: 40553 } } peers { permanent_uuid: "83a08c918b614688b6fcf164ecb6c7bd" member_type: VOTER last_known_addr { host: "127.18.78.2" port: 36493 } } peers { permanent_uuid: "28809cb3c4eb4da49e19d242d9428fee" member_type: VOTER last_known_addr { host: "127.18.78.3" port: 41287 } }
I20260601 13:35:37.099107 23405 leader_election.cc:290] T 5e2d609608cd49e1982f4894a8df4bb8 P 28809cb3c4eb4da49e19d242d9428fee [CANDIDATE]: Term 1 election: Requested vote from peers cdd46c7043e44581850d88dabf6bfc3e (127.18.78.1:40553), 83a08c918b614688b6fcf164ecb6c7bd (127.18.78.2:36493)
I20260601 13:35:37.099435 23195 tablet_service.cc:1917] Received RequestConsensusVote() RPC: tablet_id: "5e2d609608cd49e1982f4894a8df4bb8" candidate_uuid: "28809cb3c4eb4da49e19d242d9428fee" candidate_term: 1 candidate_status { last_received { term: 0 index: 0 } } ignore_live_leader: false dest_uuid: "cdd46c7043e44581850d88dabf6bfc3e"
I20260601 13:35:37.099551 23195 raft_consensus.cc:3060] T 5e2d609608cd49e1982f4894a8df4bb8 P cdd46c7043e44581850d88dabf6bfc3e [term 0 FOLLOWER]: Advancing to term 1
I20260601 13:35:37.099663 23271 tablet_service.cc:1917] Received RequestConsensusVote() RPC: tablet_id: "5e2d609608cd49e1982f4894a8df4bb8" candidate_uuid: "28809cb3c4eb4da49e19d242d9428fee" candidate_term: 1 candidate_status { last_received { term: 0 index: 0 } } ignore_live_leader: false dest_uuid: "83a08c918b614688b6fcf164ecb6c7bd"
I20260601 13:35:37.099814 23271 raft_consensus.cc:3060] T 5e2d609608cd49e1982f4894a8df4bb8 P 83a08c918b614688b6fcf164ecb6c7bd [term 0 FOLLOWER]: Advancing to term 1
I20260601 13:35:37.100404 23195 raft_consensus.cc:2468] T 5e2d609608cd49e1982f4894a8df4bb8 P cdd46c7043e44581850d88dabf6bfc3e [term 1 FOLLOWER]: Leader election vote request: Granting yes vote for candidate 28809cb3c4eb4da49e19d242d9428fee in term 1.
I20260601 13:35:37.100620 23271 raft_consensus.cc:2468] T 5e2d609608cd49e1982f4894a8df4bb8 P 83a08c918b614688b6fcf164ecb6c7bd [term 1 FOLLOWER]: Leader election vote request: Granting yes vote for candidate 28809cb3c4eb4da49e19d242d9428fee in term 1.
I20260601 13:35:37.100673 23311 leader_election.cc:304] T 5e2d609608cd49e1982f4894a8df4bb8 P 28809cb3c4eb4da49e19d242d9428fee [CANDIDATE]: Term 1 election: Election decided. Result: candidate won. Election summary: received 2 responses out of 3 voters: 2 yes votes; 0 no votes. yes voters: 28809cb3c4eb4da49e19d242d9428fee, cdd46c7043e44581850d88dabf6bfc3e; no voters: 
I20260601 13:35:37.100862 23405 raft_consensus.cc:2804] T 5e2d609608cd49e1982f4894a8df4bb8 P 28809cb3c4eb4da49e19d242d9428fee [term 1 FOLLOWER]: Leader election won for term 1
I20260601 13:35:37.100955 23405 raft_consensus.cc:697] T 5e2d609608cd49e1982f4894a8df4bb8 P 28809cb3c4eb4da49e19d242d9428fee [term 1 LEADER]: Becoming Leader. State: Replica: 28809cb3c4eb4da49e19d242d9428fee, State: Running, Role: LEADER
I20260601 13:35:37.101094 23405 consensus_queue.cc:237] T 5e2d609608cd49e1982f4894a8df4bb8 P 28809cb3c4eb4da49e19d242d9428fee [LEADER]: Queue going to LEADER mode. State: All replicated index: 0, Majority replicated index: 0, Committed index: 0, Last appended: 0.0, Last appended by leader: 0, Current term: 1, Majority size: 2, State: 0, Mode: LEADER, active raft config: opid_index: -1 OBSOLETE_local: false peers { permanent_uuid: "cdd46c7043e44581850d88dabf6bfc3e" member_type: VOTER last_known_addr { host: "127.18.78.1" port: 40553 } } peers { permanent_uuid: "83a08c918b614688b6fcf164ecb6c7bd" member_type: VOTER last_known_addr { host: "127.18.78.2" port: 36493 } } peers { permanent_uuid: "28809cb3c4eb4da49e19d242d9428fee" member_type: VOTER last_known_addr { host: "127.18.78.3" port: 41287 } }
I20260601 13:35:37.102916 23090 catalog_manager.cc:5696] T 5e2d609608cd49e1982f4894a8df4bb8 P 28809cb3c4eb4da49e19d242d9428fee reported cstate change: term changed from 0 to 1, leader changed from <none> to 28809cb3c4eb4da49e19d242d9428fee (127.18.78.3). New cstate: current_term: 1 leader_uuid: "28809cb3c4eb4da49e19d242d9428fee" committed_config { opid_index: -1 OBSOLETE_local: false peers { permanent_uuid: "cdd46c7043e44581850d88dabf6bfc3e" member_type: VOTER last_known_addr { host: "127.18.78.1" port: 40553 } health_report { overall_health: UNKNOWN } } peers { permanent_uuid: "83a08c918b614688b6fcf164ecb6c7bd" member_type: VOTER last_known_addr { host: "127.18.78.2" port: 36493 } health_report { overall_health: UNKNOWN } } peers { permanent_uuid: "28809cb3c4eb4da49e19d242d9428fee" member_type: VOTER last_known_addr { host: "127.18.78.3" port: 41287 } health_report { overall_health: HEALTHY } } }
I20260601 13:35:37.114012 23409 raft_consensus.cc:493] T 3f3af375f3474c918fa076af8161bbb3 P cdd46c7043e44581850d88dabf6bfc3e [term 0 FOLLOWER]: Starting pre-election (no leader contacted us within the election timeout)
I20260601 13:35:37.114190 23409 raft_consensus.cc:515] T 3f3af375f3474c918fa076af8161bbb3 P cdd46c7043e44581850d88dabf6bfc3e [term 0 FOLLOWER]: Starting pre-election with config: opid_index: -1 OBSOLETE_local: false peers { permanent_uuid: "cdd46c7043e44581850d88dabf6bfc3e" member_type: VOTER last_known_addr { host: "127.18.78.1" port: 40553 } } peers { permanent_uuid: "83a08c918b614688b6fcf164ecb6c7bd" member_type: VOTER last_known_addr { host: "127.18.78.2" port: 36493 } } peers { permanent_uuid: "28809cb3c4eb4da49e19d242d9428fee" member_type: VOTER last_known_addr { host: "127.18.78.3" port: 41287 } }
I20260601 13:35:37.114871 23409 leader_election.cc:290] T 3f3af375f3474c918fa076af8161bbb3 P cdd46c7043e44581850d88dabf6bfc3e [CANDIDATE]: Term 1 pre-election: Requested pre-vote from peers 83a08c918b614688b6fcf164ecb6c7bd (127.18.78.2:36493), 28809cb3c4eb4da49e19d242d9428fee (127.18.78.3:41287)
I20260601 13:35:37.115312 23271 tablet_service.cc:1917] Received RequestConsensusVote() RPC: tablet_id: "3f3af375f3474c918fa076af8161bbb3" candidate_uuid: "cdd46c7043e44581850d88dabf6bfc3e" candidate_term: 1 candidate_status { last_received { term: 0 index: 0 } } ignore_live_leader: false dest_uuid: "83a08c918b614688b6fcf164ecb6c7bd" is_pre_election: true
I20260601 13:35:37.115314 23346 tablet_service.cc:1917] Received RequestConsensusVote() RPC: tablet_id: "3f3af375f3474c918fa076af8161bbb3" candidate_uuid: "cdd46c7043e44581850d88dabf6bfc3e" candidate_term: 1 candidate_status { last_received { term: 0 index: 0 } } ignore_live_leader: false dest_uuid: "28809cb3c4eb4da49e19d242d9428fee" is_pre_election: true
I20260601 13:35:37.115522 23271 raft_consensus.cc:2468] T 3f3af375f3474c918fa076af8161bbb3 P 83a08c918b614688b6fcf164ecb6c7bd [term 0 FOLLOWER]: Leader pre-election vote request: Granting yes vote for candidate cdd46c7043e44581850d88dabf6bfc3e in term 0.
I20260601 13:35:37.115546 23346 raft_consensus.cc:2468] T 3f3af375f3474c918fa076af8161bbb3 P 28809cb3c4eb4da49e19d242d9428fee [term 0 FOLLOWER]: Leader pre-election vote request: Granting yes vote for candidate cdd46c7043e44581850d88dabf6bfc3e in term 0.
I20260601 13:35:37.115850 23159 leader_election.cc:304] T 3f3af375f3474c918fa076af8161bbb3 P cdd46c7043e44581850d88dabf6bfc3e [CANDIDATE]: Term 1 pre-election: Election decided. Result: candidate won. Election summary: received 2 responses out of 3 voters: 2 yes votes; 0 no votes. yes voters: 28809cb3c4eb4da49e19d242d9428fee, cdd46c7043e44581850d88dabf6bfc3e; no voters: 
I20260601 13:35:37.116034 23409 raft_consensus.cc:2804] T 3f3af375f3474c918fa076af8161bbb3 P cdd46c7043e44581850d88dabf6bfc3e [term 0 FOLLOWER]: Leader pre-election won for term 1
I20260601 13:35:37.116096 23409 raft_consensus.cc:493] T 3f3af375f3474c918fa076af8161bbb3 P cdd46c7043e44581850d88dabf6bfc3e [term 0 FOLLOWER]: Starting leader election (no leader contacted us within the election timeout)
I20260601 13:35:37.116142 23409 raft_consensus.cc:3060] T 3f3af375f3474c918fa076af8161bbb3 P cdd46c7043e44581850d88dabf6bfc3e [term 0 FOLLOWER]: Advancing to term 1
I20260601 13:35:37.117002 23409 raft_consensus.cc:515] T 3f3af375f3474c918fa076af8161bbb3 P cdd46c7043e44581850d88dabf6bfc3e [term 1 FOLLOWER]: Starting leader election with config: opid_index: -1 OBSOLETE_local: false peers { permanent_uuid: "cdd46c7043e44581850d88dabf6bfc3e" member_type: VOTER last_known_addr { host: "127.18.78.1" port: 40553 } } peers { permanent_uuid: "83a08c918b614688b6fcf164ecb6c7bd" member_type: VOTER last_known_addr { host: "127.18.78.2" port: 36493 } } peers { permanent_uuid: "28809cb3c4eb4da49e19d242d9428fee" member_type: VOTER last_known_addr { host: "127.18.78.3" port: 41287 } }
I20260601 13:35:37.117413 23409 leader_election.cc:290] T 3f3af375f3474c918fa076af8161bbb3 P cdd46c7043e44581850d88dabf6bfc3e [CANDIDATE]: Term 1 election: Requested vote from peers 83a08c918b614688b6fcf164ecb6c7bd (127.18.78.2:36493), 28809cb3c4eb4da49e19d242d9428fee (127.18.78.3:41287)
I20260601 13:35:37.117726 23271 tablet_service.cc:1917] Received RequestConsensusVote() RPC: tablet_id: "3f3af375f3474c918fa076af8161bbb3" candidate_uuid: "cdd46c7043e44581850d88dabf6bfc3e" candidate_term: 1 candidate_status { last_received { term: 0 index: 0 } } ignore_live_leader: false dest_uuid: "83a08c918b614688b6fcf164ecb6c7bd"
I20260601 13:35:37.117743 23346 tablet_service.cc:1917] Received RequestConsensusVote() RPC: tablet_id: "3f3af375f3474c918fa076af8161bbb3" candidate_uuid: "cdd46c7043e44581850d88dabf6bfc3e" candidate_term: 1 candidate_status { last_received { term: 0 index: 0 } } ignore_live_leader: false dest_uuid: "28809cb3c4eb4da49e19d242d9428fee"
I20260601 13:35:37.117831 23271 raft_consensus.cc:3060] T 3f3af375f3474c918fa076af8161bbb3 P 83a08c918b614688b6fcf164ecb6c7bd [term 0 FOLLOWER]: Advancing to term 1
I20260601 13:35:37.117897 23346 raft_consensus.cc:3060] T 3f3af375f3474c918fa076af8161bbb3 P 28809cb3c4eb4da49e19d242d9428fee [term 0 FOLLOWER]: Advancing to term 1
I20260601 13:35:37.118623 23346 raft_consensus.cc:2468] T 3f3af375f3474c918fa076af8161bbb3 P 28809cb3c4eb4da49e19d242d9428fee [term 1 FOLLOWER]: Leader election vote request: Granting yes vote for candidate cdd46c7043e44581850d88dabf6bfc3e in term 1.
I20260601 13:35:37.118640 23271 raft_consensus.cc:2468] T 3f3af375f3474c918fa076af8161bbb3 P 83a08c918b614688b6fcf164ecb6c7bd [term 1 FOLLOWER]: Leader election vote request: Granting yes vote for candidate cdd46c7043e44581850d88dabf6bfc3e in term 1.
I20260601 13:35:37.118981 23159 leader_election.cc:304] T 3f3af375f3474c918fa076af8161bbb3 P cdd46c7043e44581850d88dabf6bfc3e [CANDIDATE]: Term 1 election: Election decided. Result: candidate won. Election summary: received 2 responses out of 3 voters: 2 yes votes; 0 no votes. yes voters: 28809cb3c4eb4da49e19d242d9428fee, cdd46c7043e44581850d88dabf6bfc3e; no voters: 
I20260601 13:35:37.119182 23409 raft_consensus.cc:2804] T 3f3af375f3474c918fa076af8161bbb3 P cdd46c7043e44581850d88dabf6bfc3e [term 1 FOLLOWER]: Leader election won for term 1
I20260601 13:35:37.119299 23409 raft_consensus.cc:697] T 3f3af375f3474c918fa076af8161bbb3 P cdd46c7043e44581850d88dabf6bfc3e [term 1 LEADER]: Becoming Leader. State: Replica: cdd46c7043e44581850d88dabf6bfc3e, State: Running, Role: LEADER
I20260601 13:35:37.119457 23409 consensus_queue.cc:237] T 3f3af375f3474c918fa076af8161bbb3 P cdd46c7043e44581850d88dabf6bfc3e [LEADER]: Queue going to LEADER mode. State: All replicated index: 0, Majority replicated index: 0, Committed index: 0, Last appended: 0.0, Last appended by leader: 0, Current term: 1, Majority size: 2, State: 0, Mode: LEADER, active raft config: opid_index: -1 OBSOLETE_local: false peers { permanent_uuid: "cdd46c7043e44581850d88dabf6bfc3e" member_type: VOTER last_known_addr { host: "127.18.78.1" port: 40553 } } peers { permanent_uuid: "83a08c918b614688b6fcf164ecb6c7bd" member_type: VOTER last_known_addr { host: "127.18.78.2" port: 36493 } } peers { permanent_uuid: "28809cb3c4eb4da49e19d242d9428fee" member_type: VOTER last_known_addr { host: "127.18.78.3" port: 41287 } }
I20260601 13:35:37.121287 23090 catalog_manager.cc:5696] T 3f3af375f3474c918fa076af8161bbb3 P cdd46c7043e44581850d88dabf6bfc3e reported cstate change: term changed from 0 to 1, leader changed from <none> to cdd46c7043e44581850d88dabf6bfc3e (127.18.78.1). New cstate: current_term: 1 leader_uuid: "cdd46c7043e44581850d88dabf6bfc3e" committed_config { opid_index: -1 OBSOLETE_local: false peers { permanent_uuid: "cdd46c7043e44581850d88dabf6bfc3e" member_type: VOTER last_known_addr { host: "127.18.78.1" port: 40553 } health_report { overall_health: HEALTHY } } peers { permanent_uuid: "83a08c918b614688b6fcf164ecb6c7bd" member_type: VOTER last_known_addr { host: "127.18.78.2" port: 36493 } health_report { overall_health: UNKNOWN } } peers { permanent_uuid: "28809cb3c4eb4da49e19d242d9428fee" member_type: VOTER last_known_addr { host: "127.18.78.3" port: 41287 } health_report { overall_health: UNKNOWN } } }
I20260601 13:35:37.132622 23398 raft_consensus.cc:493] T 58bd6621bc4b4bc1aa7477aadffc8c6e P 83a08c918b614688b6fcf164ecb6c7bd [term 0 FOLLOWER]: Starting pre-election (no leader contacted us within the election timeout)
I20260601 13:35:37.132799 23398 raft_consensus.cc:515] T 58bd6621bc4b4bc1aa7477aadffc8c6e P 83a08c918b614688b6fcf164ecb6c7bd [term 0 FOLLOWER]: Starting pre-election with config: opid_index: -1 OBSOLETE_local: false peers { permanent_uuid: "cdd46c7043e44581850d88dabf6bfc3e" member_type: VOTER last_known_addr { host: "127.18.78.1" port: 40553 } } peers { permanent_uuid: "83a08c918b614688b6fcf164ecb6c7bd" member_type: VOTER last_known_addr { host: "127.18.78.2" port: 36493 } } peers { permanent_uuid: "28809cb3c4eb4da49e19d242d9428fee" member_type: VOTER last_known_addr { host: "127.18.78.3" port: 41287 } }
I20260601 13:35:37.133281 23398 leader_election.cc:290] T 58bd6621bc4b4bc1aa7477aadffc8c6e P 83a08c918b614688b6fcf164ecb6c7bd [CANDIDATE]: Term 1 pre-election: Requested pre-vote from peers cdd46c7043e44581850d88dabf6bfc3e (127.18.78.1:40553), 28809cb3c4eb4da49e19d242d9428fee (127.18.78.3:41287)
I20260601 13:35:37.133909 23195 tablet_service.cc:1917] Received RequestConsensusVote() RPC: tablet_id: "58bd6621bc4b4bc1aa7477aadffc8c6e" candidate_uuid: "83a08c918b614688b6fcf164ecb6c7bd" candidate_term: 1 candidate_status { last_received { term: 0 index: 0 } } ignore_live_leader: false dest_uuid: "cdd46c7043e44581850d88dabf6bfc3e" is_pre_election: true
I20260601 13:35:37.133909 23346 tablet_service.cc:1917] Received RequestConsensusVote() RPC: tablet_id: "58bd6621bc4b4bc1aa7477aadffc8c6e" candidate_uuid: "83a08c918b614688b6fcf164ecb6c7bd" candidate_term: 1 candidate_status { last_received { term: 0 index: 0 } } ignore_live_leader: false dest_uuid: "28809cb3c4eb4da49e19d242d9428fee" is_pre_election: true
I20260601 13:35:37.134120 23195 raft_consensus.cc:2468] T 58bd6621bc4b4bc1aa7477aadffc8c6e P cdd46c7043e44581850d88dabf6bfc3e [term 0 FOLLOWER]: Leader pre-election vote request: Granting yes vote for candidate 83a08c918b614688b6fcf164ecb6c7bd in term 0.
I20260601 13:35:37.134151 23346 raft_consensus.cc:2468] T 58bd6621bc4b4bc1aa7477aadffc8c6e P 28809cb3c4eb4da49e19d242d9428fee [term 0 FOLLOWER]: Leader pre-election vote request: Granting yes vote for candidate 83a08c918b614688b6fcf164ecb6c7bd in term 0.
I20260601 13:35:37.134464 23235 leader_election.cc:304] T 58bd6621bc4b4bc1aa7477aadffc8c6e P 83a08c918b614688b6fcf164ecb6c7bd [CANDIDATE]: Term 1 pre-election: Election decided. Result: candidate won. Election summary: received 2 responses out of 3 voters: 2 yes votes; 0 no votes. yes voters: 28809cb3c4eb4da49e19d242d9428fee, 83a08c918b614688b6fcf164ecb6c7bd; no voters: 
I20260601 13:35:37.134680 23398 raft_consensus.cc:2804] T 58bd6621bc4b4bc1aa7477aadffc8c6e P 83a08c918b614688b6fcf164ecb6c7bd [term 0 FOLLOWER]: Leader pre-election won for term 1
I20260601 13:35:37.134766 23398 raft_consensus.cc:493] T 58bd6621bc4b4bc1aa7477aadffc8c6e P 83a08c918b614688b6fcf164ecb6c7bd [term 0 FOLLOWER]: Starting leader election (no leader contacted us within the election timeout)
I20260601 13:35:37.134827 23398 raft_consensus.cc:3060] T 58bd6621bc4b4bc1aa7477aadffc8c6e P 83a08c918b614688b6fcf164ecb6c7bd [term 0 FOLLOWER]: Advancing to term 1
I20260601 13:35:37.135792 23398 raft_consensus.cc:515] T 58bd6621bc4b4bc1aa7477aadffc8c6e P 83a08c918b614688b6fcf164ecb6c7bd [term 1 FOLLOWER]: Starting leader election with config: opid_index: -1 OBSOLETE_local: false peers { permanent_uuid: "cdd46c7043e44581850d88dabf6bfc3e" member_type: VOTER last_known_addr { host: "127.18.78.1" port: 40553 } } peers { permanent_uuid: "83a08c918b614688b6fcf164ecb6c7bd" member_type: VOTER last_known_addr { host: "127.18.78.2" port: 36493 } } peers { permanent_uuid: "28809cb3c4eb4da49e19d242d9428fee" member_type: VOTER last_known_addr { host: "127.18.78.3" port: 41287 } }
I20260601 13:35:37.136214 23398 leader_election.cc:290] T 58bd6621bc4b4bc1aa7477aadffc8c6e P 83a08c918b614688b6fcf164ecb6c7bd [CANDIDATE]: Term 1 election: Requested vote from peers cdd46c7043e44581850d88dabf6bfc3e (127.18.78.1:40553), 28809cb3c4eb4da49e19d242d9428fee (127.18.78.3:41287)
I20260601 13:35:37.136660 23195 tablet_service.cc:1917] Received RequestConsensusVote() RPC: tablet_id: "58bd6621bc4b4bc1aa7477aadffc8c6e" candidate_uuid: "83a08c918b614688b6fcf164ecb6c7bd" candidate_term: 1 candidate_status { last_received { term: 0 index: 0 } } ignore_live_leader: false dest_uuid: "cdd46c7043e44581850d88dabf6bfc3e"
I20260601 13:35:37.136705 23346 tablet_service.cc:1917] Received RequestConsensusVote() RPC: tablet_id: "58bd6621bc4b4bc1aa7477aadffc8c6e" candidate_uuid: "83a08c918b614688b6fcf164ecb6c7bd" candidate_term: 1 candidate_status { last_received { term: 0 index: 0 } } ignore_live_leader: false dest_uuid: "28809cb3c4eb4da49e19d242d9428fee"
I20260601 13:35:37.136787 23195 raft_consensus.cc:3060] T 58bd6621bc4b4bc1aa7477aadffc8c6e P cdd46c7043e44581850d88dabf6bfc3e [term 0 FOLLOWER]: Advancing to term 1
I20260601 13:35:37.136902 23346 raft_consensus.cc:3060] T 58bd6621bc4b4bc1aa7477aadffc8c6e P 28809cb3c4eb4da49e19d242d9428fee [term 0 FOLLOWER]: Advancing to term 1
I20260601 13:35:37.137677 23195 raft_consensus.cc:2468] T 58bd6621bc4b4bc1aa7477aadffc8c6e P cdd46c7043e44581850d88dabf6bfc3e [term 1 FOLLOWER]: Leader election vote request: Granting yes vote for candidate 83a08c918b614688b6fcf164ecb6c7bd in term 1.
I20260601 13:35:37.137676 23346 raft_consensus.cc:2468] T 58bd6621bc4b4bc1aa7477aadffc8c6e P 28809cb3c4eb4da49e19d242d9428fee [term 1 FOLLOWER]: Leader election vote request: Granting yes vote for candidate 83a08c918b614688b6fcf164ecb6c7bd in term 1.
I20260601 13:35:37.138121 23236 leader_election.cc:304] T 58bd6621bc4b4bc1aa7477aadffc8c6e P 83a08c918b614688b6fcf164ecb6c7bd [CANDIDATE]: Term 1 election: Election decided. Result: candidate won. Election summary: received 2 responses out of 3 voters: 2 yes votes; 0 no votes. yes voters: 83a08c918b614688b6fcf164ecb6c7bd, cdd46c7043e44581850d88dabf6bfc3e; no voters: 
I20260601 13:35:37.138374 23398 raft_consensus.cc:2804] T 58bd6621bc4b4bc1aa7477aadffc8c6e P 83a08c918b614688b6fcf164ecb6c7bd [term 1 FOLLOWER]: Leader election won for term 1
I20260601 13:35:37.138469 23398 raft_consensus.cc:697] T 58bd6621bc4b4bc1aa7477aadffc8c6e P 83a08c918b614688b6fcf164ecb6c7bd [term 1 LEADER]: Becoming Leader. State: Replica: 83a08c918b614688b6fcf164ecb6c7bd, State: Running, Role: LEADER
I20260601 13:35:37.138598 23398 consensus_queue.cc:237] T 58bd6621bc4b4bc1aa7477aadffc8c6e P 83a08c918b614688b6fcf164ecb6c7bd [LEADER]: Queue going to LEADER mode. State: All replicated index: 0, Majority replicated index: 0, Committed index: 0, Last appended: 0.0, Last appended by leader: 0, Current term: 1, Majority size: 2, State: 0, Mode: LEADER, active raft config: opid_index: -1 OBSOLETE_local: false peers { permanent_uuid: "cdd46c7043e44581850d88dabf6bfc3e" member_type: VOTER last_known_addr { host: "127.18.78.1" port: 40553 } } peers { permanent_uuid: "83a08c918b614688b6fcf164ecb6c7bd" member_type: VOTER last_known_addr { host: "127.18.78.2" port: 36493 } } peers { permanent_uuid: "28809cb3c4eb4da49e19d242d9428fee" member_type: VOTER last_known_addr { host: "127.18.78.3" port: 41287 } }
I20260601 13:35:37.140661 23090 catalog_manager.cc:5696] T 58bd6621bc4b4bc1aa7477aadffc8c6e P 83a08c918b614688b6fcf164ecb6c7bd reported cstate change: term changed from 0 to 1, leader changed from <none> to 83a08c918b614688b6fcf164ecb6c7bd (127.18.78.2). New cstate: current_term: 1 leader_uuid: "83a08c918b614688b6fcf164ecb6c7bd" committed_config { opid_index: -1 OBSOLETE_local: false peers { permanent_uuid: "cdd46c7043e44581850d88dabf6bfc3e" member_type: VOTER last_known_addr { host: "127.18.78.1" port: 40553 } health_report { overall_health: UNKNOWN } } peers { permanent_uuid: "83a08c918b614688b6fcf164ecb6c7bd" member_type: VOTER last_known_addr { host: "127.18.78.2" port: 36493 } health_report { overall_health: HEALTHY } } peers { permanent_uuid: "28809cb3c4eb4da49e19d242d9428fee" member_type: VOTER last_known_addr { host: "127.18.78.3" port: 41287 } health_report { overall_health: UNKNOWN } } }
I20260601 13:35:37.147406 23409 raft_consensus.cc:493] T 0b5af086c5f146e3912481dd1c1d0654 P cdd46c7043e44581850d88dabf6bfc3e [term 0 FOLLOWER]: Starting pre-election (no leader contacted us within the election timeout)
I20260601 13:35:37.147615 23409 raft_consensus.cc:515] T 0b5af086c5f146e3912481dd1c1d0654 P cdd46c7043e44581850d88dabf6bfc3e [term 0 FOLLOWER]: Starting pre-election with config: opid_index: -1 OBSOLETE_local: false peers { permanent_uuid: "cdd46c7043e44581850d88dabf6bfc3e" member_type: VOTER last_known_addr { host: "127.18.78.1" port: 40553 } } peers { permanent_uuid: "83a08c918b614688b6fcf164ecb6c7bd" member_type: VOTER last_known_addr { host: "127.18.78.2" port: 36493 } } peers { permanent_uuid: "28809cb3c4eb4da49e19d242d9428fee" member_type: VOTER last_known_addr { host: "127.18.78.3" port: 41287 } }
I20260601 13:35:37.148169 23409 leader_election.cc:290] T 0b5af086c5f146e3912481dd1c1d0654 P cdd46c7043e44581850d88dabf6bfc3e [CANDIDATE]: Term 1 pre-election: Requested pre-vote from peers 83a08c918b614688b6fcf164ecb6c7bd (127.18.78.2:36493), 28809cb3c4eb4da49e19d242d9428fee (127.18.78.3:41287)
I20260601 13:35:37.148937 23346 tablet_service.cc:1917] Received RequestConsensusVote() RPC: tablet_id: "0b5af086c5f146e3912481dd1c1d0654" candidate_uuid: "cdd46c7043e44581850d88dabf6bfc3e" candidate_term: 1 candidate_status { last_received { term: 0 index: 0 } } ignore_live_leader: false dest_uuid: "28809cb3c4eb4da49e19d242d9428fee" is_pre_election: true
I20260601 13:35:37.148931 23271 tablet_service.cc:1917] Received RequestConsensusVote() RPC: tablet_id: "0b5af086c5f146e3912481dd1c1d0654" candidate_uuid: "cdd46c7043e44581850d88dabf6bfc3e" candidate_term: 1 candidate_status { last_received { term: 0 index: 0 } } ignore_live_leader: false dest_uuid: "83a08c918b614688b6fcf164ecb6c7bd" is_pre_election: true
I20260601 13:35:37.149155 23346 raft_consensus.cc:2468] T 0b5af086c5f146e3912481dd1c1d0654 P 28809cb3c4eb4da49e19d242d9428fee [term 0 FOLLOWER]: Leader pre-election vote request: Granting yes vote for candidate cdd46c7043e44581850d88dabf6bfc3e in term 0.
I20260601 13:35:37.149155 23271 raft_consensus.cc:2468] T 0b5af086c5f146e3912481dd1c1d0654 P 83a08c918b614688b6fcf164ecb6c7bd [term 0 FOLLOWER]: Leader pre-election vote request: Granting yes vote for candidate cdd46c7043e44581850d88dabf6bfc3e in term 0.
I20260601 13:35:37.149662 23161 leader_election.cc:304] T 0b5af086c5f146e3912481dd1c1d0654 P cdd46c7043e44581850d88dabf6bfc3e [CANDIDATE]: Term 1 pre-election: Election decided. Result: candidate won. Election summary: received 2 responses out of 3 voters: 2 yes votes; 0 no votes. yes voters: 83a08c918b614688b6fcf164ecb6c7bd, cdd46c7043e44581850d88dabf6bfc3e; no voters: 
I20260601 13:35:37.149868 23409 raft_consensus.cc:2804] T 0b5af086c5f146e3912481dd1c1d0654 P cdd46c7043e44581850d88dabf6bfc3e [term 0 FOLLOWER]: Leader pre-election won for term 1
I20260601 13:35:37.149950 23409 raft_consensus.cc:493] T 0b5af086c5f146e3912481dd1c1d0654 P cdd46c7043e44581850d88dabf6bfc3e [term 0 FOLLOWER]: Starting leader election (no leader contacted us within the election timeout)
I20260601 13:35:37.150049 23409 raft_consensus.cc:3060] T 0b5af086c5f146e3912481dd1c1d0654 P cdd46c7043e44581850d88dabf6bfc3e [term 0 FOLLOWER]: Advancing to term 1
I20260601 13:35:37.150998 23409 raft_consensus.cc:515] T 0b5af086c5f146e3912481dd1c1d0654 P cdd46c7043e44581850d88dabf6bfc3e [term 1 FOLLOWER]: Starting leader election with config: opid_index: -1 OBSOLETE_local: false peers { permanent_uuid: "cdd46c7043e44581850d88dabf6bfc3e" member_type: VOTER last_known_addr { host: "127.18.78.1" port: 40553 } } peers { permanent_uuid: "83a08c918b614688b6fcf164ecb6c7bd" member_type: VOTER last_known_addr { host: "127.18.78.2" port: 36493 } } peers { permanent_uuid: "28809cb3c4eb4da49e19d242d9428fee" member_type: VOTER last_known_addr { host: "127.18.78.3" port: 41287 } }
I20260601 13:35:37.151437 23409 leader_election.cc:290] T 0b5af086c5f146e3912481dd1c1d0654 P cdd46c7043e44581850d88dabf6bfc3e [CANDIDATE]: Term 1 election: Requested vote from peers 83a08c918b614688b6fcf164ecb6c7bd (127.18.78.2:36493), 28809cb3c4eb4da49e19d242d9428fee (127.18.78.3:41287)
I20260601 13:35:37.152019 23346 tablet_service.cc:1917] Received RequestConsensusVote() RPC: tablet_id: "0b5af086c5f146e3912481dd1c1d0654" candidate_uuid: "cdd46c7043e44581850d88dabf6bfc3e" candidate_term: 1 candidate_status { last_received { term: 0 index: 0 } } ignore_live_leader: false dest_uuid: "28809cb3c4eb4da49e19d242d9428fee"
I20260601 13:35:37.152040 23271 tablet_service.cc:1917] Received RequestConsensusVote() RPC: tablet_id: "0b5af086c5f146e3912481dd1c1d0654" candidate_uuid: "cdd46c7043e44581850d88dabf6bfc3e" candidate_term: 1 candidate_status { last_received { term: 0 index: 0 } } ignore_live_leader: false dest_uuid: "83a08c918b614688b6fcf164ecb6c7bd"
I20260601 13:35:37.152206 23271 raft_consensus.cc:3060] T 0b5af086c5f146e3912481dd1c1d0654 P 83a08c918b614688b6fcf164ecb6c7bd [term 0 FOLLOWER]: Advancing to term 1
I20260601 13:35:37.152206 23346 raft_consensus.cc:3060] T 0b5af086c5f146e3912481dd1c1d0654 P 28809cb3c4eb4da49e19d242d9428fee [term 0 FOLLOWER]: Advancing to term 1
I20260601 13:35:37.153033 23346 raft_consensus.cc:2468] T 0b5af086c5f146e3912481dd1c1d0654 P 28809cb3c4eb4da49e19d242d9428fee [term 1 FOLLOWER]: Leader election vote request: Granting yes vote for candidate cdd46c7043e44581850d88dabf6bfc3e in term 1.
I20260601 13:35:37.153043 23271 raft_consensus.cc:2468] T 0b5af086c5f146e3912481dd1c1d0654 P 83a08c918b614688b6fcf164ecb6c7bd [term 1 FOLLOWER]: Leader election vote request: Granting yes vote for candidate cdd46c7043e44581850d88dabf6bfc3e in term 1.
I20260601 13:35:37.153370 23159 leader_election.cc:304] T 0b5af086c5f146e3912481dd1c1d0654 P cdd46c7043e44581850d88dabf6bfc3e [CANDIDATE]: Term 1 election: Election decided. Result: candidate won. Election summary: received 3 responses out of 3 voters: 3 yes votes; 0 no votes. yes voters: 28809cb3c4eb4da49e19d242d9428fee, 83a08c918b614688b6fcf164ecb6c7bd, cdd46c7043e44581850d88dabf6bfc3e; no voters: 
I20260601 13:35:37.153569 23409 raft_consensus.cc:2804] T 0b5af086c5f146e3912481dd1c1d0654 P cdd46c7043e44581850d88dabf6bfc3e [term 1 FOLLOWER]: Leader election won for term 1
I20260601 13:35:37.153680 23409 raft_consensus.cc:697] T 0b5af086c5f146e3912481dd1c1d0654 P cdd46c7043e44581850d88dabf6bfc3e [term 1 LEADER]: Becoming Leader. State: Replica: cdd46c7043e44581850d88dabf6bfc3e, State: Running, Role: LEADER
I20260601 13:35:37.153820 23409 consensus_queue.cc:237] T 0b5af086c5f146e3912481dd1c1d0654 P cdd46c7043e44581850d88dabf6bfc3e [LEADER]: Queue going to LEADER mode. State: All replicated index: 0, Majority replicated index: 0, Committed index: 0, Last appended: 0.0, Last appended by leader: 0, Current term: 1, Majority size: 2, State: 0, Mode: LEADER, active raft config: opid_index: -1 OBSOLETE_local: false peers { permanent_uuid: "cdd46c7043e44581850d88dabf6bfc3e" member_type: VOTER last_known_addr { host: "127.18.78.1" port: 40553 } } peers { permanent_uuid: "83a08c918b614688b6fcf164ecb6c7bd" member_type: VOTER last_known_addr { host: "127.18.78.2" port: 36493 } } peers { permanent_uuid: "28809cb3c4eb4da49e19d242d9428fee" member_type: VOTER last_known_addr { host: "127.18.78.3" port: 41287 } }
I20260601 13:35:37.155684 23090 catalog_manager.cc:5696] T 0b5af086c5f146e3912481dd1c1d0654 P cdd46c7043e44581850d88dabf6bfc3e reported cstate change: term changed from 0 to 1, leader changed from <none> to cdd46c7043e44581850d88dabf6bfc3e (127.18.78.1). New cstate: current_term: 1 leader_uuid: "cdd46c7043e44581850d88dabf6bfc3e" committed_config { opid_index: -1 OBSOLETE_local: false peers { permanent_uuid: "cdd46c7043e44581850d88dabf6bfc3e" member_type: VOTER last_known_addr { host: "127.18.78.1" port: 40553 } health_report { overall_health: HEALTHY } } peers { permanent_uuid: "83a08c918b614688b6fcf164ecb6c7bd" member_type: VOTER last_known_addr { host: "127.18.78.2" port: 36493 } health_report { overall_health: UNKNOWN } } peers { permanent_uuid: "28809cb3c4eb4da49e19d242d9428fee" member_type: VOTER last_known_addr { host: "127.18.78.3" port: 41287 } health_report { overall_health: UNKNOWN } } }
I20260601 13:35:37.170804 23409 raft_consensus.cc:493] T 807144d45512433faa9edd5b81312c50 P cdd46c7043e44581850d88dabf6bfc3e [term 0 FOLLOWER]: Starting pre-election (no leader contacted us within the election timeout)
I20260601 13:35:37.171007 23409 raft_consensus.cc:515] T 807144d45512433faa9edd5b81312c50 P cdd46c7043e44581850d88dabf6bfc3e [term 0 FOLLOWER]: Starting pre-election with config: opid_index: -1 OBSOLETE_local: false peers { permanent_uuid: "cdd46c7043e44581850d88dabf6bfc3e" member_type: VOTER last_known_addr { host: "127.18.78.1" port: 40553 } } peers { permanent_uuid: "83a08c918b614688b6fcf164ecb6c7bd" member_type: VOTER last_known_addr { host: "127.18.78.2" port: 36493 } } peers { permanent_uuid: "28809cb3c4eb4da49e19d242d9428fee" member_type: VOTER last_known_addr { host: "127.18.78.3" port: 41287 } }
I20260601 13:35:37.171535 23409 leader_election.cc:290] T 807144d45512433faa9edd5b81312c50 P cdd46c7043e44581850d88dabf6bfc3e [CANDIDATE]: Term 1 pre-election: Requested pre-vote from peers 83a08c918b614688b6fcf164ecb6c7bd (127.18.78.2:36493), 28809cb3c4eb4da49e19d242d9428fee (127.18.78.3:41287)
I20260601 13:35:37.172034 23346 tablet_service.cc:1917] Received RequestConsensusVote() RPC: tablet_id: "807144d45512433faa9edd5b81312c50" candidate_uuid: "cdd46c7043e44581850d88dabf6bfc3e" candidate_term: 1 candidate_status { last_received { term: 0 index: 0 } } ignore_live_leader: false dest_uuid: "28809cb3c4eb4da49e19d242d9428fee" is_pre_election: true
I20260601 13:35:37.172037 23271 tablet_service.cc:1917] Received RequestConsensusVote() RPC: tablet_id: "807144d45512433faa9edd5b81312c50" candidate_uuid: "cdd46c7043e44581850d88dabf6bfc3e" candidate_term: 1 candidate_status { last_received { term: 0 index: 0 } } ignore_live_leader: false dest_uuid: "83a08c918b614688b6fcf164ecb6c7bd" is_pre_election: true
I20260601 13:35:37.172165 23346 raft_consensus.cc:2468] T 807144d45512433faa9edd5b81312c50 P 28809cb3c4eb4da49e19d242d9428fee [term 0 FOLLOWER]: Leader pre-election vote request: Granting yes vote for candidate cdd46c7043e44581850d88dabf6bfc3e in term 0.
I20260601 13:35:37.172276 23271 raft_consensus.cc:2468] T 807144d45512433faa9edd5b81312c50 P 83a08c918b614688b6fcf164ecb6c7bd [term 0 FOLLOWER]: Leader pre-election vote request: Granting yes vote for candidate cdd46c7043e44581850d88dabf6bfc3e in term 0.
I20260601 13:35:37.172528 23159 leader_election.cc:304] T 807144d45512433faa9edd5b81312c50 P cdd46c7043e44581850d88dabf6bfc3e [CANDIDATE]: Term 1 pre-election: Election decided. Result: candidate won. Election summary: received 2 responses out of 3 voters: 2 yes votes; 0 no votes. yes voters: 28809cb3c4eb4da49e19d242d9428fee, cdd46c7043e44581850d88dabf6bfc3e; no voters: 
I20260601 13:35:37.172749 23409 raft_consensus.cc:2804] T 807144d45512433faa9edd5b81312c50 P cdd46c7043e44581850d88dabf6bfc3e [term 0 FOLLOWER]: Leader pre-election won for term 1
I20260601 13:35:37.172808 23409 raft_consensus.cc:493] T 807144d45512433faa9edd5b81312c50 P cdd46c7043e44581850d88dabf6bfc3e [term 0 FOLLOWER]: Starting leader election (no leader contacted us within the election timeout)
I20260601 13:35:37.172838 23409 raft_consensus.cc:3060] T 807144d45512433faa9edd5b81312c50 P cdd46c7043e44581850d88dabf6bfc3e [term 0 FOLLOWER]: Advancing to term 1
I20260601 13:35:37.173702 23409 raft_consensus.cc:515] T 807144d45512433faa9edd5b81312c50 P cdd46c7043e44581850d88dabf6bfc3e [term 1 FOLLOWER]: Starting leader election with config: opid_index: -1 OBSOLETE_local: false peers { permanent_uuid: "cdd46c7043e44581850d88dabf6bfc3e" member_type: VOTER last_known_addr { host: "127.18.78.1" port: 40553 } } peers { permanent_uuid: "83a08c918b614688b6fcf164ecb6c7bd" member_type: VOTER last_known_addr { host: "127.18.78.2" port: 36493 } } peers { permanent_uuid: "28809cb3c4eb4da49e19d242d9428fee" member_type: VOTER last_known_addr { host: "127.18.78.3" port: 41287 } }
I20260601 13:35:37.174132 23409 leader_election.cc:290] T 807144d45512433faa9edd5b81312c50 P cdd46c7043e44581850d88dabf6bfc3e [CANDIDATE]: Term 1 election: Requested vote from peers 83a08c918b614688b6fcf164ecb6c7bd (127.18.78.2:36493), 28809cb3c4eb4da49e19d242d9428fee (127.18.78.3:41287)
I20260601 13:35:37.174618 23271 tablet_service.cc:1917] Received RequestConsensusVote() RPC: tablet_id: "807144d45512433faa9edd5b81312c50" candidate_uuid: "cdd46c7043e44581850d88dabf6bfc3e" candidate_term: 1 candidate_status { last_received { term: 0 index: 0 } } ignore_live_leader: false dest_uuid: "83a08c918b614688b6fcf164ecb6c7bd"
I20260601 13:35:37.174669 23346 tablet_service.cc:1917] Received RequestConsensusVote() RPC: tablet_id: "807144d45512433faa9edd5b81312c50" candidate_uuid: "cdd46c7043e44581850d88dabf6bfc3e" candidate_term: 1 candidate_status { last_received { term: 0 index: 0 } } ignore_live_leader: false dest_uuid: "28809cb3c4eb4da49e19d242d9428fee"
I20260601 13:35:37.174763 23271 raft_consensus.cc:3060] T 807144d45512433faa9edd5b81312c50 P 83a08c918b614688b6fcf164ecb6c7bd [term 0 FOLLOWER]: Advancing to term 1
I20260601 13:35:37.174783 23346 raft_consensus.cc:3060] T 807144d45512433faa9edd5b81312c50 P 28809cb3c4eb4da49e19d242d9428fee [term 0 FOLLOWER]: Advancing to term 1
I20260601 13:35:37.175577 23271 raft_consensus.cc:2468] T 807144d45512433faa9edd5b81312c50 P 83a08c918b614688b6fcf164ecb6c7bd [term 1 FOLLOWER]: Leader election vote request: Granting yes vote for candidate cdd46c7043e44581850d88dabf6bfc3e in term 1.
I20260601 13:35:37.175598 23346 raft_consensus.cc:2468] T 807144d45512433faa9edd5b81312c50 P 28809cb3c4eb4da49e19d242d9428fee [term 1 FOLLOWER]: Leader election vote request: Granting yes vote for candidate cdd46c7043e44581850d88dabf6bfc3e in term 1.
I20260601 13:35:37.175932 23161 leader_election.cc:304] T 807144d45512433faa9edd5b81312c50 P cdd46c7043e44581850d88dabf6bfc3e [CANDIDATE]: Term 1 election: Election decided. Result: candidate won. Election summary: received 2 responses out of 3 voters: 2 yes votes; 0 no votes. yes voters: 83a08c918b614688b6fcf164ecb6c7bd, cdd46c7043e44581850d88dabf6bfc3e; no voters: 
I20260601 13:35:37.176147 23409 raft_consensus.cc:2804] T 807144d45512433faa9edd5b81312c50 P cdd46c7043e44581850d88dabf6bfc3e [term 1 FOLLOWER]: Leader election won for term 1
I20260601 13:35:37.176260 23409 raft_consensus.cc:697] T 807144d45512433faa9edd5b81312c50 P cdd46c7043e44581850d88dabf6bfc3e [term 1 LEADER]: Becoming Leader. State: Replica: cdd46c7043e44581850d88dabf6bfc3e, State: Running, Role: LEADER
I20260601 13:35:37.176409 23409 consensus_queue.cc:237] T 807144d45512433faa9edd5b81312c50 P cdd46c7043e44581850d88dabf6bfc3e [LEADER]: Queue going to LEADER mode. State: All replicated index: 0, Majority replicated index: 0, Committed index: 0, Last appended: 0.0, Last appended by leader: 0, Current term: 1, Majority size: 2, State: 0, Mode: LEADER, active raft config: opid_index: -1 OBSOLETE_local: false peers { permanent_uuid: "cdd46c7043e44581850d88dabf6bfc3e" member_type: VOTER last_known_addr { host: "127.18.78.1" port: 40553 } } peers { permanent_uuid: "83a08c918b614688b6fcf164ecb6c7bd" member_type: VOTER last_known_addr { host: "127.18.78.2" port: 36493 } } peers { permanent_uuid: "28809cb3c4eb4da49e19d242d9428fee" member_type: VOTER last_known_addr { host: "127.18.78.3" port: 41287 } }
I20260601 13:35:37.178501 23090 catalog_manager.cc:5696] T 807144d45512433faa9edd5b81312c50 P cdd46c7043e44581850d88dabf6bfc3e reported cstate change: term changed from 0 to 1, leader changed from <none> to cdd46c7043e44581850d88dabf6bfc3e (127.18.78.1). New cstate: current_term: 1 leader_uuid: "cdd46c7043e44581850d88dabf6bfc3e" committed_config { opid_index: -1 OBSOLETE_local: false peers { permanent_uuid: "cdd46c7043e44581850d88dabf6bfc3e" member_type: VOTER last_known_addr { host: "127.18.78.1" port: 40553 } health_report { overall_health: HEALTHY } } peers { permanent_uuid: "83a08c918b614688b6fcf164ecb6c7bd" member_type: VOTER last_known_addr { host: "127.18.78.2" port: 36493 } health_report { overall_health: UNKNOWN } } peers { permanent_uuid: "28809cb3c4eb4da49e19d242d9428fee" member_type: VOTER last_known_addr { host: "127.18.78.3" port: 41287 } health_report { overall_health: UNKNOWN } } }
I20260601 13:35:37.216003 23405 raft_consensus.cc:493] T d9e9c05cac004bd28576c731745e37cc P 28809cb3c4eb4da49e19d242d9428fee [term 0 FOLLOWER]: Starting pre-election (no leader contacted us within the election timeout)
I20260601 13:35:37.216190 23405 raft_consensus.cc:515] T d9e9c05cac004bd28576c731745e37cc P 28809cb3c4eb4da49e19d242d9428fee [term 0 FOLLOWER]: Starting pre-election with config: opid_index: -1 OBSOLETE_local: false peers { permanent_uuid: "cdd46c7043e44581850d88dabf6bfc3e" member_type: VOTER last_known_addr { host: "127.18.78.1" port: 40553 } } peers { permanent_uuid: "83a08c918b614688b6fcf164ecb6c7bd" member_type: VOTER last_known_addr { host: "127.18.78.2" port: 36493 } } peers { permanent_uuid: "28809cb3c4eb4da49e19d242d9428fee" member_type: VOTER last_known_addr { host: "127.18.78.3" port: 41287 } }
I20260601 13:35:37.216744 23405 leader_election.cc:290] T d9e9c05cac004bd28576c731745e37cc P 28809cb3c4eb4da49e19d242d9428fee [CANDIDATE]: Term 1 pre-election: Requested pre-vote from peers cdd46c7043e44581850d88dabf6bfc3e (127.18.78.1:40553), 83a08c918b614688b6fcf164ecb6c7bd (127.18.78.2:36493)
I20260601 13:35:37.217306 23271 tablet_service.cc:1917] Received RequestConsensusVote() RPC: tablet_id: "d9e9c05cac004bd28576c731745e37cc" candidate_uuid: "28809cb3c4eb4da49e19d242d9428fee" candidate_term: 1 candidate_status { last_received { term: 0 index: 0 } } ignore_live_leader: false dest_uuid: "83a08c918b614688b6fcf164ecb6c7bd" is_pre_election: true
I20260601 13:35:37.217330 23195 tablet_service.cc:1917] Received RequestConsensusVote() RPC: tablet_id: "d9e9c05cac004bd28576c731745e37cc" candidate_uuid: "28809cb3c4eb4da49e19d242d9428fee" candidate_term: 1 candidate_status { last_received { term: 0 index: 0 } } ignore_live_leader: false dest_uuid: "cdd46c7043e44581850d88dabf6bfc3e" is_pre_election: true
I20260601 13:35:37.217540 23271 raft_consensus.cc:2393] T d9e9c05cac004bd28576c731745e37cc P 83a08c918b614688b6fcf164ecb6c7bd [term 1 FOLLOWER]: Leader pre-election vote request: Denying vote to candidate 28809cb3c4eb4da49e19d242d9428fee in current term 1: Already voted for candidate cdd46c7043e44581850d88dabf6bfc3e in this term.
I20260601 13:35:37.217855 23311 leader_election.cc:304] T d9e9c05cac004bd28576c731745e37cc P 28809cb3c4eb4da49e19d242d9428fee [CANDIDATE]: Term 1 pre-election: Election decided. Result: candidate lost. Election summary: received 3 responses out of 3 voters: 1 yes votes; 2 no votes. yes voters: 28809cb3c4eb4da49e19d242d9428fee; no voters: 83a08c918b614688b6fcf164ecb6c7bd, cdd46c7043e44581850d88dabf6bfc3e
I20260601 13:35:37.218077 23405 raft_consensus.cc:3060] T d9e9c05cac004bd28576c731745e37cc P 28809cb3c4eb4da49e19d242d9428fee [term 0 FOLLOWER]: Advancing to term 1
I20260601 13:35:37.219029 23405 raft_consensus.cc:2749] T d9e9c05cac004bd28576c731745e37cc P 28809cb3c4eb4da49e19d242d9428fee [term 1 FOLLOWER]: Leader pre-election lost for term 1. Reason: could not achieve majority
I20260601 13:35:37.221645 23398 raft_consensus.cc:493] T e0a10aa173a24ef2aa74cb9a2ad82626 P 83a08c918b614688b6fcf164ecb6c7bd [term 0 FOLLOWER]: Starting pre-election (no leader contacted us within the election timeout)
I20260601 13:35:37.221750 23398 raft_consensus.cc:515] T e0a10aa173a24ef2aa74cb9a2ad82626 P 83a08c918b614688b6fcf164ecb6c7bd [term 0 FOLLOWER]: Starting pre-election with config: opid_index: -1 OBSOLETE_local: false peers { permanent_uuid: "cdd46c7043e44581850d88dabf6bfc3e" member_type: VOTER last_known_addr { host: "127.18.78.1" port: 40553 } } peers { permanent_uuid: "83a08c918b614688b6fcf164ecb6c7bd" member_type: VOTER last_known_addr { host: "127.18.78.2" port: 36493 } } peers { permanent_uuid: "28809cb3c4eb4da49e19d242d9428fee" member_type: VOTER last_known_addr { host: "127.18.78.3" port: 41287 } }
I20260601 13:35:37.222254 23398 leader_election.cc:290] T e0a10aa173a24ef2aa74cb9a2ad82626 P 83a08c918b614688b6fcf164ecb6c7bd [CANDIDATE]: Term 1 pre-election: Requested pre-vote from peers cdd46c7043e44581850d88dabf6bfc3e (127.18.78.1:40553), 28809cb3c4eb4da49e19d242d9428fee (127.18.78.3:41287)
I20260601 13:35:37.222661 23195 tablet_service.cc:1917] Received RequestConsensusVote() RPC: tablet_id: "e0a10aa173a24ef2aa74cb9a2ad82626" candidate_uuid: "83a08c918b614688b6fcf164ecb6c7bd" candidate_term: 1 candidate_status { last_received { term: 0 index: 0 } } ignore_live_leader: false dest_uuid: "cdd46c7043e44581850d88dabf6bfc3e" is_pre_election: true
I20260601 13:35:37.222733 23346 tablet_service.cc:1917] Received RequestConsensusVote() RPC: tablet_id: "e0a10aa173a24ef2aa74cb9a2ad82626" candidate_uuid: "83a08c918b614688b6fcf164ecb6c7bd" candidate_term: 1 candidate_status { last_received { term: 0 index: 0 } } ignore_live_leader: false dest_uuid: "28809cb3c4eb4da49e19d242d9428fee" is_pre_election: true
I20260601 13:35:37.222800 23195 raft_consensus.cc:2468] T e0a10aa173a24ef2aa74cb9a2ad82626 P cdd46c7043e44581850d88dabf6bfc3e [term 0 FOLLOWER]: Leader pre-election vote request: Granting yes vote for candidate 83a08c918b614688b6fcf164ecb6c7bd in term 0.
I20260601 13:35:37.222905 23346 raft_consensus.cc:2468] T e0a10aa173a24ef2aa74cb9a2ad82626 P 28809cb3c4eb4da49e19d242d9428fee [term 0 FOLLOWER]: Leader pre-election vote request: Granting yes vote for candidate 83a08c918b614688b6fcf164ecb6c7bd in term 0.
I20260601 13:35:37.223063 23236 leader_election.cc:304] T e0a10aa173a24ef2aa74cb9a2ad82626 P 83a08c918b614688b6fcf164ecb6c7bd [CANDIDATE]: Term 1 pre-election: Election decided. Result: candidate won. Election summary: received 2 responses out of 3 voters: 2 yes votes; 0 no votes. yes voters: 83a08c918b614688b6fcf164ecb6c7bd, cdd46c7043e44581850d88dabf6bfc3e; no voters: 
I20260601 13:35:37.223333 23398 raft_consensus.cc:2804] T e0a10aa173a24ef2aa74cb9a2ad82626 P 83a08c918b614688b6fcf164ecb6c7bd [term 0 FOLLOWER]: Leader pre-election won for term 1
I20260601 13:35:37.223410 23398 raft_consensus.cc:493] T e0a10aa173a24ef2aa74cb9a2ad82626 P 83a08c918b614688b6fcf164ecb6c7bd [term 0 FOLLOWER]: Starting leader election (no leader contacted us within the election timeout)
I20260601 13:35:37.223467 23398 raft_consensus.cc:3060] T e0a10aa173a24ef2aa74cb9a2ad82626 P 83a08c918b614688b6fcf164ecb6c7bd [term 0 FOLLOWER]: Advancing to term 1
I20260601 13:35:37.224684 23398 raft_consensus.cc:515] T e0a10aa173a24ef2aa74cb9a2ad82626 P 83a08c918b614688b6fcf164ecb6c7bd [term 1 FOLLOWER]: Starting leader election with config: opid_index: -1 OBSOLETE_local: false peers { permanent_uuid: "cdd46c7043e44581850d88dabf6bfc3e" member_type: VOTER last_known_addr { host: "127.18.78.1" port: 40553 } } peers { permanent_uuid: "83a08c918b614688b6fcf164ecb6c7bd" member_type: VOTER last_known_addr { host: "127.18.78.2" port: 36493 } } peers { permanent_uuid: "28809cb3c4eb4da49e19d242d9428fee" member_type: VOTER last_known_addr { host: "127.18.78.3" port: 41287 } }
I20260601 13:35:37.225479 23346 tablet_service.cc:1917] Received RequestConsensusVote() RPC: tablet_id: "e0a10aa173a24ef2aa74cb9a2ad82626" candidate_uuid: "83a08c918b614688b6fcf164ecb6c7bd" candidate_term: 1 candidate_status { last_received { term: 0 index: 0 } } ignore_live_leader: false dest_uuid: "28809cb3c4eb4da49e19d242d9428fee"
I20260601 13:35:37.225579 23346 raft_consensus.cc:3060] T e0a10aa173a24ef2aa74cb9a2ad82626 P 28809cb3c4eb4da49e19d242d9428fee [term 0 FOLLOWER]: Advancing to term 1
I20260601 13:35:37.226449 23346 raft_consensus.cc:2468] T e0a10aa173a24ef2aa74cb9a2ad82626 P 28809cb3c4eb4da49e19d242d9428fee [term 1 FOLLOWER]: Leader election vote request: Granting yes vote for candidate 83a08c918b614688b6fcf164ecb6c7bd in term 1.
I20260601 13:35:37.226692 23235 leader_election.cc:304] T e0a10aa173a24ef2aa74cb9a2ad82626 P 83a08c918b614688b6fcf164ecb6c7bd [CANDIDATE]: Term 1 election: Election decided. Result: candidate won. Election summary: received 2 responses out of 3 voters: 2 yes votes; 0 no votes. yes voters: 28809cb3c4eb4da49e19d242d9428fee, 83a08c918b614688b6fcf164ecb6c7bd; no voters: 
I20260601 13:35:37.226853 23395 raft_consensus.cc:2804] T e0a10aa173a24ef2aa74cb9a2ad82626 P 83a08c918b614688b6fcf164ecb6c7bd [term 1 FOLLOWER]: Leader election won for term 1
I20260601 13:35:37.227051 23395 raft_consensus.cc:697] T e0a10aa173a24ef2aa74cb9a2ad82626 P 83a08c918b614688b6fcf164ecb6c7bd [term 1 LEADER]: Becoming Leader. State: Replica: 83a08c918b614688b6fcf164ecb6c7bd, State: Running, Role: LEADER
I20260601 13:35:37.227185 23395 consensus_queue.cc:237] T e0a10aa173a24ef2aa74cb9a2ad82626 P 83a08c918b614688b6fcf164ecb6c7bd [LEADER]: Queue going to LEADER mode. State: All replicated index: 0, Majority replicated index: 0, Committed index: 0, Last appended: 0.0, Last appended by leader: 0, Current term: 1, Majority size: 2, State: 0, Mode: LEADER, active raft config: opid_index: -1 OBSOLETE_local: false peers { permanent_uuid: "cdd46c7043e44581850d88dabf6bfc3e" member_type: VOTER last_known_addr { host: "127.18.78.1" port: 40553 } } peers { permanent_uuid: "83a08c918b614688b6fcf164ecb6c7bd" member_type: VOTER last_known_addr { host: "127.18.78.2" port: 36493 } } peers { permanent_uuid: "28809cb3c4eb4da49e19d242d9428fee" member_type: VOTER last_known_addr { host: "127.18.78.3" port: 41287 } }
I20260601 13:35:37.228008 23398 leader_election.cc:290] T e0a10aa173a24ef2aa74cb9a2ad82626 P 83a08c918b614688b6fcf164ecb6c7bd [CANDIDATE]: Term 1 election: Requested vote from peers cdd46c7043e44581850d88dabf6bfc3e (127.18.78.1:40553), 28809cb3c4eb4da49e19d242d9428fee (127.18.78.3:41287)
I20260601 13:35:37.230103 23195 tablet_service.cc:1917] Received RequestConsensusVote() RPC: tablet_id: "e0a10aa173a24ef2aa74cb9a2ad82626" candidate_uuid: "83a08c918b614688b6fcf164ecb6c7bd" candidate_term: 1 candidate_status { last_received { term: 0 index: 0 } } ignore_live_leader: false dest_uuid: "cdd46c7043e44581850d88dabf6bfc3e"
I20260601 13:35:37.230204 23195 raft_consensus.cc:3060] T e0a10aa173a24ef2aa74cb9a2ad82626 P cdd46c7043e44581850d88dabf6bfc3e [term 0 FOLLOWER]: Advancing to term 1
