I20260601 13:35:42.328847 23662 raft_consensus.cc:2955] T e0a10aa173a24ef2aa74cb9a2ad82626 P dc42d7ee3c3846ab872132596162212b [term 1 FOLLOWER]: Committing config change with OpId 1.28: config changed from index 27 to 28, VOTER cdd46c7043e44581850d88dabf6bfc3e (127.18.78.1) evicted. New config: { opid_index: 28 OBSOLETE_local: false peers { permanent_uuid: "83a08c918b614688b6fcf164ecb6c7bd" member_type: VOTER last_known_addr { host: "127.18.78.2" port: 36493 } } peers { permanent_uuid: "28809cb3c4eb4da49e19d242d9428fee" member_type: VOTER last_known_addr { host: "127.18.78.3" port: 41287 } } peers { permanent_uuid: "dc42d7ee3c3846ab872132596162212b" member_type: VOTER last_known_addr { host: "127.18.78.5" port: 39711 } attrs { promote: false } } }
I20260601 13:35:42.330083 23179 tablet_service.cc:1558] Processing DeleteTablet for tablet e0a10aa173a24ef2aa74cb9a2ad82626 with delete_type TABLET_DATA_TOMBSTONED (TS cdd46c7043e44581850d88dabf6bfc3e not found in new config with opid_index 28) from {username='slave'} at 127.0.0.1:37498
I20260601 13:35:42.330637 23843 tablet_replica.cc:333] T e0a10aa173a24ef2aa74cb9a2ad82626 P cdd46c7043e44581850d88dabf6bfc3e: stopping tablet replica
I20260601 13:35:42.330850 23843 raft_consensus.cc:2243] T e0a10aa173a24ef2aa74cb9a2ad82626 P cdd46c7043e44581850d88dabf6bfc3e [term 1 FOLLOWER]: Raft consensus shutting down.
I20260601 13:35:42.331110 23843 raft_consensus.cc:2272] T e0a10aa173a24ef2aa74cb9a2ad82626 P cdd46c7043e44581850d88dabf6bfc3e [term 1 FOLLOWER]: Raft consensus is shut down!
I20260601 13:35:42.331844 23843 ts_tablet_manager.cc:1916] T e0a10aa173a24ef2aa74cb9a2ad82626 P cdd46c7043e44581850d88dabf6bfc3e: Deleting tablet data with delete state TABLET_DATA_TOMBSTONED
I20260601 13:35:42.333940 23843 ts_tablet_manager.cc:1929] T e0a10aa173a24ef2aa74cb9a2ad82626 P cdd46c7043e44581850d88dabf6bfc3e: tablet deleted with delete type TABLET_DATA_TOMBSTONED: last-logged OpId 1.27
I20260601 13:35:42.334045 23843 log.cc:1199] T e0a10aa173a24ef2aa74cb9a2ad82626 P cdd46c7043e44581850d88dabf6bfc3e: Deleting WAL directory at /tmp/dist-test-taskoXbEgI/test-tmp/auto_rebalancer-test.0.AutoRebalancerTest.TestMaxMovesPerServer.1780320832166146-18744-0/minicluster-data/ts-0-root/wals/e0a10aa173a24ef2aa74cb9a2ad82626
I20260601 13:35:42.334647 23078 catalog_manager.cc:5027] TS cdd46c7043e44581850d88dabf6bfc3e (127.18.78.1:40553): tablet e0a10aa173a24ef2aa74cb9a2ad82626 (table test-workload [id=06766c46b7b445189b2236d79fd40d7f]) successfully deleted
I20260601 13:35:42.405145 23830 raft_consensus.cc:1064] T d9e9c05cac004bd28576c731745e37cc P cdd46c7043e44581850d88dabf6bfc3e: attempting to promote NON_VOTER 7f353a2fb86740e3b9340d43284c56d3 to VOTER
I20260601 13:35:42.405658 23830 consensus_queue.cc:237] T d9e9c05cac004bd28576c731745e37cc P cdd46c7043e44581850d88dabf6bfc3e [LEADER]: Queue going to LEADER mode. State: All replicated index: 0, Majority replicated index: 26, Committed index: 26, Last appended: 1.26, Last appended by leader: 0, Current term: 1, Majority size: 3, State: 0, Mode: LEADER, active raft config: opid_index: 27 OBSOLETE_local: false peers { permanent_uuid: "cdd46c7043e44581850d88dabf6bfc3e" member_type: VOTER last_known_addr { host: "127.18.78.1" port: 40553 } } peers { permanent_uuid: "83a08c918b614688b6fcf164ecb6c7bd" member_type: VOTER last_known_addr { host: "127.18.78.2" port: 36493 } attrs { replace: true } } peers { permanent_uuid: "28809cb3c4eb4da49e19d242d9428fee" member_type: VOTER last_known_addr { host: "127.18.78.3" port: 41287 } } peers { permanent_uuid: "7f353a2fb86740e3b9340d43284c56d3" member_type: VOTER last_known_addr { host: "127.18.78.4" port: 35047 } attrs { promote: false } }
I20260601 13:35:42.407346 23341 raft_consensus.cc:1275] T d9e9c05cac004bd28576c731745e37cc P 28809cb3c4eb4da49e19d242d9428fee [term 1 FOLLOWER]: Refusing update from remote peer cdd46c7043e44581850d88dabf6bfc3e: Log matching property violated. Preceding OpId in replica: term: 1 index: 26. Preceding OpId from leader: term: 1 index: 27. (index mismatch)
I20260601 13:35:42.407299 23586 raft_consensus.cc:1275] T d9e9c05cac004bd28576c731745e37cc P 7f353a2fb86740e3b9340d43284c56d3 [term 1 LEARNER]: Refusing update from remote peer cdd46c7043e44581850d88dabf6bfc3e: Log matching property violated. Preceding OpId in replica: term: 1 index: 26. Preceding OpId from leader: term: 1 index: 27. (index mismatch)
I20260601 13:35:42.407338 23267 raft_consensus.cc:1275] T d9e9c05cac004bd28576c731745e37cc P 83a08c918b614688b6fcf164ecb6c7bd [term 1 FOLLOWER]: Refusing update from remote peer cdd46c7043e44581850d88dabf6bfc3e: Log matching property violated. Preceding OpId in replica: term: 1 index: 26. Preceding OpId from leader: term: 1 index: 27. (index mismatch)
I20260601 13:35:42.407894 23827 consensus_queue.cc:1048] T d9e9c05cac004bd28576c731745e37cc P cdd46c7043e44581850d88dabf6bfc3e [LEADER]: Connected to new peer: Peer: permanent_uuid: "7f353a2fb86740e3b9340d43284c56d3" member_type: VOTER last_known_addr { host: "127.18.78.4" port: 35047 } attrs { promote: false }, Status: LMP_MISMATCH, Last received: 0.0, Next index: 27, Last known committed idx: 26, Time since last communication: 0.000s
I20260601 13:35:42.408069 23828 consensus_queue.cc:1048] T d9e9c05cac004bd28576c731745e37cc P cdd46c7043e44581850d88dabf6bfc3e [LEADER]: Connected to new peer: Peer: permanent_uuid: "83a08c918b614688b6fcf164ecb6c7bd" member_type: VOTER last_known_addr { host: "127.18.78.2" port: 36493 } attrs { replace: true }, Status: LMP_MISMATCH, Last received: 0.0, Next index: 27, Last known committed idx: 26, Time since last communication: 0.000s
I20260601 13:35:42.408331 23815 consensus_queue.cc:1048] T d9e9c05cac004bd28576c731745e37cc P cdd46c7043e44581850d88dabf6bfc3e [LEADER]: Connected to new peer: Peer: permanent_uuid: "28809cb3c4eb4da49e19d242d9428fee" member_type: VOTER last_known_addr { host: "127.18.78.3" port: 41287 }, Status: LMP_MISMATCH, Last received: 0.0, Next index: 27, Last known committed idx: 26, Time since last communication: 0.000s
I20260601 13:35:42.410343 23827 raft_consensus.cc:2955] T d9e9c05cac004bd28576c731745e37cc P cdd46c7043e44581850d88dabf6bfc3e [term 1 LEADER]: Committing config change with OpId 1.27: config changed from index 26 to 27, 7f353a2fb86740e3b9340d43284c56d3 (127.18.78.4) changed from NON_VOTER to VOTER. New config: { opid_index: 27 OBSOLETE_local: false peers { permanent_uuid: "cdd46c7043e44581850d88dabf6bfc3e" member_type: VOTER last_known_addr { host: "127.18.78.1" port: 40553 } } peers { permanent_uuid: "83a08c918b614688b6fcf164ecb6c7bd" member_type: VOTER last_known_addr { host: "127.18.78.2" port: 36493 } attrs { replace: true } } peers { permanent_uuid: "28809cb3c4eb4da49e19d242d9428fee" member_type: VOTER last_known_addr { host: "127.18.78.3" port: 41287 } } peers { permanent_uuid: "7f353a2fb86740e3b9340d43284c56d3" member_type: VOTER last_known_addr { host: "127.18.78.4" port: 35047 } attrs { promote: false } } }
I20260601 13:35:42.410967 23586 raft_consensus.cc:2955] T d9e9c05cac004bd28576c731745e37cc P 7f353a2fb86740e3b9340d43284c56d3 [term 1 FOLLOWER]: Committing config change with OpId 1.27: config changed from index 26 to 27, 7f353a2fb86740e3b9340d43284c56d3 (127.18.78.4) changed from NON_VOTER to VOTER. New config: { opid_index: 27 OBSOLETE_local: false peers { permanent_uuid: "cdd46c7043e44581850d88dabf6bfc3e" member_type: VOTER last_known_addr { host: "127.18.78.1" port: 40553 } } peers { permanent_uuid: "83a08c918b614688b6fcf164ecb6c7bd" member_type: VOTER last_known_addr { host: "127.18.78.2" port: 36493 } attrs { replace: true } } peers { permanent_uuid: "28809cb3c4eb4da49e19d242d9428fee" member_type: VOTER last_known_addr { host: "127.18.78.3" port: 41287 } } peers { permanent_uuid: "7f353a2fb86740e3b9340d43284c56d3" member_type: VOTER last_known_addr { host: "127.18.78.4" port: 35047 } attrs { promote: false } } }
I20260601 13:35:42.411227 23341 raft_consensus.cc:2955] T d9e9c05cac004bd28576c731745e37cc P 28809cb3c4eb4da49e19d242d9428fee [term 1 FOLLOWER]: Committing config change with OpId 1.27: config changed from index 26 to 27, 7f353a2fb86740e3b9340d43284c56d3 (127.18.78.4) changed from NON_VOTER to VOTER. New config: { opid_index: 27 OBSOLETE_local: false peers { permanent_uuid: "cdd46c7043e44581850d88dabf6bfc3e" member_type: VOTER last_known_addr { host: "127.18.78.1" port: 40553 } } peers { permanent_uuid: "83a08c918b614688b6fcf164ecb6c7bd" member_type: VOTER last_known_addr { host: "127.18.78.2" port: 36493 } attrs { replace: true } } peers { permanent_uuid: "28809cb3c4eb4da49e19d242d9428fee" member_type: VOTER last_known_addr { host: "127.18.78.3" port: 41287 } } peers { permanent_uuid: "7f353a2fb86740e3b9340d43284c56d3" member_type: VOTER last_known_addr { host: "127.18.78.4" port: 35047 } attrs { promote: false } } }
I20260601 13:35:42.413105 23267 raft_consensus.cc:2955] T d9e9c05cac004bd28576c731745e37cc P 83a08c918b614688b6fcf164ecb6c7bd [term 1 FOLLOWER]: Committing config change with OpId 1.27: config changed from index 26 to 27, 7f353a2fb86740e3b9340d43284c56d3 (127.18.78.4) changed from NON_VOTER to VOTER. New config: { opid_index: 27 OBSOLETE_local: false peers { permanent_uuid: "cdd46c7043e44581850d88dabf6bfc3e" member_type: VOTER last_known_addr { host: "127.18.78.1" port: 40553 } } peers { permanent_uuid: "83a08c918b614688b6fcf164ecb6c7bd" member_type: VOTER last_known_addr { host: "127.18.78.2" port: 36493 } attrs { replace: true } } peers { permanent_uuid: "28809cb3c4eb4da49e19d242d9428fee" member_type: VOTER last_known_addr { host: "127.18.78.3" port: 41287 } } peers { permanent_uuid: "7f353a2fb86740e3b9340d43284c56d3" member_type: VOTER last_known_addr { host: "127.18.78.4" port: 35047 } attrs { promote: false } } }
I20260601 13:35:42.413761 23090 catalog_manager.cc:5696] T d9e9c05cac004bd28576c731745e37cc P 7f353a2fb86740e3b9340d43284c56d3 reported cstate change: config changed from index 26 to 27, 7f353a2fb86740e3b9340d43284c56d3 (127.18.78.4) changed from NON_VOTER to VOTER. New cstate: current_term: 1 leader_uuid: "cdd46c7043e44581850d88dabf6bfc3e" committed_config { opid_index: 27 OBSOLETE_local: false peers { permanent_uuid: "cdd46c7043e44581850d88dabf6bfc3e" member_type: VOTER last_known_addr { host: "127.18.78.1" port: 40553 } } peers { permanent_uuid: "83a08c918b614688b6fcf164ecb6c7bd" member_type: VOTER last_known_addr { host: "127.18.78.2" port: 36493 } attrs { replace: true } } peers { permanent_uuid: "28809cb3c4eb4da49e19d242d9428fee" member_type: VOTER last_known_addr { host: "127.18.78.3" port: 41287 } } peers { permanent_uuid: "7f353a2fb86740e3b9340d43284c56d3" member_type: VOTER last_known_addr { host: "127.18.78.4" port: 35047 } attrs { promote: false } } }
I20260601 13:35:42.417939 23193 consensus_queue.cc:237] T d9e9c05cac004bd28576c731745e37cc P cdd46c7043e44581850d88dabf6bfc3e [LEADER]: Queue going to LEADER mode. State: All replicated index: 0, Majority replicated index: 27, Committed index: 27, Last appended: 1.27, Last appended by leader: 0, Current term: 1, Majority size: 2, State: 0, Mode: LEADER, active raft config: opid_index: 28 OBSOLETE_local: false peers { permanent_uuid: "cdd46c7043e44581850d88dabf6bfc3e" member_type: VOTER last_known_addr { host: "127.18.78.1" port: 40553 } } peers { permanent_uuid: "28809cb3c4eb4da49e19d242d9428fee" member_type: VOTER last_known_addr { host: "127.18.78.3" port: 41287 } } peers { permanent_uuid: "7f353a2fb86740e3b9340d43284c56d3" member_type: VOTER last_known_addr { host: "127.18.78.4" port: 35047 } attrs { promote: false } }
I20260601 13:35:42.419195 23341 raft_consensus.cc:1275] T d9e9c05cac004bd28576c731745e37cc P 28809cb3c4eb4da49e19d242d9428fee [term 1 FOLLOWER]: Refusing update from remote peer cdd46c7043e44581850d88dabf6bfc3e: Log matching property violated. Preceding OpId in replica: term: 1 index: 27. Preceding OpId from leader: term: 1 index: 28. (index mismatch)
I20260601 13:35:42.419195 23586 raft_consensus.cc:1275] T d9e9c05cac004bd28576c731745e37cc P 7f353a2fb86740e3b9340d43284c56d3 [term 1 FOLLOWER]: Refusing update from remote peer cdd46c7043e44581850d88dabf6bfc3e: Log matching property violated. Preceding OpId in replica: term: 1 index: 27. Preceding OpId from leader: term: 1 index: 28. (index mismatch)
I20260601 13:35:42.419622 23815 consensus_queue.cc:1048] T d9e9c05cac004bd28576c731745e37cc P cdd46c7043e44581850d88dabf6bfc3e [LEADER]: Connected to new peer: Peer: permanent_uuid: "7f353a2fb86740e3b9340d43284c56d3" member_type: VOTER last_known_addr { host: "127.18.78.4" port: 35047 } attrs { promote: false }, Status: LMP_MISMATCH, Last received: 0.0, Next index: 28, Last known committed idx: 27, Time since last communication: 0.000s
I20260601 13:35:42.419848 23828 consensus_queue.cc:1048] T d9e9c05cac004bd28576c731745e37cc P cdd46c7043e44581850d88dabf6bfc3e [LEADER]: Connected to new peer: Peer: permanent_uuid: "28809cb3c4eb4da49e19d242d9428fee" member_type: VOTER last_known_addr { host: "127.18.78.3" port: 41287 }, Status: LMP_MISMATCH, Last received: 0.0, Next index: 28, Last known committed idx: 27, Time since last communication: 0.000s
I20260601 13:35:42.421633 23830 raft_consensus.cc:2955] T d9e9c05cac004bd28576c731745e37cc P cdd46c7043e44581850d88dabf6bfc3e [term 1 LEADER]: Committing config change with OpId 1.28: config changed from index 27 to 28, VOTER 83a08c918b614688b6fcf164ecb6c7bd (127.18.78.2) evicted. New config: { opid_index: 28 OBSOLETE_local: false peers { permanent_uuid: "cdd46c7043e44581850d88dabf6bfc3e" member_type: VOTER last_known_addr { host: "127.18.78.1" port: 40553 } } peers { permanent_uuid: "28809cb3c4eb4da49e19d242d9428fee" member_type: VOTER last_known_addr { host: "127.18.78.3" port: 41287 } } peers { permanent_uuid: "7f353a2fb86740e3b9340d43284c56d3" member_type: VOTER last_known_addr { host: "127.18.78.4" port: 35047 } attrs { promote: false } } }
I20260601 13:35:42.423503 23078 catalog_manager.cc:5209] ChangeConfig:REMOVE_PEER RPC for tablet d9e9c05cac004bd28576c731745e37cc with cas_config_opid_index 27: ChangeConfig:REMOVE_PEER succeeded (attempt 1)
I20260601 13:35:42.423995 23341 raft_consensus.cc:2955] T d9e9c05cac004bd28576c731745e37cc P 28809cb3c4eb4da49e19d242d9428fee [term 1 FOLLOWER]: Committing config change with OpId 1.28: config changed from index 27 to 28, VOTER 83a08c918b614688b6fcf164ecb6c7bd (127.18.78.2) evicted. New config: { opid_index: 28 OBSOLETE_local: false peers { permanent_uuid: "cdd46c7043e44581850d88dabf6bfc3e" member_type: VOTER last_known_addr { host: "127.18.78.1" port: 40553 } } peers { permanent_uuid: "28809cb3c4eb4da49e19d242d9428fee" member_type: VOTER last_known_addr { host: "127.18.78.3" port: 41287 } } peers { permanent_uuid: "7f353a2fb86740e3b9340d43284c56d3" member_type: VOTER last_known_addr { host: "127.18.78.4" port: 35047 } attrs { promote: false } } }
I20260601 13:35:42.424105 23586 raft_consensus.cc:2955] T d9e9c05cac004bd28576c731745e37cc P 7f353a2fb86740e3b9340d43284c56d3 [term 1 FOLLOWER]: Committing config change with OpId 1.28: config changed from index 27 to 28, VOTER 83a08c918b614688b6fcf164ecb6c7bd (127.18.78.2) evicted. New config: { opid_index: 28 OBSOLETE_local: false peers { permanent_uuid: "cdd46c7043e44581850d88dabf6bfc3e" member_type: VOTER last_known_addr { host: "127.18.78.1" port: 40553 } } peers { permanent_uuid: "28809cb3c4eb4da49e19d242d9428fee" member_type: VOTER last_known_addr { host: "127.18.78.3" port: 41287 } } peers { permanent_uuid: "7f353a2fb86740e3b9340d43284c56d3" member_type: VOTER last_known_addr { host: "127.18.78.4" port: 35047 } attrs { promote: false } } }
I20260601 13:35:42.424499 23092 catalog_manager.cc:5696] T d9e9c05cac004bd28576c731745e37cc P cdd46c7043e44581850d88dabf6bfc3e reported cstate change: config changed from index 27 to 28, VOTER 83a08c918b614688b6fcf164ecb6c7bd (127.18.78.2) evicted. New cstate: current_term: 1 leader_uuid: "cdd46c7043e44581850d88dabf6bfc3e" committed_config { opid_index: 28 OBSOLETE_local: false peers { permanent_uuid: "cdd46c7043e44581850d88dabf6bfc3e" member_type: VOTER last_known_addr { host: "127.18.78.1" port: 40553 } health_report { overall_health: HEALTHY } } peers { permanent_uuid: "28809cb3c4eb4da49e19d242d9428fee" member_type: VOTER last_known_addr { host: "127.18.78.3" port: 41287 } health_report { overall_health: HEALTHY } } peers { permanent_uuid: "7f353a2fb86740e3b9340d43284c56d3" member_type: VOTER last_known_addr { host: "127.18.78.4" port: 35047 } attrs { promote: false } health_report { overall_health: HEALTHY } } }
I20260601 13:35:42.427591 23258 tablet_service.cc:1558] Processing DeleteTablet for tablet d9e9c05cac004bd28576c731745e37cc with delete_type TABLET_DATA_TOMBSTONED (TS 83a08c918b614688b6fcf164ecb6c7bd not found in new config with opid_index 28) from {username='slave'} at 127.0.0.1:54414
I20260601 13:35:42.427892 23834 tablet_replica.cc:333] T d9e9c05cac004bd28576c731745e37cc P 83a08c918b614688b6fcf164ecb6c7bd: stopping tablet replica
I20260601 13:35:42.428069 23834 raft_consensus.cc:2243] T d9e9c05cac004bd28576c731745e37cc P 83a08c918b614688b6fcf164ecb6c7bd [term 1 FOLLOWER]: Raft consensus shutting down.
I20260601 13:35:42.428282 23834 raft_consensus.cc:2272] T d9e9c05cac004bd28576c731745e37cc P 83a08c918b614688b6fcf164ecb6c7bd [term 1 FOLLOWER]: Raft consensus is shut down!
I20260601 13:35:42.428977 23834 ts_tablet_manager.cc:1916] T d9e9c05cac004bd28576c731745e37cc P 83a08c918b614688b6fcf164ecb6c7bd: Deleting tablet data with delete state TABLET_DATA_TOMBSTONED
I20260601 13:35:42.431325 23834 ts_tablet_manager.cc:1929] T d9e9c05cac004bd28576c731745e37cc P 83a08c918b614688b6fcf164ecb6c7bd: tablet deleted with delete type TABLET_DATA_TOMBSTONED: last-logged OpId 1.27
I20260601 13:35:42.431396 23834 log.cc:1199] T d9e9c05cac004bd28576c731745e37cc P 83a08c918b614688b6fcf164ecb6c7bd: Deleting WAL directory at /tmp/dist-test-taskoXbEgI/test-tmp/auto_rebalancer-test.0.AutoRebalancerTest.TestMaxMovesPerServer.1780320832166146-18744-0/minicluster-data/ts-1-root/wals/d9e9c05cac004bd28576c731745e37cc
I20260601 13:35:42.431968 23079 catalog_manager.cc:5027] TS 83a08c918b614688b6fcf164ecb6c7bd (127.18.78.2:36493): tablet d9e9c05cac004bd28576c731745e37cc (table test-workload [id=06766c46b7b445189b2236d79fd40d7f]) successfully deleted
I20260601 13:35:42.511432 23816 raft_consensus.cc:1064] T 58bd6621bc4b4bc1aa7477aadffc8c6e P 83a08c918b614688b6fcf164ecb6c7bd: attempting to promote NON_VOTER dc42d7ee3c3846ab872132596162212b to VOTER
I20260601 13:35:42.512019 23816 consensus_queue.cc:237] T 58bd6621bc4b4bc1aa7477aadffc8c6e P 83a08c918b614688b6fcf164ecb6c7bd [LEADER]: Queue going to LEADER mode. State: All replicated index: 0, Majority replicated index: 26, Committed index: 26, Last appended: 1.26, Last appended by leader: 0, Current term: 1, Majority size: 3, State: 0, Mode: LEADER, active raft config: opid_index: 27 OBSOLETE_local: false peers { permanent_uuid: "cdd46c7043e44581850d88dabf6bfc3e" member_type: VOTER last_known_addr { host: "127.18.78.1" port: 40553 } attrs { replace: true } } peers { permanent_uuid: "83a08c918b614688b6fcf164ecb6c7bd" member_type: VOTER last_known_addr { host: "127.18.78.2" port: 36493 } } peers { permanent_uuid: "28809cb3c4eb4da49e19d242d9428fee" member_type: VOTER last_known_addr { host: "127.18.78.3" port: 41287 } } peers { permanent_uuid: "dc42d7ee3c3846ab872132596162212b" member_type: VOTER last_known_addr { host: "127.18.78.5" port: 39711 } attrs { promote: false } }
I20260601 13:35:42.514117 23662 raft_consensus.cc:1275] T 58bd6621bc4b4bc1aa7477aadffc8c6e P dc42d7ee3c3846ab872132596162212b [term 1 LEARNER]: Refusing update from remote peer 83a08c918b614688b6fcf164ecb6c7bd: Log matching property violated. Preceding OpId in replica: term: 1 index: 26. Preceding OpId from leader: term: 1 index: 27. (index mismatch)
I20260601 13:35:42.514165 23193 raft_consensus.cc:1275] T 58bd6621bc4b4bc1aa7477aadffc8c6e P cdd46c7043e44581850d88dabf6bfc3e [term 1 FOLLOWER]: Refusing update from remote peer 83a08c918b614688b6fcf164ecb6c7bd: Log matching property violated. Preceding OpId in replica: term: 1 index: 26. Preceding OpId from leader: term: 1 index: 27. (index mismatch)
I20260601 13:35:42.514664 23818 consensus_queue.cc:1048] T 58bd6621bc4b4bc1aa7477aadffc8c6e P 83a08c918b614688b6fcf164ecb6c7bd [LEADER]: Connected to new peer: Peer: permanent_uuid: "dc42d7ee3c3846ab872132596162212b" member_type: VOTER last_known_addr { host: "127.18.78.5" port: 39711 } attrs { promote: false }, Status: LMP_MISMATCH, Last received: 0.0, Next index: 27, Last known committed idx: 26, Time since last communication: 0.000s
I20260601 13:35:42.515012 23777 consensus_queue.cc:1048] T 58bd6621bc4b4bc1aa7477aadffc8c6e P 83a08c918b614688b6fcf164ecb6c7bd [LEADER]: Connected to new peer: Peer: permanent_uuid: "cdd46c7043e44581850d88dabf6bfc3e" member_type: VOTER last_known_addr { host: "127.18.78.1" port: 40553 } attrs { replace: true }, Status: LMP_MISMATCH, Last received: 0.0, Next index: 27, Last known committed idx: 26, Time since last communication: 0.000s
I20260601 13:35:42.515393 23341 raft_consensus.cc:1275] T 58bd6621bc4b4bc1aa7477aadffc8c6e P 28809cb3c4eb4da49e19d242d9428fee [term 1 FOLLOWER]: Refusing update from remote peer 83a08c918b614688b6fcf164ecb6c7bd: Log matching property violated. Preceding OpId in replica: term: 1 index: 26. Preceding OpId from leader: term: 1 index: 27. (index mismatch)
I20260601 13:35:42.516180 23777 consensus_queue.cc:1048] T 58bd6621bc4b4bc1aa7477aadffc8c6e P 83a08c918b614688b6fcf164ecb6c7bd [LEADER]: Connected to new peer: Peer: permanent_uuid: "28809cb3c4eb4da49e19d242d9428fee" member_type: VOTER last_known_addr { host: "127.18.78.3" port: 41287 }, Status: LMP_MISMATCH, Last received: 0.0, Next index: 27, Last known committed idx: 26, Time since last communication: 0.000s
I20260601 13:35:42.517139 23818 raft_consensus.cc:2955] T 58bd6621bc4b4bc1aa7477aadffc8c6e P 83a08c918b614688b6fcf164ecb6c7bd [term 1 LEADER]: Committing config change with OpId 1.27: config changed from index 26 to 27, dc42d7ee3c3846ab872132596162212b (127.18.78.5) changed from NON_VOTER to VOTER. New config: { opid_index: 27 OBSOLETE_local: false peers { permanent_uuid: "cdd46c7043e44581850d88dabf6bfc3e" member_type: VOTER last_known_addr { host: "127.18.78.1" port: 40553 } attrs { replace: true } } peers { permanent_uuid: "83a08c918b614688b6fcf164ecb6c7bd" member_type: VOTER last_known_addr { host: "127.18.78.2" port: 36493 } } peers { permanent_uuid: "28809cb3c4eb4da49e19d242d9428fee" member_type: VOTER last_known_addr { host: "127.18.78.3" port: 41287 } } peers { permanent_uuid: "dc42d7ee3c3846ab872132596162212b" member_type: VOTER last_known_addr { host: "127.18.78.5" port: 39711 } attrs { promote: false } } }
I20260601 13:35:42.518455 23341 raft_consensus.cc:2955] T 58bd6621bc4b4bc1aa7477aadffc8c6e P 28809cb3c4eb4da49e19d242d9428fee [term 1 FOLLOWER]: Committing config change with OpId 1.27: config changed from index 26 to 27, dc42d7ee3c3846ab872132596162212b (127.18.78.5) changed from NON_VOTER to VOTER. New config: { opid_index: 27 OBSOLETE_local: false peers { permanent_uuid: "cdd46c7043e44581850d88dabf6bfc3e" member_type: VOTER last_known_addr { host: "127.18.78.1" port: 40553 } attrs { replace: true } } peers { permanent_uuid: "83a08c918b614688b6fcf164ecb6c7bd" member_type: VOTER last_known_addr { host: "127.18.78.2" port: 36493 } } peers { permanent_uuid: "28809cb3c4eb4da49e19d242d9428fee" member_type: VOTER last_known_addr { host: "127.18.78.3" port: 41287 } } peers { permanent_uuid: "dc42d7ee3c3846ab872132596162212b" member_type: VOTER last_known_addr { host: "127.18.78.5" port: 39711 } attrs { promote: false } } }
I20260601 13:35:42.520229 23193 raft_consensus.cc:2955] T 58bd6621bc4b4bc1aa7477aadffc8c6e P cdd46c7043e44581850d88dabf6bfc3e [term 1 FOLLOWER]: Committing config change with OpId 1.27: config changed from index 26 to 27, dc42d7ee3c3846ab872132596162212b (127.18.78.5) changed from NON_VOTER to VOTER. New config: { opid_index: 27 OBSOLETE_local: false peers { permanent_uuid: "cdd46c7043e44581850d88dabf6bfc3e" member_type: VOTER last_known_addr { host: "127.18.78.1" port: 40553 } attrs { replace: true } } peers { permanent_uuid: "83a08c918b614688b6fcf164ecb6c7bd" member_type: VOTER last_known_addr { host: "127.18.78.2" port: 36493 } } peers { permanent_uuid: "28809cb3c4eb4da49e19d242d9428fee" member_type: VOTER last_known_addr { host: "127.18.78.3" port: 41287 } } peers { permanent_uuid: "dc42d7ee3c3846ab872132596162212b" member_type: VOTER last_known_addr { host: "127.18.78.5" port: 39711 } attrs { promote: false } } }
I20260601 13:35:42.520424 23662 raft_consensus.cc:2955] T 58bd6621bc4b4bc1aa7477aadffc8c6e P dc42d7ee3c3846ab872132596162212b [term 1 FOLLOWER]: Committing config change with OpId 1.27: config changed from index 26 to 27, dc42d7ee3c3846ab872132596162212b (127.18.78.5) changed from NON_VOTER to VOTER. New config: { opid_index: 27 OBSOLETE_local: false peers { permanent_uuid: "cdd46c7043e44581850d88dabf6bfc3e" member_type: VOTER last_known_addr { host: "127.18.78.1" port: 40553 } attrs { replace: true } } peers { permanent_uuid: "83a08c918b614688b6fcf164ecb6c7bd" member_type: VOTER last_known_addr { host: "127.18.78.2" port: 36493 } } peers { permanent_uuid: "28809cb3c4eb4da49e19d242d9428fee" member_type: VOTER last_known_addr { host: "127.18.78.3" port: 41287 } } peers { permanent_uuid: "dc42d7ee3c3846ab872132596162212b" member_type: VOTER last_known_addr { host: "127.18.78.5" port: 39711 } attrs { promote: false } } }
I20260601 13:35:42.520905 23087 catalog_manager.cc:5696] T 58bd6621bc4b4bc1aa7477aadffc8c6e P 28809cb3c4eb4da49e19d242d9428fee reported cstate change: config changed from index 26 to 27, dc42d7ee3c3846ab872132596162212b (127.18.78.5) changed from NON_VOTER to VOTER. New cstate: current_term: 1 leader_uuid: "83a08c918b614688b6fcf164ecb6c7bd" committed_config { opid_index: 27 OBSOLETE_local: false peers { permanent_uuid: "cdd46c7043e44581850d88dabf6bfc3e" member_type: VOTER last_known_addr { host: "127.18.78.1" port: 40553 } attrs { replace: true } } peers { permanent_uuid: "83a08c918b614688b6fcf164ecb6c7bd" member_type: VOTER last_known_addr { host: "127.18.78.2" port: 36493 } } peers { permanent_uuid: "28809cb3c4eb4da49e19d242d9428fee" member_type: VOTER last_known_addr { host: "127.18.78.3" port: 41287 } } peers { permanent_uuid: "dc42d7ee3c3846ab872132596162212b" member_type: VOTER last_known_addr { host: "127.18.78.5" port: 39711 } attrs { promote: false } } }
I20260601 13:35:42.525875 23267 consensus_queue.cc:237] T 58bd6621bc4b4bc1aa7477aadffc8c6e P 83a08c918b614688b6fcf164ecb6c7bd [LEADER]: Queue going to LEADER mode. State: All replicated index: 0, Majority replicated index: 27, Committed index: 27, Last appended: 1.27, Last appended by leader: 0, Current term: 1, Majority size: 2, State: 0, Mode: LEADER, active raft config: opid_index: 28 OBSOLETE_local: false peers { permanent_uuid: "83a08c918b614688b6fcf164ecb6c7bd" member_type: VOTER last_known_addr { host: "127.18.78.2" port: 36493 } } peers { permanent_uuid: "28809cb3c4eb4da49e19d242d9428fee" member_type: VOTER last_known_addr { host: "127.18.78.3" port: 41287 } } peers { permanent_uuid: "dc42d7ee3c3846ab872132596162212b" member_type: VOTER last_known_addr { host: "127.18.78.5" port: 39711 } attrs { promote: false } }
I20260601 13:35:42.527211 23662 raft_consensus.cc:1275] T 58bd6621bc4b4bc1aa7477aadffc8c6e P dc42d7ee3c3846ab872132596162212b [term 1 FOLLOWER]: Refusing update from remote peer 83a08c918b614688b6fcf164ecb6c7bd: Log matching property violated. Preceding OpId in replica: term: 1 index: 27. Preceding OpId from leader: term: 1 index: 28. (index mismatch)
I20260601 13:35:42.527280 23341 raft_consensus.cc:1275] T 58bd6621bc4b4bc1aa7477aadffc8c6e P 28809cb3c4eb4da49e19d242d9428fee [term 1 FOLLOWER]: Refusing update from remote peer 83a08c918b614688b6fcf164ecb6c7bd: Log matching property violated. Preceding OpId in replica: term: 1 index: 27. Preceding OpId from leader: term: 1 index: 28. (index mismatch)
I20260601 13:35:42.527968 23816 consensus_queue.cc:1048] T 58bd6621bc4b4bc1aa7477aadffc8c6e P 83a08c918b614688b6fcf164ecb6c7bd [LEADER]: Connected to new peer: Peer: permanent_uuid: "dc42d7ee3c3846ab872132596162212b" member_type: VOTER last_known_addr { host: "127.18.78.5" port: 39711 } attrs { promote: false }, Status: LMP_MISMATCH, Last received: 0.0, Next index: 28, Last known committed idx: 27, Time since last communication: 0.000s
I20260601 13:35:42.528409 23816 consensus_queue.cc:1048] T 58bd6621bc4b4bc1aa7477aadffc8c6e P 83a08c918b614688b6fcf164ecb6c7bd [LEADER]: Connected to new peer: Peer: permanent_uuid: "28809cb3c4eb4da49e19d242d9428fee" member_type: VOTER last_known_addr { host: "127.18.78.3" port: 41287 }, Status: LMP_MISMATCH, Last received: 0.0, Next index: 28, Last known committed idx: 27, Time since last communication: 0.000s
I20260601 13:35:42.529603 23816 raft_consensus.cc:2955] T 58bd6621bc4b4bc1aa7477aadffc8c6e P 83a08c918b614688b6fcf164ecb6c7bd [term 1 LEADER]: Committing config change with OpId 1.28: config changed from index 27 to 28, VOTER cdd46c7043e44581850d88dabf6bfc3e (127.18.78.1) evicted. New config: { opid_index: 28 OBSOLETE_local: false peers { permanent_uuid: "83a08c918b614688b6fcf164ecb6c7bd" member_type: VOTER last_known_addr { host: "127.18.78.2" port: 36493 } } peers { permanent_uuid: "28809cb3c4eb4da49e19d242d9428fee" member_type: VOTER last_known_addr { host: "127.18.78.3" port: 41287 } } peers { permanent_uuid: "dc42d7ee3c3846ab872132596162212b" member_type: VOTER last_known_addr { host: "127.18.78.5" port: 39711 } attrs { promote: false } } }
I20260601 13:35:42.530131 23662 raft_consensus.cc:2955] T 58bd6621bc4b4bc1aa7477aadffc8c6e P dc42d7ee3c3846ab872132596162212b [term 1 FOLLOWER]: Committing config change with OpId 1.28: config changed from index 27 to 28, VOTER cdd46c7043e44581850d88dabf6bfc3e (127.18.78.1) evicted. New config: { opid_index: 28 OBSOLETE_local: false peers { permanent_uuid: "83a08c918b614688b6fcf164ecb6c7bd" member_type: VOTER last_known_addr { host: "127.18.78.2" port: 36493 } } peers { permanent_uuid: "28809cb3c4eb4da49e19d242d9428fee" member_type: VOTER last_known_addr { host: "127.18.78.3" port: 41287 } } peers { permanent_uuid: "dc42d7ee3c3846ab872132596162212b" member_type: VOTER last_known_addr { host: "127.18.78.5" port: 39711 } attrs { promote: false } } }
I20260601 13:35:42.531095 23341 raft_consensus.cc:2955] T 58bd6621bc4b4bc1aa7477aadffc8c6e P 28809cb3c4eb4da49e19d242d9428fee [term 1 FOLLOWER]: Committing config change with OpId 1.28: config changed from index 27 to 28, VOTER cdd46c7043e44581850d88dabf6bfc3e (127.18.78.1) evicted. New config: { opid_index: 28 OBSOLETE_local: false peers { permanent_uuid: "83a08c918b614688b6fcf164ecb6c7bd" member_type: VOTER last_known_addr { host: "127.18.78.2" port: 36493 } } peers { permanent_uuid: "28809cb3c4eb4da49e19d242d9428fee" member_type: VOTER last_known_addr { host: "127.18.78.3" port: 41287 } } peers { permanent_uuid: "dc42d7ee3c3846ab872132596162212b" member_type: VOTER last_known_addr { host: "127.18.78.5" port: 39711 } attrs { promote: false } } }
I20260601 13:35:42.533123 23079 catalog_manager.cc:5209] ChangeConfig:REMOVE_PEER RPC for tablet 58bd6621bc4b4bc1aa7477aadffc8c6e with cas_config_opid_index 27: ChangeConfig:REMOVE_PEER succeeded (attempt 1)
I20260601 13:35:42.533301 23089 catalog_manager.cc:5696] T 58bd6621bc4b4bc1aa7477aadffc8c6e P dc42d7ee3c3846ab872132596162212b reported cstate change: config changed from index 27 to 28, VOTER cdd46c7043e44581850d88dabf6bfc3e (127.18.78.1) evicted. New cstate: current_term: 1 leader_uuid: "83a08c918b614688b6fcf164ecb6c7bd" committed_config { opid_index: 28 OBSOLETE_local: false peers { permanent_uuid: "83a08c918b614688b6fcf164ecb6c7bd" member_type: VOTER last_known_addr { host: "127.18.78.2" port: 36493 } } peers { permanent_uuid: "28809cb3c4eb4da49e19d242d9428fee" member_type: VOTER last_known_addr { host: "127.18.78.3" port: 41287 } } peers { permanent_uuid: "dc42d7ee3c3846ab872132596162212b" member_type: VOTER last_known_addr { host: "127.18.78.5" port: 39711 } attrs { promote: false } } }
I20260601 13:35:42.536379 23179 tablet_service.cc:1558] Processing DeleteTablet for tablet 58bd6621bc4b4bc1aa7477aadffc8c6e with delete_type TABLET_DATA_TOMBSTONED (TS cdd46c7043e44581850d88dabf6bfc3e not found in new config with opid_index 28) from {username='slave'} at 127.0.0.1:37498
I20260601 13:35:42.536664 23843 tablet_replica.cc:333] T 58bd6621bc4b4bc1aa7477aadffc8c6e P cdd46c7043e44581850d88dabf6bfc3e: stopping tablet replica
I20260601 13:35:42.536854 23843 raft_consensus.cc:2243] T 58bd6621bc4b4bc1aa7477aadffc8c6e P cdd46c7043e44581850d88dabf6bfc3e [term 1 FOLLOWER]: Raft consensus shutting down.
I20260601 13:35:42.537046 23843 raft_consensus.cc:2272] T 58bd6621bc4b4bc1aa7477aadffc8c6e P cdd46c7043e44581850d88dabf6bfc3e [term 1 FOLLOWER]: Raft consensus is shut down!
I20260601 13:35:42.537700 23843 ts_tablet_manager.cc:1916] T 58bd6621bc4b4bc1aa7477aadffc8c6e P cdd46c7043e44581850d88dabf6bfc3e: Deleting tablet data with delete state TABLET_DATA_TOMBSTONED
I20260601 13:35:42.540119 23843 ts_tablet_manager.cc:1929] T 58bd6621bc4b4bc1aa7477aadffc8c6e P cdd46c7043e44581850d88dabf6bfc3e: tablet deleted with delete type TABLET_DATA_TOMBSTONED: last-logged OpId 1.27
I20260601 13:35:42.540215 23843 log.cc:1199] T 58bd6621bc4b4bc1aa7477aadffc8c6e P cdd46c7043e44581850d88dabf6bfc3e: Deleting WAL directory at /tmp/dist-test-taskoXbEgI/test-tmp/auto_rebalancer-test.0.AutoRebalancerTest.TestMaxMovesPerServer.1780320832166146-18744-0/minicluster-data/ts-0-root/wals/58bd6621bc4b4bc1aa7477aadffc8c6e
I20260601 13:35:42.540810 23078 catalog_manager.cc:5027] TS cdd46c7043e44581850d88dabf6bfc3e (127.18.78.1:40553): tablet 58bd6621bc4b4bc1aa7477aadffc8c6e (table test-workload [id=06766c46b7b445189b2236d79fd40d7f]) successfully deleted
I20260601 13:35:43.540021 23193 consensus_queue.cc:237] T 807144d45512433faa9edd5b81312c50 P cdd46c7043e44581850d88dabf6bfc3e [LEADER]: Queue going to LEADER mode. State: All replicated index: 0, Majority replicated index: 25, Committed index: 25, Last appended: 1.25, Last appended by leader: 0, Current term: 1, Majority size: 2, State: 0, Mode: LEADER, active raft config: opid_index: 26 OBSOLETE_local: false peers { permanent_uuid: "cdd46c7043e44581850d88dabf6bfc3e" member_type: VOTER last_known_addr { host: "127.18.78.1" port: 40553 } } peers { permanent_uuid: "83a08c918b614688b6fcf164ecb6c7bd" member_type: VOTER last_known_addr { host: "127.18.78.2" port: 36493 } } peers { permanent_uuid: "28809cb3c4eb4da49e19d242d9428fee" member_type: VOTER last_known_addr { host: "127.18.78.3" port: 41287 } attrs { replace: true } } peers { permanent_uuid: "dc42d7ee3c3846ab872132596162212b" member_type: NON_VOTER last_known_addr { host: "127.18.78.5" port: 39711 } attrs { promote: true } }
I20260601 13:35:43.541559 23341 raft_consensus.cc:1275] T 807144d45512433faa9edd5b81312c50 P 28809cb3c4eb4da49e19d242d9428fee [term 1 FOLLOWER]: Refusing update from remote peer cdd46c7043e44581850d88dabf6bfc3e: Log matching property violated. Preceding OpId in replica: term: 1 index: 25. Preceding OpId from leader: term: 1 index: 26. (index mismatch)
I20260601 13:35:43.541904 23267 raft_consensus.cc:1275] T 807144d45512433faa9edd5b81312c50 P 83a08c918b614688b6fcf164ecb6c7bd [term 1 FOLLOWER]: Refusing update from remote peer cdd46c7043e44581850d88dabf6bfc3e: Log matching property violated. Preceding OpId in replica: term: 1 index: 25. Preceding OpId from leader: term: 1 index: 26. (index mismatch)
I20260601 13:35:43.542006 23856 consensus_queue.cc:1048] T 807144d45512433faa9edd5b81312c50 P cdd46c7043e44581850d88dabf6bfc3e [LEADER]: Connected to new peer: Peer: permanent_uuid: "28809cb3c4eb4da49e19d242d9428fee" member_type: VOTER last_known_addr { host: "127.18.78.3" port: 41287 } attrs { replace: true }, Status: LMP_MISMATCH, Last received: 0.0, Next index: 26, Last known committed idx: 25, Time since last communication: 0.000s
I20260601 13:35:43.542518 23855 consensus_queue.cc:1048] T 807144d45512433faa9edd5b81312c50 P cdd46c7043e44581850d88dabf6bfc3e [LEADER]: Connected to new peer: Peer: permanent_uuid: "83a08c918b614688b6fcf164ecb6c7bd" member_type: VOTER last_known_addr { host: "127.18.78.2" port: 36493 }, Status: LMP_MISMATCH, Last received: 0.0, Next index: 26, Last known committed idx: 25, Time since last communication: 0.000s
I20260601 13:35:43.544015 23856 raft_consensus.cc:2955] T 807144d45512433faa9edd5b81312c50 P cdd46c7043e44581850d88dabf6bfc3e [term 1 LEADER]: Committing config change with OpId 1.26: config changed from index -1 to 26, NON_VOTER dc42d7ee3c3846ab872132596162212b (127.18.78.5) added. New config: { opid_index: 26 OBSOLETE_local: false peers { permanent_uuid: "cdd46c7043e44581850d88dabf6bfc3e" member_type: VOTER last_known_addr { host: "127.18.78.1" port: 40553 } } peers { permanent_uuid: "83a08c918b614688b6fcf164ecb6c7bd" member_type: VOTER last_known_addr { host: "127.18.78.2" port: 36493 } } peers { permanent_uuid: "28809cb3c4eb4da49e19d242d9428fee" member_type: VOTER last_known_addr { host: "127.18.78.3" port: 41287 } attrs { replace: true } } peers { permanent_uuid: "dc42d7ee3c3846ab872132596162212b" member_type: NON_VOTER last_known_addr { host: "127.18.78.5" port: 39711 } attrs { promote: true } } }
I20260601 13:35:43.544447 23341 raft_consensus.cc:2955] T 807144d45512433faa9edd5b81312c50 P 28809cb3c4eb4da49e19d242d9428fee [term 1 FOLLOWER]: Committing config change with OpId 1.26: config changed from index -1 to 26, NON_VOTER dc42d7ee3c3846ab872132596162212b (127.18.78.5) added. New config: { opid_index: 26 OBSOLETE_local: false peers { permanent_uuid: "cdd46c7043e44581850d88dabf6bfc3e" member_type: VOTER last_known_addr { host: "127.18.78.1" port: 40553 } } peers { permanent_uuid: "83a08c918b614688b6fcf164ecb6c7bd" member_type: VOTER last_known_addr { host: "127.18.78.2" port: 36493 } } peers { permanent_uuid: "28809cb3c4eb4da49e19d242d9428fee" member_type: VOTER last_known_addr { host: "127.18.78.3" port: 41287 } attrs { replace: true } } peers { permanent_uuid: "dc42d7ee3c3846ab872132596162212b" member_type: NON_VOTER last_known_addr { host: "127.18.78.5" port: 39711 } attrs { promote: true } } }
I20260601 13:35:43.544685 23267 raft_consensus.cc:2955] T 807144d45512433faa9edd5b81312c50 P 83a08c918b614688b6fcf164ecb6c7bd [term 1 FOLLOWER]: Committing config change with OpId 1.26: config changed from index -1 to 26, NON_VOTER dc42d7ee3c3846ab872132596162212b (127.18.78.5) added. New config: { opid_index: 26 OBSOLETE_local: false peers { permanent_uuid: "cdd46c7043e44581850d88dabf6bfc3e" member_type: VOTER last_known_addr { host: "127.18.78.1" port: 40553 } } peers { permanent_uuid: "83a08c918b614688b6fcf164ecb6c7bd" member_type: VOTER last_known_addr { host: "127.18.78.2" port: 36493 } } peers { permanent_uuid: "28809cb3c4eb4da49e19d242d9428fee" member_type: VOTER last_known_addr { host: "127.18.78.3" port: 41287 } attrs { replace: true } } peers { permanent_uuid: "dc42d7ee3c3846ab872132596162212b" member_type: NON_VOTER last_known_addr { host: "127.18.78.5" port: 39711 } attrs { promote: true } } }
W20260601 13:35:43.546710 23161 consensus_peers.cc:597] T 807144d45512433faa9edd5b81312c50 P cdd46c7043e44581850d88dabf6bfc3e -> Peer dc42d7ee3c3846ab872132596162212b (127.18.78.5:39711): Couldn't send request to peer dc42d7ee3c3846ab872132596162212b. Error code: TABLET_NOT_FOUND (6). Status: Not found: Tablet not found: 807144d45512433faa9edd5b81312c50. This is attempt 1: this message will repeat every 5th retry.
I20260601 13:35:43.547096 23092 catalog_manager.cc:5696] T 807144d45512433faa9edd5b81312c50 P 28809cb3c4eb4da49e19d242d9428fee reported cstate change: config changed from index -1 to 26, NON_VOTER dc42d7ee3c3846ab872132596162212b (127.18.78.5) added. New cstate: current_term: 1 leader_uuid: "cdd46c7043e44581850d88dabf6bfc3e" committed_config { opid_index: 26 OBSOLETE_local: false peers { permanent_uuid: "cdd46c7043e44581850d88dabf6bfc3e" member_type: VOTER last_known_addr { host: "127.18.78.1" port: 40553 } } peers { permanent_uuid: "83a08c918b614688b6fcf164ecb6c7bd" member_type: VOTER last_known_addr { host: "127.18.78.2" port: 36493 } } peers { permanent_uuid: "28809cb3c4eb4da49e19d242d9428fee" member_type: VOTER last_known_addr { host: "127.18.78.3" port: 41287 } attrs { replace: true } } peers { permanent_uuid: "dc42d7ee3c3846ab872132596162212b" member_type: NON_VOTER last_known_addr { host: "127.18.78.5" port: 39711 } attrs { promote: true } } }
I20260601 13:35:43.547514 23193 consensus_queue.cc:237] T 0b5af086c5f146e3912481dd1c1d0654 P cdd46c7043e44581850d88dabf6bfc3e [LEADER]: Queue going to LEADER mode. State: All replicated index: 0, Majority replicated index: 27, Committed index: 27, Last appended: 1.27, Last appended by leader: 0, Current term: 1, Majority size: 2, State: 0, Mode: LEADER, active raft config: opid_index: 28 OBSOLETE_local: false peers { permanent_uuid: "cdd46c7043e44581850d88dabf6bfc3e" member_type: VOTER last_known_addr { host: "127.18.78.1" port: 40553 } } peers { permanent_uuid: "83a08c918b614688b6fcf164ecb6c7bd" member_type: VOTER last_known_addr { host: "127.18.78.2" port: 36493 } attrs { replace: true } } peers { permanent_uuid: "200d5a1fa438449283a9a25c88d8a6f9" member_type: VOTER last_known_addr { host: "127.18.78.6" port: 43631 } attrs { promote: false } } peers { permanent_uuid: "7f353a2fb86740e3b9340d43284c56d3" member_type: NON_VOTER last_known_addr { host: "127.18.78.4" port: 35047 } attrs { promote: true } }
I20260601 13:35:43.549144 23737 raft_consensus.cc:1275] T 0b5af086c5f146e3912481dd1c1d0654 P 200d5a1fa438449283a9a25c88d8a6f9 [term 1 FOLLOWER]: Refusing update from remote peer cdd46c7043e44581850d88dabf6bfc3e: Log matching property violated. Preceding OpId in replica: term: 1 index: 27. Preceding OpId from leader: term: 1 index: 28. (index mismatch)
W20260601 13:35:43.549288 23159 consensus_peers.cc:597] T 0b5af086c5f146e3912481dd1c1d0654 P cdd46c7043e44581850d88dabf6bfc3e -> Peer 7f353a2fb86740e3b9340d43284c56d3 (127.18.78.4:35047): Couldn't send request to peer 7f353a2fb86740e3b9340d43284c56d3. Error code: TABLET_NOT_FOUND (6). Status: Not found: Tablet not found: 0b5af086c5f146e3912481dd1c1d0654. This is attempt 1: this message will repeat every 5th retry.
I20260601 13:35:43.549378 23267 raft_consensus.cc:1275] T 0b5af086c5f146e3912481dd1c1d0654 P 83a08c918b614688b6fcf164ecb6c7bd [term 1 FOLLOWER]: Refusing update from remote peer cdd46c7043e44581850d88dabf6bfc3e: Log matching property violated. Preceding OpId in replica: term: 1 index: 27. Preceding OpId from leader: term: 1 index: 28. (index mismatch)
I20260601 13:35:43.549536 23855 consensus_queue.cc:1048] T 0b5af086c5f146e3912481dd1c1d0654 P cdd46c7043e44581850d88dabf6bfc3e [LEADER]: Connected to new peer: Peer: permanent_uuid: "200d5a1fa438449283a9a25c88d8a6f9" member_type: VOTER last_known_addr { host: "127.18.78.6" port: 43631 } attrs { promote: false }, Status: LMP_MISMATCH, Last received: 0.0, Next index: 28, Last known committed idx: 27, Time since last communication: 0.000s
I20260601 13:35:43.549707 23856 consensus_queue.cc:1048] T 0b5af086c5f146e3912481dd1c1d0654 P cdd46c7043e44581850d88dabf6bfc3e [LEADER]: Connected to new peer: Peer: permanent_uuid: "83a08c918b614688b6fcf164ecb6c7bd" member_type: VOTER last_known_addr { host: "127.18.78.2" port: 36493 } attrs { replace: true }, Status: LMP_MISMATCH, Last received: 0.0, Next index: 28, Last known committed idx: 27, Time since last communication: 0.000s
I20260601 13:35:43.551565 23856 raft_consensus.cc:2955] T 0b5af086c5f146e3912481dd1c1d0654 P cdd46c7043e44581850d88dabf6bfc3e [term 1 LEADER]: Committing config change with OpId 1.28: config changed from index 27 to 28, NON_VOTER 7f353a2fb86740e3b9340d43284c56d3 (127.18.78.4) added. New config: { opid_index: 28 OBSOLETE_local: false peers { permanent_uuid: "cdd46c7043e44581850d88dabf6bfc3e" member_type: VOTER last_known_addr { host: "127.18.78.1" port: 40553 } } peers { permanent_uuid: "83a08c918b614688b6fcf164ecb6c7bd" member_type: VOTER last_known_addr { host: "127.18.78.2" port: 36493 } attrs { replace: true } } peers { permanent_uuid: "200d5a1fa438449283a9a25c88d8a6f9" member_type: VOTER last_known_addr { host: "127.18.78.6" port: 43631 } attrs { promote: false } } peers { permanent_uuid: "7f353a2fb86740e3b9340d43284c56d3" member_type: NON_VOTER last_known_addr { host: "127.18.78.4" port: 35047 } attrs { promote: true } } }
I20260601 13:35:43.552069 23267 raft_consensus.cc:2955] T 0b5af086c5f146e3912481dd1c1d0654 P 83a08c918b614688b6fcf164ecb6c7bd [term 1 FOLLOWER]: Committing config change with OpId 1.28: config changed from index 27 to 28, NON_VOTER 7f353a2fb86740e3b9340d43284c56d3 (127.18.78.4) added. New config: { opid_index: 28 OBSOLETE_local: false peers { permanent_uuid: "cdd46c7043e44581850d88dabf6bfc3e" member_type: VOTER last_known_addr { host: "127.18.78.1" port: 40553 } } peers { permanent_uuid: "83a08c918b614688b6fcf164ecb6c7bd" member_type: VOTER last_known_addr { host: "127.18.78.2" port: 36493 } attrs { replace: true } } peers { permanent_uuid: "200d5a1fa438449283a9a25c88d8a6f9" member_type: VOTER last_known_addr { host: "127.18.78.6" port: 43631 } attrs { promote: false } } peers { permanent_uuid: "7f353a2fb86740e3b9340d43284c56d3" member_type: NON_VOTER last_known_addr { host: "127.18.78.4" port: 35047 } attrs { promote: true } } }
I20260601 13:35:43.554435 23089 catalog_manager.cc:5696] T 0b5af086c5f146e3912481dd1c1d0654 P 83a08c918b614688b6fcf164ecb6c7bd reported cstate change: config changed from index 27 to 28, NON_VOTER 7f353a2fb86740e3b9340d43284c56d3 (127.18.78.4) added. New cstate: current_term: 1 leader_uuid: "cdd46c7043e44581850d88dabf6bfc3e" committed_config { opid_index: 28 OBSOLETE_local: false peers { permanent_uuid: "cdd46c7043e44581850d88dabf6bfc3e" member_type: VOTER last_known_addr { host: "127.18.78.1" port: 40553 } } peers { permanent_uuid: "83a08c918b614688b6fcf164ecb6c7bd" member_type: VOTER last_known_addr { host: "127.18.78.2" port: 36493 } attrs { replace: true } } peers { permanent_uuid: "200d5a1fa438449283a9a25c88d8a6f9" member_type: VOTER last_known_addr { host: "127.18.78.6" port: 43631 } attrs { promote: false } } peers { permanent_uuid: "7f353a2fb86740e3b9340d43284c56d3" member_type: NON_VOTER last_known_addr { host: "127.18.78.4" port: 35047 } attrs { promote: true } } }
I20260601 13:35:43.554921 23267 consensus_queue.cc:237] T 7f12f3a63a7d47dfaf7287f49b51a92a P 83a08c918b614688b6fcf164ecb6c7bd [LEADER]: Queue going to LEADER mode. State: All replicated index: 0, Majority replicated index: 24, Committed index: 24, Last appended: 1.24, Last appended by leader: 0, Current term: 1, Majority size: 2, State: 0, Mode: LEADER, active raft config: opid_index: 25 OBSOLETE_local: false peers { permanent_uuid: "cdd46c7043e44581850d88dabf6bfc3e" member_type: VOTER last_known_addr { host: "127.18.78.1" port: 40553 } attrs { replace: true } } peers { permanent_uuid: "83a08c918b614688b6fcf164ecb6c7bd" member_type: VOTER last_known_addr { host: "127.18.78.2" port: 36493 } } peers { permanent_uuid: "28809cb3c4eb4da49e19d242d9428fee" member_type: VOTER last_known_addr { host: "127.18.78.3" port: 41287 } } peers { permanent_uuid: "200d5a1fa438449283a9a25c88d8a6f9" member_type: NON_VOTER last_known_addr { host: "127.18.78.6" port: 43631 } attrs { promote: true } }
I20260601 13:35:43.554899 23737 raft_consensus.cc:2955] T 0b5af086c5f146e3912481dd1c1d0654 P 200d5a1fa438449283a9a25c88d8a6f9 [term 1 FOLLOWER]: Committing config change with OpId 1.28: config changed from index 27 to 28, NON_VOTER 7f353a2fb86740e3b9340d43284c56d3 (127.18.78.4) added. New config: { opid_index: 28 OBSOLETE_local: false peers { permanent_uuid: "cdd46c7043e44581850d88dabf6bfc3e" member_type: VOTER last_known_addr { host: "127.18.78.1" port: 40553 } } peers { permanent_uuid: "83a08c918b614688b6fcf164ecb6c7bd" member_type: VOTER last_known_addr { host: "127.18.78.2" port: 36493 } attrs { replace: true } } peers { permanent_uuid: "200d5a1fa438449283a9a25c88d8a6f9" member_type: VOTER last_known_addr { host: "127.18.78.6" port: 43631 } attrs { promote: false } } peers { permanent_uuid: "7f353a2fb86740e3b9340d43284c56d3" member_type: NON_VOTER last_known_addr { host: "127.18.78.4" port: 35047 } attrs { promote: true } } }
I20260601 13:35:43.556926 23341 raft_consensus.cc:1275] T 7f12f3a63a7d47dfaf7287f49b51a92a P 28809cb3c4eb4da49e19d242d9428fee [term 1 FOLLOWER]: Refusing update from remote peer 83a08c918b614688b6fcf164ecb6c7bd: Log matching property violated. Preceding OpId in replica: term: 1 index: 24. Preceding OpId from leader: term: 1 index: 25. (index mismatch)
W20260601 13:35:43.557300 23237 consensus_peers.cc:597] T 7f12f3a63a7d47dfaf7287f49b51a92a P 83a08c918b614688b6fcf164ecb6c7bd -> Peer 200d5a1fa438449283a9a25c88d8a6f9 (127.18.78.6:43631): Couldn't send request to peer 200d5a1fa438449283a9a25c88d8a6f9. Error code: TABLET_NOT_FOUND (6). Status: Not found: Tablet not found: 7f12f3a63a7d47dfaf7287f49b51a92a. This is attempt 1: this message will repeat every 5th retry.
I20260601 13:35:43.557328 23816 consensus_queue.cc:1048] T 7f12f3a63a7d47dfaf7287f49b51a92a P 83a08c918b614688b6fcf164ecb6c7bd [LEADER]: Connected to new peer: Peer: permanent_uuid: "28809cb3c4eb4da49e19d242d9428fee" member_type: VOTER last_known_addr { host: "127.18.78.3" port: 41287 }, Status: LMP_MISMATCH, Last received: 0.0, Next index: 25, Last known committed idx: 24, Time since last communication: 0.000s
