I20260601 13:34:07.777730 31524 raft_consensus.cc:359] T c8ed9cfb90084d1dade550e3fc297c0e P bd3be3df8c874524905df8928bf8dfe7 [term 0 FOLLOWER]: Replica starting. Triggering 0 pending ops. Active config: opid_index: -1 OBSOLETE_local: false peers { permanent_uuid: "2b9de81550fc4cce9cab4d361b059ef3" member_type: VOTER last_known_addr { host: "127.28.227.2" port: 44459 } } peers { permanent_uuid: "bd3be3df8c874524905df8928bf8dfe7" member_type: VOTER last_known_addr { host: "127.28.227.1" port: 43457 } } peers { permanent_uuid: "444bd4fa30974bb681f456feb6ab43c2" member_type: VOTER last_known_addr { host: "127.28.227.3" port: 41611 } }
I20260601 13:34:07.777833 31524 raft_consensus.cc:385] T c8ed9cfb90084d1dade550e3fc297c0e P bd3be3df8c874524905df8928bf8dfe7 [term 0 FOLLOWER]: Consensus starting up: Expiring failure detector timer to make a prompt election more likely
I20260601 13:34:07.777869 31524 raft_consensus.cc:740] T c8ed9cfb90084d1dade550e3fc297c0e P bd3be3df8c874524905df8928bf8dfe7 [term 0 FOLLOWER]: Becoming Follower/Learner. State: Replica: bd3be3df8c874524905df8928bf8dfe7, State: Initialized, Role: FOLLOWER
I20260601 13:34:07.777982 31524 consensus_queue.cc:260] T c8ed9cfb90084d1dade550e3fc297c0e P bd3be3df8c874524905df8928bf8dfe7 [NON_LEADER]: Queue going to NON_LEADER mode. State: All replicated index: 0, Majority replicated index: 0, Committed index: 0, Last appended: 0.0, Last appended by leader: 0, Current term: 0, Majority size: -1, State: 0, Mode: NON_LEADER, active raft config: opid_index: -1 OBSOLETE_local: false peers { permanent_uuid: "2b9de81550fc4cce9cab4d361b059ef3" member_type: VOTER last_known_addr { host: "127.28.227.2" port: 44459 } } peers { permanent_uuid: "bd3be3df8c874524905df8928bf8dfe7" member_type: VOTER last_known_addr { host: "127.28.227.1" port: 43457 } } peers { permanent_uuid: "444bd4fa30974bb681f456feb6ab43c2" member_type: VOTER last_known_addr { host: "127.28.227.3" port: 41611 } }
I20260601 13:34:07.778213 31524 ts_tablet_manager.cc:1434] T c8ed9cfb90084d1dade550e3fc297c0e P bd3be3df8c874524905df8928bf8dfe7: Time spent starting tablet: real 0.001s	user 0.001s	sys 0.000s
I20260601 13:34:07.778383 31523 tablet_bootstrap.cc:654] T c8ed9cfb90084d1dade550e3fc297c0e P 2b9de81550fc4cce9cab4d361b059ef3: Neither blocks nor log segments found. Creating new log.
I20260601 13:34:07.778553 31525 tablet_bootstrap.cc:654] T c8ed9cfb90084d1dade550e3fc297c0e P 444bd4fa30974bb681f456feb6ab43c2: Neither blocks nor log segments found. Creating new log.
I20260601 13:34:07.779595 31525 tablet_bootstrap.cc:492] T c8ed9cfb90084d1dade550e3fc297c0e P 444bd4fa30974bb681f456feb6ab43c2: No bootstrap required, opened a new log
I20260601 13:34:07.779604 31523 tablet_bootstrap.cc:492] T c8ed9cfb90084d1dade550e3fc297c0e P 2b9de81550fc4cce9cab4d361b059ef3: No bootstrap required, opened a new log
I20260601 13:34:07.779706 31525 ts_tablet_manager.cc:1403] T c8ed9cfb90084d1dade550e3fc297c0e P 444bd4fa30974bb681f456feb6ab43c2: Time spent bootstrapping tablet: real 0.003s	user 0.002s	sys 0.000s
I20260601 13:34:07.779711 31523 ts_tablet_manager.cc:1403] T c8ed9cfb90084d1dade550e3fc297c0e P 2b9de81550fc4cce9cab4d361b059ef3: Time spent bootstrapping tablet: real 0.003s	user 0.002s	sys 0.000s
I20260601 13:34:07.780068 31525 raft_consensus.cc:359] T c8ed9cfb90084d1dade550e3fc297c0e P 444bd4fa30974bb681f456feb6ab43c2 [term 0 FOLLOWER]: Replica starting. Triggering 0 pending ops. Active config: opid_index: -1 OBSOLETE_local: false peers { permanent_uuid: "2b9de81550fc4cce9cab4d361b059ef3" member_type: VOTER last_known_addr { host: "127.28.227.2" port: 44459 } } peers { permanent_uuid: "bd3be3df8c874524905df8928bf8dfe7" member_type: VOTER last_known_addr { host: "127.28.227.1" port: 43457 } } peers { permanent_uuid: "444bd4fa30974bb681f456feb6ab43c2" member_type: VOTER last_known_addr { host: "127.28.227.3" port: 41611 } }
I20260601 13:34:07.780170 31525 raft_consensus.cc:385] T c8ed9cfb90084d1dade550e3fc297c0e P 444bd4fa30974bb681f456feb6ab43c2 [term 0 FOLLOWER]: Consensus starting up: Expiring failure detector timer to make a prompt election more likely
I20260601 13:34:07.780228 31525 raft_consensus.cc:740] T c8ed9cfb90084d1dade550e3fc297c0e P 444bd4fa30974bb681f456feb6ab43c2 [term 0 FOLLOWER]: Becoming Follower/Learner. State: Replica: 444bd4fa30974bb681f456feb6ab43c2, State: Initialized, Role: FOLLOWER
I20260601 13:34:07.780220 31523 raft_consensus.cc:359] T c8ed9cfb90084d1dade550e3fc297c0e P 2b9de81550fc4cce9cab4d361b059ef3 [term 0 FOLLOWER]: Replica starting. Triggering 0 pending ops. Active config: opid_index: -1 OBSOLETE_local: false peers { permanent_uuid: "2b9de81550fc4cce9cab4d361b059ef3" member_type: VOTER last_known_addr { host: "127.28.227.2" port: 44459 } } peers { permanent_uuid: "bd3be3df8c874524905df8928bf8dfe7" member_type: VOTER last_known_addr { host: "127.28.227.1" port: 43457 } } peers { permanent_uuid: "444bd4fa30974bb681f456feb6ab43c2" member_type: VOTER last_known_addr { host: "127.28.227.3" port: 41611 } }
I20260601 13:34:07.780364 31523 raft_consensus.cc:385] T c8ed9cfb90084d1dade550e3fc297c0e P 2b9de81550fc4cce9cab4d361b059ef3 [term 0 FOLLOWER]: Consensus starting up: Expiring failure detector timer to make a prompt election more likely
I20260601 13:34:07.780412 31523 raft_consensus.cc:740] T c8ed9cfb90084d1dade550e3fc297c0e P 2b9de81550fc4cce9cab4d361b059ef3 [term 0 FOLLOWER]: Becoming Follower/Learner. State: Replica: 2b9de81550fc4cce9cab4d361b059ef3, State: Initialized, Role: FOLLOWER
I20260601 13:34:07.780419 31525 consensus_queue.cc:260] T c8ed9cfb90084d1dade550e3fc297c0e P 444bd4fa30974bb681f456feb6ab43c2 [NON_LEADER]: Queue going to NON_LEADER mode. State: All replicated index: 0, Majority replicated index: 0, Committed index: 0, Last appended: 0.0, Last appended by leader: 0, Current term: 0, Majority size: -1, State: 0, Mode: NON_LEADER, active raft config: opid_index: -1 OBSOLETE_local: false peers { permanent_uuid: "2b9de81550fc4cce9cab4d361b059ef3" member_type: VOTER last_known_addr { host: "127.28.227.2" port: 44459 } } peers { permanent_uuid: "bd3be3df8c874524905df8928bf8dfe7" member_type: VOTER last_known_addr { host: "127.28.227.1" port: 43457 } } peers { permanent_uuid: "444bd4fa30974bb681f456feb6ab43c2" member_type: VOTER last_known_addr { host: "127.28.227.3" port: 41611 } }
I20260601 13:34:07.780578 31523 consensus_queue.cc:260] T c8ed9cfb90084d1dade550e3fc297c0e P 2b9de81550fc4cce9cab4d361b059ef3 [NON_LEADER]: Queue going to NON_LEADER mode. State: All replicated index: 0, Majority replicated index: 0, Committed index: 0, Last appended: 0.0, Last appended by leader: 0, Current term: 0, Majority size: -1, State: 0, Mode: NON_LEADER, active raft config: opid_index: -1 OBSOLETE_local: false peers { permanent_uuid: "2b9de81550fc4cce9cab4d361b059ef3" member_type: VOTER last_known_addr { host: "127.28.227.2" port: 44459 } } peers { permanent_uuid: "bd3be3df8c874524905df8928bf8dfe7" member_type: VOTER last_known_addr { host: "127.28.227.1" port: 43457 } } peers { permanent_uuid: "444bd4fa30974bb681f456feb6ab43c2" member_type: VOTER last_known_addr { host: "127.28.227.3" port: 41611 } }
I20260601 13:34:07.780794 31525 ts_tablet_manager.cc:1434] T c8ed9cfb90084d1dade550e3fc297c0e P 444bd4fa30974bb681f456feb6ab43c2: Time spent starting tablet: real 0.001s	user 0.001s	sys 0.000s
I20260601 13:34:07.780910 31523 ts_tablet_manager.cc:1434] T c8ed9cfb90084d1dade550e3fc297c0e P 2b9de81550fc4cce9cab4d361b059ef3: Time spent starting tablet: real 0.001s	user 0.001s	sys 0.000s
I20260601 13:34:07.781086 31523 tablet_bootstrap.cc:492] T 0764f78408cb447bba87672a4b0098aa P 2b9de81550fc4cce9cab4d361b059ef3: Bootstrap starting.
I20260601 13:34:07.782037 31523 tablet_bootstrap.cc:654] T 0764f78408cb447bba87672a4b0098aa P 2b9de81550fc4cce9cab4d361b059ef3: Neither blocks nor log segments found. Creating new log.
I20260601 13:34:07.783102 31523 tablet_bootstrap.cc:492] T 0764f78408cb447bba87672a4b0098aa P 2b9de81550fc4cce9cab4d361b059ef3: No bootstrap required, opened a new log
I20260601 13:34:07.783191 31523 ts_tablet_manager.cc:1403] T 0764f78408cb447bba87672a4b0098aa P 2b9de81550fc4cce9cab4d361b059ef3: Time spent bootstrapping tablet: real 0.002s	user 0.002s	sys 0.000s
I20260601 13:34:07.783618 31523 raft_consensus.cc:359] T 0764f78408cb447bba87672a4b0098aa P 2b9de81550fc4cce9cab4d361b059ef3 [term 0 FOLLOWER]: Replica starting. Triggering 0 pending ops. Active config: opid_index: -1 OBSOLETE_local: false peers { permanent_uuid: "bd3be3df8c874524905df8928bf8dfe7" member_type: VOTER last_known_addr { host: "127.28.227.1" port: 43457 } } peers { permanent_uuid: "2b9de81550fc4cce9cab4d361b059ef3" member_type: VOTER last_known_addr { host: "127.28.227.2" port: 44459 } } peers { permanent_uuid: "444bd4fa30974bb681f456feb6ab43c2" member_type: VOTER last_known_addr { host: "127.28.227.3" port: 41611 } }
I20260601 13:34:07.783704 31523 raft_consensus.cc:385] T 0764f78408cb447bba87672a4b0098aa P 2b9de81550fc4cce9cab4d361b059ef3 [term 0 FOLLOWER]: Consensus starting up: Expiring failure detector timer to make a prompt election more likely
I20260601 13:34:07.783726 31523 raft_consensus.cc:740] T 0764f78408cb447bba87672a4b0098aa P 2b9de81550fc4cce9cab4d361b059ef3 [term 0 FOLLOWER]: Becoming Follower/Learner. State: Replica: 2b9de81550fc4cce9cab4d361b059ef3, State: Initialized, Role: FOLLOWER
I20260601 13:34:07.783871 31523 consensus_queue.cc:260] T 0764f78408cb447bba87672a4b0098aa P 2b9de81550fc4cce9cab4d361b059ef3 [NON_LEADER]: Queue going to NON_LEADER mode. State: All replicated index: 0, Majority replicated index: 0, Committed index: 0, Last appended: 0.0, Last appended by leader: 0, Current term: 0, Majority size: -1, State: 0, Mode: NON_LEADER, active raft config: opid_index: -1 OBSOLETE_local: false peers { permanent_uuid: "bd3be3df8c874524905df8928bf8dfe7" member_type: VOTER last_known_addr { host: "127.28.227.1" port: 43457 } } peers { permanent_uuid: "2b9de81550fc4cce9cab4d361b059ef3" member_type: VOTER last_known_addr { host: "127.28.227.2" port: 44459 } } peers { permanent_uuid: "444bd4fa30974bb681f456feb6ab43c2" member_type: VOTER last_known_addr { host: "127.28.227.3" port: 41611 } }
I20260601 13:34:07.784128 31523 ts_tablet_manager.cc:1434] T 0764f78408cb447bba87672a4b0098aa P 2b9de81550fc4cce9cab4d361b059ef3: Time spent starting tablet: real 0.001s	user 0.001s	sys 0.000s
I20260601 13:34:08.002245 31533 raft_consensus.cc:493] T c8ed9cfb90084d1dade550e3fc297c0e P 2b9de81550fc4cce9cab4d361b059ef3 [term 0 FOLLOWER]: Starting pre-election (no leader contacted us within the election timeout)
I20260601 13:34:08.002393 31533 raft_consensus.cc:515] T c8ed9cfb90084d1dade550e3fc297c0e P 2b9de81550fc4cce9cab4d361b059ef3 [term 0 FOLLOWER]: Starting pre-election with config: opid_index: -1 OBSOLETE_local: false peers { permanent_uuid: "2b9de81550fc4cce9cab4d361b059ef3" member_type: VOTER last_known_addr { host: "127.28.227.2" port: 44459 } } peers { permanent_uuid: "bd3be3df8c874524905df8928bf8dfe7" member_type: VOTER last_known_addr { host: "127.28.227.1" port: 43457 } } peers { permanent_uuid: "444bd4fa30974bb681f456feb6ab43c2" member_type: VOTER last_known_addr { host: "127.28.227.3" port: 41611 } }
I20260601 13:34:08.003067 31533 leader_election.cc:290] T c8ed9cfb90084d1dade550e3fc297c0e P 2b9de81550fc4cce9cab4d361b059ef3 [CANDIDATE]: Term 1 pre-election: Requested pre-vote from peers bd3be3df8c874524905df8928bf8dfe7 (127.28.227.1:43457), 444bd4fa30974bb681f456feb6ab43c2 (127.28.227.3:41611)
I20260601 13:34:08.006819 31326 tablet_service.cc:1917] Received RequestConsensusVote() RPC: tablet_id: "c8ed9cfb90084d1dade550e3fc297c0e" candidate_uuid: "2b9de81550fc4cce9cab4d361b059ef3" candidate_term: 1 candidate_status { last_received { term: 0 index: 0 } } ignore_live_leader: false dest_uuid: "bd3be3df8c874524905df8928bf8dfe7" is_pre_election: true
I20260601 13:34:08.006834 31477 tablet_service.cc:1917] Received RequestConsensusVote() RPC: tablet_id: "c8ed9cfb90084d1dade550e3fc297c0e" candidate_uuid: "2b9de81550fc4cce9cab4d361b059ef3" candidate_term: 1 candidate_status { last_received { term: 0 index: 0 } } ignore_live_leader: false dest_uuid: "444bd4fa30974bb681f456feb6ab43c2" is_pre_election: true
I20260601 13:34:08.006950 31326 raft_consensus.cc:2468] T c8ed9cfb90084d1dade550e3fc297c0e P bd3be3df8c874524905df8928bf8dfe7 [term 0 FOLLOWER]: Leader pre-election vote request: Granting yes vote for candidate 2b9de81550fc4cce9cab4d361b059ef3 in term 0.
I20260601 13:34:08.007017 31477 raft_consensus.cc:2468] T c8ed9cfb90084d1dade550e3fc297c0e P 444bd4fa30974bb681f456feb6ab43c2 [term 0 FOLLOWER]: Leader pre-election vote request: Granting yes vote for candidate 2b9de81550fc4cce9cab4d361b059ef3 in term 0.
I20260601 13:34:08.007339 31368 leader_election.cc:304] T c8ed9cfb90084d1dade550e3fc297c0e P 2b9de81550fc4cce9cab4d361b059ef3 [CANDIDATE]: Term 1 pre-election: Election decided. Result: candidate won. Election summary: received 2 responses out of 3 voters: 2 yes votes; 0 no votes. yes voters: 2b9de81550fc4cce9cab4d361b059ef3, bd3be3df8c874524905df8928bf8dfe7; no voters: 
I20260601 13:34:08.007541 31533 raft_consensus.cc:2804] T c8ed9cfb90084d1dade550e3fc297c0e P 2b9de81550fc4cce9cab4d361b059ef3 [term 0 FOLLOWER]: Leader pre-election won for term 1
I20260601 13:34:08.007609 31533 raft_consensus.cc:493] T c8ed9cfb90084d1dade550e3fc297c0e P 2b9de81550fc4cce9cab4d361b059ef3 [term 0 FOLLOWER]: Starting leader election (no leader contacted us within the election timeout)
I20260601 13:34:08.007640 31533 raft_consensus.cc:3060] T c8ed9cfb90084d1dade550e3fc297c0e P 2b9de81550fc4cce9cab4d361b059ef3 [term 0 FOLLOWER]: Advancing to term 1
I20260601 13:34:08.008409 31533 raft_consensus.cc:515] T c8ed9cfb90084d1dade550e3fc297c0e P 2b9de81550fc4cce9cab4d361b059ef3 [term 1 FOLLOWER]: Starting leader election with config: opid_index: -1 OBSOLETE_local: false peers { permanent_uuid: "2b9de81550fc4cce9cab4d361b059ef3" member_type: VOTER last_known_addr { host: "127.28.227.2" port: 44459 } } peers { permanent_uuid: "bd3be3df8c874524905df8928bf8dfe7" member_type: VOTER last_known_addr { host: "127.28.227.1" port: 43457 } } peers { permanent_uuid: "444bd4fa30974bb681f456feb6ab43c2" member_type: VOTER last_known_addr { host: "127.28.227.3" port: 41611 } }
I20260601 13:34:08.008750 31533 leader_election.cc:290] T c8ed9cfb90084d1dade550e3fc297c0e P 2b9de81550fc4cce9cab4d361b059ef3 [CANDIDATE]: Term 1 election: Requested vote from peers bd3be3df8c874524905df8928bf8dfe7 (127.28.227.1:43457), 444bd4fa30974bb681f456feb6ab43c2 (127.28.227.3:41611)
I20260601 13:34:08.009061 31326 tablet_service.cc:1917] Received RequestConsensusVote() RPC: tablet_id: "c8ed9cfb90084d1dade550e3fc297c0e" candidate_uuid: "2b9de81550fc4cce9cab4d361b059ef3" candidate_term: 1 candidate_status { last_received { term: 0 index: 0 } } ignore_live_leader: false dest_uuid: "bd3be3df8c874524905df8928bf8dfe7"
I20260601 13:34:08.009109 31477 tablet_service.cc:1917] Received RequestConsensusVote() RPC: tablet_id: "c8ed9cfb90084d1dade550e3fc297c0e" candidate_uuid: "2b9de81550fc4cce9cab4d361b059ef3" candidate_term: 1 candidate_status { last_received { term: 0 index: 0 } } ignore_live_leader: false dest_uuid: "444bd4fa30974bb681f456feb6ab43c2"
I20260601 13:34:08.009186 31326 raft_consensus.cc:3060] T c8ed9cfb90084d1dade550e3fc297c0e P bd3be3df8c874524905df8928bf8dfe7 [term 0 FOLLOWER]: Advancing to term 1
I20260601 13:34:08.009233 31477 raft_consensus.cc:3060] T c8ed9cfb90084d1dade550e3fc297c0e P 444bd4fa30974bb681f456feb6ab43c2 [term 0 FOLLOWER]: Advancing to term 1
I20260601 13:34:08.009943 31326 raft_consensus.cc:2468] T c8ed9cfb90084d1dade550e3fc297c0e P bd3be3df8c874524905df8928bf8dfe7 [term 1 FOLLOWER]: Leader election vote request: Granting yes vote for candidate 2b9de81550fc4cce9cab4d361b059ef3 in term 1.
I20260601 13:34:08.010073 31477 raft_consensus.cc:2468] T c8ed9cfb90084d1dade550e3fc297c0e P 444bd4fa30974bb681f456feb6ab43c2 [term 1 FOLLOWER]: Leader election vote request: Granting yes vote for candidate 2b9de81550fc4cce9cab4d361b059ef3 in term 1.
I20260601 13:34:08.010224 31368 leader_election.cc:304] T c8ed9cfb90084d1dade550e3fc297c0e P 2b9de81550fc4cce9cab4d361b059ef3 [CANDIDATE]: Term 1 election: Election decided. Result: candidate won. Election summary: received 2 responses out of 3 voters: 2 yes votes; 0 no votes. yes voters: 2b9de81550fc4cce9cab4d361b059ef3, bd3be3df8c874524905df8928bf8dfe7; no voters: 
I20260601 13:34:08.010401 31533 raft_consensus.cc:2804] T c8ed9cfb90084d1dade550e3fc297c0e P 2b9de81550fc4cce9cab4d361b059ef3 [term 1 FOLLOWER]: Leader election won for term 1
I20260601 13:34:08.010576 31533 raft_consensus.cc:697] T c8ed9cfb90084d1dade550e3fc297c0e P 2b9de81550fc4cce9cab4d361b059ef3 [term 1 LEADER]: Becoming Leader. State: Replica: 2b9de81550fc4cce9cab4d361b059ef3, State: Running, Role: LEADER
I20260601 13:34:08.010716 31533 consensus_queue.cc:237] T c8ed9cfb90084d1dade550e3fc297c0e P 2b9de81550fc4cce9cab4d361b059ef3 [LEADER]: Queue going to LEADER mode. State: All replicated index: 0, Majority replicated index: 0, Committed index: 0, Last appended: 0.0, Last appended by leader: 0, Current term: 1, Majority size: 2, State: 0, Mode: LEADER, active raft config: opid_index: -1 OBSOLETE_local: false peers { permanent_uuid: "2b9de81550fc4cce9cab4d361b059ef3" member_type: VOTER last_known_addr { host: "127.28.227.2" port: 44459 } } peers { permanent_uuid: "bd3be3df8c874524905df8928bf8dfe7" member_type: VOTER last_known_addr { host: "127.28.227.1" port: 43457 } } peers { permanent_uuid: "444bd4fa30974bb681f456feb6ab43c2" member_type: VOTER last_known_addr { host: "127.28.227.3" port: 41611 } }
I20260601 13:34:08.012184 31221 catalog_manager.cc:5696] T c8ed9cfb90084d1dade550e3fc297c0e P 2b9de81550fc4cce9cab4d361b059ef3 reported cstate change: term changed from 0 to 1, leader changed from <none> to 2b9de81550fc4cce9cab4d361b059ef3 (127.28.227.2). New cstate: current_term: 1 leader_uuid: "2b9de81550fc4cce9cab4d361b059ef3" committed_config { opid_index: -1 OBSOLETE_local: false peers { permanent_uuid: "2b9de81550fc4cce9cab4d361b059ef3" member_type: VOTER last_known_addr { host: "127.28.227.2" port: 44459 } health_report { overall_health: HEALTHY } } peers { permanent_uuid: "bd3be3df8c874524905df8928bf8dfe7" member_type: VOTER last_known_addr { host: "127.28.227.1" port: 43457 } health_report { overall_health: UNKNOWN } } peers { permanent_uuid: "444bd4fa30974bb681f456feb6ab43c2" member_type: VOTER last_known_addr { host: "127.28.227.3" port: 41611 } health_report { overall_health: UNKNOWN } } }
I20260601 13:34:08.163765 31533 raft_consensus.cc:493] T 0764f78408cb447bba87672a4b0098aa P 2b9de81550fc4cce9cab4d361b059ef3 [term 0 FOLLOWER]: Starting pre-election (no leader contacted us within the election timeout)
I20260601 13:34:08.163926 31533 raft_consensus.cc:515] T 0764f78408cb447bba87672a4b0098aa P 2b9de81550fc4cce9cab4d361b059ef3 [term 0 FOLLOWER]: Starting pre-election with config: opid_index: -1 OBSOLETE_local: false peers { permanent_uuid: "bd3be3df8c874524905df8928bf8dfe7" member_type: VOTER last_known_addr { host: "127.28.227.1" port: 43457 } } peers { permanent_uuid: "2b9de81550fc4cce9cab4d361b059ef3" member_type: VOTER last_known_addr { host: "127.28.227.2" port: 44459 } } peers { permanent_uuid: "444bd4fa30974bb681f456feb6ab43c2" member_type: VOTER last_known_addr { host: "127.28.227.3" port: 41611 } }
I20260601 13:34:08.164412 31533 leader_election.cc:290] T 0764f78408cb447bba87672a4b0098aa P 2b9de81550fc4cce9cab4d361b059ef3 [CANDIDATE]: Term 1 pre-election: Requested pre-vote from peers bd3be3df8c874524905df8928bf8dfe7 (127.28.227.1:43457), 444bd4fa30974bb681f456feb6ab43c2 (127.28.227.3:41611)
I20260601 13:34:08.164793 31477 tablet_service.cc:1917] Received RequestConsensusVote() RPC: tablet_id: "0764f78408cb447bba87672a4b0098aa" candidate_uuid: "2b9de81550fc4cce9cab4d361b059ef3" candidate_term: 1 candidate_status { last_received { term: 0 index: 0 } } ignore_live_leader: false dest_uuid: "444bd4fa30974bb681f456feb6ab43c2" is_pre_election: true
I20260601 13:34:08.164932 31477 raft_consensus.cc:2468] T 0764f78408cb447bba87672a4b0098aa P 444bd4fa30974bb681f456feb6ab43c2 [term 0 FOLLOWER]: Leader pre-election vote request: Granting yes vote for candidate 2b9de81550fc4cce9cab4d361b059ef3 in term 0.
I20260601 13:34:08.165171 31326 tablet_service.cc:1917] Received RequestConsensusVote() RPC: tablet_id: "0764f78408cb447bba87672a4b0098aa" candidate_uuid: "2b9de81550fc4cce9cab4d361b059ef3" candidate_term: 1 candidate_status { last_received { term: 0 index: 0 } } ignore_live_leader: false dest_uuid: "bd3be3df8c874524905df8928bf8dfe7" is_pre_election: true
I20260601 13:34:08.165225 31366 leader_election.cc:304] T 0764f78408cb447bba87672a4b0098aa P 2b9de81550fc4cce9cab4d361b059ef3 [CANDIDATE]: Term 1 pre-election: Election decided. Result: candidate won. Election summary: received 2 responses out of 3 voters: 2 yes votes; 0 no votes. yes voters: 2b9de81550fc4cce9cab4d361b059ef3, 444bd4fa30974bb681f456feb6ab43c2; no voters: 
I20260601 13:34:08.165297 31326 raft_consensus.cc:2468] T 0764f78408cb447bba87672a4b0098aa P bd3be3df8c874524905df8928bf8dfe7 [term 0 FOLLOWER]: Leader pre-election vote request: Granting yes vote for candidate 2b9de81550fc4cce9cab4d361b059ef3 in term 0.
I20260601 13:34:08.165382 31533 raft_consensus.cc:2804] T 0764f78408cb447bba87672a4b0098aa P 2b9de81550fc4cce9cab4d361b059ef3 [term 0 FOLLOWER]: Leader pre-election won for term 1
I20260601 13:34:08.165431 31533 raft_consensus.cc:493] T 0764f78408cb447bba87672a4b0098aa P 2b9de81550fc4cce9cab4d361b059ef3 [term 0 FOLLOWER]: Starting leader election (no leader contacted us within the election timeout)
I20260601 13:34:08.165472 31533 raft_consensus.cc:3060] T 0764f78408cb447bba87672a4b0098aa P 2b9de81550fc4cce9cab4d361b059ef3 [term 0 FOLLOWER]: Advancing to term 1
I20260601 13:34:08.166250 31533 raft_consensus.cc:515] T 0764f78408cb447bba87672a4b0098aa P 2b9de81550fc4cce9cab4d361b059ef3 [term 1 FOLLOWER]: Starting leader election with config: opid_index: -1 OBSOLETE_local: false peers { permanent_uuid: "bd3be3df8c874524905df8928bf8dfe7" member_type: VOTER last_known_addr { host: "127.28.227.1" port: 43457 } } peers { permanent_uuid: "2b9de81550fc4cce9cab4d361b059ef3" member_type: VOTER last_known_addr { host: "127.28.227.2" port: 44459 } } peers { permanent_uuid: "444bd4fa30974bb681f456feb6ab43c2" member_type: VOTER last_known_addr { host: "127.28.227.3" port: 41611 } }
I20260601 13:34:08.166617 31533 leader_election.cc:290] T 0764f78408cb447bba87672a4b0098aa P 2b9de81550fc4cce9cab4d361b059ef3 [CANDIDATE]: Term 1 election: Requested vote from peers bd3be3df8c874524905df8928bf8dfe7 (127.28.227.1:43457), 444bd4fa30974bb681f456feb6ab43c2 (127.28.227.3:41611)
I20260601 13:34:08.166880 31477 tablet_service.cc:1917] Received RequestConsensusVote() RPC: tablet_id: "0764f78408cb447bba87672a4b0098aa" candidate_uuid: "2b9de81550fc4cce9cab4d361b059ef3" candidate_term: 1 candidate_status { last_received { term: 0 index: 0 } } ignore_live_leader: false dest_uuid: "444bd4fa30974bb681f456feb6ab43c2"
I20260601 13:34:08.166989 31477 raft_consensus.cc:3060] T 0764f78408cb447bba87672a4b0098aa P 444bd4fa30974bb681f456feb6ab43c2 [term 0 FOLLOWER]: Advancing to term 1
I20260601 13:34:08.168015 31477 raft_consensus.cc:2468] T 0764f78408cb447bba87672a4b0098aa P 444bd4fa30974bb681f456feb6ab43c2 [term 1 FOLLOWER]: Leader election vote request: Granting yes vote for candidate 2b9de81550fc4cce9cab4d361b059ef3 in term 1.
I20260601 13:34:08.168258 31326 tablet_service.cc:1917] Received RequestConsensusVote() RPC: tablet_id: "0764f78408cb447bba87672a4b0098aa" candidate_uuid: "2b9de81550fc4cce9cab4d361b059ef3" candidate_term: 1 candidate_status { last_received { term: 0 index: 0 } } ignore_live_leader: false dest_uuid: "bd3be3df8c874524905df8928bf8dfe7"
I20260601 13:34:08.168321 31366 leader_election.cc:304] T 0764f78408cb447bba87672a4b0098aa P 2b9de81550fc4cce9cab4d361b059ef3 [CANDIDATE]: Term 1 election: Election decided. Result: candidate won. Election summary: received 2 responses out of 3 voters: 2 yes votes; 0 no votes. yes voters: 2b9de81550fc4cce9cab4d361b059ef3, 444bd4fa30974bb681f456feb6ab43c2; no voters: 
I20260601 13:34:08.168368 31326 raft_consensus.cc:3060] T 0764f78408cb447bba87672a4b0098aa P bd3be3df8c874524905df8928bf8dfe7 [term 0 FOLLOWER]: Advancing to term 1
I20260601 13:34:08.168506 31533 raft_consensus.cc:2804] T 0764f78408cb447bba87672a4b0098aa P 2b9de81550fc4cce9cab4d361b059ef3 [term 1 FOLLOWER]: Leader election won for term 1
I20260601 13:34:08.168598 31533 raft_consensus.cc:697] T 0764f78408cb447bba87672a4b0098aa P 2b9de81550fc4cce9cab4d361b059ef3 [term 1 LEADER]: Becoming Leader. State: Replica: 2b9de81550fc4cce9cab4d361b059ef3, State: Running, Role: LEADER
I20260601 13:34:08.168725 31533 consensus_queue.cc:237] T 0764f78408cb447bba87672a4b0098aa P 2b9de81550fc4cce9cab4d361b059ef3 [LEADER]: Queue going to LEADER mode. State: All replicated index: 0, Majority replicated index: 0, Committed index: 0, Last appended: 0.0, Last appended by leader: 0, Current term: 1, Majority size: 2, State: 0, Mode: LEADER, active raft config: opid_index: -1 OBSOLETE_local: false peers { permanent_uuid: "bd3be3df8c874524905df8928bf8dfe7" member_type: VOTER last_known_addr { host: "127.28.227.1" port: 43457 } } peers { permanent_uuid: "2b9de81550fc4cce9cab4d361b059ef3" member_type: VOTER last_known_addr { host: "127.28.227.2" port: 44459 } } peers { permanent_uuid: "444bd4fa30974bb681f456feb6ab43c2" member_type: VOTER last_known_addr { host: "127.28.227.3" port: 41611 } }
I20260601 13:34:08.169411 31326 raft_consensus.cc:2468] T 0764f78408cb447bba87672a4b0098aa P bd3be3df8c874524905df8928bf8dfe7 [term 1 FOLLOWER]: Leader election vote request: Granting yes vote for candidate 2b9de81550fc4cce9cab4d361b059ef3 in term 1.
I20260601 13:34:08.170380 31221 catalog_manager.cc:5696] T 0764f78408cb447bba87672a4b0098aa P 2b9de81550fc4cce9cab4d361b059ef3 reported cstate change: term changed from 0 to 1, leader changed from <none> to 2b9de81550fc4cce9cab4d361b059ef3 (127.28.227.2). New cstate: current_term: 1 leader_uuid: "2b9de81550fc4cce9cab4d361b059ef3" committed_config { opid_index: -1 OBSOLETE_local: false peers { permanent_uuid: "bd3be3df8c874524905df8928bf8dfe7" member_type: VOTER last_known_addr { host: "127.28.227.1" port: 43457 } health_report { overall_health: UNKNOWN } } peers { permanent_uuid: "2b9de81550fc4cce9cab4d361b059ef3" member_type: VOTER last_known_addr { host: "127.28.227.2" port: 44459 } health_report { overall_health: HEALTHY } } peers { permanent_uuid: "444bd4fa30974bb681f456feb6ab43c2" member_type: VOTER last_known_addr { host: "127.28.227.3" port: 41611 } health_report { overall_health: UNKNOWN } } }
I20260601 13:34:08.506937 31537 consensus_queue.cc:1048] T c8ed9cfb90084d1dade550e3fc297c0e P 2b9de81550fc4cce9cab4d361b059ef3 [LEADER]: Connected to new peer: Peer: permanent_uuid: "444bd4fa30974bb681f456feb6ab43c2" member_type: VOTER last_known_addr { host: "127.28.227.3" port: 41611 }, Status: LMP_MISMATCH, Last received: 0.0, Next index: 1, Last known committed idx: 0, Time since last communication: 0.000s
I20260601 13:34:08.510003 31543 consensus_queue.cc:1048] T c8ed9cfb90084d1dade550e3fc297c0e P 2b9de81550fc4cce9cab4d361b059ef3 [LEADER]: Connected to new peer: Peer: permanent_uuid: "bd3be3df8c874524905df8928bf8dfe7" member_type: VOTER last_known_addr { host: "127.28.227.1" port: 43457 }, Status: LMP_MISMATCH, Last received: 0.0, Next index: 1, Last known committed idx: 0, Time since last communication: 0.000s
I20260601 13:34:08.593519 31543 consensus_queue.cc:1048] T 0764f78408cb447bba87672a4b0098aa P 2b9de81550fc4cce9cab4d361b059ef3 [LEADER]: Connected to new peer: Peer: permanent_uuid: "bd3be3df8c874524905df8928bf8dfe7" member_type: VOTER last_known_addr { host: "127.28.227.1" port: 43457 }, Status: LMP_MISMATCH, Last received: 0.0, Next index: 1, Last known committed idx: 0, Time since last communication: 0.000s
I20260601 13:34:08.596486 31533 consensus_queue.cc:1048] T 0764f78408cb447bba87672a4b0098aa P 2b9de81550fc4cce9cab4d361b059ef3 [LEADER]: Connected to new peer: Peer: permanent_uuid: "444bd4fa30974bb681f456feb6ab43c2" member_type: VOTER last_known_addr { host: "127.28.227.3" port: 41611 }, Status: LMP_MISMATCH, Last received: 0.0, Next index: 1, Last known committed idx: 0, Time since last communication: 0.000s
I20260601 13:34:08.597167 31277 auto_leader_rebalancer.cc:140] leader rebalance for table test-workload
I20260601 13:34:08.601800 31402 tablet_service.cc:2072] Received LeaderStepDown RPC: tablet_id: "0764f78408cb447bba87672a4b0098aa"
dest_uuid: "2b9de81550fc4cce9cab4d361b059ef3"
mode: GRACEFUL
new_leader_uuid: "bd3be3df8c874524905df8928bf8dfe7"
 from {username='slave'} at 127.0.0.1:49696
I20260601 13:34:08.601917 31402 raft_consensus.cc:606] T 0764f78408cb447bba87672a4b0098aa P 2b9de81550fc4cce9cab4d361b059ef3 [term 1 LEADER]: Received request to transfer leadership to TS bd3be3df8c874524905df8928bf8dfe7
I20260601 13:34:08.602322 31277 auto_leader_rebalancer.cc:388] table: test-workload, leader rebalance finish, leader transfer count: 1
I20260601 13:34:08.602421 31277 auto_leader_rebalancer.cc:451] All tables' leader rebalancing finished this round
I20260601 13:34:09.016335 31533 raft_consensus.cc:993] T 0764f78408cb447bba87672a4b0098aa P 2b9de81550fc4cce9cab4d361b059ef3: : Instructing follower bd3be3df8c874524905df8928bf8dfe7 to start an election
I20260601 13:34:09.016479 31533 raft_consensus.cc:1081] T 0764f78408cb447bba87672a4b0098aa P 2b9de81550fc4cce9cab4d361b059ef3 [term 1 LEADER]: Signalling peer bd3be3df8c874524905df8928bf8dfe7 to start an election
I20260601 13:34:09.016957 31326 tablet_service.cc:2044] Received Run Leader Election RPC: tablet_id: "0764f78408cb447bba87672a4b0098aa"
dest_uuid: "bd3be3df8c874524905df8928bf8dfe7"
 from {username='slave'} at 127.0.0.1:39464
I20260601 13:34:09.017143 31326 raft_consensus.cc:493] T 0764f78408cb447bba87672a4b0098aa P bd3be3df8c874524905df8928bf8dfe7 [term 1 FOLLOWER]: Starting forced leader election (received explicit request)
I20260601 13:34:09.017261 31326 raft_consensus.cc:3060] T 0764f78408cb447bba87672a4b0098aa P bd3be3df8c874524905df8928bf8dfe7 [term 1 FOLLOWER]: Advancing to term 2
I20260601 13:34:09.018361 31326 raft_consensus.cc:515] T 0764f78408cb447bba87672a4b0098aa P bd3be3df8c874524905df8928bf8dfe7 [term 2 FOLLOWER]: Starting forced leader election with config: opid_index: -1 OBSOLETE_local: false peers { permanent_uuid: "bd3be3df8c874524905df8928bf8dfe7" member_type: VOTER last_known_addr { host: "127.28.227.1" port: 43457 } } peers { permanent_uuid: "2b9de81550fc4cce9cab4d361b059ef3" member_type: VOTER last_known_addr { host: "127.28.227.2" port: 44459 } } peers { permanent_uuid: "444bd4fa30974bb681f456feb6ab43c2" member_type: VOTER last_known_addr { host: "127.28.227.3" port: 41611 } }
I20260601 13:34:09.018824 31326 leader_election.cc:290] T 0764f78408cb447bba87672a4b0098aa P bd3be3df8c874524905df8928bf8dfe7 [CANDIDATE]: Term 2 election: Requested vote from peers 2b9de81550fc4cce9cab4d361b059ef3 (127.28.227.2:44459), 444bd4fa30974bb681f456feb6ab43c2 (127.28.227.3:41611)
I20260601 13:34:09.022214 31477 tablet_service.cc:1917] Received RequestConsensusVote() RPC: tablet_id: "0764f78408cb447bba87672a4b0098aa" candidate_uuid: "bd3be3df8c874524905df8928bf8dfe7" candidate_term: 2 candidate_status { last_received { term: 1 index: 1 } } ignore_live_leader: true dest_uuid: "444bd4fa30974bb681f456feb6ab43c2"
I20260601 13:34:09.022332 31477 raft_consensus.cc:3060] T 0764f78408cb447bba87672a4b0098aa P 444bd4fa30974bb681f456feb6ab43c2 [term 1 FOLLOWER]: Advancing to term 2
I20260601 13:34:09.022279 31402 tablet_service.cc:1917] Received RequestConsensusVote() RPC: tablet_id: "0764f78408cb447bba87672a4b0098aa" candidate_uuid: "bd3be3df8c874524905df8928bf8dfe7" candidate_term: 2 candidate_status { last_received { term: 1 index: 1 } } ignore_live_leader: true dest_uuid: "2b9de81550fc4cce9cab4d361b059ef3"
I20260601 13:34:09.022457 31402 raft_consensus.cc:3055] T 0764f78408cb447bba87672a4b0098aa P 2b9de81550fc4cce9cab4d361b059ef3 [term 1 LEADER]: Stepping down as leader of term 1
I20260601 13:34:09.022495 31402 raft_consensus.cc:740] T 0764f78408cb447bba87672a4b0098aa P 2b9de81550fc4cce9cab4d361b059ef3 [term 1 LEADER]: Becoming Follower/Learner. State: Replica: 2b9de81550fc4cce9cab4d361b059ef3, State: Running, Role: LEADER
I20260601 13:34:09.022646 31402 consensus_queue.cc:260] T 0764f78408cb447bba87672a4b0098aa P 2b9de81550fc4cce9cab4d361b059ef3 [NON_LEADER]: Queue going to NON_LEADER mode. State: All replicated index: 0, Majority replicated index: 1, Committed index: 1, Last appended: 1.1, Last appended by leader: 1, Current term: 1, Majority size: -1, State: 0, Mode: NON_LEADER, active raft config: opid_index: -1 OBSOLETE_local: false peers { permanent_uuid: "bd3be3df8c874524905df8928bf8dfe7" member_type: VOTER last_known_addr { host: "127.28.227.1" port: 43457 } } peers { permanent_uuid: "2b9de81550fc4cce9cab4d361b059ef3" member_type: VOTER last_known_addr { host: "127.28.227.2" port: 44459 } } peers { permanent_uuid: "444bd4fa30974bb681f456feb6ab43c2" member_type: VOTER last_known_addr { host: "127.28.227.3" port: 41611 } }
I20260601 13:34:09.022780 31402 raft_consensus.cc:3060] T 0764f78408cb447bba87672a4b0098aa P 2b9de81550fc4cce9cab4d361b059ef3 [term 1 FOLLOWER]: Advancing to term 2
I20260601 13:34:09.024363 31477 raft_consensus.cc:2468] T 0764f78408cb447bba87672a4b0098aa P 444bd4fa30974bb681f456feb6ab43c2 [term 2 FOLLOWER]: Leader election vote request: Granting yes vote for candidate bd3be3df8c874524905df8928bf8dfe7 in term 2.
I20260601 13:34:09.024675 31290 leader_election.cc:304] T 0764f78408cb447bba87672a4b0098aa P bd3be3df8c874524905df8928bf8dfe7 [CANDIDATE]: Term 2 election: Election decided. Result: candidate won. Election summary: received 2 responses out of 3 voters: 2 yes votes; 0 no votes. yes voters: 444bd4fa30974bb681f456feb6ab43c2, bd3be3df8c874524905df8928bf8dfe7; no voters: 
I20260601 13:34:09.024886 31545 raft_consensus.cc:2804] T 0764f78408cb447bba87672a4b0098aa P bd3be3df8c874524905df8928bf8dfe7 [term 2 FOLLOWER]: Leader election won for term 2
I20260601 13:34:09.025116 31545 raft_consensus.cc:697] T 0764f78408cb447bba87672a4b0098aa P bd3be3df8c874524905df8928bf8dfe7 [term 2 LEADER]: Becoming Leader. State: Replica: bd3be3df8c874524905df8928bf8dfe7, State: Running, Role: LEADER
I20260601 13:34:09.025147 31402 raft_consensus.cc:2468] T 0764f78408cb447bba87672a4b0098aa P 2b9de81550fc4cce9cab4d361b059ef3 [term 2 FOLLOWER]: Leader election vote request: Granting yes vote for candidate bd3be3df8c874524905df8928bf8dfe7 in term 2.
I20260601 13:34:09.025254 31545 consensus_queue.cc:237] T 0764f78408cb447bba87672a4b0098aa P bd3be3df8c874524905df8928bf8dfe7 [LEADER]: Queue going to LEADER mode. State: All replicated index: 0, Majority replicated index: 1, Committed index: 1, Last appended: 1.1, Last appended by leader: 1, Current term: 2, Majority size: 2, State: 0, Mode: LEADER, active raft config: opid_index: -1 OBSOLETE_local: false peers { permanent_uuid: "bd3be3df8c874524905df8928bf8dfe7" member_type: VOTER last_known_addr { host: "127.28.227.1" port: 43457 } } peers { permanent_uuid: "2b9de81550fc4cce9cab4d361b059ef3" member_type: VOTER last_known_addr { host: "127.28.227.2" port: 44459 } } peers { permanent_uuid: "444bd4fa30974bb681f456feb6ab43c2" member_type: VOTER last_known_addr { host: "127.28.227.3" port: 41611 } }
I20260601 13:34:09.026542 31223 catalog_manager.cc:5696] T 0764f78408cb447bba87672a4b0098aa P bd3be3df8c874524905df8928bf8dfe7 reported cstate change: term changed from 1 to 2, leader changed from 2b9de81550fc4cce9cab4d361b059ef3 (127.28.227.2) to bd3be3df8c874524905df8928bf8dfe7 (127.28.227.1). New cstate: current_term: 2 leader_uuid: "bd3be3df8c874524905df8928bf8dfe7" committed_config { opid_index: -1 OBSOLETE_local: false peers { permanent_uuid: "bd3be3df8c874524905df8928bf8dfe7" member_type: VOTER last_known_addr { host: "127.28.227.1" port: 43457 } health_report { overall_health: HEALTHY } } peers { permanent_uuid: "2b9de81550fc4cce9cab4d361b059ef3" member_type: VOTER last_known_addr { host: "127.28.227.2" port: 44459 } health_report { overall_health: UNKNOWN } } peers { permanent_uuid: "444bd4fa30974bb681f456feb6ab43c2" member_type: VOTER last_known_addr { host: "127.28.227.3" port: 41611 } health_report { overall_health: UNKNOWN } } }
I20260601 13:34:09.578030 31402 raft_consensus.cc:1275] T 0764f78408cb447bba87672a4b0098aa P 2b9de81550fc4cce9cab4d361b059ef3 [term 2 FOLLOWER]: Refusing update from remote peer bd3be3df8c874524905df8928bf8dfe7: Log matching property violated. Preceding OpId in replica: term: 1 index: 1. Preceding OpId from leader: term: 2 index: 2. (index mismatch)
I20260601 13:34:09.578501 31561 consensus_queue.cc:1048] T 0764f78408cb447bba87672a4b0098aa P bd3be3df8c874524905df8928bf8dfe7 [LEADER]: Connected to new peer: Peer: permanent_uuid: "2b9de81550fc4cce9cab4d361b059ef3" member_type: VOTER last_known_addr { host: "127.28.227.2" port: 44459 }, Status: LMP_MISMATCH, Last received: 0.0, Next index: 2, Last known committed idx: 1, Time since last communication: 0.000s
I20260601 13:34:09.581238 31477 raft_consensus.cc:1275] T 0764f78408cb447bba87672a4b0098aa P 444bd4fa30974bb681f456feb6ab43c2 [term 2 FOLLOWER]: Refusing update from remote peer bd3be3df8c874524905df8928bf8dfe7: Log matching property violated. Preceding OpId in replica: term: 1 index: 1. Preceding OpId from leader: term: 2 index: 2. (index mismatch)
I20260601 13:34:09.581629 31564 consensus_queue.cc:1048] T 0764f78408cb447bba87672a4b0098aa P bd3be3df8c874524905df8928bf8dfe7 [LEADER]: Connected to new peer: Peer: permanent_uuid: "444bd4fa30974bb681f456feb6ab43c2" member_type: VOTER last_known_addr { host: "127.28.227.3" port: 41611 }, Status: LMP_MISMATCH, Last received: 0.0, Next index: 2, Last known committed idx: 1, Time since last communication: 0.000s
I20260601 13:34:10.602658 31277 auto_leader_rebalancer.cc:140] leader rebalance for table test-workload
I20260601 13:34:10.603006 31277 auto_leader_rebalancer.cc:388] table: test-workload, leader rebalance finish, leader transfer count: 0
I20260601 13:34:10.603093 31277 auto_leader_rebalancer.cc:451] All tables' leader rebalancing finished this round
I20260601 13:34:12.603314 31277 auto_leader_rebalancer.cc:140] leader rebalance for table test-workload
I20260601 13:34:12.603703 31277 auto_leader_rebalancer.cc:388] table: test-workload, leader rebalance finish, leader transfer count: 0
I20260601 13:34:12.603798 31277 auto_leader_rebalancer.cc:451] All tables' leader rebalancing finished this round
I20260601 13:34:14.604029 31277 auto_leader_rebalancer.cc:140] leader rebalance for table test-workload
I20260601 13:34:14.604375 31277 auto_leader_rebalancer.cc:388] table: test-workload, leader rebalance finish, leader transfer count: 0
I20260601 13:34:14.604461 31277 auto_leader_rebalancer.cc:451] All tables' leader rebalancing finished this round
I20260601 13:34:16.604707 31277 auto_leader_rebalancer.cc:140] leader rebalance for table test-workload
I20260601 13:34:16.605096 31277 auto_leader_rebalancer.cc:388] table: test-workload, leader rebalance finish, leader transfer count: 0
I20260601 13:34:16.605176 31277 auto_leader_rebalancer.cc:451] All tables' leader rebalancing finished this round
I20260601 13:34:18.605424 31277 auto_leader_rebalancer.cc:140] leader rebalance for table test-workload
I20260601 13:34:18.605815 31277 auto_leader_rebalancer.cc:388] table: test-workload, leader rebalance finish, leader transfer count: 0
I20260601 13:34:18.605904 31277 auto_leader_rebalancer.cc:451] All tables' leader rebalancing finished this round
I20260601 13:34:19.263110 29580 file_cache.cc:492] Constructed file cache file cache with capacity 419430
W20260601 13:34:19.265159 31572 instance_detector.cc:116] could not retrieve AWS instance metadata: Network error: curl error: HTTP response code said error: The requested URL returned error: 404
W20260601 13:34:19.265295 31575 instance_detector.cc:116] could not retrieve OpenStack instance metadata: Network error: curl error: HTTP response code said error: The requested URL returned error: 404
I20260601 13:34:19.265374 29580 server_base.cc:1061] running on GCE node
W20260601 13:34:19.265456 31573 instance_detector.cc:116] could not retrieve Azure instance metadata: Network error: curl error: HTTP response code said error: The requested URL returned error: 404
I20260601 13:34:19.265730 29580 hybrid_clock.cc:584] initializing the hybrid clock with 'system_unsync' time source
W20260601 13:34:19.265805 29580 system_unsync_time.cc:38] NTP support is disabled. Clock error bounds will not be accurate. This configuration is not suitable for distributed clusters.
I20260601 13:34:19.265861 29580 hybrid_clock.cc:648] HybridClock initialized: now 1780320859265860 us; error 0 us; skew 500 ppm
I20260601 13:34:19.266772 29580 webserver.cc:533] Webserver started at http://127.28.227.4:43671/ using document root <none> and password file <none>
I20260601 13:34:19.266968 29580 fs_manager.cc:362] Metadata directory not provided
I20260601 13:34:19.267041 29580 fs_manager.cc:368] Using write-ahead log directory (fs_wal_dir) as metadata directory
I20260601 13:34:19.267123 29580 server_base.cc:909] This appears to be a new deployment of Kudu; creating new FS layout
I20260601 13:34:19.267607 29580 fs_manager.cc:1068] Generated new instance metadata in path /tmp/dist-test-taskYF1OHI/test-tmp/auto_rebalancer-test.0.AutoRebalancerTest.MovesScheduledIfAddTserver.1780320830131944-29580-0/minicluster-data/ts-3-root/instance:
uuid: "da0c62f2390c4d199ff7226b4f2e33a6"
format_stamp: "Formatted at 2026-06-01 13:34:19 on dist-test-slave-j0dh"
I20260601 13:34:19.269028 29580 fs_manager.cc:696] Time spent creating directory manager: real 0.001s	user 0.001s	sys 0.000s
I20260601 13:34:19.269918 31580 log_block_manager.cc:4031] Time spent loading block containers with low live blocks: real 0.000s	user 0.000s	sys 0.000s
I20260601 13:34:19.270217 29580 fs_manager.cc:730] Time spent opening block manager: real 0.001s	user 0.001s	sys 0.000s
I20260601 13:34:19.270274 29580 fs_manager.cc:647] Opened local filesystem: /tmp/dist-test-taskYF1OHI/test-tmp/auto_rebalancer-test.0.AutoRebalancerTest.MovesScheduledIfAddTserver.1780320830131944-29580-0/minicluster-data/ts-3-root
uuid: "da0c62f2390c4d199ff7226b4f2e33a6"
format_stamp: "Formatted at 2026-06-01 13:34:19 on dist-test-slave-j0dh"
I20260601 13:34:19.270327 29580 fs_report.cc:389] FS layout report
--------------------
wal directory: /tmp/dist-test-taskYF1OHI/test-tmp/auto_rebalancer-test.0.AutoRebalancerTest.MovesScheduledIfAddTserver.1780320830131944-29580-0/minicluster-data/ts-3-root
metadata directory: /tmp/dist-test-taskYF1OHI/test-tmp/auto_rebalancer-test.0.AutoRebalancerTest.MovesScheduledIfAddTserver.1780320830131944-29580-0/minicluster-data/ts-3-root
1 data directories: /tmp/dist-test-taskYF1OHI/test-tmp/auto_rebalancer-test.0.AutoRebalancerTest.MovesScheduledIfAddTserver.1780320830131944-29580-0/minicluster-data/ts-3-root/data
Total live blocks: 0
Total live bytes: 0
Total live bytes (after alignment): 0
Total number of LBM containers: 0 (0 full)
Did not check for missing blocks
Did not check for orphaned blocks
Total full LBM containers with extra space: 0 (0 repaired)
Total full LBM container extra space in bytes: 0 (0 repaired)
Total incomplete LBM containers: 0 (0 repaired)
Total LBM partial records: 0 (0 repaired)
Total corrupted LBM metadata records in RocksDB: 0 (0 repaired)
I20260601 13:34:19.294935 29580 rpc_server.cc:225] running with OpenSSL 1.1.1  11 Sep 2018
I20260601 13:34:19.295334 29580 kserver.cc:163] Server-wide thread pool size limit: 3276
I20260601 13:34:19.295651 29580 txn_system_client.cc:432] TxnSystemClient initialization is disabled...
I20260601 13:34:19.296280 29580 ts_tablet_manager.cc:585] Loaded tablet metadata (0 total tablets, 0 live tablets)
I20260601 13:34:19.296320 29580 ts_tablet_manager.cc:531] Time spent load tablet metadata: real 0.000s	user 0.000s	sys 0.000s
I20260601 13:34:19.296383 29580 ts_tablet_manager.cc:616] Registered 0 tablets
I20260601 13:34:19.296418 29580 ts_tablet_manager.cc:595] Time spent register tablets: real 0.000s	user 0.000s	sys 0.000s
I20260601 13:34:19.301199 29580 rpc_server.cc:307] RPC server started. Bound to: 127.28.227.4:42921
I20260601 13:34:19.301231 31643 acceptor_pool.cc:272] collecting diagnostics on the listening RPC socket 127.28.227.4:42921 every 8 connection(s)
I20260601 13:34:19.311942 31644 heartbeater.cc:344] Connected to a master server at 127.28.227.62:35249
I20260601 13:34:19.312074 31644 heartbeater.cc:461] Registering TS with master...
I20260601 13:34:19.312294 31644 heartbeater.cc:507] Master 127.28.227.62:35249 requested a full tablet report, sending...
I20260601 13:34:19.312894 31221 ts_manager.cc:194] Registered new tserver with Master: da0c62f2390c4d199ff7226b4f2e33a6 (127.28.227.4:42921)
I20260601 13:34:19.313411 31221 master_service.cc:502] Signed X509 certificate for tserver {username='slave'} at 127.0.0.1:34154
I20260601 13:34:19.611991 31402 consensus_queue.cc:237] T c8ed9cfb90084d1dade550e3fc297c0e P 2b9de81550fc4cce9cab4d361b059ef3 [LEADER]: Queue going to LEADER mode. State: All replicated index: 0, Majority replicated index: 1, Committed index: 1, Last appended: 1.1, Last appended by leader: 0, Current term: 1, Majority size: 2, State: 0, Mode: LEADER, active raft config: opid_index: 2 OBSOLETE_local: false peers { permanent_uuid: "2b9de81550fc4cce9cab4d361b059ef3" member_type: VOTER last_known_addr { host: "127.28.227.2" port: 44459 } } peers { permanent_uuid: "bd3be3df8c874524905df8928bf8dfe7" member_type: VOTER last_known_addr { host: "127.28.227.1" port: 43457 } attrs { replace: true } } peers { permanent_uuid: "444bd4fa30974bb681f456feb6ab43c2" member_type: VOTER last_known_addr { host: "127.28.227.3" port: 41611 } } peers { permanent_uuid: "da0c62f2390c4d199ff7226b4f2e33a6" member_type: NON_VOTER last_known_addr { host: "127.28.227.4" port: 42921 } attrs { promote: true } }
I20260601 13:34:19.613358 31326 raft_consensus.cc:1275] T c8ed9cfb90084d1dade550e3fc297c0e P bd3be3df8c874524905df8928bf8dfe7 [term 1 FOLLOWER]: Refusing update from remote peer 2b9de81550fc4cce9cab4d361b059ef3: Log matching property violated. Preceding OpId in replica: term: 1 index: 1. Preceding OpId from leader: term: 1 index: 2. (index mismatch)
I20260601 13:34:19.613503 31477 raft_consensus.cc:1275] T c8ed9cfb90084d1dade550e3fc297c0e P 444bd4fa30974bb681f456feb6ab43c2 [term 1 FOLLOWER]: Refusing update from remote peer 2b9de81550fc4cce9cab4d361b059ef3: Log matching property violated. Preceding OpId in replica: term: 1 index: 1. Preceding OpId from leader: term: 1 index: 2. (index mismatch)
I20260601 13:34:19.613936 31571 consensus_queue.cc:1048] T c8ed9cfb90084d1dade550e3fc297c0e P 2b9de81550fc4cce9cab4d361b059ef3 [LEADER]: Connected to new peer: Peer: permanent_uuid: "444bd4fa30974bb681f456feb6ab43c2" member_type: VOTER last_known_addr { host: "127.28.227.3" port: 41611 }, Status: LMP_MISMATCH, Last received: 0.0, Next index: 2, Last known committed idx: 1, Time since last communication: 0.000s
I20260601 13:34:19.614171 31651 consensus_queue.cc:1048] T c8ed9cfb90084d1dade550e3fc297c0e P 2b9de81550fc4cce9cab4d361b059ef3 [LEADER]: Connected to new peer: Peer: permanent_uuid: "bd3be3df8c874524905df8928bf8dfe7" member_type: VOTER last_known_addr { host: "127.28.227.1" port: 43457 } attrs { replace: true }, Status: LMP_MISMATCH, Last received: 0.0, Next index: 2, Last known committed idx: 1, Time since last communication: 0.000s
I20260601 13:34:19.615929 31651 raft_consensus.cc:2955] T c8ed9cfb90084d1dade550e3fc297c0e P 2b9de81550fc4cce9cab4d361b059ef3 [term 1 LEADER]: Committing config change with OpId 1.2: config changed from index -1 to 2, NON_VOTER da0c62f2390c4d199ff7226b4f2e33a6 (127.28.227.4) added. New config: { opid_index: 2 OBSOLETE_local: false peers { permanent_uuid: "2b9de81550fc4cce9cab4d361b059ef3" member_type: VOTER last_known_addr { host: "127.28.227.2" port: 44459 } } peers { permanent_uuid: "bd3be3df8c874524905df8928bf8dfe7" member_type: VOTER last_known_addr { host: "127.28.227.1" port: 43457 } attrs { replace: true } } peers { permanent_uuid: "444bd4fa30974bb681f456feb6ab43c2" member_type: VOTER last_known_addr { host: "127.28.227.3" port: 41611 } } peers { permanent_uuid: "da0c62f2390c4d199ff7226b4f2e33a6" member_type: NON_VOTER last_known_addr { host: "127.28.227.4" port: 42921 } attrs { promote: true } } }
I20260601 13:34:19.616204 31326 raft_consensus.cc:2955] T c8ed9cfb90084d1dade550e3fc297c0e P bd3be3df8c874524905df8928bf8dfe7 [term 1 FOLLOWER]: Committing config change with OpId 1.2: config changed from index -1 to 2, NON_VOTER da0c62f2390c4d199ff7226b4f2e33a6 (127.28.227.4) added. New config: { opid_index: 2 OBSOLETE_local: false peers { permanent_uuid: "2b9de81550fc4cce9cab4d361b059ef3" member_type: VOTER last_known_addr { host: "127.28.227.2" port: 44459 } } peers { permanent_uuid: "bd3be3df8c874524905df8928bf8dfe7" member_type: VOTER last_known_addr { host: "127.28.227.1" port: 43457 } attrs { replace: true } } peers { permanent_uuid: "444bd4fa30974bb681f456feb6ab43c2" member_type: VOTER last_known_addr { host: "127.28.227.3" port: 41611 } } peers { permanent_uuid: "da0c62f2390c4d199ff7226b4f2e33a6" member_type: NON_VOTER last_known_addr { host: "127.28.227.4" port: 42921 } attrs { promote: true } } }
