W20260601 13:34:04.702090 27993 leader_election.cc:336] T 00000000000000000000000000000000 P e4dfb47fbeac46cb9010c835a2595db2 [CANDIDATE]: Term 3 election: RPC error from VoteRequest() call to peer f952a455acb746a2bde47984e78eef94 (127.26.57.190:42671): Network error: Client connection negotiation failed: client connection to 127.26.57.190:42671: connect: Connection refused (error 111)
I20260601 13:34:04.702304 28083 raft_consensus.cc:2468] T 00000000000000000000000000000000 P 15f9cd9e522d4279b8dcd02a102d0a30 [term 3 FOLLOWER]: Leader election vote request: Granting yes vote for candidate e4dfb47fbeac46cb9010c835a2595db2 in term 3.
I20260601 13:34:04.702548 27994 leader_election.cc:304] T 00000000000000000000000000000000 P e4dfb47fbeac46cb9010c835a2595db2 [CANDIDATE]: Term 3 election: Election decided. Result: candidate won. Election summary: received 3 responses out of 3 voters: 2 yes votes; 1 no votes. yes voters: 15f9cd9e522d4279b8dcd02a102d0a30, e4dfb47fbeac46cb9010c835a2595db2; no voters: f952a455acb746a2bde47984e78eef94
I20260601 13:34:04.702704 28468 raft_consensus.cc:2804] T 00000000000000000000000000000000 P e4dfb47fbeac46cb9010c835a2595db2 [term 3 FOLLOWER]: Leader election won for term 3
I20260601 13:34:04.702877 28468 raft_consensus.cc:697] T 00000000000000000000000000000000 P e4dfb47fbeac46cb9010c835a2595db2 [term 3 LEADER]: Becoming Leader. State: Replica: e4dfb47fbeac46cb9010c835a2595db2, State: Running, Role: LEADER
I20260601 13:34:04.703006 28468 consensus_queue.cc:237] T 00000000000000000000000000000000 P e4dfb47fbeac46cb9010c835a2595db2 [LEADER]: Queue going to LEADER mode. State: All replicated index: 0, Majority replicated index: 9, Committed index: 9, Last appended: 1.9, Last appended by leader: 9, Current term: 3, Majority size: 2, State: 0, Mode: LEADER, active raft config: opid_index: -1 OBSOLETE_local: false peers { permanent_uuid: "f952a455acb746a2bde47984e78eef94" member_type: VOTER last_known_addr { host: "127.26.57.190" port: 42671 } } peers { permanent_uuid: "e4dfb47fbeac46cb9010c835a2595db2" member_type: VOTER last_known_addr { host: "127.26.57.189" port: 44745 } } peers { permanent_uuid: "15f9cd9e522d4279b8dcd02a102d0a30" member_type: VOTER last_known_addr { host: "127.26.57.188" port: 42207 } }
I20260601 13:34:04.703666 28471 sys_catalog.cc:455] T 00000000000000000000000000000000 P e4dfb47fbeac46cb9010c835a2595db2 [sys.catalog]: SysCatalogTable state changed. Reason: New leader e4dfb47fbeac46cb9010c835a2595db2. Latest consensus state: current_term: 3 leader_uuid: "e4dfb47fbeac46cb9010c835a2595db2" committed_config { opid_index: -1 OBSOLETE_local: false peers { permanent_uuid: "f952a455acb746a2bde47984e78eef94" member_type: VOTER last_known_addr { host: "127.26.57.190" port: 42671 } } peers { permanent_uuid: "e4dfb47fbeac46cb9010c835a2595db2" member_type: VOTER last_known_addr { host: "127.26.57.189" port: 44745 } } peers { permanent_uuid: "15f9cd9e522d4279b8dcd02a102d0a30" member_type: VOTER last_known_addr { host: "127.26.57.188" port: 42207 } } }
I20260601 13:34:04.703781 28471 sys_catalog.cc:458] T 00000000000000000000000000000000 P e4dfb47fbeac46cb9010c835a2595db2 [sys.catalog]: This master's current role is: LEADER
I20260601 13:34:04.704017 28473 catalog_manager.cc:1510] Loading table and tablet metadata into memory...
I20260601 13:34:04.705044 28473 catalog_manager.cc:679] Loaded metadata for table test-workload [id=a7411dc509e64127954a5860952241dc]
I20260601 13:34:04.705751 28473 tablet_loader.cc:96] loaded metadata for tablet 4324f423a866483797a94ebe9beb452d (table test-workload [id=a7411dc509e64127954a5860952241dc])
I20260601 13:34:04.705935 28473 tablet_loader.cc:96] loaded metadata for tablet 9a49a505725f4f0c9ca13d805645d851 (table test-workload [id=a7411dc509e64127954a5860952241dc])
I20260601 13:34:04.706094 28473 tablet_loader.cc:96] loaded metadata for tablet bb80376727d44ed68a1277b5e0c7c258 (table test-workload [id=a7411dc509e64127954a5860952241dc])
I20260601 13:34:04.706187 28473 catalog_manager.cc:1519] Initializing Kudu cluster ID...
I20260601 13:34:04.706563 28473 catalog_manager.cc:1294] Loaded cluster ID: fcec705a7a894d47af85ac9173cc7275
I20260601 13:34:04.706616 28473 catalog_manager.cc:1530] Initializing Kudu internal certificate authority...
I20260601 13:34:04.707149 28473 catalog_manager.cc:1539] Loading token signing keys...
I20260601 13:34:04.707533 28473 catalog_manager.cc:6080] T 00000000000000000000000000000000 P e4dfb47fbeac46cb9010c835a2595db2: Loaded TSK: 0
I20260601 13:34:04.707948 28473 catalog_manager.cc:1549] Initializing in-progress tserver states...
I20260601 13:34:05.124686 28083 raft_consensus.cc:1275] T 00000000000000000000000000000000 P 15f9cd9e522d4279b8dcd02a102d0a30 [term 3 FOLLOWER]: Refusing update from remote peer e4dfb47fbeac46cb9010c835a2595db2: Log matching property violated. Preceding OpId in replica: term: 1 index: 9. Preceding OpId from leader: term: 3 index: 10. (index mismatch)
I20260601 13:34:05.125339 28471 consensus_queue.cc:1048] T 00000000000000000000000000000000 P e4dfb47fbeac46cb9010c835a2595db2 [LEADER]: Connected to new peer: Peer: permanent_uuid: "15f9cd9e522d4279b8dcd02a102d0a30" member_type: VOTER last_known_addr { host: "127.26.57.188" port: 42207 }, Status: LMP_MISMATCH, Last received: 0.0, Next index: 10, Last known committed idx: 9, Time since last communication: 0.000s
I20260601 13:34:05.126689 28477 sys_catalog.cc:455] T 00000000000000000000000000000000 P 15f9cd9e522d4279b8dcd02a102d0a30 [sys.catalog]: SysCatalogTable state changed. Reason: New leader e4dfb47fbeac46cb9010c835a2595db2. Latest consensus state: current_term: 3 leader_uuid: "e4dfb47fbeac46cb9010c835a2595db2" committed_config { opid_index: -1 OBSOLETE_local: false peers { permanent_uuid: "f952a455acb746a2bde47984e78eef94" member_type: VOTER last_known_addr { host: "127.26.57.190" port: 42671 } } peers { permanent_uuid: "e4dfb47fbeac46cb9010c835a2595db2" member_type: VOTER last_known_addr { host: "127.26.57.189" port: 44745 } } peers { permanent_uuid: "15f9cd9e522d4279b8dcd02a102d0a30" member_type: VOTER last_known_addr { host: "127.26.57.188" port: 42207 } } }
I20260601 13:34:05.126829 28477 sys_catalog.cc:458] T 00000000000000000000000000000000 P 15f9cd9e522d4279b8dcd02a102d0a30 [sys.catalog]: This master's current role is: FOLLOWER
I20260601 13:34:05.127884 28468 sys_catalog.cc:455] T 00000000000000000000000000000000 P e4dfb47fbeac46cb9010c835a2595db2 [sys.catalog]: SysCatalogTable state changed. Reason: Peer health change. Latest consensus state: current_term: 3 leader_uuid: "e4dfb47fbeac46cb9010c835a2595db2" committed_config { opid_index: -1 OBSOLETE_local: false peers { permanent_uuid: "f952a455acb746a2bde47984e78eef94" member_type: VOTER last_known_addr { host: "127.26.57.190" port: 42671 } } peers { permanent_uuid: "e4dfb47fbeac46cb9010c835a2595db2" member_type: VOTER last_known_addr { host: "127.26.57.189" port: 44745 } } peers { permanent_uuid: "15f9cd9e522d4279b8dcd02a102d0a30" member_type: VOTER last_known_addr { host: "127.26.57.188" port: 42207 } } }
I20260601 13:34:05.128003 28468 sys_catalog.cc:458] T 00000000000000000000000000000000 P e4dfb47fbeac46cb9010c835a2595db2 [sys.catalog]: This master's current role is: LEADER
I20260601 13:34:05.128495 28477 sys_catalog.cc:455] T 00000000000000000000000000000000 P 15f9cd9e522d4279b8dcd02a102d0a30 [sys.catalog]: SysCatalogTable state changed. Reason: Replicated consensus-only round. Latest consensus state: current_term: 3 leader_uuid: "e4dfb47fbeac46cb9010c835a2595db2" committed_config { opid_index: -1 OBSOLETE_local: false peers { permanent_uuid: "f952a455acb746a2bde47984e78eef94" member_type: VOTER last_known_addr { host: "127.26.57.190" port: 42671 } } peers { permanent_uuid: "e4dfb47fbeac46cb9010c835a2595db2" member_type: VOTER last_known_addr { host: "127.26.57.189" port: 44745 } } peers { permanent_uuid: "15f9cd9e522d4279b8dcd02a102d0a30" member_type: VOTER last_known_addr { host: "127.26.57.188" port: 42207 } } }
I20260601 13:34:05.128590 28477 sys_catalog.cc:458] T 00000000000000000000000000000000 P 15f9cd9e522d4279b8dcd02a102d0a30 [sys.catalog]: This master's current role is: FOLLOWER
W20260601 13:34:05.129149 27993 consensus_peers.cc:597] T 00000000000000000000000000000000 P e4dfb47fbeac46cb9010c835a2595db2 -> Peer f952a455acb746a2bde47984e78eef94 (127.26.57.190:42671): Couldn't send request to peer f952a455acb746a2bde47984e78eef94. Status: Network error: Client connection negotiation failed: client connection to 127.26.57.190:42671: connect: Connection refused (error 111). This is attempt 1: this message will repeat every 5th retry.
I20260601 13:34:06.075455 28226 heartbeater.cc:499] Master 127.26.57.189:44745 was elected leader, sending a full tablet report...
I20260601 13:34:06.077214 28384 heartbeater.cc:499] Master 127.26.57.189:44745 was elected leader, sending a full tablet report...
I20260601 13:34:06.078127 28305 heartbeater.cc:499] Master 127.26.57.189:44745 was elected leader, sending a full tablet report...
I20260601 13:34:06.574553 28150 auto_leader_rebalancer.cc:140] leader rebalance for table test-workload
I20260601 13:34:06.574687 28150 auto_leader_rebalancer.cc:451] All tables' leader rebalancing finished this round
I20260601 13:34:06.745158 26854 tablet_server.cc:179] TabletServer@127.26.57.129:0 shutting down...
I20260601 13:34:06.748454 26854 ts_tablet_manager.cc:1507] Shutting down tablet manager...
I20260601 13:34:06.748672 26854 tablet_replica.cc:333] T 4324f423a866483797a94ebe9beb452d P ffb699e0fd4e44ae83d1ca3080c9db48: stopping tablet replica
I20260601 13:34:06.748781 26854 raft_consensus.cc:2243] T 4324f423a866483797a94ebe9beb452d P ffb699e0fd4e44ae83d1ca3080c9db48 [term 1 LEADER]: Raft consensus shutting down.
I20260601 13:34:06.748893 26854 raft_consensus.cc:2272] T 4324f423a866483797a94ebe9beb452d P ffb699e0fd4e44ae83d1ca3080c9db48 [term 1 FOLLOWER]: Raft consensus is shut down!
I20260601 13:34:06.761644 26854 tablet_server.cc:196] TabletServer@127.26.57.129:0 shutdown complete.
I20260601 13:34:06.763528 26854 tablet_server.cc:179] TabletServer@127.26.57.130:0 shutting down...
I20260601 13:34:06.766980 26854 ts_tablet_manager.cc:1507] Shutting down tablet manager...
I20260601 13:34:06.767171 26854 tablet_replica.cc:333] T 9a49a505725f4f0c9ca13d805645d851 P d1b81ba483524da89cc3529ad48f6c36: stopping tablet replica
I20260601 13:34:06.767279 26854 raft_consensus.cc:2243] T 9a49a505725f4f0c9ca13d805645d851 P d1b81ba483524da89cc3529ad48f6c36 [term 1 LEADER]: Raft consensus shutting down.
I20260601 13:34:06.767383 26854 raft_consensus.cc:2272] T 9a49a505725f4f0c9ca13d805645d851 P d1b81ba483524da89cc3529ad48f6c36 [term 1 FOLLOWER]: Raft consensus is shut down!
I20260601 13:34:06.779740 26854 tablet_server.cc:196] TabletServer@127.26.57.130:0 shutdown complete.
I20260601 13:34:06.781746 26854 tablet_server.cc:179] TabletServer@127.26.57.131:0 shutting down...
I20260601 13:34:06.785269 26854 ts_tablet_manager.cc:1507] Shutting down tablet manager...
I20260601 13:34:06.785478 26854 tablet_replica.cc:333] T bb80376727d44ed68a1277b5e0c7c258 P d379624b2d564c078e0f9e1c32497a76: stopping tablet replica
I20260601 13:34:06.785591 26854 raft_consensus.cc:2243] T bb80376727d44ed68a1277b5e0c7c258 P d379624b2d564c078e0f9e1c32497a76 [term 1 LEADER]: Raft consensus shutting down.
I20260601 13:34:06.785727 26854 raft_consensus.cc:2272] T bb80376727d44ed68a1277b5e0c7c258 P d379624b2d564c078e0f9e1c32497a76 [term 1 FOLLOWER]: Raft consensus is shut down!
I20260601 13:34:06.798292 26854 tablet_server.cc:196] TabletServer@127.26.57.131:0 shutdown complete.
I20260601 13:34:06.800374 26854 master.cc:562] Master@127.26.57.189:44745 shutting down...
I20260601 13:34:06.803064 26854 raft_consensus.cc:2243] T 00000000000000000000000000000000 P e4dfb47fbeac46cb9010c835a2595db2 [term 3 LEADER]: Raft consensus shutting down.
I20260601 13:34:06.803305 26854 raft_consensus.cc:2272] T 00000000000000000000000000000000 P e4dfb47fbeac46cb9010c835a2595db2 [term 3 FOLLOWER]: Raft consensus is shut down!
I20260601 13:34:06.803365 26854 tablet_replica.cc:333] T 00000000000000000000000000000000 P e4dfb47fbeac46cb9010c835a2595db2: stopping tablet replica
I20260601 13:34:06.816092 26854 master.cc:584] Master@127.26.57.189:44745 shutdown complete.
I20260601 13:34:06.818692 26854 master.cc:562] Master@127.26.57.188:42207 shutting down...
I20260601 13:34:06.821509 26854 raft_consensus.cc:2243] T 00000000000000000000000000000000 P 15f9cd9e522d4279b8dcd02a102d0a30 [term 3 FOLLOWER]: Raft consensus shutting down.
I20260601 13:34:06.821676 26854 raft_consensus.cc:2272] T 00000000000000000000000000000000 P 15f9cd9e522d4279b8dcd02a102d0a30 [term 3 FOLLOWER]: Raft consensus is shut down!
I20260601 13:34:06.821725 26854 tablet_replica.cc:333] T 00000000000000000000000000000000 P 15f9cd9e522d4279b8dcd02a102d0a30: stopping tablet replica
I20260601 13:34:06.834313 26854 master.cc:584] Master@127.26.57.188:42207 shutdown complete.
[       OK ] AutoRebalancerTest.NextLeaderResumesAutoRebalancing (8428 ms)
[ RUN      ] AutoRebalancerTest.MovesScheduledIfAddTserver
I20260601 13:34:06.840773 26854 internal_mini_cluster.cc:156] Creating distributed mini masters. Addrs: 127.26.57.190:42753
I20260601 13:34:06.841101 26854 file_cache.cc:492] Constructed file cache file cache with capacity 419430
W20260601 13:34:06.843317 28490 instance_detector.cc:116] could not retrieve Azure instance metadata: Network error: curl error: HTTP response code said error: The requested URL returned error: 404
I20260601 13:34:06.843485 26854 server_base.cc:1061] running on GCE node
W20260601 13:34:06.843426 28492 instance_detector.cc:116] could not retrieve OpenStack instance metadata: Network error: curl error: HTTP response code said error: The requested URL returned error: 404
W20260601 13:34:06.843390 28489 instance_detector.cc:116] could not retrieve AWS instance metadata: Network error: curl error: HTTP response code said error: The requested URL returned error: 404
I20260601 13:34:06.843825 26854 hybrid_clock.cc:584] initializing the hybrid clock with 'system_unsync' time source
W20260601 13:34:06.843868 26854 system_unsync_time.cc:38] NTP support is disabled. Clock error bounds will not be accurate. This configuration is not suitable for distributed clusters.
I20260601 13:34:06.843887 26854 hybrid_clock.cc:648] HybridClock initialized: now 1780320846843887 us; error 0 us; skew 500 ppm
I20260601 13:34:06.844710 26854 webserver.cc:533] Webserver started at http://127.26.57.190:41973/ using document root <none> and password file <none>
I20260601 13:34:06.844861 26854 fs_manager.cc:362] Metadata directory not provided
I20260601 13:34:06.844908 26854 fs_manager.cc:368] Using write-ahead log directory (fs_wal_dir) as metadata directory
I20260601 13:34:06.844982 26854 server_base.cc:909] This appears to be a new deployment of Kudu; creating new FS layout
I20260601 13:34:06.845420 26854 fs_manager.cc:1068] Generated new instance metadata in path /tmp/dist-test-taskKepZK9/test-tmp/auto_rebalancer-test.0.AutoRebalancerTest.MovesScheduledIfAddTserver.1780320828109220-26854-0/minicluster-data/master-0-root/instance:
uuid: "a73e47d6ba0b4ce0adaacb0639f9a2c5"
format_stamp: "Formatted at 2026-06-01 13:34:06 on dist-test-slave-3ms3"
I20260601 13:34:06.846824 26854 fs_manager.cc:696] Time spent creating directory manager: real 0.001s	user 0.001s	sys 0.000s
I20260601 13:34:06.847709 28497 log_block_manager.cc:4031] Time spent loading block containers with low live blocks: real 0.000s	user 0.000s	sys 0.000s
I20260601 13:34:06.847968 26854 fs_manager.cc:730] Time spent opening block manager: real 0.001s	user 0.001s	sys 0.000s
I20260601 13:34:06.848034 26854 fs_manager.cc:647] Opened local filesystem: /tmp/dist-test-taskKepZK9/test-tmp/auto_rebalancer-test.0.AutoRebalancerTest.MovesScheduledIfAddTserver.1780320828109220-26854-0/minicluster-data/master-0-root
uuid: "a73e47d6ba0b4ce0adaacb0639f9a2c5"
format_stamp: "Formatted at 2026-06-01 13:34:06 on dist-test-slave-3ms3"
I20260601 13:34:06.848093 26854 fs_report.cc:389] FS layout report
--------------------
wal directory: /tmp/dist-test-taskKepZK9/test-tmp/auto_rebalancer-test.0.AutoRebalancerTest.MovesScheduledIfAddTserver.1780320828109220-26854-0/minicluster-data/master-0-root
metadata directory: /tmp/dist-test-taskKepZK9/test-tmp/auto_rebalancer-test.0.AutoRebalancerTest.MovesScheduledIfAddTserver.1780320828109220-26854-0/minicluster-data/master-0-root
1 data directories: /tmp/dist-test-taskKepZK9/test-tmp/auto_rebalancer-test.0.AutoRebalancerTest.MovesScheduledIfAddTserver.1780320828109220-26854-0/minicluster-data/master-0-root/data
Total live blocks: 0
Total live bytes: 0
Total live bytes (after alignment): 0
Total number of LBM containers: 0 (0 full)
Did not check for missing blocks
Did not check for orphaned blocks
Total full LBM containers with extra space: 0 (0 repaired)
Total full LBM container extra space in bytes: 0 (0 repaired)
Total incomplete LBM containers: 0 (0 repaired)
Total LBM partial records: 0 (0 repaired)
Total corrupted LBM metadata records in RocksDB: 0 (0 repaired)
I20260601 13:34:06.860067 26854 rpc_server.cc:225] running with OpenSSL 1.1.1  11 Sep 2018
I20260601 13:34:06.860594 26854 kserver.cc:163] Server-wide thread pool size limit: 3276
I20260601 13:34:06.864547 26854 rpc_server.cc:307] RPC server started. Bound to: 127.26.57.190:42753
I20260601 13:34:06.867281 28549 acceptor_pool.cc:272] collecting diagnostics on the listening RPC socket 127.26.57.190:42753 every 8 connection(s)
I20260601 13:34:06.867728 28550 data_dirs.cc:400] Could only allocate 1 dirs of requested 3 for tablet 00000000000000000000000000000000. 1 dirs total, 0 dirs full, 0 dirs failed
I20260601 13:34:06.869524 28550 tablet_bootstrap.cc:492] T 00000000000000000000000000000000 P a73e47d6ba0b4ce0adaacb0639f9a2c5: Bootstrap starting.
I20260601 13:34:06.870299 28550 tablet_bootstrap.cc:654] T 00000000000000000000000000000000 P a73e47d6ba0b4ce0adaacb0639f9a2c5: Neither blocks nor log segments found. Creating new log.
I20260601 13:34:06.871271 28550 tablet_bootstrap.cc:492] T 00000000000000000000000000000000 P a73e47d6ba0b4ce0adaacb0639f9a2c5: No bootstrap required, opened a new log
I20260601 13:34:06.871618 28550 raft_consensus.cc:359] T 00000000000000000000000000000000 P a73e47d6ba0b4ce0adaacb0639f9a2c5 [term 0 FOLLOWER]: Replica starting. Triggering 0 pending ops. Active config: opid_index: -1 OBSOLETE_local: true peers { permanent_uuid: "a73e47d6ba0b4ce0adaacb0639f9a2c5" member_type: VOTER }
I20260601 13:34:06.871701 28550 raft_consensus.cc:385] T 00000000000000000000000000000000 P a73e47d6ba0b4ce0adaacb0639f9a2c5 [term 0 FOLLOWER]: Consensus starting up: Expiring failure detector timer to make a prompt election more likely
I20260601 13:34:06.871722 28550 raft_consensus.cc:740] T 00000000000000000000000000000000 P a73e47d6ba0b4ce0adaacb0639f9a2c5 [term 0 FOLLOWER]: Becoming Follower/Learner. State: Replica: a73e47d6ba0b4ce0adaacb0639f9a2c5, State: Initialized, Role: FOLLOWER
I20260601 13:34:06.871821 28550 consensus_queue.cc:260] T 00000000000000000000000000000000 P a73e47d6ba0b4ce0adaacb0639f9a2c5 [NON_LEADER]: Queue going to NON_LEADER mode. State: All replicated index: 0, Majority replicated index: 0, Committed index: 0, Last appended: 0.0, Last appended by leader: 0, Current term: 0, Majority size: -1, State: 0, Mode: NON_LEADER, active raft config: opid_index: -1 OBSOLETE_local: true peers { permanent_uuid: "a73e47d6ba0b4ce0adaacb0639f9a2c5" member_type: VOTER }
I20260601 13:34:06.871873 28550 raft_consensus.cc:399] T 00000000000000000000000000000000 P a73e47d6ba0b4ce0adaacb0639f9a2c5 [term 0 FOLLOWER]: Only one voter in the Raft config. Triggering election immediately
I20260601 13:34:06.871898 28550 raft_consensus.cc:493] T 00000000000000000000000000000000 P a73e47d6ba0b4ce0adaacb0639f9a2c5 [term 0 FOLLOWER]: Starting leader election (initial election of a single-replica configuration)
I20260601 13:34:06.871929 28550 raft_consensus.cc:3060] T 00000000000000000000000000000000 P a73e47d6ba0b4ce0adaacb0639f9a2c5 [term 0 FOLLOWER]: Advancing to term 1
I20260601 13:34:06.872608 28550 raft_consensus.cc:515] T 00000000000000000000000000000000 P a73e47d6ba0b4ce0adaacb0639f9a2c5 [term 1 FOLLOWER]: Starting leader election with config: opid_index: -1 OBSOLETE_local: true peers { permanent_uuid: "a73e47d6ba0b4ce0adaacb0639f9a2c5" member_type: VOTER }
I20260601 13:34:06.872717 28550 leader_election.cc:304] T 00000000000000000000000000000000 P a73e47d6ba0b4ce0adaacb0639f9a2c5 [CANDIDATE]: Term 1 election: Election decided. Result: candidate won. Election summary: received 1 responses out of 1 voters: 1 yes votes; 0 no votes. yes voters: a73e47d6ba0b4ce0adaacb0639f9a2c5; no voters: 
I20260601 13:34:06.872879 28550 leader_election.cc:290] T 00000000000000000000000000000000 P a73e47d6ba0b4ce0adaacb0639f9a2c5 [CANDIDATE]: Term 1 election: Requested vote from peers 
I20260601 13:34:06.873010 28553 raft_consensus.cc:2804] T 00000000000000000000000000000000 P a73e47d6ba0b4ce0adaacb0639f9a2c5 [term 1 FOLLOWER]: Leader election won for term 1
I20260601 13:34:06.873227 28553 raft_consensus.cc:697] T 00000000000000000000000000000000 P a73e47d6ba0b4ce0adaacb0639f9a2c5 [term 1 LEADER]: Becoming Leader. State: Replica: a73e47d6ba0b4ce0adaacb0639f9a2c5, State: Running, Role: LEADER
I20260601 13:34:06.873306 28550 sys_catalog.cc:565] T 00000000000000000000000000000000 P a73e47d6ba0b4ce0adaacb0639f9a2c5 [sys.catalog]: configured and running, proceeding with master startup.
I20260601 13:34:06.873382 28553 consensus_queue.cc:237] T 00000000000000000000000000000000 P a73e47d6ba0b4ce0adaacb0639f9a2c5 [LEADER]: Queue going to LEADER mode. State: All replicated index: 0, Majority replicated index: 0, Committed index: 0, Last appended: 0.0, Last appended by leader: 0, Current term: 1, Majority size: 1, State: 0, Mode: LEADER, active raft config: opid_index: -1 OBSOLETE_local: true peers { permanent_uuid: "a73e47d6ba0b4ce0adaacb0639f9a2c5" member_type: VOTER }
I20260601 13:34:06.873816 28554 sys_catalog.cc:455] T 00000000000000000000000000000000 P a73e47d6ba0b4ce0adaacb0639f9a2c5 [sys.catalog]: SysCatalogTable state changed. Reason: RaftConsensus started. Latest consensus state: current_term: 1 leader_uuid: "a73e47d6ba0b4ce0adaacb0639f9a2c5" committed_config { opid_index: -1 OBSOLETE_local: true peers { permanent_uuid: "a73e47d6ba0b4ce0adaacb0639f9a2c5" member_type: VOTER } }
I20260601 13:34:06.873844 28555 sys_catalog.cc:455] T 00000000000000000000000000000000 P a73e47d6ba0b4ce0adaacb0639f9a2c5 [sys.catalog]: SysCatalogTable state changed. Reason: New leader a73e47d6ba0b4ce0adaacb0639f9a2c5. Latest consensus state: current_term: 1 leader_uuid: "a73e47d6ba0b4ce0adaacb0639f9a2c5" committed_config { opid_index: -1 OBSOLETE_local: true peers { permanent_uuid: "a73e47d6ba0b4ce0adaacb0639f9a2c5" member_type: VOTER } }
I20260601 13:34:06.873970 28554 sys_catalog.cc:458] T 00000000000000000000000000000000 P a73e47d6ba0b4ce0adaacb0639f9a2c5 [sys.catalog]: This master's current role is: LEADER
I20260601 13:34:06.873987 28555 sys_catalog.cc:458] T 00000000000000000000000000000000 P a73e47d6ba0b4ce0adaacb0639f9a2c5 [sys.catalog]: This master's current role is: LEADER
I20260601 13:34:06.874432 28560 catalog_manager.cc:1510] Loading table and tablet metadata into memory...
I20260601 13:34:06.875872 28560 catalog_manager.cc:1519] Initializing Kudu cluster ID...
I20260601 13:34:06.876176 26854 internal_mini_cluster.cc:184] Waiting to initialize catalog manager on master 0
I20260601 13:34:06.877982 28560 catalog_manager.cc:1382] Generated new cluster ID: ec8a63fda1c14659856868d02fc1d174
I20260601 13:34:06.878036 28560 catalog_manager.cc:1530] Initializing Kudu internal certificate authority...
I20260601 13:34:06.886880 28560 catalog_manager.cc:1405] Generated new certificate authority record
I20260601 13:34:06.887544 28560 catalog_manager.cc:1539] Loading token signing keys...
I20260601 13:34:06.898085 28560 catalog_manager.cc:6069] T 00000000000000000000000000000000 P a73e47d6ba0b4ce0adaacb0639f9a2c5: Generated new TSK 0
I20260601 13:34:06.898309 28560 catalog_manager.cc:1549] Initializing in-progress tserver states...
I20260601 13:34:06.909001 26854 file_cache.cc:492] Constructed file cache file cache with capacity 419430
W20260601 13:34:06.911262 28572 instance_detector.cc:116] could not retrieve Azure instance metadata: Network error: curl error: HTTP response code said error: The requested URL returned error: 404
W20260601 13:34:06.911289 28574 instance_detector.cc:116] could not retrieve OpenStack instance metadata: Network error: curl error: HTTP response code said error: The requested URL returned error: 404
W20260601 13:34:06.911438 28571 instance_detector.cc:116] could not retrieve AWS instance metadata: Network error: curl error: HTTP response code said error: The requested URL returned error: 404
I20260601 13:34:06.911536 26854 server_base.cc:1061] running on GCE node
I20260601 13:34:06.911790 26854 hybrid_clock.cc:584] initializing the hybrid clock with 'system_unsync' time source
W20260601 13:34:06.911834 26854 system_unsync_time.cc:38] NTP support is disabled. Clock error bounds will not be accurate. This configuration is not suitable for distributed clusters.
I20260601 13:34:06.911854 26854 hybrid_clock.cc:648] HybridClock initialized: now 1780320846911853 us; error 0 us; skew 500 ppm
I20260601 13:34:06.912678 26854 webserver.cc:533] Webserver started at http://127.26.57.129:45235/ using document root <none> and password file <none>
I20260601 13:34:06.912832 26854 fs_manager.cc:362] Metadata directory not provided
I20260601 13:34:06.912881 26854 fs_manager.cc:368] Using write-ahead log directory (fs_wal_dir) as metadata directory
I20260601 13:34:06.913051 26854 server_base.cc:909] This appears to be a new deployment of Kudu; creating new FS layout
I20260601 13:34:06.913476 26854 fs_manager.cc:1068] Generated new instance metadata in path /tmp/dist-test-taskKepZK9/test-tmp/auto_rebalancer-test.0.AutoRebalancerTest.MovesScheduledIfAddTserver.1780320828109220-26854-0/minicluster-data/ts-0-root/instance:
uuid: "f9295872faea497f94c699c1ae5db8a1"
format_stamp: "Formatted at 2026-06-01 13:34:06 on dist-test-slave-3ms3"
I20260601 13:34:06.914951 26854 fs_manager.cc:696] Time spent creating directory manager: real 0.001s	user 0.002s	sys 0.000s
I20260601 13:34:06.915913 28579 log_block_manager.cc:4031] Time spent loading block containers with low live blocks: real 0.000s	user 0.000s	sys 0.000s
I20260601 13:34:06.916153 26854 fs_manager.cc:730] Time spent opening block manager: real 0.001s	user 0.001s	sys 0.000s
I20260601 13:34:06.916218 26854 fs_manager.cc:647] Opened local filesystem: /tmp/dist-test-taskKepZK9/test-tmp/auto_rebalancer-test.0.AutoRebalancerTest.MovesScheduledIfAddTserver.1780320828109220-26854-0/minicluster-data/ts-0-root
uuid: "f9295872faea497f94c699c1ae5db8a1"
format_stamp: "Formatted at 2026-06-01 13:34:06 on dist-test-slave-3ms3"
I20260601 13:34:06.916288 26854 fs_report.cc:389] FS layout report
--------------------
wal directory: /tmp/dist-test-taskKepZK9/test-tmp/auto_rebalancer-test.0.AutoRebalancerTest.MovesScheduledIfAddTserver.1780320828109220-26854-0/minicluster-data/ts-0-root
metadata directory: /tmp/dist-test-taskKepZK9/test-tmp/auto_rebalancer-test.0.AutoRebalancerTest.MovesScheduledIfAddTserver.1780320828109220-26854-0/minicluster-data/ts-0-root
1 data directories: /tmp/dist-test-taskKepZK9/test-tmp/auto_rebalancer-test.0.AutoRebalancerTest.MovesScheduledIfAddTserver.1780320828109220-26854-0/minicluster-data/ts-0-root/data
Total live blocks: 0
Total live bytes: 0
Total live bytes (after alignment): 0
Total number of LBM containers: 0 (0 full)
Did not check for missing blocks
Did not check for orphaned blocks
Total full LBM containers with extra space: 0 (0 repaired)
Total full LBM container extra space in bytes: 0 (0 repaired)
Total incomplete LBM containers: 0 (0 repaired)
Total LBM partial records: 0 (0 repaired)
Total corrupted LBM metadata records in RocksDB: 0 (0 repaired)
I20260601 13:34:06.928120 26854 rpc_server.cc:225] running with OpenSSL 1.1.1  11 Sep 2018
I20260601 13:34:06.928507 26854 kserver.cc:163] Server-wide thread pool size limit: 3276
I20260601 13:34:06.928789 26854 txn_system_client.cc:432] TxnSystemClient initialization is disabled...
I20260601 13:34:06.929298 26854 ts_tablet_manager.cc:585] Loaded tablet metadata (0 total tablets, 0 live tablets)
I20260601 13:34:06.929338 26854 ts_tablet_manager.cc:531] Time spent load tablet metadata: real 0.000s	user 0.000s	sys 0.000s
I20260601 13:34:06.929379 26854 ts_tablet_manager.cc:616] Registered 0 tablets
I20260601 13:34:06.929406 26854 ts_tablet_manager.cc:595] Time spent register tablets: real 0.000s	user 0.000s	sys 0.000s
I20260601 13:34:06.933409 26854 rpc_server.cc:307] RPC server started. Bound to: 127.26.57.129:45155
I20260601 13:34:06.933467 28642 acceptor_pool.cc:272] collecting diagnostics on the listening RPC socket 127.26.57.129:45155 every 8 connection(s)
I20260601 13:34:06.934268 26854 file_cache.cc:492] Constructed file cache file cache with capacity 419430
W20260601 13:34:06.936297 28650 instance_detector.cc:116] could not retrieve OpenStack instance metadata: Network error: curl error: HTTP response code said error: The requested URL returned error: 404
W20260601 13:34:06.936332 28647 instance_detector.cc:116] could not retrieve AWS instance metadata: Network error: curl error: HTTP response code said error: The requested URL returned error: 404
I20260601 13:34:06.936605 26854 server_base.cc:1061] running on GCE node
W20260601 13:34:06.937229 28648 instance_detector.cc:116] could not retrieve Azure instance metadata: Network error: curl error: HTTP response code said error: The requested URL returned error: 404
I20260601 13:34:06.937563 26854 hybrid_clock.cc:584] initializing the hybrid clock with 'system_unsync' time source
W20260601 13:34:06.937626 26854 system_unsync_time.cc:38] NTP support is disabled. Clock error bounds will not be accurate. This configuration is not suitable for distributed clusters.
I20260601 13:34:06.937655 26854 hybrid_clock.cc:648] HybridClock initialized: now 1780320846937655 us; error 0 us; skew 500 ppm
I20260601 13:34:06.938592 26854 webserver.cc:533] Webserver started at http://127.26.57.130:36911/ using document root <none> and password file <none>
I20260601 13:34:06.938745 26854 fs_manager.cc:362] Metadata directory not provided
I20260601 13:34:06.938794 26854 fs_manager.cc:368] Using write-ahead log directory (fs_wal_dir) as metadata directory
I20260601 13:34:06.938867 26854 server_base.cc:909] This appears to be a new deployment of Kudu; creating new FS layout
I20260601 13:34:06.939246 26854 fs_manager.cc:1068] Generated new instance metadata in path /tmp/dist-test-taskKepZK9/test-tmp/auto_rebalancer-test.0.AutoRebalancerTest.MovesScheduledIfAddTserver.1780320828109220-26854-0/minicluster-data/ts-1-root/instance:
uuid: "4c2a1b29debe44209913268739b5e100"
format_stamp: "Formatted at 2026-06-01 13:34:06 on dist-test-slave-3ms3"
I20260601 13:34:06.940730 26854 fs_manager.cc:696] Time spent creating directory manager: real 0.001s	user 0.002s	sys 0.000s
I20260601 13:34:06.941705 28655 log_block_manager.cc:4031] Time spent loading block containers with low live blocks: real 0.000s	user 0.000s	sys 0.000s
I20260601 13:34:06.941957 26854 fs_manager.cc:730] Time spent opening block manager: real 0.001s	user 0.000s	sys 0.000s
I20260601 13:34:06.942032 26854 fs_manager.cc:647] Opened local filesystem: /tmp/dist-test-taskKepZK9/test-tmp/auto_rebalancer-test.0.AutoRebalancerTest.MovesScheduledIfAddTserver.1780320828109220-26854-0/minicluster-data/ts-1-root
uuid: "4c2a1b29debe44209913268739b5e100"
format_stamp: "Formatted at 2026-06-01 13:34:06 on dist-test-slave-3ms3"
I20260601 13:34:06.942106 26854 fs_report.cc:389] FS layout report
--------------------
wal directory: /tmp/dist-test-taskKepZK9/test-tmp/auto_rebalancer-test.0.AutoRebalancerTest.MovesScheduledIfAddTserver.1780320828109220-26854-0/minicluster-data/ts-1-root
metadata directory: /tmp/dist-test-taskKepZK9/test-tmp/auto_rebalancer-test.0.AutoRebalancerTest.MovesScheduledIfAddTserver.1780320828109220-26854-0/minicluster-data/ts-1-root
1 data directories: /tmp/dist-test-taskKepZK9/test-tmp/auto_rebalancer-test.0.AutoRebalancerTest.MovesScheduledIfAddTserver.1780320828109220-26854-0/minicluster-data/ts-1-root/data
Total live blocks: 0
Total live bytes: 0
Total live bytes (after alignment): 0
Total number of LBM containers: 0 (0 full)
Did not check for missing blocks
Did not check for orphaned blocks
Total full LBM containers with extra space: 0 (0 repaired)
Total full LBM container extra space in bytes: 0 (0 repaired)
Total incomplete LBM containers: 0 (0 repaired)
Total LBM partial records: 0 (0 repaired)
Total corrupted LBM metadata records in RocksDB: 0 (0 repaired)
I20260601 13:34:06.943464 28643 heartbeater.cc:344] Connected to a master server at 127.26.57.190:42753
I20260601 13:34:06.943564 28643 heartbeater.cc:461] Registering TS with master...
I20260601 13:34:06.943800 28643 heartbeater.cc:507] Master 127.26.57.190:42753 requested a full tablet report, sending...
I20260601 13:34:06.944383 28514 ts_manager.cc:194] Registered new tserver with Master: f9295872faea497f94c699c1ae5db8a1 (127.26.57.129:45155)
I20260601 13:34:06.945408 28514 master_service.cc:502] Signed X509 certificate for tserver {username='slave'} at 127.0.0.1:34040
I20260601 13:34:06.961905 26854 rpc_server.cc:225] running with OpenSSL 1.1.1  11 Sep 2018
I20260601 13:34:06.962297 26854 kserver.cc:163] Server-wide thread pool size limit: 3276
I20260601 13:34:06.962586 26854 txn_system_client.cc:432] TxnSystemClient initialization is disabled...
I20260601 13:34:06.963060 26854 ts_tablet_manager.cc:585] Loaded tablet metadata (0 total tablets, 0 live tablets)
I20260601 13:34:06.963099 26854 ts_tablet_manager.cc:531] Time spent load tablet metadata: real 0.000s	user 0.000s	sys 0.000s
I20260601 13:34:06.963140 26854 ts_tablet_manager.cc:616] Registered 0 tablets
I20260601 13:34:06.963168 26854 ts_tablet_manager.cc:595] Time spent register tablets: real 0.000s	user 0.000s	sys 0.000s
I20260601 13:34:06.967038 26854 rpc_server.cc:307] RPC server started. Bound to: 127.26.57.130:39561
I20260601 13:34:06.967128 28718 acceptor_pool.cc:272] collecting diagnostics on the listening RPC socket 127.26.57.130:39561 every 8 connection(s)
I20260601 13:34:06.967841 26854 file_cache.cc:492] Constructed file cache file cache with capacity 419430
W20260601 13:34:06.969846 28722 instance_detector.cc:116] could not retrieve AWS instance metadata: Network error: curl error: HTTP response code said error: The requested URL returned error: 404
W20260601 13:34:06.970132 28725 instance_detector.cc:116] could not retrieve OpenStack instance metadata: Network error: curl error: HTTP response code said error: The requested URL returned error: 404
I20260601 13:34:06.970146 26854 server_base.cc:1061] running on GCE node
W20260601 13:34:06.970997 28723 instance_detector.cc:116] could not retrieve Azure instance metadata: Network error: curl error: HTTP response code said error: The requested URL returned error: 404
I20260601 13:34:06.971316 26854 hybrid_clock.cc:584] initializing the hybrid clock with 'system_unsync' time source
W20260601 13:34:06.971367 26854 system_unsync_time.cc:38] NTP support is disabled. Clock error bounds will not be accurate. This configuration is not suitable for distributed clusters.
I20260601 13:34:06.971388 26854 hybrid_clock.cc:648] HybridClock initialized: now 1780320846971388 us; error 0 us; skew 500 ppm
I20260601 13:34:06.971951 28719 heartbeater.cc:344] Connected to a master server at 127.26.57.190:42753
I20260601 13:34:06.972045 28719 heartbeater.cc:461] Registering TS with master...
I20260601 13:34:06.972278 28719 heartbeater.cc:507] Master 127.26.57.190:42753 requested a full tablet report, sending...
I20260601 13:34:06.972355 26854 webserver.cc:533] Webserver started at http://127.26.57.131:34381/ using document root <none> and password file <none>
I20260601 13:34:06.972491 26854 fs_manager.cc:362] Metadata directory not provided
I20260601 13:34:06.972549 26854 fs_manager.cc:368] Using write-ahead log directory (fs_wal_dir) as metadata directory
I20260601 13:34:06.972620 26854 server_base.cc:909] This appears to be a new deployment of Kudu; creating new FS layout
I20260601 13:34:06.972941 28514 ts_manager.cc:194] Registered new tserver with Master: 4c2a1b29debe44209913268739b5e100 (127.26.57.130:39561)
I20260601 13:34:06.973085 26854 fs_manager.cc:1068] Generated new instance metadata in path /tmp/dist-test-taskKepZK9/test-tmp/auto_rebalancer-test.0.AutoRebalancerTest.MovesScheduledIfAddTserver.1780320828109220-26854-0/minicluster-data/ts-2-root/instance:
uuid: "5e27c2c4a5614e9ca72f49abad6130eb"
format_stamp: "Formatted at 2026-06-01 13:34:06 on dist-test-slave-3ms3"
I20260601 13:34:06.973639 28514 master_service.cc:502] Signed X509 certificate for tserver {username='slave'} at 127.0.0.1:34046
I20260601 13:34:06.974794 26854 fs_manager.cc:696] Time spent creating directory manager: real 0.001s	user 0.001s	sys 0.000s
I20260601 13:34:06.975724 28730 log_block_manager.cc:4031] Time spent loading block containers with low live blocks: real 0.000s	user 0.000s	sys 0.000s
I20260601 13:34:06.975931 26854 fs_manager.cc:730] Time spent opening block manager: real 0.001s	user 0.001s	sys 0.000s
I20260601 13:34:06.975986 26854 fs_manager.cc:647] Opened local filesystem: /tmp/dist-test-taskKepZK9/test-tmp/auto_rebalancer-test.0.AutoRebalancerTest.MovesScheduledIfAddTserver.1780320828109220-26854-0/minicluster-data/ts-2-root
uuid: "5e27c2c4a5614e9ca72f49abad6130eb"
format_stamp: "Formatted at 2026-06-01 13:34:06 on dist-test-slave-3ms3"
I20260601 13:34:06.976050 26854 fs_report.cc:389] FS layout report
--------------------
wal directory: /tmp/dist-test-taskKepZK9/test-tmp/auto_rebalancer-test.0.AutoRebalancerTest.MovesScheduledIfAddTserver.1780320828109220-26854-0/minicluster-data/ts-2-root
metadata directory: /tmp/dist-test-taskKepZK9/test-tmp/auto_rebalancer-test.0.AutoRebalancerTest.MovesScheduledIfAddTserver.1780320828109220-26854-0/minicluster-data/ts-2-root
1 data directories: /tmp/dist-test-taskKepZK9/test-tmp/auto_rebalancer-test.0.AutoRebalancerTest.MovesScheduledIfAddTserver.1780320828109220-26854-0/minicluster-data/ts-2-root/data
Total live blocks: 0
Total live bytes: 0
Total live bytes (after alignment): 0
Total number of LBM containers: 0 (0 full)
Did not check for missing blocks
Did not check for orphaned blocks
Total full LBM containers with extra space: 0 (0 repaired)
Total full LBM container extra space in bytes: 0 (0 repaired)
Total incomplete LBM containers: 0 (0 repaired)
Total LBM partial records: 0 (0 repaired)
Total corrupted LBM metadata records in RocksDB: 0 (0 repaired)
I20260601 13:34:06.992425 26854 rpc_server.cc:225] running with OpenSSL 1.1.1  11 Sep 2018
I20260601 13:34:06.992872 26854 kserver.cc:163] Server-wide thread pool size limit: 3276
I20260601 13:34:06.993201 26854 txn_system_client.cc:432] TxnSystemClient initialization is disabled...
I20260601 13:34:06.993700 26854 ts_tablet_manager.cc:585] Loaded tablet metadata (0 total tablets, 0 live tablets)
I20260601 13:34:06.993738 26854 ts_tablet_manager.cc:531] Time spent load tablet metadata: real 0.000s	user 0.000s	sys 0.000s
I20260601 13:34:06.993779 26854 ts_tablet_manager.cc:616] Registered 0 tablets
I20260601 13:34:06.993803 26854 ts_tablet_manager.cc:595] Time spent register tablets: real 0.000s	user 0.000s	sys 0.000s
I20260601 13:34:06.998138 26854 rpc_server.cc:307] RPC server started. Bound to: 127.26.57.131:34485
I20260601 13:34:06.998202 28793 acceptor_pool.cc:272] collecting diagnostics on the listening RPC socket 127.26.57.131:34485 every 8 connection(s)
I20260601 13:34:07.002719 28794 heartbeater.cc:344] Connected to a master server at 127.26.57.190:42753
I20260601 13:34:07.002843 28794 heartbeater.cc:461] Registering TS with master...
I20260601 13:34:07.003068 28794 heartbeater.cc:507] Master 127.26.57.190:42753 requested a full tablet report, sending...
I20260601 13:34:07.003737 28514 ts_manager.cc:194] Registered new tserver with Master: 5e27c2c4a5614e9ca72f49abad6130eb (127.26.57.131:34485)
I20260601 13:34:07.004179 26854 internal_mini_cluster.cc:371] 3 TS(s) registered with all masters after 0.005627301s
I20260601 13:34:07.004325 28514 master_service.cc:502] Signed X509 certificate for tserver {username='slave'} at 127.0.0.1:34056
I20260601 13:34:07.946323 28643 heartbeater.cc:499] Master 127.26.57.190:42753 was elected leader, sending a full tablet report...
I20260601 13:34:07.974736 28719 heartbeater.cc:499] Master 127.26.57.190:42753 was elected leader, sending a full tablet report...
I20260601 13:34:08.005441 28794 heartbeater.cc:499] Master 127.26.57.190:42753 was elected leader, sending a full tablet report...
I20260601 13:34:08.039826 28514 catalog_manager.cc:2282] Servicing CreateTable request from {username='slave'} at 127.0.0.1:34062:
name: "test-workload"
schema {
  columns {
    name: "key"
    type: INT32
    is_key: true
    is_nullable: false
    encoding: AUTO_ENCODING
    compression: DEFAULT_COMPRESSION
    cfile_block_size: 0
    immutable: false
  }
  columns {
    name: "int_val"
    type: INT32
    is_key: false
    is_nullable: false
    encoding: AUTO_ENCODING
    compression: DEFAULT_COMPRESSION
    cfile_block_size: 0
    immutable: false
  }
  columns {
    name: "string_val"
    type: STRING
    is_key: false
    is_nullable: true
    encoding: AUTO_ENCODING
    compression: DEFAULT_COMPRESSION
    cfile_block_size: 0
    immutable: false
  }
}
num_replicas: 3
split_rows_range_bounds {
  rows: "\004\001\000\377\377\377?""\004\001\000\377\377\377?"
  indirect_data: """"
}
partition_schema {
  range_schema {
    columns {
      name: "key"
    }
  }
}
W20260601 13:34:08.040288 28514 catalog_manager.cc:7076] The number of live tablet servers is not enough to re-replicate a tablet replica of the newly created table test-workload in case of a server failure: 4 tablet servers would be needed, 3 are available. Consider bringing up more tablet servers.
I20260601 13:34:08.052093 28607 tablet_service.cc:1511] Processing CreateTablet for tablet 19aadaa9549340349b863b2cfe1d577a (DEFAULT_TABLE table=test-workload [id=2cff1c2a5590401baee55286fd787e38]), partition=RANGE (key) PARTITION VALUES < 1073741823
I20260601 13:34:08.052470 28607 data_dirs.cc:400] Could only allocate 1 dirs of requested 3 for tablet 19aadaa9549340349b863b2cfe1d577a. 1 dirs total, 0 dirs full, 0 dirs failed
I20260601 13:34:08.052522 28758 tablet_service.cc:1511] Processing CreateTablet for tablet 19aadaa9549340349b863b2cfe1d577a (DEFAULT_TABLE table=test-workload [id=2cff1c2a5590401baee55286fd787e38]), partition=RANGE (key) PARTITION VALUES < 1073741823
I20260601 13:34:08.052801 28758 data_dirs.cc:400] Could only allocate 1 dirs of requested 3 for tablet 19aadaa9549340349b863b2cfe1d577a. 1 dirs total, 0 dirs full, 0 dirs failed
I20260601 13:34:08.052918 28683 tablet_service.cc:1511] Processing CreateTablet for tablet 19aadaa9549340349b863b2cfe1d577a (DEFAULT_TABLE table=test-workload [id=2cff1c2a5590401baee55286fd787e38]), partition=RANGE (key) PARTITION VALUES < 1073741823
I20260601 13:34:08.053161 28683 data_dirs.cc:400] Could only allocate 1 dirs of requested 3 for tablet 19aadaa9549340349b863b2cfe1d577a. 1 dirs total, 0 dirs full, 0 dirs failed
I20260601 13:34:08.053367 28606 tablet_service.cc:1511] Processing CreateTablet for tablet 97e793620cc247d3b0ef80e6addb25b7 (DEFAULT_TABLE table=test-workload [id=2cff1c2a5590401baee55286fd787e38]), partition=RANGE (key) PARTITION 1073741823 <= VALUES
I20260601 13:34:08.053602 28606 data_dirs.cc:400] Could only allocate 1 dirs of requested 3 for tablet 97e793620cc247d3b0ef80e6addb25b7. 1 dirs total, 0 dirs full, 0 dirs failed
I20260601 13:34:08.053829 28757 tablet_service.cc:1511] Processing CreateTablet for tablet 97e793620cc247d3b0ef80e6addb25b7 (DEFAULT_TABLE table=test-workload [id=2cff1c2a5590401baee55286fd787e38]), partition=RANGE (key) PARTITION 1073741823 <= VALUES
I20260601 13:34:08.054035 28757 data_dirs.cc:400] Could only allocate 1 dirs of requested 3 for tablet 97e793620cc247d3b0ef80e6addb25b7. 1 dirs total, 0 dirs full, 0 dirs failed
I20260601 13:34:08.055976 28682 tablet_service.cc:1511] Processing CreateTablet for tablet 97e793620cc247d3b0ef80e6addb25b7 (DEFAULT_TABLE table=test-workload [id=2cff1c2a5590401baee55286fd787e38]), partition=RANGE (key) PARTITION 1073741823 <= VALUES
I20260601 13:34:08.056142 28816 tablet_bootstrap.cc:492] T 97e793620cc247d3b0ef80e6addb25b7 P f9295872faea497f94c699c1ae5db8a1: Bootstrap starting.
I20260601 13:34:08.056267 28682 data_dirs.cc:400] Could only allocate 1 dirs of requested 3 for tablet 97e793620cc247d3b0ef80e6addb25b7. 1 dirs total, 0 dirs full, 0 dirs failed
I20260601 13:34:08.057199 28816 tablet_bootstrap.cc:654] T 97e793620cc247d3b0ef80e6addb25b7 P f9295872faea497f94c699c1ae5db8a1: Neither blocks nor log segments found. Creating new log.
I20260601 13:34:08.057317 28815 tablet_bootstrap.cc:492] T 19aadaa9549340349b863b2cfe1d577a P 5e27c2c4a5614e9ca72f49abad6130eb: Bootstrap starting.
I20260601 13:34:08.057417 28814 tablet_bootstrap.cc:492] T 19aadaa9549340349b863b2cfe1d577a P 4c2a1b29debe44209913268739b5e100: Bootstrap starting.
I20260601 13:34:08.058401 28815 tablet_bootstrap.cc:654] T 19aadaa9549340349b863b2cfe1d577a P 5e27c2c4a5614e9ca72f49abad6130eb: Neither blocks nor log segments found. Creating new log.
I20260601 13:34:08.058401 28814 tablet_bootstrap.cc:654] T 19aadaa9549340349b863b2cfe1d577a P 4c2a1b29debe44209913268739b5e100: Neither blocks nor log segments found. Creating new log.
I20260601 13:34:08.058552 28816 tablet_bootstrap.cc:492] T 97e793620cc247d3b0ef80e6addb25b7 P f9295872faea497f94c699c1ae5db8a1: No bootstrap required, opened a new log
I20260601 13:34:08.058643 28816 ts_tablet_manager.cc:1403] T 97e793620cc247d3b0ef80e6addb25b7 P f9295872faea497f94c699c1ae5db8a1: Time spent bootstrapping tablet: real 0.003s	user 0.002s	sys 0.000s
I20260601 13:34:08.059087 28816 raft_consensus.cc:359] T 97e793620cc247d3b0ef80e6addb25b7 P f9295872faea497f94c699c1ae5db8a1 [term 0 FOLLOWER]: Replica starting. Triggering 0 pending ops. Active config: opid_index: -1 OBSOLETE_local: false peers { permanent_uuid: "f9295872faea497f94c699c1ae5db8a1" member_type: VOTER last_known_addr { host: "127.26.57.129" port: 45155 } } peers { permanent_uuid: "4c2a1b29debe44209913268739b5e100" member_type: VOTER last_known_addr { host: "127.26.57.130" port: 39561 } } peers { permanent_uuid: "5e27c2c4a5614e9ca72f49abad6130eb" member_type: VOTER last_known_addr { host: "127.26.57.131" port: 34485 } }
I20260601 13:34:08.059213 28816 raft_consensus.cc:385] T 97e793620cc247d3b0ef80e6addb25b7 P f9295872faea497f94c699c1ae5db8a1 [term 0 FOLLOWER]: Consensus starting up: Expiring failure detector timer to make a prompt election more likely
I20260601 13:34:08.059247 28816 raft_consensus.cc:740] T 97e793620cc247d3b0ef80e6addb25b7 P f9295872faea497f94c699c1ae5db8a1 [term 0 FOLLOWER]: Becoming Follower/Learner. State: Replica: f9295872faea497f94c699c1ae5db8a1, State: Initialized, Role: FOLLOWER
I20260601 13:34:08.059382 28816 consensus_queue.cc:260] T 97e793620cc247d3b0ef80e6addb25b7 P f9295872faea497f94c699c1ae5db8a1 [NON_LEADER]: Queue going to NON_LEADER mode. State: All replicated index: 0, Majority replicated index: 0, Committed index: 0, Last appended: 0.0, Last appended by leader: 0, Current term: 0, Majority size: -1, State: 0, Mode: NON_LEADER, active raft config: opid_index: -1 OBSOLETE_local: false peers { permanent_uuid: "f9295872faea497f94c699c1ae5db8a1" member_type: VOTER last_known_addr { host: "127.26.57.129" port: 45155 } } peers { permanent_uuid: "4c2a1b29debe44209913268739b5e100" member_type: VOTER last_known_addr { host: "127.26.57.130" port: 39561 } } peers { permanent_uuid: "5e27c2c4a5614e9ca72f49abad6130eb" member_type: VOTER last_known_addr { host: "127.26.57.131" port: 34485 } }
I20260601 13:34:08.059623 28815 tablet_bootstrap.cc:492] T 19aadaa9549340349b863b2cfe1d577a P 5e27c2c4a5614e9ca72f49abad6130eb: No bootstrap required, opened a new log
I20260601 13:34:08.059700 28814 tablet_bootstrap.cc:492] T 19aadaa9549340349b863b2cfe1d577a P 4c2a1b29debe44209913268739b5e100: No bootstrap required, opened a new log
I20260601 13:34:08.059728 28816 ts_tablet_manager.cc:1434] T 97e793620cc247d3b0ef80e6addb25b7 P f9295872faea497f94c699c1ae5db8a1: Time spent starting tablet: real 0.001s	user 0.001s	sys 0.000s
I20260601 13:34:08.059711 28815 ts_tablet_manager.cc:1403] T 19aadaa9549340349b863b2cfe1d577a P 5e27c2c4a5614e9ca72f49abad6130eb: Time spent bootstrapping tablet: real 0.002s	user 0.002s	sys 0.000s
I20260601 13:34:08.059792 28814 ts_tablet_manager.cc:1403] T 19aadaa9549340349b863b2cfe1d577a P 4c2a1b29debe44209913268739b5e100: Time spent bootstrapping tablet: real 0.002s	user 0.002s	sys 0.000s
I20260601 13:34:08.059906 28816 tablet_bootstrap.cc:492] T 19aadaa9549340349b863b2cfe1d577a P f9295872faea497f94c699c1ae5db8a1: Bootstrap starting.
I20260601 13:34:08.060184 28814 raft_consensus.cc:359] T 19aadaa9549340349b863b2cfe1d577a P 4c2a1b29debe44209913268739b5e100 [term 0 FOLLOWER]: Replica starting. Triggering 0 pending ops. Active config: opid_index: -1 OBSOLETE_local: false peers { permanent_uuid: "4c2a1b29debe44209913268739b5e100" member_type: VOTER last_known_addr { host: "127.26.57.130" port: 39561 } } peers { permanent_uuid: "5e27c2c4a5614e9ca72f49abad6130eb" member_type: VOTER last_known_addr { host: "127.26.57.131" port: 34485 } } peers { permanent_uuid: "f9295872faea497f94c699c1ae5db8a1" member_type: VOTER last_known_addr { host: "127.26.57.129" port: 45155 } }
