I20260601 13:34:58.318617 31164 raft_consensus.cc:3060] T 17c9c886246a418693f1fcc1db74ddd0 P 977ce60078664c9bb48ce3d2f8f461b3 [term 0 FOLLOWER]: Advancing to term 1
I20260601 13:34:58.318854 30802 tablet_service.cc:1917] Received RequestConsensusVote() RPC: tablet_id: "bf90ea684e6f4cbe92ca77f1c5abd3f7" candidate_uuid: "70518cf2c00541aea47c6167697e117a" candidate_term: 1 candidate_status { last_received { term: 0 index: 0 } } ignore_live_leader: false dest_uuid: "13f48f5d3f064557a0e7ebc759ed1a09" is_pre_election: true
I20260601 13:34:58.318969 30802 raft_consensus.cc:2468] T bf90ea684e6f4cbe92ca77f1c5abd3f7 P 13f48f5d3f064557a0e7ebc759ed1a09 [term 0 FOLLOWER]: Leader pre-election vote request: Granting yes vote for candidate 70518cf2c00541aea47c6167697e117a in term 0.
I20260601 13:34:58.319222 31141 raft_consensus.cc:515] T b3e3c7ae0ddf49408adb1baaef2d4428 P 977ce60078664c9bb48ce3d2f8f461b3 [term 1 FOLLOWER]: Starting leader election with config: opid_index: -1 OBSOLETE_local: false peers { permanent_uuid: "1862a5e4a7b04bff8f9e259b40b4c52b" member_type: VOTER last_known_addr { host: "127.27.33.195" port: 35135 } } peers { permanent_uuid: "977ce60078664c9bb48ce3d2f8f461b3" member_type: VOTER last_known_addr { host: "127.27.33.196" port: 42953 } } peers { permanent_uuid: "13f48f5d3f064557a0e7ebc759ed1a09" member_type: VOTER last_known_addr { host: "127.27.33.193" port: 37845 } }
I20260601 13:34:58.319270 30842 leader_election.cc:304] T bf90ea684e6f4cbe92ca77f1c5abd3f7 P 70518cf2c00541aea47c6167697e117a [CANDIDATE]: Term 1 pre-election: Election decided. Result: candidate won. Election summary: received 2 responses out of 3 voters: 2 yes votes; 0 no votes. yes voters: 13f48f5d3f064557a0e7ebc759ed1a09, 70518cf2c00541aea47c6167697e117a; no voters: 
I20260601 13:34:58.319406 31042 raft_consensus.cc:2804] T bf90ea684e6f4cbe92ca77f1c5abd3f7 P 70518cf2c00541aea47c6167697e117a [term 0 FOLLOWER]: Leader pre-election won for term 1
I20260601 13:34:58.319458 31042 raft_consensus.cc:493] T bf90ea684e6f4cbe92ca77f1c5abd3f7 P 70518cf2c00541aea47c6167697e117a [term 0 FOLLOWER]: Starting leader election (no leader contacted us within the election timeout)
I20260601 13:34:58.319505 31042 raft_consensus.cc:3060] T bf90ea684e6f4cbe92ca77f1c5abd3f7 P 70518cf2c00541aea47c6167697e117a [term 0 FOLLOWER]: Advancing to term 1
I20260601 13:34:58.319589 31141 leader_election.cc:290] T b3e3c7ae0ddf49408adb1baaef2d4428 P 977ce60078664c9bb48ce3d2f8f461b3 [CANDIDATE]: Term 1 election: Requested vote from peers 1862a5e4a7b04bff8f9e259b40b4c52b (127.27.33.195:35135), 13f48f5d3f064557a0e7ebc759ed1a09 (127.27.33.193:37845)
I20260601 13:34:58.320006 30954 tablet_service.cc:1917] Received RequestConsensusVote() RPC: tablet_id: "b3e3c7ae0ddf49408adb1baaef2d4428" candidate_uuid: "977ce60078664c9bb48ce3d2f8f461b3" candidate_term: 1 candidate_status { last_received { term: 0 index: 0 } } ignore_live_leader: false dest_uuid: "1862a5e4a7b04bff8f9e259b40b4c52b"
I20260601 13:34:58.320151 30954 raft_consensus.cc:3060] T b3e3c7ae0ddf49408adb1baaef2d4428 P 1862a5e4a7b04bff8f9e259b40b4c52b [term 0 FOLLOWER]: Advancing to term 1
I20260601 13:34:58.320392 31042 raft_consensus.cc:515] T bf90ea684e6f4cbe92ca77f1c5abd3f7 P 70518cf2c00541aea47c6167697e117a [term 1 FOLLOWER]: Starting leader election with config: opid_index: -1 OBSOLETE_local: false peers { permanent_uuid: "977ce60078664c9bb48ce3d2f8f461b3" member_type: VOTER last_known_addr { host: "127.27.33.196" port: 42953 } } peers { permanent_uuid: "13f48f5d3f064557a0e7ebc759ed1a09" member_type: VOTER last_known_addr { host: "127.27.33.193" port: 37845 } } peers { permanent_uuid: "70518cf2c00541aea47c6167697e117a" member_type: VOTER last_known_addr { host: "127.27.33.194" port: 43987 } }
I20260601 13:34:58.320832 31042 leader_election.cc:290] T bf90ea684e6f4cbe92ca77f1c5abd3f7 P 70518cf2c00541aea47c6167697e117a [CANDIDATE]: Term 1 election: Requested vote from peers 977ce60078664c9bb48ce3d2f8f461b3 (127.27.33.196:42953), 13f48f5d3f064557a0e7ebc759ed1a09 (127.27.33.193:37845)
I20260601 13:34:58.318521 30878 tablet_service.cc:1917] Received RequestConsensusVote() RPC: tablet_id: "17c9c886246a418693f1fcc1db74ddd0" candidate_uuid: "977ce60078664c9bb48ce3d2f8f461b3" candidate_term: 1 candidate_status { last_received { term: 0 index: 0 } } ignore_live_leader: false dest_uuid: "70518cf2c00541aea47c6167697e117a" is_pre_election: true
I20260601 13:34:58.321022 30878 raft_consensus.cc:2468] T 17c9c886246a418693f1fcc1db74ddd0 P 70518cf2c00541aea47c6167697e117a [term 0 FOLLOWER]: Leader pre-election vote request: Granting yes vote for candidate 977ce60078664c9bb48ce3d2f8f461b3 in term 0.
I20260601 13:34:58.321177 30954 raft_consensus.cc:2468] T b3e3c7ae0ddf49408adb1baaef2d4428 P 1862a5e4a7b04bff8f9e259b40b4c52b [term 1 FOLLOWER]: Leader election vote request: Granting yes vote for candidate 977ce60078664c9bb48ce3d2f8f461b3 in term 1.
I20260601 13:34:58.321389 30802 tablet_service.cc:1917] Received RequestConsensusVote() RPC: tablet_id: "bf90ea684e6f4cbe92ca77f1c5abd3f7" candidate_uuid: "70518cf2c00541aea47c6167697e117a" candidate_term: 1 candidate_status { last_received { term: 0 index: 0 } } ignore_live_leader: false dest_uuid: "13f48f5d3f064557a0e7ebc759ed1a09"
I20260601 13:34:58.321480 30802 raft_consensus.cc:3060] T bf90ea684e6f4cbe92ca77f1c5abd3f7 P 13f48f5d3f064557a0e7ebc759ed1a09 [term 0 FOLLOWER]: Advancing to term 1
I20260601 13:34:58.321452 31061 leader_election.cc:304] T b3e3c7ae0ddf49408adb1baaef2d4428 P 977ce60078664c9bb48ce3d2f8f461b3 [CANDIDATE]: Term 1 election: Election decided. Result: candidate won. Election summary: received 2 responses out of 3 voters: 2 yes votes; 0 no votes. yes voters: 1862a5e4a7b04bff8f9e259b40b4c52b, 977ce60078664c9bb48ce3d2f8f461b3; no voters: 
I20260601 13:34:58.321684 31141 raft_consensus.cc:2804] T b3e3c7ae0ddf49408adb1baaef2d4428 P 977ce60078664c9bb48ce3d2f8f461b3 [term 1 FOLLOWER]: Leader election won for term 1
I20260601 13:34:58.321872 31141 raft_consensus.cc:697] T b3e3c7ae0ddf49408adb1baaef2d4428 P 977ce60078664c9bb48ce3d2f8f461b3 [term 1 LEADER]: Becoming Leader. State: Replica: 977ce60078664c9bb48ce3d2f8f461b3, State: Running, Role: LEADER
I20260601 13:34:58.322033 31141 consensus_queue.cc:237] T b3e3c7ae0ddf49408adb1baaef2d4428 P 977ce60078664c9bb48ce3d2f8f461b3 [LEADER]: Queue going to LEADER mode. State: All replicated index: 0, Majority replicated index: 0, Committed index: 0, Last appended: 0.0, Last appended by leader: 0, Current term: 1, Majority size: 2, State: 0, Mode: LEADER, active raft config: opid_index: -1 OBSOLETE_local: false peers { permanent_uuid: "1862a5e4a7b04bff8f9e259b40b4c52b" member_type: VOTER last_known_addr { host: "127.27.33.195" port: 35135 } } peers { permanent_uuid: "977ce60078664c9bb48ce3d2f8f461b3" member_type: VOTER last_known_addr { host: "127.27.33.196" port: 42953 } } peers { permanent_uuid: "13f48f5d3f064557a0e7ebc759ed1a09" member_type: VOTER last_known_addr { host: "127.27.33.193" port: 37845 } }
I20260601 13:34:58.322357 30802 raft_consensus.cc:2468] T bf90ea684e6f4cbe92ca77f1c5abd3f7 P 13f48f5d3f064557a0e7ebc759ed1a09 [term 1 FOLLOWER]: Leader election vote request: Granting yes vote for candidate 70518cf2c00541aea47c6167697e117a in term 1.
I20260601 13:34:58.318413 31006 leader_election.cc:290] T bf90ea684e6f4cbe92ca77f1c5abd3f7 P 70518cf2c00541aea47c6167697e117a [CANDIDATE]: Term 1 pre-election: Requested pre-vote from peers 977ce60078664c9bb48ce3d2f8f461b3 (127.27.33.196:42953), 13f48f5d3f064557a0e7ebc759ed1a09 (127.27.33.193:37845)
I20260601 13:34:58.322647 30842 leader_election.cc:304] T bf90ea684e6f4cbe92ca77f1c5abd3f7 P 70518cf2c00541aea47c6167697e117a [CANDIDATE]: Term 1 election: Election decided. Result: candidate won. Election summary: received 2 responses out of 3 voters: 2 yes votes; 0 no votes. yes voters: 13f48f5d3f064557a0e7ebc759ed1a09, 70518cf2c00541aea47c6167697e117a; no voters: 
I20260601 13:34:58.322798 31006 raft_consensus.cc:2804] T bf90ea684e6f4cbe92ca77f1c5abd3f7 P 70518cf2c00541aea47c6167697e117a [term 1 FOLLOWER]: Leader election won for term 1
I20260601 13:34:58.322899 31006 raft_consensus.cc:697] T bf90ea684e6f4cbe92ca77f1c5abd3f7 P 70518cf2c00541aea47c6167697e117a [term 1 LEADER]: Becoming Leader. State: Replica: 70518cf2c00541aea47c6167697e117a, State: Running, Role: LEADER
I20260601 13:34:58.322978 31095 tablet_service.cc:1917] Received RequestConsensusVote() RPC: tablet_id: "bf90ea684e6f4cbe92ca77f1c5abd3f7" candidate_uuid: "70518cf2c00541aea47c6167697e117a" candidate_term: 1 candidate_status { last_received { term: 0 index: 0 } } ignore_live_leader: false dest_uuid: "977ce60078664c9bb48ce3d2f8f461b3" is_pre_election: true
I20260601 13:34:58.323014 31006 consensus_queue.cc:237] T bf90ea684e6f4cbe92ca77f1c5abd3f7 P 70518cf2c00541aea47c6167697e117a [LEADER]: Queue going to LEADER mode. State: All replicated index: 0, Majority replicated index: 0, Committed index: 0, Last appended: 0.0, Last appended by leader: 0, Current term: 1, Majority size: 2, State: 0, Mode: LEADER, active raft config: opid_index: -1 OBSOLETE_local: false peers { permanent_uuid: "977ce60078664c9bb48ce3d2f8f461b3" member_type: VOTER last_known_addr { host: "127.27.33.196" port: 42953 } } peers { permanent_uuid: "13f48f5d3f064557a0e7ebc759ed1a09" member_type: VOTER last_known_addr { host: "127.27.33.193" port: 37845 } } peers { permanent_uuid: "70518cf2c00541aea47c6167697e117a" member_type: VOTER last_known_addr { host: "127.27.33.194" port: 43987 } }
I20260601 13:34:58.323067 31095 raft_consensus.cc:2468] T bf90ea684e6f4cbe92ca77f1c5abd3f7 P 977ce60078664c9bb48ce3d2f8f461b3 [term 0 FOLLOWER]: Leader pre-election vote request: Granting yes vote for candidate 70518cf2c00541aea47c6167697e117a in term 0.
I20260601 13:34:58.320005 31164 raft_consensus.cc:515] T 17c9c886246a418693f1fcc1db74ddd0 P 977ce60078664c9bb48ce3d2f8f461b3 [term 1 FOLLOWER]: Starting leader election with config: opid_index: -1 OBSOLETE_local: false peers { permanent_uuid: "1862a5e4a7b04bff8f9e259b40b4c52b" member_type: VOTER last_known_addr { host: "127.27.33.195" port: 35135 } } peers { permanent_uuid: "977ce60078664c9bb48ce3d2f8f461b3" member_type: VOTER last_known_addr { host: "127.27.33.196" port: 42953 } } peers { permanent_uuid: "70518cf2c00541aea47c6167697e117a" member_type: VOTER last_known_addr { host: "127.27.33.194" port: 43987 } }
I20260601 13:34:58.323810 30954 tablet_service.cc:1917] Received RequestConsensusVote() RPC: tablet_id: "17c9c886246a418693f1fcc1db74ddd0" candidate_uuid: "977ce60078664c9bb48ce3d2f8f461b3" candidate_term: 1 candidate_status { last_received { term: 0 index: 0 } } ignore_live_leader: false dest_uuid: "1862a5e4a7b04bff8f9e259b40b4c52b"
I20260601 13:34:58.323906 30954 raft_consensus.cc:3060] T 17c9c886246a418693f1fcc1db74ddd0 P 1862a5e4a7b04bff8f9e259b40b4c52b [term 0 FOLLOWER]: Advancing to term 1
I20260601 13:34:58.323926 30878 tablet_service.cc:1917] Received RequestConsensusVote() RPC: tablet_id: "17c9c886246a418693f1fcc1db74ddd0" candidate_uuid: "977ce60078664c9bb48ce3d2f8f461b3" candidate_term: 1 candidate_status { last_received { term: 0 index: 0 } } ignore_live_leader: false dest_uuid: "70518cf2c00541aea47c6167697e117a"
I20260601 13:34:58.324012 30878 raft_consensus.cc:3060] T 17c9c886246a418693f1fcc1db74ddd0 P 70518cf2c00541aea47c6167697e117a [term 0 FOLLOWER]: Advancing to term 1
I20260601 13:34:58.323706 31094 tablet_service.cc:1917] Received RequestConsensusVote() RPC: tablet_id: "bf90ea684e6f4cbe92ca77f1c5abd3f7" candidate_uuid: "70518cf2c00541aea47c6167697e117a" candidate_term: 1 candidate_status { last_received { term: 0 index: 0 } } ignore_live_leader: false dest_uuid: "977ce60078664c9bb48ce3d2f8f461b3"
I20260601 13:34:58.324163 31094 raft_consensus.cc:3060] T bf90ea684e6f4cbe92ca77f1c5abd3f7 P 977ce60078664c9bb48ce3d2f8f461b3 [term 0 FOLLOWER]: Advancing to term 1
I20260601 13:34:58.323706 30696 catalog_manager.cc:5696] T b3e3c7ae0ddf49408adb1baaef2d4428 P 977ce60078664c9bb48ce3d2f8f461b3 reported cstate change: term changed from 0 to 1, leader changed from <none> to 977ce60078664c9bb48ce3d2f8f461b3 (127.27.33.196). New cstate: current_term: 1 leader_uuid: "977ce60078664c9bb48ce3d2f8f461b3" committed_config { opid_index: -1 OBSOLETE_local: false peers { permanent_uuid: "1862a5e4a7b04bff8f9e259b40b4c52b" member_type: VOTER last_known_addr { host: "127.27.33.195" port: 35135 } health_report { overall_health: UNKNOWN } } peers { permanent_uuid: "977ce60078664c9bb48ce3d2f8f461b3" member_type: VOTER last_known_addr { host: "127.27.33.196" port: 42953 } health_report { overall_health: HEALTHY } } peers { permanent_uuid: "13f48f5d3f064557a0e7ebc759ed1a09" member_type: VOTER last_known_addr { host: "127.27.33.193" port: 37845 } health_report { overall_health: UNKNOWN } } }
I20260601 13:34:58.324697 30697 catalog_manager.cc:5696] T bf90ea684e6f4cbe92ca77f1c5abd3f7 P 70518cf2c00541aea47c6167697e117a reported cstate change: term changed from 0 to 1, leader changed from <none> to 70518cf2c00541aea47c6167697e117a (127.27.33.194). New cstate: current_term: 1 leader_uuid: "70518cf2c00541aea47c6167697e117a" committed_config { opid_index: -1 OBSOLETE_local: false peers { permanent_uuid: "977ce60078664c9bb48ce3d2f8f461b3" member_type: VOTER last_known_addr { host: "127.27.33.196" port: 42953 } health_report { overall_health: UNKNOWN } } peers { permanent_uuid: "13f48f5d3f064557a0e7ebc759ed1a09" member_type: VOTER last_known_addr { host: "127.27.33.193" port: 37845 } health_report { overall_health: UNKNOWN } } peers { permanent_uuid: "70518cf2c00541aea47c6167697e117a" member_type: VOTER last_known_addr { host: "127.27.33.194" port: 43987 } health_report { overall_health: HEALTHY } } }
I20260601 13:34:58.324790 30954 raft_consensus.cc:2468] T 17c9c886246a418693f1fcc1db74ddd0 P 1862a5e4a7b04bff8f9e259b40b4c52b [term 1 FOLLOWER]: Leader election vote request: Granting yes vote for candidate 977ce60078664c9bb48ce3d2f8f461b3 in term 1.
I20260601 13:34:58.324790 30878 raft_consensus.cc:2468] T 17c9c886246a418693f1fcc1db74ddd0 P 70518cf2c00541aea47c6167697e117a [term 1 FOLLOWER]: Leader election vote request: Granting yes vote for candidate 977ce60078664c9bb48ce3d2f8f461b3 in term 1.
I20260601 13:34:58.323699 31164 leader_election.cc:290] T 17c9c886246a418693f1fcc1db74ddd0 P 977ce60078664c9bb48ce3d2f8f461b3 [CANDIDATE]: Term 1 election: Requested vote from peers 1862a5e4a7b04bff8f9e259b40b4c52b (127.27.33.195:35135), 70518cf2c00541aea47c6167697e117a (127.27.33.194:43987)
I20260601 13:34:58.325158 31061 leader_election.cc:304] T 17c9c886246a418693f1fcc1db74ddd0 P 977ce60078664c9bb48ce3d2f8f461b3 [CANDIDATE]: Term 1 election: Election decided. Result: candidate won. Election summary: received 2 responses out of 3 voters: 2 yes votes; 0 no votes. yes voters: 1862a5e4a7b04bff8f9e259b40b4c52b, 977ce60078664c9bb48ce3d2f8f461b3; no voters: 
I20260601 13:34:58.325280 31164 raft_consensus.cc:2804] T 17c9c886246a418693f1fcc1db74ddd0 P 977ce60078664c9bb48ce3d2f8f461b3 [term 1 FOLLOWER]: Leader election won for term 1
I20260601 13:34:58.325390 31164 raft_consensus.cc:697] T 17c9c886246a418693f1fcc1db74ddd0 P 977ce60078664c9bb48ce3d2f8f461b3 [term 1 LEADER]: Becoming Leader. State: Replica: 977ce60078664c9bb48ce3d2f8f461b3, State: Running, Role: LEADER
I20260601 13:34:58.325517 31164 consensus_queue.cc:237] T 17c9c886246a418693f1fcc1db74ddd0 P 977ce60078664c9bb48ce3d2f8f461b3 [LEADER]: Queue going to LEADER mode. State: All replicated index: 0, Majority replicated index: 0, Committed index: 0, Last appended: 0.0, Last appended by leader: 0, Current term: 1, Majority size: 2, State: 0, Mode: LEADER, active raft config: opid_index: -1 OBSOLETE_local: false peers { permanent_uuid: "1862a5e4a7b04bff8f9e259b40b4c52b" member_type: VOTER last_known_addr { host: "127.27.33.195" port: 35135 } } peers { permanent_uuid: "977ce60078664c9bb48ce3d2f8f461b3" member_type: VOTER last_known_addr { host: "127.27.33.196" port: 42953 } } peers { permanent_uuid: "70518cf2c00541aea47c6167697e117a" member_type: VOTER last_known_addr { host: "127.27.33.194" port: 43987 } }
I20260601 13:34:58.325754 31094 raft_consensus.cc:2468] T bf90ea684e6f4cbe92ca77f1c5abd3f7 P 977ce60078664c9bb48ce3d2f8f461b3 [term 1 FOLLOWER]: Leader election vote request: Granting yes vote for candidate 70518cf2c00541aea47c6167697e117a in term 1.
I20260601 13:34:58.328176 30697 catalog_manager.cc:5696] T 17c9c886246a418693f1fcc1db74ddd0 P 977ce60078664c9bb48ce3d2f8f461b3 reported cstate change: term changed from 0 to 1, leader changed from <none> to 977ce60078664c9bb48ce3d2f8f461b3 (127.27.33.196). New cstate: current_term: 1 leader_uuid: "977ce60078664c9bb48ce3d2f8f461b3" committed_config { opid_index: -1 OBSOLETE_local: false peers { permanent_uuid: "1862a5e4a7b04bff8f9e259b40b4c52b" member_type: VOTER last_known_addr { host: "127.27.33.195" port: 35135 } health_report { overall_health: UNKNOWN } } peers { permanent_uuid: "977ce60078664c9bb48ce3d2f8f461b3" member_type: VOTER last_known_addr { host: "127.27.33.196" port: 42953 } health_report { overall_health: HEALTHY } } peers { permanent_uuid: "70518cf2c00541aea47c6167697e117a" member_type: VOTER last_known_addr { host: "127.27.33.194" port: 43987 } health_report { overall_health: UNKNOWN } } }
I20260601 13:34:58.329071 30802 tablet_service.cc:1917] Received RequestConsensusVote() RPC: tablet_id: "b3e3c7ae0ddf49408adb1baaef2d4428" candidate_uuid: "977ce60078664c9bb48ce3d2f8f461b3" candidate_term: 1 candidate_status { last_received { term: 0 index: 0 } } ignore_live_leader: false dest_uuid: "13f48f5d3f064557a0e7ebc759ed1a09" is_pre_election: true
I20260601 13:34:58.329125 30803 tablet_service.cc:1917] Received RequestConsensusVote() RPC: tablet_id: "b3e3c7ae0ddf49408adb1baaef2d4428" candidate_uuid: "977ce60078664c9bb48ce3d2f8f461b3" candidate_term: 1 candidate_status { last_received { term: 0 index: 0 } } ignore_live_leader: false dest_uuid: "13f48f5d3f064557a0e7ebc759ed1a09"
I20260601 13:34:58.329191 30802 raft_consensus.cc:2468] T b3e3c7ae0ddf49408adb1baaef2d4428 P 13f48f5d3f064557a0e7ebc759ed1a09 [term 0 FOLLOWER]: Leader pre-election vote request: Granting yes vote for candidate 977ce60078664c9bb48ce3d2f8f461b3 in term 0.
I20260601 13:34:58.337333 31038 raft_consensus.cc:493] T 190ecc45cffd40ffbfb9c1358fd44e33 P 1862a5e4a7b04bff8f9e259b40b4c52b [term 0 FOLLOWER]: Starting pre-election (no leader contacted us within the election timeout)
I20260601 13:34:58.337469 31038 raft_consensus.cc:515] T 190ecc45cffd40ffbfb9c1358fd44e33 P 1862a5e4a7b04bff8f9e259b40b4c52b [term 0 FOLLOWER]: Starting pre-election with config: opid_index: -1 OBSOLETE_local: false peers { permanent_uuid: "1862a5e4a7b04bff8f9e259b40b4c52b" member_type: VOTER last_known_addr { host: "127.27.33.195" port: 35135 } } peers { permanent_uuid: "977ce60078664c9bb48ce3d2f8f461b3" member_type: VOTER last_known_addr { host: "127.27.33.196" port: 42953 } } peers { permanent_uuid: "13f48f5d3f064557a0e7ebc759ed1a09" member_type: VOTER last_known_addr { host: "127.27.33.193" port: 37845 } }
I20260601 13:34:58.337970 31038 leader_election.cc:290] T 190ecc45cffd40ffbfb9c1358fd44e33 P 1862a5e4a7b04bff8f9e259b40b4c52b [CANDIDATE]: Term 1 pre-election: Requested pre-vote from peers 977ce60078664c9bb48ce3d2f8f461b3 (127.27.33.196:42953), 13f48f5d3f064557a0e7ebc759ed1a09 (127.27.33.193:37845)
I20260601 13:34:58.338450 30803 tablet_service.cc:1917] Received RequestConsensusVote() RPC: tablet_id: "190ecc45cffd40ffbfb9c1358fd44e33" candidate_uuid: "1862a5e4a7b04bff8f9e259b40b4c52b" candidate_term: 1 candidate_status { last_received { term: 0 index: 0 } } ignore_live_leader: false dest_uuid: "13f48f5d3f064557a0e7ebc759ed1a09" is_pre_election: true
I20260601 13:34:58.338636 30803 raft_consensus.cc:2468] T 190ecc45cffd40ffbfb9c1358fd44e33 P 13f48f5d3f064557a0e7ebc759ed1a09 [term 0 FOLLOWER]: Leader pre-election vote request: Granting yes vote for candidate 1862a5e4a7b04bff8f9e259b40b4c52b in term 0.
I20260601 13:34:58.338923 30917 leader_election.cc:304] T 190ecc45cffd40ffbfb9c1358fd44e33 P 1862a5e4a7b04bff8f9e259b40b4c52b [CANDIDATE]: Term 1 pre-election: Election decided. Result: candidate won. Election summary: received 2 responses out of 3 voters: 2 yes votes; 0 no votes. yes voters: 13f48f5d3f064557a0e7ebc759ed1a09, 1862a5e4a7b04bff8f9e259b40b4c52b; no voters: 
I20260601 13:34:58.339079 31038 raft_consensus.cc:2804] T 190ecc45cffd40ffbfb9c1358fd44e33 P 1862a5e4a7b04bff8f9e259b40b4c52b [term 0 FOLLOWER]: Leader pre-election won for term 1
I20260601 13:34:58.339138 31038 raft_consensus.cc:493] T 190ecc45cffd40ffbfb9c1358fd44e33 P 1862a5e4a7b04bff8f9e259b40b4c52b [term 0 FOLLOWER]: Starting leader election (no leader contacted us within the election timeout)
I20260601 13:34:58.339165 31038 raft_consensus.cc:3060] T 190ecc45cffd40ffbfb9c1358fd44e33 P 1862a5e4a7b04bff8f9e259b40b4c52b [term 0 FOLLOWER]: Advancing to term 1
I20260601 13:34:58.340210 31038 raft_consensus.cc:515] T 190ecc45cffd40ffbfb9c1358fd44e33 P 1862a5e4a7b04bff8f9e259b40b4c52b [term 1 FOLLOWER]: Starting leader election with config: opid_index: -1 OBSOLETE_local: false peers { permanent_uuid: "1862a5e4a7b04bff8f9e259b40b4c52b" member_type: VOTER last_known_addr { host: "127.27.33.195" port: 35135 } } peers { permanent_uuid: "977ce60078664c9bb48ce3d2f8f461b3" member_type: VOTER last_known_addr { host: "127.27.33.196" port: 42953 } } peers { permanent_uuid: "13f48f5d3f064557a0e7ebc759ed1a09" member_type: VOTER last_known_addr { host: "127.27.33.193" port: 37845 } }
I20260601 13:34:58.340623 31038 leader_election.cc:290] T 190ecc45cffd40ffbfb9c1358fd44e33 P 1862a5e4a7b04bff8f9e259b40b4c52b [CANDIDATE]: Term 1 election: Requested vote from peers 977ce60078664c9bb48ce3d2f8f461b3 (127.27.33.196:42953), 13f48f5d3f064557a0e7ebc759ed1a09 (127.27.33.193:37845)
I20260601 13:34:58.340973 30803 tablet_service.cc:1917] Received RequestConsensusVote() RPC: tablet_id: "190ecc45cffd40ffbfb9c1358fd44e33" candidate_uuid: "1862a5e4a7b04bff8f9e259b40b4c52b" candidate_term: 1 candidate_status { last_received { term: 0 index: 0 } } ignore_live_leader: false dest_uuid: "13f48f5d3f064557a0e7ebc759ed1a09"
I20260601 13:34:58.341104 30803 raft_consensus.cc:3060] T 190ecc45cffd40ffbfb9c1358fd44e33 P 13f48f5d3f064557a0e7ebc759ed1a09 [term 0 FOLLOWER]: Advancing to term 1
I20260601 13:34:58.341912 31094 tablet_service.cc:1917] Received RequestConsensusVote() RPC: tablet_id: "190ecc45cffd40ffbfb9c1358fd44e33" candidate_uuid: "1862a5e4a7b04bff8f9e259b40b4c52b" candidate_term: 1 candidate_status { last_received { term: 0 index: 0 } } ignore_live_leader: false dest_uuid: "977ce60078664c9bb48ce3d2f8f461b3" is_pre_election: true
I20260601 13:34:58.341958 31095 tablet_service.cc:1917] Received RequestConsensusVote() RPC: tablet_id: "190ecc45cffd40ffbfb9c1358fd44e33" candidate_uuid: "1862a5e4a7b04bff8f9e259b40b4c52b" candidate_term: 1 candidate_status { last_received { term: 0 index: 0 } } ignore_live_leader: false dest_uuid: "977ce60078664c9bb48ce3d2f8f461b3"
I20260601 13:34:58.342048 31094 raft_consensus.cc:2468] T 190ecc45cffd40ffbfb9c1358fd44e33 P 977ce60078664c9bb48ce3d2f8f461b3 [term 0 FOLLOWER]: Leader pre-election vote request: Granting yes vote for candidate 1862a5e4a7b04bff8f9e259b40b4c52b in term 0.
I20260601 13:34:58.342113 30803 raft_consensus.cc:2468] T 190ecc45cffd40ffbfb9c1358fd44e33 P 13f48f5d3f064557a0e7ebc759ed1a09 [term 1 FOLLOWER]: Leader election vote request: Granting yes vote for candidate 1862a5e4a7b04bff8f9e259b40b4c52b in term 1.
I20260601 13:34:58.342340 30917 leader_election.cc:304] T 190ecc45cffd40ffbfb9c1358fd44e33 P 1862a5e4a7b04bff8f9e259b40b4c52b [CANDIDATE]: Term 1 election: Election decided. Result: candidate won. Election summary: received 2 responses out of 3 voters: 2 yes votes; 0 no votes. yes voters: 13f48f5d3f064557a0e7ebc759ed1a09, 1862a5e4a7b04bff8f9e259b40b4c52b; no voters: 
I20260601 13:34:58.342525 31038 raft_consensus.cc:2804] T 190ecc45cffd40ffbfb9c1358fd44e33 P 1862a5e4a7b04bff8f9e259b40b4c52b [term 1 FOLLOWER]: Leader election won for term 1
I20260601 13:34:58.342666 31038 raft_consensus.cc:697] T 190ecc45cffd40ffbfb9c1358fd44e33 P 1862a5e4a7b04bff8f9e259b40b4c52b [term 1 LEADER]: Becoming Leader. State: Replica: 1862a5e4a7b04bff8f9e259b40b4c52b, State: Running, Role: LEADER
I20260601 13:34:58.342804 31038 consensus_queue.cc:237] T 190ecc45cffd40ffbfb9c1358fd44e33 P 1862a5e4a7b04bff8f9e259b40b4c52b [LEADER]: Queue going to LEADER mode. State: All replicated index: 0, Majority replicated index: 0, Committed index: 0, Last appended: 0.0, Last appended by leader: 0, Current term: 1, Majority size: 2, State: 0, Mode: LEADER, active raft config: opid_index: -1 OBSOLETE_local: false peers { permanent_uuid: "1862a5e4a7b04bff8f9e259b40b4c52b" member_type: VOTER last_known_addr { host: "127.27.33.195" port: 35135 } } peers { permanent_uuid: "977ce60078664c9bb48ce3d2f8f461b3" member_type: VOTER last_known_addr { host: "127.27.33.196" port: 42953 } } peers { permanent_uuid: "13f48f5d3f064557a0e7ebc759ed1a09" member_type: VOTER last_known_addr { host: "127.27.33.193" port: 37845 } }
I20260601 13:34:58.344523 30697 catalog_manager.cc:5696] T 190ecc45cffd40ffbfb9c1358fd44e33 P 1862a5e4a7b04bff8f9e259b40b4c52b reported cstate change: term changed from 0 to 1, leader changed from <none> to 1862a5e4a7b04bff8f9e259b40b4c52b (127.27.33.195). New cstate: current_term: 1 leader_uuid: "1862a5e4a7b04bff8f9e259b40b4c52b" committed_config { opid_index: -1 OBSOLETE_local: false peers { permanent_uuid: "1862a5e4a7b04bff8f9e259b40b4c52b" member_type: VOTER last_known_addr { host: "127.27.33.195" port: 35135 } health_report { overall_health: HEALTHY } } peers { permanent_uuid: "977ce60078664c9bb48ce3d2f8f461b3" member_type: VOTER last_known_addr { host: "127.27.33.196" port: 42953 } health_report { overall_health: UNKNOWN } } peers { permanent_uuid: "13f48f5d3f064557a0e7ebc759ed1a09" member_type: VOTER last_known_addr { host: "127.27.33.193" port: 37845 } health_report { overall_health: UNKNOWN } } }
I20260601 13:34:58.345500 31033 raft_consensus.cc:493] T 8d3d29b1e5eb4bbc9705e683592d97e7 P 13f48f5d3f064557a0e7ebc759ed1a09 [term 0 FOLLOWER]: Starting pre-election (no leader contacted us within the election timeout)
I20260601 13:34:58.345633 31033 raft_consensus.cc:515] T 8d3d29b1e5eb4bbc9705e683592d97e7 P 13f48f5d3f064557a0e7ebc759ed1a09 [term 0 FOLLOWER]: Starting pre-election with config: opid_index: -1 OBSOLETE_local: false peers { permanent_uuid: "977ce60078664c9bb48ce3d2f8f461b3" member_type: VOTER last_known_addr { host: "127.27.33.196" port: 42953 } } peers { permanent_uuid: "13f48f5d3f064557a0e7ebc759ed1a09" member_type: VOTER last_known_addr { host: "127.27.33.193" port: 37845 } } peers { permanent_uuid: "70518cf2c00541aea47c6167697e117a" member_type: VOTER last_known_addr { host: "127.27.33.194" port: 43987 } }
I20260601 13:34:58.346127 31033 leader_election.cc:290] T 8d3d29b1e5eb4bbc9705e683592d97e7 P 13f48f5d3f064557a0e7ebc759ed1a09 [CANDIDATE]: Term 1 pre-election: Requested pre-vote from peers 977ce60078664c9bb48ce3d2f8f461b3 (127.27.33.196:42953), 70518cf2c00541aea47c6167697e117a (127.27.33.194:43987)
I20260601 13:34:58.346485 30878 tablet_service.cc:1917] Received RequestConsensusVote() RPC: tablet_id: "8d3d29b1e5eb4bbc9705e683592d97e7" candidate_uuid: "13f48f5d3f064557a0e7ebc759ed1a09" candidate_term: 1 candidate_status { last_received { term: 0 index: 0 } } ignore_live_leader: false dest_uuid: "70518cf2c00541aea47c6167697e117a" is_pre_election: true
I20260601 13:34:58.346596 30878 raft_consensus.cc:2468] T 8d3d29b1e5eb4bbc9705e683592d97e7 P 70518cf2c00541aea47c6167697e117a [term 0 FOLLOWER]: Leader pre-election vote request: Granting yes vote for candidate 13f48f5d3f064557a0e7ebc759ed1a09 in term 0.
I20260601 13:34:58.347177 30767 leader_election.cc:304] T 8d3d29b1e5eb4bbc9705e683592d97e7 P 13f48f5d3f064557a0e7ebc759ed1a09 [CANDIDATE]: Term 1 pre-election: Election decided. Result: candidate won. Election summary: received 2 responses out of 3 voters: 2 yes votes; 0 no votes. yes voters: 13f48f5d3f064557a0e7ebc759ed1a09, 70518cf2c00541aea47c6167697e117a; no voters: 
I20260601 13:34:58.347354 31033 raft_consensus.cc:2804] T 8d3d29b1e5eb4bbc9705e683592d97e7 P 13f48f5d3f064557a0e7ebc759ed1a09 [term 0 FOLLOWER]: Leader pre-election won for term 1
I20260601 13:34:58.347412 31033 raft_consensus.cc:493] T 8d3d29b1e5eb4bbc9705e683592d97e7 P 13f48f5d3f064557a0e7ebc759ed1a09 [term 0 FOLLOWER]: Starting leader election (no leader contacted us within the election timeout)
I20260601 13:34:58.347465 31033 raft_consensus.cc:3060] T 8d3d29b1e5eb4bbc9705e683592d97e7 P 13f48f5d3f064557a0e7ebc759ed1a09 [term 0 FOLLOWER]: Advancing to term 1
I20260601 13:34:58.348349 31033 raft_consensus.cc:515] T 8d3d29b1e5eb4bbc9705e683592d97e7 P 13f48f5d3f064557a0e7ebc759ed1a09 [term 1 FOLLOWER]: Starting leader election with config: opid_index: -1 OBSOLETE_local: false peers { permanent_uuid: "977ce60078664c9bb48ce3d2f8f461b3" member_type: VOTER last_known_addr { host: "127.27.33.196" port: 42953 } } peers { permanent_uuid: "13f48f5d3f064557a0e7ebc759ed1a09" member_type: VOTER last_known_addr { host: "127.27.33.193" port: 37845 } } peers { permanent_uuid: "70518cf2c00541aea47c6167697e117a" member_type: VOTER last_known_addr { host: "127.27.33.194" port: 43987 } }
I20260601 13:34:58.348811 31033 leader_election.cc:290] T 8d3d29b1e5eb4bbc9705e683592d97e7 P 13f48f5d3f064557a0e7ebc759ed1a09 [CANDIDATE]: Term 1 election: Requested vote from peers 977ce60078664c9bb48ce3d2f8f461b3 (127.27.33.196:42953), 70518cf2c00541aea47c6167697e117a (127.27.33.194:43987)
I20260601 13:34:58.349161 30878 tablet_service.cc:1917] Received RequestConsensusVote() RPC: tablet_id: "8d3d29b1e5eb4bbc9705e683592d97e7" candidate_uuid: "13f48f5d3f064557a0e7ebc759ed1a09" candidate_term: 1 candidate_status { last_received { term: 0 index: 0 } } ignore_live_leader: false dest_uuid: "70518cf2c00541aea47c6167697e117a"
I20260601 13:34:58.349278 30878 raft_consensus.cc:3060] T 8d3d29b1e5eb4bbc9705e683592d97e7 P 70518cf2c00541aea47c6167697e117a [term 0 FOLLOWER]: Advancing to term 1
I20260601 13:34:58.350060 31095 tablet_service.cc:1917] Received RequestConsensusVote() RPC: tablet_id: "8d3d29b1e5eb4bbc9705e683592d97e7" candidate_uuid: "13f48f5d3f064557a0e7ebc759ed1a09" candidate_term: 1 candidate_status { last_received { term: 0 index: 0 } } ignore_live_leader: false dest_uuid: "977ce60078664c9bb48ce3d2f8f461b3" is_pre_election: true
I20260601 13:34:58.350095 31094 tablet_service.cc:1917] Received RequestConsensusVote() RPC: tablet_id: "8d3d29b1e5eb4bbc9705e683592d97e7" candidate_uuid: "13f48f5d3f064557a0e7ebc759ed1a09" candidate_term: 1 candidate_status { last_received { term: 0 index: 0 } } ignore_live_leader: false dest_uuid: "977ce60078664c9bb48ce3d2f8f461b3"
I20260601 13:34:58.350188 31095 raft_consensus.cc:2468] T 8d3d29b1e5eb4bbc9705e683592d97e7 P 977ce60078664c9bb48ce3d2f8f461b3 [term 0 FOLLOWER]: Leader pre-election vote request: Granting yes vote for candidate 13f48f5d3f064557a0e7ebc759ed1a09 in term 0.
I20260601 13:34:58.350190 30878 raft_consensus.cc:2468] T 8d3d29b1e5eb4bbc9705e683592d97e7 P 70518cf2c00541aea47c6167697e117a [term 1 FOLLOWER]: Leader election vote request: Granting yes vote for candidate 13f48f5d3f064557a0e7ebc759ed1a09 in term 1.
I20260601 13:34:58.350427 30767 leader_election.cc:304] T 8d3d29b1e5eb4bbc9705e683592d97e7 P 13f48f5d3f064557a0e7ebc759ed1a09 [CANDIDATE]: Term 1 election: Election decided. Result: candidate won. Election summary: received 2 responses out of 3 voters: 2 yes votes; 0 no votes. yes voters: 13f48f5d3f064557a0e7ebc759ed1a09, 70518cf2c00541aea47c6167697e117a; no voters: 
I20260601 13:34:58.350677 31033 raft_consensus.cc:2804] T 8d3d29b1e5eb4bbc9705e683592d97e7 P 13f48f5d3f064557a0e7ebc759ed1a09 [term 1 FOLLOWER]: Leader election won for term 1
I20260601 13:34:58.350790 31033 raft_consensus.cc:697] T 8d3d29b1e5eb4bbc9705e683592d97e7 P 13f48f5d3f064557a0e7ebc759ed1a09 [term 1 LEADER]: Becoming Leader. State: Replica: 13f48f5d3f064557a0e7ebc759ed1a09, State: Running, Role: LEADER
I20260601 13:34:58.350931 31033 consensus_queue.cc:237] T 8d3d29b1e5eb4bbc9705e683592d97e7 P 13f48f5d3f064557a0e7ebc759ed1a09 [LEADER]: Queue going to LEADER mode. State: All replicated index: 0, Majority replicated index: 0, Committed index: 0, Last appended: 0.0, Last appended by leader: 0, Current term: 1, Majority size: 2, State: 0, Mode: LEADER, active raft config: opid_index: -1 OBSOLETE_local: false peers { permanent_uuid: "977ce60078664c9bb48ce3d2f8f461b3" member_type: VOTER last_known_addr { host: "127.27.33.196" port: 42953 } } peers { permanent_uuid: "13f48f5d3f064557a0e7ebc759ed1a09" member_type: VOTER last_known_addr { host: "127.27.33.193" port: 37845 } } peers { permanent_uuid: "70518cf2c00541aea47c6167697e117a" member_type: VOTER last_known_addr { host: "127.27.33.194" port: 43987 } }
I20260601 13:34:58.352695 30697 catalog_manager.cc:5696] T 8d3d29b1e5eb4bbc9705e683592d97e7 P 13f48f5d3f064557a0e7ebc759ed1a09 reported cstate change: term changed from 0 to 1, leader changed from <none> to 13f48f5d3f064557a0e7ebc759ed1a09 (127.27.33.193). New cstate: current_term: 1 leader_uuid: "13f48f5d3f064557a0e7ebc759ed1a09" committed_config { opid_index: -1 OBSOLETE_local: false peers { permanent_uuid: "977ce60078664c9bb48ce3d2f8f461b3" member_type: VOTER last_known_addr { host: "127.27.33.196" port: 42953 } health_report { overall_health: UNKNOWN } } peers { permanent_uuid: "13f48f5d3f064557a0e7ebc759ed1a09" member_type: VOTER last_known_addr { host: "127.27.33.193" port: 37845 } health_report { overall_health: HEALTHY } } peers { permanent_uuid: "70518cf2c00541aea47c6167697e117a" member_type: VOTER last_known_addr { host: "127.27.33.194" port: 43987 } health_report { overall_health: UNKNOWN } } }
I20260601 13:34:58.372313 31033 raft_consensus.cc:493] T e3fb1239336646f9b291dd96e857ba73 P 13f48f5d3f064557a0e7ebc759ed1a09 [term 0 FOLLOWER]: Starting pre-election (no leader contacted us within the election timeout)
I20260601 13:34:58.372490 31033 raft_consensus.cc:515] T e3fb1239336646f9b291dd96e857ba73 P 13f48f5d3f064557a0e7ebc759ed1a09 [term 0 FOLLOWER]: Starting pre-election with config: opid_index: -1 OBSOLETE_local: false peers { permanent_uuid: "13f48f5d3f064557a0e7ebc759ed1a09" member_type: VOTER last_known_addr { host: "127.27.33.193" port: 37845 } } peers { permanent_uuid: "70518cf2c00541aea47c6167697e117a" member_type: VOTER last_known_addr { host: "127.27.33.194" port: 43987 } } peers { permanent_uuid: "977ce60078664c9bb48ce3d2f8f461b3" member_type: VOTER last_known_addr { host: "127.27.33.196" port: 42953 } }
I20260601 13:34:58.373020 31033 leader_election.cc:290] T e3fb1239336646f9b291dd96e857ba73 P 13f48f5d3f064557a0e7ebc759ed1a09 [CANDIDATE]: Term 1 pre-election: Requested pre-vote from peers 70518cf2c00541aea47c6167697e117a (127.27.33.194:43987), 977ce60078664c9bb48ce3d2f8f461b3 (127.27.33.196:42953)
I20260601 13:34:58.373462 31095 tablet_service.cc:1917] Received RequestConsensusVote() RPC: tablet_id: "e3fb1239336646f9b291dd96e857ba73" candidate_uuid: "13f48f5d3f064557a0e7ebc759ed1a09" candidate_term: 1 candidate_status { last_received { term: 0 index: 0 } } ignore_live_leader: false dest_uuid: "977ce60078664c9bb48ce3d2f8f461b3" is_pre_election: true
I20260601 13:34:58.373462 30878 tablet_service.cc:1917] Received RequestConsensusVote() RPC: tablet_id: "e3fb1239336646f9b291dd96e857ba73" candidate_uuid: "13f48f5d3f064557a0e7ebc759ed1a09" candidate_term: 1 candidate_status { last_received { term: 0 index: 0 } } ignore_live_leader: false dest_uuid: "70518cf2c00541aea47c6167697e117a" is_pre_election: true
I20260601 13:34:58.373633 30878 raft_consensus.cc:2468] T e3fb1239336646f9b291dd96e857ba73 P 70518cf2c00541aea47c6167697e117a [term 0 FOLLOWER]: Leader pre-election vote request: Granting yes vote for candidate 13f48f5d3f064557a0e7ebc759ed1a09 in term 0.
I20260601 13:34:58.373633 31095 raft_consensus.cc:2468] T e3fb1239336646f9b291dd96e857ba73 P 977ce60078664c9bb48ce3d2f8f461b3 [term 0 FOLLOWER]: Leader pre-election vote request: Granting yes vote for candidate 13f48f5d3f064557a0e7ebc759ed1a09 in term 0.
I20260601 13:34:58.374089 30767 leader_election.cc:304] T e3fb1239336646f9b291dd96e857ba73 P 13f48f5d3f064557a0e7ebc759ed1a09 [CANDIDATE]: Term 1 pre-election: Election decided. Result: candidate won. Election summary: received 2 responses out of 3 voters: 2 yes votes; 0 no votes. yes voters: 13f48f5d3f064557a0e7ebc759ed1a09, 70518cf2c00541aea47c6167697e117a; no voters: 
I20260601 13:34:58.374298 31033 raft_consensus.cc:2804] T e3fb1239336646f9b291dd96e857ba73 P 13f48f5d3f064557a0e7ebc759ed1a09 [term 0 FOLLOWER]: Leader pre-election won for term 1
I20260601 13:34:58.374356 31033 raft_consensus.cc:493] T e3fb1239336646f9b291dd96e857ba73 P 13f48f5d3f064557a0e7ebc759ed1a09 [term 0 FOLLOWER]: Starting leader election (no leader contacted us within the election timeout)
I20260601 13:34:58.374416 31033 raft_consensus.cc:3060] T e3fb1239336646f9b291dd96e857ba73 P 13f48f5d3f064557a0e7ebc759ed1a09 [term 0 FOLLOWER]: Advancing to term 1
I20260601 13:34:58.375298 31033 raft_consensus.cc:515] T e3fb1239336646f9b291dd96e857ba73 P 13f48f5d3f064557a0e7ebc759ed1a09 [term 1 FOLLOWER]: Starting leader election with config: opid_index: -1 OBSOLETE_local: false peers { permanent_uuid: "13f48f5d3f064557a0e7ebc759ed1a09" member_type: VOTER last_known_addr { host: "127.27.33.193" port: 37845 } } peers { permanent_uuid: "70518cf2c00541aea47c6167697e117a" member_type: VOTER last_known_addr { host: "127.27.33.194" port: 43987 } } peers { permanent_uuid: "977ce60078664c9bb48ce3d2f8f461b3" member_type: VOTER last_known_addr { host: "127.27.33.196" port: 42953 } }
I20260601 13:34:58.375670 31033 leader_election.cc:290] T e3fb1239336646f9b291dd96e857ba73 P 13f48f5d3f064557a0e7ebc759ed1a09 [CANDIDATE]: Term 1 election: Requested vote from peers 70518cf2c00541aea47c6167697e117a (127.27.33.194:43987), 977ce60078664c9bb48ce3d2f8f461b3 (127.27.33.196:42953)
I20260601 13:34:58.376144 30878 tablet_service.cc:1917] Received RequestConsensusVote() RPC: tablet_id: "e3fb1239336646f9b291dd96e857ba73" candidate_uuid: "13f48f5d3f064557a0e7ebc759ed1a09" candidate_term: 1 candidate_status { last_received { term: 0 index: 0 } } ignore_live_leader: false dest_uuid: "70518cf2c00541aea47c6167697e117a"
I20260601 13:34:58.376150 31095 tablet_service.cc:1917] Received RequestConsensusVote() RPC: tablet_id: "e3fb1239336646f9b291dd96e857ba73" candidate_uuid: "13f48f5d3f064557a0e7ebc759ed1a09" candidate_term: 1 candidate_status { last_received { term: 0 index: 0 } } ignore_live_leader: false dest_uuid: "977ce60078664c9bb48ce3d2f8f461b3"
I20260601 13:34:58.376382 30878 raft_consensus.cc:3060] T e3fb1239336646f9b291dd96e857ba73 P 70518cf2c00541aea47c6167697e117a [term 0 FOLLOWER]: Advancing to term 1
I20260601 13:34:58.376467 31095 raft_consensus.cc:3060] T e3fb1239336646f9b291dd96e857ba73 P 977ce60078664c9bb48ce3d2f8f461b3 [term 0 FOLLOWER]: Advancing to term 1
I20260601 13:34:58.377206 30878 raft_consensus.cc:2468] T e3fb1239336646f9b291dd96e857ba73 P 70518cf2c00541aea47c6167697e117a [term 1 FOLLOWER]: Leader election vote request: Granting yes vote for candidate 13f48f5d3f064557a0e7ebc759ed1a09 in term 1.
I20260601 13:34:58.377382 31095 raft_consensus.cc:2468] T e3fb1239336646f9b291dd96e857ba73 P 977ce60078664c9bb48ce3d2f8f461b3 [term 1 FOLLOWER]: Leader election vote request: Granting yes vote for candidate 13f48f5d3f064557a0e7ebc759ed1a09 in term 1.
I20260601 13:34:58.377522 30767 leader_election.cc:304] T e3fb1239336646f9b291dd96e857ba73 P 13f48f5d3f064557a0e7ebc759ed1a09 [CANDIDATE]: Term 1 election: Election decided. Result: candidate won. Election summary: received 2 responses out of 3 voters: 2 yes votes; 0 no votes. yes voters: 13f48f5d3f064557a0e7ebc759ed1a09, 70518cf2c00541aea47c6167697e117a; no voters: 
I20260601 13:34:58.377696 31033 raft_consensus.cc:2804] T e3fb1239336646f9b291dd96e857ba73 P 13f48f5d3f064557a0e7ebc759ed1a09 [term 1 FOLLOWER]: Leader election won for term 1
I20260601 13:34:58.377786 31033 raft_consensus.cc:697] T e3fb1239336646f9b291dd96e857ba73 P 13f48f5d3f064557a0e7ebc759ed1a09 [term 1 LEADER]: Becoming Leader. State: Replica: 13f48f5d3f064557a0e7ebc759ed1a09, State: Running, Role: LEADER
I20260601 13:34:58.377925 31033 consensus_queue.cc:237] T e3fb1239336646f9b291dd96e857ba73 P 13f48f5d3f064557a0e7ebc759ed1a09 [LEADER]: Queue going to LEADER mode. State: All replicated index: 0, Majority replicated index: 0, Committed index: 0, Last appended: 0.0, Last appended by leader: 0, Current term: 1, Majority size: 2, State: 0, Mode: LEADER, active raft config: opid_index: -1 OBSOLETE_local: false peers { permanent_uuid: "13f48f5d3f064557a0e7ebc759ed1a09" member_type: VOTER last_known_addr { host: "127.27.33.193" port: 37845 } } peers { permanent_uuid: "70518cf2c00541aea47c6167697e117a" member_type: VOTER last_known_addr { host: "127.27.33.194" port: 43987 } } peers { permanent_uuid: "977ce60078664c9bb48ce3d2f8f461b3" member_type: VOTER last_known_addr { host: "127.27.33.196" port: 42953 } }
I20260601 13:34:58.379462 30697 catalog_manager.cc:5696] T e3fb1239336646f9b291dd96e857ba73 P 13f48f5d3f064557a0e7ebc759ed1a09 reported cstate change: term changed from 0 to 1, leader changed from <none> to 13f48f5d3f064557a0e7ebc759ed1a09 (127.27.33.193). New cstate: current_term: 1 leader_uuid: "13f48f5d3f064557a0e7ebc759ed1a09" committed_config { opid_index: -1 OBSOLETE_local: false peers { permanent_uuid: "13f48f5d3f064557a0e7ebc759ed1a09" member_type: VOTER last_known_addr { host: "127.27.33.193" port: 37845 } health_report { overall_health: HEALTHY } } peers { permanent_uuid: "70518cf2c00541aea47c6167697e117a" member_type: VOTER last_known_addr { host: "127.27.33.194" port: 43987 } health_report { overall_health: UNKNOWN } } peers { permanent_uuid: "977ce60078664c9bb48ce3d2f8f461b3" member_type: VOTER last_known_addr { host: "127.27.33.196" port: 42953 } health_report { overall_health: UNKNOWN } } }
I20260601 13:34:58.418125 31033 consensus_queue.cc:1048] T 31ce3853c5ef446da068a4ba9695ffe4 P 13f48f5d3f064557a0e7ebc759ed1a09 [LEADER]: Connected to new peer: Peer: permanent_uuid: "1862a5e4a7b04bff8f9e259b40b4c52b" member_type: VOTER last_known_addr { host: "127.27.33.195" port: 35135 }, Status: LMP_MISMATCH, Last received: 0.0, Next index: 1, Last known committed idx: 0, Time since last communication: 0.000s
I20260601 13:34:58.419611 31042 consensus_queue.cc:1048] T fb550d89767547ada92ca67044d3301d P 70518cf2c00541aea47c6167697e117a [LEADER]: Connected to new peer: Peer: permanent_uuid: "1862a5e4a7b04bff8f9e259b40b4c52b" member_type: VOTER last_known_addr { host: "127.27.33.195" port: 35135 }, Status: LMP_MISMATCH, Last received: 0.0, Next index: 1, Last known committed idx: 0, Time since last communication: 0.000s
I20260601 13:34:58.421663 31033 consensus_queue.cc:1048] T 31ce3853c5ef446da068a4ba9695ffe4 P 13f48f5d3f064557a0e7ebc759ed1a09 [LEADER]: Connected to new peer: Peer: permanent_uuid: "70518cf2c00541aea47c6167697e117a" member_type: VOTER last_known_addr { host: "127.27.33.194" port: 43987 }, Status: LMP_MISMATCH, Last received: 0.0, Next index: 1, Last known committed idx: 0, Time since last communication: 0.000s
I20260601 13:34:58.423241 31045 consensus_queue.cc:1048] T fb550d89767547ada92ca67044d3301d P 70518cf2c00541aea47c6167697e117a [LEADER]: Connected to new peer: Peer: permanent_uuid: "13f48f5d3f064557a0e7ebc759ed1a09" member_type: VOTER last_known_addr { host: "127.27.33.193" port: 37845 }, Status: LMP_MISMATCH, Last received: 0.0, Next index: 1, Last known committed idx: 0, Time since last communication: 0.000s
I20260601 13:34:58.446415 31042 consensus_queue.cc:1048] T 15a97592dccb4a70bf8e3236d9478863 P 70518cf2c00541aea47c6167697e117a [LEADER]: Connected to new peer: Peer: permanent_uuid: "13f48f5d3f064557a0e7ebc759ed1a09" member_type: VOTER last_known_addr { host: "127.27.33.193" port: 37845 }, Status: LMP_MISMATCH, Last received: 0.0, Next index: 1, Last known committed idx: 0, Time since last communication: 0.000s
I20260601 13:34:58.449862 31045 consensus_queue.cc:1048] T 15a97592dccb4a70bf8e3236d9478863 P 70518cf2c00541aea47c6167697e117a [LEADER]: Connected to new peer: Peer: permanent_uuid: "1862a5e4a7b04bff8f9e259b40b4c52b" member_type: VOTER last_known_addr { host: "127.27.33.195" port: 35135 }, Status: LMP_MISMATCH, Last received: 0.0, Next index: 1, Last known committed idx: 0, Time since last communication: 0.000s
I20260601 13:34:58.464079 31033 raft_consensus.cc:493] T eb7d8ace63eb44f88396cbd16a043181 P 13f48f5d3f064557a0e7ebc759ed1a09 [term 0 FOLLOWER]: Starting pre-election (no leader contacted us within the election timeout)
I20260601 13:34:58.464236 31033 raft_consensus.cc:515] T eb7d8ace63eb44f88396cbd16a043181 P 13f48f5d3f064557a0e7ebc759ed1a09 [term 0 FOLLOWER]: Starting pre-election with config: opid_index: -1 OBSOLETE_local: false peers { permanent_uuid: "977ce60078664c9bb48ce3d2f8f461b3" member_type: VOTER last_known_addr { host: "127.27.33.196" port: 42953 } } peers { permanent_uuid: "1862a5e4a7b04bff8f9e259b40b4c52b" member_type: VOTER last_known_addr { host: "127.27.33.195" port: 35135 } } peers { permanent_uuid: "13f48f5d3f064557a0e7ebc759ed1a09" member_type: VOTER last_known_addr { host: "127.27.33.193" port: 37845 } }
I20260601 13:34:58.464747 31033 leader_election.cc:290] T eb7d8ace63eb44f88396cbd16a043181 P 13f48f5d3f064557a0e7ebc759ed1a09 [CANDIDATE]: Term 1 pre-election: Requested pre-vote from peers 977ce60078664c9bb48ce3d2f8f461b3 (127.27.33.196:42953), 1862a5e4a7b04bff8f9e259b40b4c52b (127.27.33.195:35135)
I20260601 13:34:58.465221 31095 tablet_service.cc:1917] Received RequestConsensusVote() RPC: tablet_id: "eb7d8ace63eb44f88396cbd16a043181" candidate_uuid: "13f48f5d3f064557a0e7ebc759ed1a09" candidate_term: 1 candidate_status { last_received { term: 0 index: 0 } } ignore_live_leader: false dest_uuid: "977ce60078664c9bb48ce3d2f8f461b3" is_pre_election: true
I20260601 13:34:58.465221 30954 tablet_service.cc:1917] Received RequestConsensusVote() RPC: tablet_id: "eb7d8ace63eb44f88396cbd16a043181" candidate_uuid: "13f48f5d3f064557a0e7ebc759ed1a09" candidate_term: 1 candidate_status { last_received { term: 0 index: 0 } } ignore_live_leader: false dest_uuid: "1862a5e4a7b04bff8f9e259b40b4c52b" is_pre_election: true
I20260601 13:34:58.465394 31095 raft_consensus.cc:2468] T eb7d8ace63eb44f88396cbd16a043181 P 977ce60078664c9bb48ce3d2f8f461b3 [term 0 FOLLOWER]: Leader pre-election vote request: Granting yes vote for candidate 13f48f5d3f064557a0e7ebc759ed1a09 in term 0.
I20260601 13:34:58.465394 30954 raft_consensus.cc:2468] T eb7d8ace63eb44f88396cbd16a043181 P 1862a5e4a7b04bff8f9e259b40b4c52b [term 0 FOLLOWER]: Leader pre-election vote request: Granting yes vote for candidate 13f48f5d3f064557a0e7ebc759ed1a09 in term 0.
I20260601 13:34:58.465761 30766 leader_election.cc:304] T eb7d8ace63eb44f88396cbd16a043181 P 13f48f5d3f064557a0e7ebc759ed1a09 [CANDIDATE]: Term 1 pre-election: Election decided. Result: candidate won. Election summary: received 2 responses out of 3 voters: 2 yes votes; 0 no votes. yes voters: 13f48f5d3f064557a0e7ebc759ed1a09, 977ce60078664c9bb48ce3d2f8f461b3; no voters: 
I20260601 13:34:58.465963 31033 raft_consensus.cc:2804] T eb7d8ace63eb44f88396cbd16a043181 P 13f48f5d3f064557a0e7ebc759ed1a09 [term 0 FOLLOWER]: Leader pre-election won for term 1
I20260601 13:34:58.466068 31033 raft_consensus.cc:493] T eb7d8ace63eb44f88396cbd16a043181 P 13f48f5d3f064557a0e7ebc759ed1a09 [term 0 FOLLOWER]: Starting leader election (no leader contacted us within the election timeout)
I20260601 13:34:58.466125 31033 raft_consensus.cc:3060] T eb7d8ace63eb44f88396cbd16a043181 P 13f48f5d3f064557a0e7ebc759ed1a09 [term 0 FOLLOWER]: Advancing to term 1
I20260601 13:34:58.466986 31033 raft_consensus.cc:515] T eb7d8ace63eb44f88396cbd16a043181 P 13f48f5d3f064557a0e7ebc759ed1a09 [term 1 FOLLOWER]: Starting leader election with config: opid_index: -1 OBSOLETE_local: false peers { permanent_uuid: "977ce60078664c9bb48ce3d2f8f461b3" member_type: VOTER last_known_addr { host: "127.27.33.196" port: 42953 } } peers { permanent_uuid: "1862a5e4a7b04bff8f9e259b40b4c52b" member_type: VOTER last_known_addr { host: "127.27.33.195" port: 35135 } } peers { permanent_uuid: "13f48f5d3f064557a0e7ebc759ed1a09" member_type: VOTER last_known_addr { host: "127.27.33.193" port: 37845 } }
I20260601 13:34:58.467350 31033 leader_election.cc:290] T eb7d8ace63eb44f88396cbd16a043181 P 13f48f5d3f064557a0e7ebc759ed1a09 [CANDIDATE]: Term 1 election: Requested vote from peers 977ce60078664c9bb48ce3d2f8f461b3 (127.27.33.196:42953), 1862a5e4a7b04bff8f9e259b40b4c52b (127.27.33.195:35135)
I20260601 13:34:58.467761 30954 tablet_service.cc:1917] Received RequestConsensusVote() RPC: tablet_id: "eb7d8ace63eb44f88396cbd16a043181" candidate_uuid: "13f48f5d3f064557a0e7ebc759ed1a09" candidate_term: 1 candidate_status { last_received { term: 0 index: 0 } } ignore_live_leader: false dest_uuid: "1862a5e4a7b04bff8f9e259b40b4c52b"
I20260601 13:34:58.467761 31095 tablet_service.cc:1917] Received RequestConsensusVote() RPC: tablet_id: "eb7d8ace63eb44f88396cbd16a043181" candidate_uuid: "13f48f5d3f064557a0e7ebc759ed1a09" candidate_term: 1 candidate_status { last_received { term: 0 index: 0 } } ignore_live_leader: false dest_uuid: "977ce60078664c9bb48ce3d2f8f461b3"
I20260601 13:34:58.467916 31095 raft_consensus.cc:3060] T eb7d8ace63eb44f88396cbd16a043181 P 977ce60078664c9bb48ce3d2f8f461b3 [term 0 FOLLOWER]: Advancing to term 1
I20260601 13:34:58.467916 30954 raft_consensus.cc:3060] T eb7d8ace63eb44f88396cbd16a043181 P 1862a5e4a7b04bff8f9e259b40b4c52b [term 0 FOLLOWER]: Advancing to term 1
