I20260601 13:34:56.145219 17969 consensus_queue.cc:237] T e80e291f95a04a1dbb31c2484b358fa9 P a163648f1a334750a421475ddb7f133f [LEADER]: Queue going to LEADER mode. State: All replicated index: 0, Majority replicated index: 1, Committed index: 1, Last appended: 1.1, Last appended by leader: 0, Current term: 1, Majority size: 2, State: 0, Mode: LEADER, active raft config: opid_index: 2 OBSOLETE_local: false peers { permanent_uuid: "a163648f1a334750a421475ddb7f133f" member_type: VOTER last_known_addr { host: "127.14.145.66" port: 40437 } } peers { permanent_uuid: "fe23d3aa198d4f28bee3ddfb10cf9d1a" member_type: VOTER last_known_addr { host: "127.14.145.65" port: 35461 } } peers { permanent_uuid: "e012096c6fac45d2b2bf6961358cb6e5" member_type: VOTER last_known_addr { host: "127.14.145.67" port: 39509 } attrs { replace: true } } peers { permanent_uuid: "ba5e2342add4447290a49e52f9744f4c" member_type: NON_VOTER last_known_addr { host: "127.14.145.68" port: 37157 } attrs { promote: true } }
I20260601 13:34:56.146909 17898 raft_consensus.cc:1275] T e80e291f95a04a1dbb31c2484b358fa9 P fe23d3aa198d4f28bee3ddfb10cf9d1a [term 1 FOLLOWER]: Refusing update from remote peer a163648f1a334750a421475ddb7f133f: Log matching property violated. Preceding OpId in replica: term: 1 index: 1. Preceding OpId from leader: term: 1 index: 2. (index mismatch)
W20260601 13:34:56.147043 17941 consensus_peers.cc:597] T e80e291f95a04a1dbb31c2484b358fa9 P a163648f1a334750a421475ddb7f133f -> Peer ba5e2342add4447290a49e52f9744f4c (127.14.145.68:37157): Couldn't send request to peer ba5e2342add4447290a49e52f9744f4c. Error code: TABLET_NOT_FOUND (6). Status: Not found: Tablet not found: e80e291f95a04a1dbb31c2484b358fa9. This is attempt 1: this message will repeat every 5th retry.
I20260601 13:34:56.146929 18049 raft_consensus.cc:1275] T e80e291f95a04a1dbb31c2484b358fa9 P e012096c6fac45d2b2bf6961358cb6e5 [term 1 FOLLOWER]: Refusing update from remote peer a163648f1a334750a421475ddb7f133f: Log matching property violated. Preceding OpId in replica: term: 1 index: 1. Preceding OpId from leader: term: 1 index: 2. (index mismatch)
I20260601 13:34:56.147284 18295 consensus_queue.cc:1048] T e80e291f95a04a1dbb31c2484b358fa9 P a163648f1a334750a421475ddb7f133f [LEADER]: Connected to new peer: Peer: permanent_uuid: "fe23d3aa198d4f28bee3ddfb10cf9d1a" member_type: VOTER last_known_addr { host: "127.14.145.65" port: 35461 }, Status: LMP_MISMATCH, Last received: 0.0, Next index: 2, Last known committed idx: 1, Time since last communication: 0.000s
I20260601 13:34:56.147521 18102 consensus_queue.cc:1048] T e80e291f95a04a1dbb31c2484b358fa9 P a163648f1a334750a421475ddb7f133f [LEADER]: Connected to new peer: Peer: permanent_uuid: "e012096c6fac45d2b2bf6961358cb6e5" member_type: VOTER last_known_addr { host: "127.14.145.67" port: 39509 } attrs { replace: true }, Status: LMP_MISMATCH, Last received: 0.0, Next index: 2, Last known committed idx: 1, Time since last communication: 0.000s
I20260601 13:34:56.149523 18136 raft_consensus.cc:2955] T e80e291f95a04a1dbb31c2484b358fa9 P a163648f1a334750a421475ddb7f133f [term 1 LEADER]: Committing config change with OpId 1.2: config changed from index -1 to 2, NON_VOTER ba5e2342add4447290a49e52f9744f4c (127.14.145.68) added. New config: { opid_index: 2 OBSOLETE_local: false peers { permanent_uuid: "a163648f1a334750a421475ddb7f133f" member_type: VOTER last_known_addr { host: "127.14.145.66" port: 40437 } } peers { permanent_uuid: "fe23d3aa198d4f28bee3ddfb10cf9d1a" member_type: VOTER last_known_addr { host: "127.14.145.65" port: 35461 } } peers { permanent_uuid: "e012096c6fac45d2b2bf6961358cb6e5" member_type: VOTER last_known_addr { host: "127.14.145.67" port: 39509 } attrs { replace: true } } peers { permanent_uuid: "ba5e2342add4447290a49e52f9744f4c" member_type: NON_VOTER last_known_addr { host: "127.14.145.68" port: 37157 } attrs { promote: true } } }
I20260601 13:34:56.149998 17898 raft_consensus.cc:2955] T e80e291f95a04a1dbb31c2484b358fa9 P fe23d3aa198d4f28bee3ddfb10cf9d1a [term 1 FOLLOWER]: Committing config change with OpId 1.2: config changed from index -1 to 2, NON_VOTER ba5e2342add4447290a49e52f9744f4c (127.14.145.68) added. New config: { opid_index: 2 OBSOLETE_local: false peers { permanent_uuid: "a163648f1a334750a421475ddb7f133f" member_type: VOTER last_known_addr { host: "127.14.145.66" port: 40437 } } peers { permanent_uuid: "fe23d3aa198d4f28bee3ddfb10cf9d1a" member_type: VOTER last_known_addr { host: "127.14.145.65" port: 35461 } } peers { permanent_uuid: "e012096c6fac45d2b2bf6961358cb6e5" member_type: VOTER last_known_addr { host: "127.14.145.67" port: 39509 } attrs { replace: true } } peers { permanent_uuid: "ba5e2342add4447290a49e52f9744f4c" member_type: NON_VOTER last_known_addr { host: "127.14.145.68" port: 37157 } attrs { promote: true } } }
I20260601 13:34:56.150007 18049 raft_consensus.cc:2955] T e80e291f95a04a1dbb31c2484b358fa9 P e012096c6fac45d2b2bf6961358cb6e5 [term 1 FOLLOWER]: Committing config change with OpId 1.2: config changed from index -1 to 2, NON_VOTER ba5e2342add4447290a49e52f9744f4c (127.14.145.68) added. New config: { opid_index: 2 OBSOLETE_local: false peers { permanent_uuid: "a163648f1a334750a421475ddb7f133f" member_type: VOTER last_known_addr { host: "127.14.145.66" port: 40437 } } peers { permanent_uuid: "fe23d3aa198d4f28bee3ddfb10cf9d1a" member_type: VOTER last_known_addr { host: "127.14.145.65" port: 35461 } } peers { permanent_uuid: "e012096c6fac45d2b2bf6961358cb6e5" member_type: VOTER last_known_addr { host: "127.14.145.67" port: 39509 } attrs { replace: true } } peers { permanent_uuid: "ba5e2342add4447290a49e52f9744f4c" member_type: NON_VOTER last_known_addr { host: "127.14.145.68" port: 37157 } attrs { promote: true } } }
I20260601 13:34:56.152555 17793 catalog_manager.cc:5696] T e80e291f95a04a1dbb31c2484b358fa9 P a163648f1a334750a421475ddb7f133f reported cstate change: config changed from index -1 to 2, NON_VOTER ba5e2342add4447290a49e52f9744f4c (127.14.145.68) added. New cstate: current_term: 1 leader_uuid: "a163648f1a334750a421475ddb7f133f" committed_config { opid_index: 2 OBSOLETE_local: false peers { permanent_uuid: "a163648f1a334750a421475ddb7f133f" member_type: VOTER last_known_addr { host: "127.14.145.66" port: 40437 } health_report { overall_health: HEALTHY } } peers { permanent_uuid: "fe23d3aa198d4f28bee3ddfb10cf9d1a" member_type: VOTER last_known_addr { host: "127.14.145.65" port: 35461 } health_report { overall_health: HEALTHY } } peers { permanent_uuid: "e012096c6fac45d2b2bf6961358cb6e5" member_type: VOTER last_known_addr { host: "127.14.145.67" port: 39509 } attrs { replace: true } health_report { overall_health: HEALTHY } } peers { permanent_uuid: "ba5e2342add4447290a49e52f9744f4c" member_type: NON_VOTER last_known_addr { host: "127.14.145.68" port: 37157 } attrs { promote: true } health_report { overall_health: UNKNOWN } } }
I20260601 13:34:56.152662 18049 consensus_queue.cc:237] T a6ee7b4284fa4b1780ce7a6b9faff57d P e012096c6fac45d2b2bf6961358cb6e5 [LEADER]: Queue going to LEADER mode. State: All replicated index: 0, Majority replicated index: 1, Committed index: 1, Last appended: 1.1, Last appended by leader: 0, Current term: 1, Majority size: 2, State: 0, Mode: LEADER, active raft config: opid_index: 2 OBSOLETE_local: false peers { permanent_uuid: "fe23d3aa198d4f28bee3ddfb10cf9d1a" member_type: VOTER last_known_addr { host: "127.14.145.65" port: 35461 } } peers { permanent_uuid: "a163648f1a334750a421475ddb7f133f" member_type: VOTER last_known_addr { host: "127.14.145.66" port: 40437 } attrs { replace: true } } peers { permanent_uuid: "e012096c6fac45d2b2bf6961358cb6e5" member_type: VOTER last_known_addr { host: "127.14.145.67" port: 39509 } } peers { permanent_uuid: "ba5e2342add4447290a49e52f9744f4c" member_type: NON_VOTER last_known_addr { host: "127.14.145.68" port: 37157 } attrs { promote: true } }
I20260601 13:34:56.154127 17898 raft_consensus.cc:1275] T a6ee7b4284fa4b1780ce7a6b9faff57d P fe23d3aa198d4f28bee3ddfb10cf9d1a [term 1 FOLLOWER]: Refusing update from remote peer e012096c6fac45d2b2bf6961358cb6e5: Log matching property violated. Preceding OpId in replica: term: 1 index: 1. Preceding OpId from leader: term: 1 index: 2. (index mismatch)
W20260601 13:34:56.154191 18016 consensus_peers.cc:597] T a6ee7b4284fa4b1780ce7a6b9faff57d P e012096c6fac45d2b2bf6961358cb6e5 -> Peer ba5e2342add4447290a49e52f9744f4c (127.14.145.68:37157): Couldn't send request to peer ba5e2342add4447290a49e52f9744f4c. Error code: TABLET_NOT_FOUND (6). Status: Not found: Tablet not found: a6ee7b4284fa4b1780ce7a6b9faff57d. This is attempt 1: this message will repeat every 5th retry.
I20260601 13:34:56.154467 18111 consensus_queue.cc:1048] T a6ee7b4284fa4b1780ce7a6b9faff57d P e012096c6fac45d2b2bf6961358cb6e5 [LEADER]: Connected to new peer: Peer: permanent_uuid: "fe23d3aa198d4f28bee3ddfb10cf9d1a" member_type: VOTER last_known_addr { host: "127.14.145.65" port: 35461 }, Status: LMP_MISMATCH, Last received: 0.0, Next index: 2, Last known committed idx: 1, Time since last communication: 0.000s
I20260601 13:34:56.154536 17969 raft_consensus.cc:1275] T a6ee7b4284fa4b1780ce7a6b9faff57d P a163648f1a334750a421475ddb7f133f [term 1 FOLLOWER]: Refusing update from remote peer e012096c6fac45d2b2bf6961358cb6e5: Log matching property violated. Preceding OpId in replica: term: 1 index: 1. Preceding OpId from leader: term: 1 index: 2. (index mismatch)
I20260601 13:34:56.154886 18111 consensus_queue.cc:1048] T a6ee7b4284fa4b1780ce7a6b9faff57d P e012096c6fac45d2b2bf6961358cb6e5 [LEADER]: Connected to new peer: Peer: permanent_uuid: "a163648f1a334750a421475ddb7f133f" member_type: VOTER last_known_addr { host: "127.14.145.66" port: 40437 } attrs { replace: true }, Status: LMP_MISMATCH, Last received: 0.0, Next index: 2, Last known committed idx: 1, Time since last communication: 0.000s
I20260601 13:34:56.156800 18111 raft_consensus.cc:2955] T a6ee7b4284fa4b1780ce7a6b9faff57d P e012096c6fac45d2b2bf6961358cb6e5 [term 1 LEADER]: Committing config change with OpId 1.2: config changed from index -1 to 2, NON_VOTER ba5e2342add4447290a49e52f9744f4c (127.14.145.68) added. New config: { opid_index: 2 OBSOLETE_local: false peers { permanent_uuid: "fe23d3aa198d4f28bee3ddfb10cf9d1a" member_type: VOTER last_known_addr { host: "127.14.145.65" port: 35461 } } peers { permanent_uuid: "a163648f1a334750a421475ddb7f133f" member_type: VOTER last_known_addr { host: "127.14.145.66" port: 40437 } attrs { replace: true } } peers { permanent_uuid: "e012096c6fac45d2b2bf6961358cb6e5" member_type: VOTER last_known_addr { host: "127.14.145.67" port: 39509 } } peers { permanent_uuid: "ba5e2342add4447290a49e52f9744f4c" member_type: NON_VOTER last_known_addr { host: "127.14.145.68" port: 37157 } attrs { promote: true } } }
I20260601 13:34:56.158165 17969 raft_consensus.cc:2955] T a6ee7b4284fa4b1780ce7a6b9faff57d P a163648f1a334750a421475ddb7f133f [term 1 FOLLOWER]: Committing config change with OpId 1.2: config changed from index -1 to 2, NON_VOTER ba5e2342add4447290a49e52f9744f4c (127.14.145.68) added. New config: { opid_index: 2 OBSOLETE_local: false peers { permanent_uuid: "fe23d3aa198d4f28bee3ddfb10cf9d1a" member_type: VOTER last_known_addr { host: "127.14.145.65" port: 35461 } } peers { permanent_uuid: "a163648f1a334750a421475ddb7f133f" member_type: VOTER last_known_addr { host: "127.14.145.66" port: 40437 } attrs { replace: true } } peers { permanent_uuid: "e012096c6fac45d2b2bf6961358cb6e5" member_type: VOTER last_known_addr { host: "127.14.145.67" port: 39509 } } peers { permanent_uuid: "ba5e2342add4447290a49e52f9744f4c" member_type: NON_VOTER last_known_addr { host: "127.14.145.68" port: 37157 } attrs { promote: true } } }
I20260601 13:34:56.159307 17898 raft_consensus.cc:2955] T a6ee7b4284fa4b1780ce7a6b9faff57d P fe23d3aa198d4f28bee3ddfb10cf9d1a [term 1 FOLLOWER]: Committing config change with OpId 1.2: config changed from index -1 to 2, NON_VOTER ba5e2342add4447290a49e52f9744f4c (127.14.145.68) added. New config: { opid_index: 2 OBSOLETE_local: false peers { permanent_uuid: "fe23d3aa198d4f28bee3ddfb10cf9d1a" member_type: VOTER last_known_addr { host: "127.14.145.65" port: 35461 } } peers { permanent_uuid: "a163648f1a334750a421475ddb7f133f" member_type: VOTER last_known_addr { host: "127.14.145.66" port: 40437 } attrs { replace: true } } peers { permanent_uuid: "e012096c6fac45d2b2bf6961358cb6e5" member_type: VOTER last_known_addr { host: "127.14.145.67" port: 39509 } } peers { permanent_uuid: "ba5e2342add4447290a49e52f9744f4c" member_type: NON_VOTER last_known_addr { host: "127.14.145.68" port: 37157 } attrs { promote: true } } }
I20260601 13:34:56.159479 17794 catalog_manager.cc:5696] T a6ee7b4284fa4b1780ce7a6b9faff57d P e012096c6fac45d2b2bf6961358cb6e5 reported cstate change: config changed from index -1 to 2, NON_VOTER ba5e2342add4447290a49e52f9744f4c (127.14.145.68) added. New cstate: current_term: 1 leader_uuid: "e012096c6fac45d2b2bf6961358cb6e5" committed_config { opid_index: 2 OBSOLETE_local: false peers { permanent_uuid: "fe23d3aa198d4f28bee3ddfb10cf9d1a" member_type: VOTER last_known_addr { host: "127.14.145.65" port: 35461 } health_report { overall_health: HEALTHY } } peers { permanent_uuid: "a163648f1a334750a421475ddb7f133f" member_type: VOTER last_known_addr { host: "127.14.145.66" port: 40437 } attrs { replace: true } health_report { overall_health: HEALTHY } } peers { permanent_uuid: "e012096c6fac45d2b2bf6961358cb6e5" member_type: VOTER last_known_addr { host: "127.14.145.67" port: 39509 } health_report { overall_health: HEALTHY } } peers { permanent_uuid: "ba5e2342add4447290a49e52f9744f4c" member_type: NON_VOTER last_known_addr { host: "127.14.145.68" port: 37157 } attrs { promote: true } health_report { overall_health: UNKNOWN } } }
I20260601 13:34:56.159603 18049 consensus_queue.cc:237] T 31eb224585764536a909e5c750fb9d27 P e012096c6fac45d2b2bf6961358cb6e5 [LEADER]: Queue going to LEADER mode. State: All replicated index: 0, Majority replicated index: 1, Committed index: 1, Last appended: 1.1, Last appended by leader: 0, Current term: 1, Majority size: 2, State: 0, Mode: LEADER, active raft config: opid_index: 2 OBSOLETE_local: false peers { permanent_uuid: "a163648f1a334750a421475ddb7f133f" member_type: VOTER last_known_addr { host: "127.14.145.66" port: 40437 } } peers { permanent_uuid: "fe23d3aa198d4f28bee3ddfb10cf9d1a" member_type: VOTER last_known_addr { host: "127.14.145.65" port: 35461 } attrs { replace: true } } peers { permanent_uuid: "e012096c6fac45d2b2bf6961358cb6e5" member_type: VOTER last_known_addr { host: "127.14.145.67" port: 39509 } } peers { permanent_uuid: "ba5e2342add4447290a49e52f9744f4c" member_type: NON_VOTER last_known_addr { host: "127.14.145.68" port: 37157 } attrs { promote: true } }
I20260601 13:34:56.161948 17969 raft_consensus.cc:1275] T 31eb224585764536a909e5c750fb9d27 P a163648f1a334750a421475ddb7f133f [term 1 FOLLOWER]: Refusing update from remote peer e012096c6fac45d2b2bf6961358cb6e5: Log matching property violated. Preceding OpId in replica: term: 1 index: 1. Preceding OpId from leader: term: 1 index: 2. (index mismatch)
W20260601 13:34:56.161978 18016 consensus_peers.cc:597] T 31eb224585764536a909e5c750fb9d27 P e012096c6fac45d2b2bf6961358cb6e5 -> Peer ba5e2342add4447290a49e52f9744f4c (127.14.145.68:37157): Couldn't send request to peer ba5e2342add4447290a49e52f9744f4c. Error code: TABLET_NOT_FOUND (6). Status: Not found: Tablet not found: 31eb224585764536a909e5c750fb9d27. This is attempt 1: this message will repeat every 5th retry.
I20260601 13:34:56.162118 17898 raft_consensus.cc:1275] T 31eb224585764536a909e5c750fb9d27 P fe23d3aa198d4f28bee3ddfb10cf9d1a [term 1 FOLLOWER]: Refusing update from remote peer e012096c6fac45d2b2bf6961358cb6e5: Log matching property violated. Preceding OpId in replica: term: 1 index: 1. Preceding OpId from leader: term: 1 index: 2. (index mismatch)
I20260601 13:34:56.162320 18129 consensus_queue.cc:1048] T 31eb224585764536a909e5c750fb9d27 P e012096c6fac45d2b2bf6961358cb6e5 [LEADER]: Connected to new peer: Peer: permanent_uuid: "a163648f1a334750a421475ddb7f133f" member_type: VOTER last_known_addr { host: "127.14.145.66" port: 40437 }, Status: LMP_MISMATCH, Last received: 0.0, Next index: 2, Last known committed idx: 1, Time since last communication: 0.000s
I20260601 13:34:56.162653 18129 consensus_queue.cc:1048] T 31eb224585764536a909e5c750fb9d27 P e012096c6fac45d2b2bf6961358cb6e5 [LEADER]: Connected to new peer: Peer: permanent_uuid: "fe23d3aa198d4f28bee3ddfb10cf9d1a" member_type: VOTER last_known_addr { host: "127.14.145.65" port: 35461 } attrs { replace: true }, Status: LMP_MISMATCH, Last received: 0.0, Next index: 2, Last known committed idx: 1, Time since last communication: 0.000s
I20260601 13:34:56.164312 18129 raft_consensus.cc:2955] T 31eb224585764536a909e5c750fb9d27 P e012096c6fac45d2b2bf6961358cb6e5 [term 1 LEADER]: Committing config change with OpId 1.2: config changed from index -1 to 2, NON_VOTER ba5e2342add4447290a49e52f9744f4c (127.14.145.68) added. New config: { opid_index: 2 OBSOLETE_local: false peers { permanent_uuid: "a163648f1a334750a421475ddb7f133f" member_type: VOTER last_known_addr { host: "127.14.145.66" port: 40437 } } peers { permanent_uuid: "fe23d3aa198d4f28bee3ddfb10cf9d1a" member_type: VOTER last_known_addr { host: "127.14.145.65" port: 35461 } attrs { replace: true } } peers { permanent_uuid: "e012096c6fac45d2b2bf6961358cb6e5" member_type: VOTER last_known_addr { host: "127.14.145.67" port: 39509 } } peers { permanent_uuid: "ba5e2342add4447290a49e52f9744f4c" member_type: NON_VOTER last_known_addr { host: "127.14.145.68" port: 37157 } attrs { promote: true } } }
I20260601 13:34:56.164762 17898 raft_consensus.cc:2955] T 31eb224585764536a909e5c750fb9d27 P fe23d3aa198d4f28bee3ddfb10cf9d1a [term 1 FOLLOWER]: Committing config change with OpId 1.2: config changed from index -1 to 2, NON_VOTER ba5e2342add4447290a49e52f9744f4c (127.14.145.68) added. New config: { opid_index: 2 OBSOLETE_local: false peers { permanent_uuid: "a163648f1a334750a421475ddb7f133f" member_type: VOTER last_known_addr { host: "127.14.145.66" port: 40437 } } peers { permanent_uuid: "fe23d3aa198d4f28bee3ddfb10cf9d1a" member_type: VOTER last_known_addr { host: "127.14.145.65" port: 35461 } attrs { replace: true } } peers { permanent_uuid: "e012096c6fac45d2b2bf6961358cb6e5" member_type: VOTER last_known_addr { host: "127.14.145.67" port: 39509 } } peers { permanent_uuid: "ba5e2342add4447290a49e52f9744f4c" member_type: NON_VOTER last_known_addr { host: "127.14.145.68" port: 37157 } attrs { promote: true } } }
I20260601 13:34:56.164919 17969 raft_consensus.cc:2955] T 31eb224585764536a909e5c750fb9d27 P a163648f1a334750a421475ddb7f133f [term 1 FOLLOWER]: Committing config change with OpId 1.2: config changed from index -1 to 2, NON_VOTER ba5e2342add4447290a49e52f9744f4c (127.14.145.68) added. New config: { opid_index: 2 OBSOLETE_local: false peers { permanent_uuid: "a163648f1a334750a421475ddb7f133f" member_type: VOTER last_known_addr { host: "127.14.145.66" port: 40437 } } peers { permanent_uuid: "fe23d3aa198d4f28bee3ddfb10cf9d1a" member_type: VOTER last_known_addr { host: "127.14.145.65" port: 35461 } attrs { replace: true } } peers { permanent_uuid: "e012096c6fac45d2b2bf6961358cb6e5" member_type: VOTER last_known_addr { host: "127.14.145.67" port: 39509 } } peers { permanent_uuid: "ba5e2342add4447290a49e52f9744f4c" member_type: NON_VOTER last_known_addr { host: "127.14.145.68" port: 37157 } attrs { promote: true } } }
I20260601 13:34:56.167079 17793 catalog_manager.cc:5696] T 31eb224585764536a909e5c750fb9d27 P a163648f1a334750a421475ddb7f133f reported cstate change: config changed from index -1 to 2, NON_VOTER ba5e2342add4447290a49e52f9744f4c (127.14.145.68) added. New cstate: current_term: 1 leader_uuid: "e012096c6fac45d2b2bf6961358cb6e5" committed_config { opid_index: 2 OBSOLETE_local: false peers { permanent_uuid: "a163648f1a334750a421475ddb7f133f" member_type: VOTER last_known_addr { host: "127.14.145.66" port: 40437 } } peers { permanent_uuid: "fe23d3aa198d4f28bee3ddfb10cf9d1a" member_type: VOTER last_known_addr { host: "127.14.145.65" port: 35461 } attrs { replace: true } } peers { permanent_uuid: "e012096c6fac45d2b2bf6961358cb6e5" member_type: VOTER last_known_addr { host: "127.14.145.67" port: 39509 } } peers { permanent_uuid: "ba5e2342add4447290a49e52f9744f4c" member_type: NON_VOTER last_known_addr { host: "127.14.145.68" port: 37157 } attrs { promote: true } } }
I20260601 13:34:56.566893 18322 ts_tablet_manager.cc:933] T a6ee7b4284fa4b1780ce7a6b9faff57d P ba5e2342add4447290a49e52f9744f4c: Initiating tablet copy from peer e012096c6fac45d2b2bf6961358cb6e5 (127.14.145.67:39509)
I20260601 13:34:56.567302 18322 tablet_copy_client.cc:323] T a6ee7b4284fa4b1780ce7a6b9faff57d P ba5e2342add4447290a49e52f9744f4c: tablet copy: Beginning tablet copy session from remote peer at address 127.14.145.67:39509
I20260601 13:34:56.567942 18060 tablet_copy_service.cc:140] P e012096c6fac45d2b2bf6961358cb6e5: Received BeginTabletCopySession request for tablet a6ee7b4284fa4b1780ce7a6b9faff57d from peer ba5e2342add4447290a49e52f9744f4c ({username='slave'} at 127.0.0.1:49540)
I20260601 13:34:56.568068 18060 tablet_copy_service.cc:161] P e012096c6fac45d2b2bf6961358cb6e5: Beginning new tablet copy session on tablet a6ee7b4284fa4b1780ce7a6b9faff57d from peer ba5e2342add4447290a49e52f9744f4c at {username='slave'} at 127.0.0.1:49540: session id = ba5e2342add4447290a49e52f9744f4c-a6ee7b4284fa4b1780ce7a6b9faff57d
I20260601 13:34:56.569206 18060 tablet_copy_source_session.cc:215] T a6ee7b4284fa4b1780ce7a6b9faff57d P e012096c6fac45d2b2bf6961358cb6e5: Tablet Copy: opened 0 blocks and 1 log segments
I20260601 13:34:56.570374 18322 data_dirs.cc:400] Could only allocate 1 dirs of requested 3 for tablet a6ee7b4284fa4b1780ce7a6b9faff57d. 1 dirs total, 0 dirs full, 0 dirs failed
I20260601 13:34:56.572496 18322 tablet_copy_client.cc:806] T a6ee7b4284fa4b1780ce7a6b9faff57d P ba5e2342add4447290a49e52f9744f4c: tablet copy: Starting download of 0 data blocks...
I20260601 13:34:56.572669 18322 tablet_copy_client.cc:670] T a6ee7b4284fa4b1780ce7a6b9faff57d P ba5e2342add4447290a49e52f9744f4c: tablet copy: Starting download of 1 WAL segments...
I20260601 13:34:56.573839 18322 tablet_copy_client.cc:538] T a6ee7b4284fa4b1780ce7a6b9faff57d P ba5e2342add4447290a49e52f9744f4c: tablet copy: Tablet Copy complete. Replacing tablet superblock.
I20260601 13:34:56.574972 18322 tablet_bootstrap.cc:492] T a6ee7b4284fa4b1780ce7a6b9faff57d P ba5e2342add4447290a49e52f9744f4c: Bootstrap starting.
I20260601 13:34:56.578008 18322 tablet_bootstrap.cc:492] T a6ee7b4284fa4b1780ce7a6b9faff57d P ba5e2342add4447290a49e52f9744f4c: Bootstrap replayed 1/1 log segments. Stats: ops{read=2 overwritten=0 applied=2 ignored=0} inserts{seen=0 ignored=0} mutations{seen=0 ignored=0} orphaned_commits=0. Pending: 0 replicates
I20260601 13:34:56.578264 18322 tablet_bootstrap.cc:492] T a6ee7b4284fa4b1780ce7a6b9faff57d P ba5e2342add4447290a49e52f9744f4c: Bootstrap complete.
I20260601 13:34:56.578447 18322 ts_tablet_manager.cc:1403] T a6ee7b4284fa4b1780ce7a6b9faff57d P ba5e2342add4447290a49e52f9744f4c: Time spent bootstrapping tablet: real 0.004s	user 0.002s	sys 0.001s
I20260601 13:34:56.578998 18322 raft_consensus.cc:359] T a6ee7b4284fa4b1780ce7a6b9faff57d P ba5e2342add4447290a49e52f9744f4c [term 1 LEARNER]: Replica starting. Triggering 0 pending ops. Active config: opid_index: 2 OBSOLETE_local: false peers { permanent_uuid: "fe23d3aa198d4f28bee3ddfb10cf9d1a" member_type: VOTER last_known_addr { host: "127.14.145.65" port: 35461 } } peers { permanent_uuid: "a163648f1a334750a421475ddb7f133f" member_type: VOTER last_known_addr { host: "127.14.145.66" port: 40437 } attrs { replace: true } } peers { permanent_uuid: "e012096c6fac45d2b2bf6961358cb6e5" member_type: VOTER last_known_addr { host: "127.14.145.67" port: 39509 } } peers { permanent_uuid: "ba5e2342add4447290a49e52f9744f4c" member_type: NON_VOTER last_known_addr { host: "127.14.145.68" port: 37157 } attrs { promote: true } }
I20260601 13:34:56.579108 18322 raft_consensus.cc:740] T a6ee7b4284fa4b1780ce7a6b9faff57d P ba5e2342add4447290a49e52f9744f4c [term 1 LEARNER]: Becoming Follower/Learner. State: Replica: ba5e2342add4447290a49e52f9744f4c, State: Initialized, Role: LEARNER
I20260601 13:34:56.579217 18322 consensus_queue.cc:260] T a6ee7b4284fa4b1780ce7a6b9faff57d P ba5e2342add4447290a49e52f9744f4c [NON_LEADER]: Queue going to NON_LEADER mode. State: All replicated index: 0, Majority replicated index: 0, Committed index: 2, Last appended: 1.2, Last appended by leader: 2, Current term: 0, Majority size: -1, State: 0, Mode: NON_LEADER, active raft config: opid_index: 2 OBSOLETE_local: false peers { permanent_uuid: "fe23d3aa198d4f28bee3ddfb10cf9d1a" member_type: VOTER last_known_addr { host: "127.14.145.65" port: 35461 } } peers { permanent_uuid: "a163648f1a334750a421475ddb7f133f" member_type: VOTER last_known_addr { host: "127.14.145.66" port: 40437 } attrs { replace: true } } peers { permanent_uuid: "e012096c6fac45d2b2bf6961358cb6e5" member_type: VOTER last_known_addr { host: "127.14.145.67" port: 39509 } } peers { permanent_uuid: "ba5e2342add4447290a49e52f9744f4c" member_type: NON_VOTER last_known_addr { host: "127.14.145.68" port: 37157 } attrs { promote: true } }
I20260601 13:34:56.579527 18322 ts_tablet_manager.cc:1434] T a6ee7b4284fa4b1780ce7a6b9faff57d P ba5e2342add4447290a49e52f9744f4c: Time spent starting tablet: real 0.001s	user 0.000s	sys 0.000s
I20260601 13:34:56.580300 18060 tablet_copy_service.cc:342] P e012096c6fac45d2b2bf6961358cb6e5: Request end of tablet copy session ba5e2342add4447290a49e52f9744f4c-a6ee7b4284fa4b1780ce7a6b9faff57d received from {username='slave'} at 127.0.0.1:49540
I20260601 13:34:56.580389 18060 tablet_copy_service.cc:434] P e012096c6fac45d2b2bf6961358cb6e5: ending tablet copy session ba5e2342add4447290a49e52f9744f4c-a6ee7b4284fa4b1780ce7a6b9faff57d on tablet a6ee7b4284fa4b1780ce7a6b9faff57d with peer ba5e2342add4447290a49e52f9744f4c
I20260601 13:34:56.607389 18322 ts_tablet_manager.cc:933] T a72d130b29694a5f8010bdee3e05c820 P ba5e2342add4447290a49e52f9744f4c: Initiating tablet copy from peer e012096c6fac45d2b2bf6961358cb6e5 (127.14.145.67:39509)
I20260601 13:34:56.607805 18322 tablet_copy_client.cc:323] T a72d130b29694a5f8010bdee3e05c820 P ba5e2342add4447290a49e52f9744f4c: tablet copy: Beginning tablet copy session from remote peer at address 127.14.145.67:39509
I20260601 13:34:56.608382 18060 tablet_copy_service.cc:140] P e012096c6fac45d2b2bf6961358cb6e5: Received BeginTabletCopySession request for tablet a72d130b29694a5f8010bdee3e05c820 from peer ba5e2342add4447290a49e52f9744f4c ({username='slave'} at 127.0.0.1:49540)
I20260601 13:34:56.608596 18060 tablet_copy_service.cc:161] P e012096c6fac45d2b2bf6961358cb6e5: Beginning new tablet copy session on tablet a72d130b29694a5f8010bdee3e05c820 from peer ba5e2342add4447290a49e52f9744f4c at {username='slave'} at 127.0.0.1:49540: session id = ba5e2342add4447290a49e52f9744f4c-a72d130b29694a5f8010bdee3e05c820
I20260601 13:34:56.609535 18060 tablet_copy_source_session.cc:215] T a72d130b29694a5f8010bdee3e05c820 P e012096c6fac45d2b2bf6961358cb6e5: Tablet Copy: opened 0 blocks and 1 log segments
I20260601 13:34:56.610505 18322 data_dirs.cc:400] Could only allocate 1 dirs of requested 3 for tablet a72d130b29694a5f8010bdee3e05c820. 1 dirs total, 0 dirs full, 0 dirs failed
I20260601 13:34:56.612330 18322 tablet_copy_client.cc:806] T a72d130b29694a5f8010bdee3e05c820 P ba5e2342add4447290a49e52f9744f4c: tablet copy: Starting download of 0 data blocks...
I20260601 13:34:56.612526 18322 tablet_copy_client.cc:670] T a72d130b29694a5f8010bdee3e05c820 P ba5e2342add4447290a49e52f9744f4c: tablet copy: Starting download of 1 WAL segments...
I20260601 13:34:56.613721 18322 tablet_copy_client.cc:538] T a72d130b29694a5f8010bdee3e05c820 P ba5e2342add4447290a49e52f9744f4c: tablet copy: Tablet Copy complete. Replacing tablet superblock.
I20260601 13:34:56.614988 18322 tablet_bootstrap.cc:492] T a72d130b29694a5f8010bdee3e05c820 P ba5e2342add4447290a49e52f9744f4c: Bootstrap starting.
I20260601 13:34:56.618664 18322 tablet_bootstrap.cc:492] T a72d130b29694a5f8010bdee3e05c820 P ba5e2342add4447290a49e52f9744f4c: Bootstrap replayed 1/1 log segments. Stats: ops{read=2 overwritten=0 applied=2 ignored=0} inserts{seen=0 ignored=0} mutations{seen=0 ignored=0} orphaned_commits=0. Pending: 0 replicates
I20260601 13:34:56.618934 18322 tablet_bootstrap.cc:492] T a72d130b29694a5f8010bdee3e05c820 P ba5e2342add4447290a49e52f9744f4c: Bootstrap complete.
I20260601 13:34:56.619120 18322 ts_tablet_manager.cc:1403] T a72d130b29694a5f8010bdee3e05c820 P ba5e2342add4447290a49e52f9744f4c: Time spent bootstrapping tablet: real 0.004s	user 0.000s	sys 0.004s
I20260601 13:34:56.619553 18322 raft_consensus.cc:359] T a72d130b29694a5f8010bdee3e05c820 P ba5e2342add4447290a49e52f9744f4c [term 1 LEARNER]: Replica starting. Triggering 0 pending ops. Active config: opid_index: 2 OBSOLETE_local: false peers { permanent_uuid: "fe23d3aa198d4f28bee3ddfb10cf9d1a" member_type: VOTER last_known_addr { host: "127.14.145.65" port: 35461 } attrs { replace: true } } peers { permanent_uuid: "a163648f1a334750a421475ddb7f133f" member_type: VOTER last_known_addr { host: "127.14.145.66" port: 40437 } } peers { permanent_uuid: "e012096c6fac45d2b2bf6961358cb6e5" member_type: VOTER last_known_addr { host: "127.14.145.67" port: 39509 } } peers { permanent_uuid: "ba5e2342add4447290a49e52f9744f4c" member_type: NON_VOTER last_known_addr { host: "127.14.145.68" port: 37157 } attrs { promote: true } }
I20260601 13:34:56.619688 18322 raft_consensus.cc:740] T a72d130b29694a5f8010bdee3e05c820 P ba5e2342add4447290a49e52f9744f4c [term 1 LEARNER]: Becoming Follower/Learner. State: Replica: ba5e2342add4447290a49e52f9744f4c, State: Initialized, Role: LEARNER
I20260601 13:34:56.619796 18322 consensus_queue.cc:260] T a72d130b29694a5f8010bdee3e05c820 P ba5e2342add4447290a49e52f9744f4c [NON_LEADER]: Queue going to NON_LEADER mode. State: All replicated index: 0, Majority replicated index: 0, Committed index: 2, Last appended: 1.2, Last appended by leader: 2, Current term: 0, Majority size: -1, State: 0, Mode: NON_LEADER, active raft config: opid_index: 2 OBSOLETE_local: false peers { permanent_uuid: "fe23d3aa198d4f28bee3ddfb10cf9d1a" member_type: VOTER last_known_addr { host: "127.14.145.65" port: 35461 } attrs { replace: true } } peers { permanent_uuid: "a163648f1a334750a421475ddb7f133f" member_type: VOTER last_known_addr { host: "127.14.145.66" port: 40437 } } peers { permanent_uuid: "e012096c6fac45d2b2bf6961358cb6e5" member_type: VOTER last_known_addr { host: "127.14.145.67" port: 39509 } } peers { permanent_uuid: "ba5e2342add4447290a49e52f9744f4c" member_type: NON_VOTER last_known_addr { host: "127.14.145.68" port: 37157 } attrs { promote: true } }
I20260601 13:34:56.620110 18322 ts_tablet_manager.cc:1434] T a72d130b29694a5f8010bdee3e05c820 P ba5e2342add4447290a49e52f9744f4c: Time spent starting tablet: real 0.001s	user 0.000s	sys 0.000s
I20260601 13:34:56.620863 18060 tablet_copy_service.cc:342] P e012096c6fac45d2b2bf6961358cb6e5: Request end of tablet copy session ba5e2342add4447290a49e52f9744f4c-a72d130b29694a5f8010bdee3e05c820 received from {username='slave'} at 127.0.0.1:49540
I20260601 13:34:56.620970 18060 tablet_copy_service.cc:434] P e012096c6fac45d2b2bf6961358cb6e5: ending tablet copy session ba5e2342add4447290a49e52f9744f4c-a72d130b29694a5f8010bdee3e05c820 on tablet a72d130b29694a5f8010bdee3e05c820 with peer ba5e2342add4447290a49e52f9744f4c
I20260601 13:34:56.700030 18322 ts_tablet_manager.cc:933] T e80e291f95a04a1dbb31c2484b358fa9 P ba5e2342add4447290a49e52f9744f4c: Initiating tablet copy from peer a163648f1a334750a421475ddb7f133f (127.14.145.66:40437)
I20260601 13:34:56.700531 18322 tablet_copy_client.cc:323] T e80e291f95a04a1dbb31c2484b358fa9 P ba5e2342add4447290a49e52f9744f4c: tablet copy: Beginning tablet copy session from remote peer at address 127.14.145.66:40437
I20260601 13:34:56.701023 17985 tablet_copy_service.cc:140] P a163648f1a334750a421475ddb7f133f: Received BeginTabletCopySession request for tablet e80e291f95a04a1dbb31c2484b358fa9 from peer ba5e2342add4447290a49e52f9744f4c ({username='slave'} at 127.0.0.1:39792)
I20260601 13:34:56.701131 17985 tablet_copy_service.cc:161] P a163648f1a334750a421475ddb7f133f: Beginning new tablet copy session on tablet e80e291f95a04a1dbb31c2484b358fa9 from peer ba5e2342add4447290a49e52f9744f4c at {username='slave'} at 127.0.0.1:39792: session id = ba5e2342add4447290a49e52f9744f4c-e80e291f95a04a1dbb31c2484b358fa9
I20260601 13:34:56.701898 17985 tablet_copy_source_session.cc:215] T e80e291f95a04a1dbb31c2484b358fa9 P a163648f1a334750a421475ddb7f133f: Tablet Copy: opened 0 blocks and 1 log segments
I20260601 13:34:56.702870 18322 data_dirs.cc:400] Could only allocate 1 dirs of requested 3 for tablet e80e291f95a04a1dbb31c2484b358fa9. 1 dirs total, 0 dirs full, 0 dirs failed
I20260601 13:34:56.704960 18322 tablet_copy_client.cc:806] T e80e291f95a04a1dbb31c2484b358fa9 P ba5e2342add4447290a49e52f9744f4c: tablet copy: Starting download of 0 data blocks...
I20260601 13:34:56.705161 18322 tablet_copy_client.cc:670] T e80e291f95a04a1dbb31c2484b358fa9 P ba5e2342add4447290a49e52f9744f4c: tablet copy: Starting download of 1 WAL segments...
I20260601 13:34:56.706387 18322 tablet_copy_client.cc:538] T e80e291f95a04a1dbb31c2484b358fa9 P ba5e2342add4447290a49e52f9744f4c: tablet copy: Tablet Copy complete. Replacing tablet superblock.
I20260601 13:34:56.707818 18322 tablet_bootstrap.cc:492] T e80e291f95a04a1dbb31c2484b358fa9 P ba5e2342add4447290a49e52f9744f4c: Bootstrap starting.
I20260601 13:34:56.711858 18322 tablet_bootstrap.cc:492] T e80e291f95a04a1dbb31c2484b358fa9 P ba5e2342add4447290a49e52f9744f4c: Bootstrap replayed 1/1 log segments. Stats: ops{read=2 overwritten=0 applied=2 ignored=0} inserts{seen=0 ignored=0} mutations{seen=0 ignored=0} orphaned_commits=0. Pending: 0 replicates
I20260601 13:34:56.712178 18322 tablet_bootstrap.cc:492] T e80e291f95a04a1dbb31c2484b358fa9 P ba5e2342add4447290a49e52f9744f4c: Bootstrap complete.
I20260601 13:34:56.712363 18322 ts_tablet_manager.cc:1403] T e80e291f95a04a1dbb31c2484b358fa9 P ba5e2342add4447290a49e52f9744f4c: Time spent bootstrapping tablet: real 0.005s	user 0.004s	sys 0.000s
I20260601 13:34:56.712935 18322 raft_consensus.cc:359] T e80e291f95a04a1dbb31c2484b358fa9 P ba5e2342add4447290a49e52f9744f4c [term 1 LEARNER]: Replica starting. Triggering 0 pending ops. Active config: opid_index: 2 OBSOLETE_local: false peers { permanent_uuid: "a163648f1a334750a421475ddb7f133f" member_type: VOTER last_known_addr { host: "127.14.145.66" port: 40437 } } peers { permanent_uuid: "fe23d3aa198d4f28bee3ddfb10cf9d1a" member_type: VOTER last_known_addr { host: "127.14.145.65" port: 35461 } } peers { permanent_uuid: "e012096c6fac45d2b2bf6961358cb6e5" member_type: VOTER last_known_addr { host: "127.14.145.67" port: 39509 } attrs { replace: true } } peers { permanent_uuid: "ba5e2342add4447290a49e52f9744f4c" member_type: NON_VOTER last_known_addr { host: "127.14.145.68" port: 37157 } attrs { promote: true } }
I20260601 13:34:56.713088 18322 raft_consensus.cc:740] T e80e291f95a04a1dbb31c2484b358fa9 P ba5e2342add4447290a49e52f9744f4c [term 1 LEARNER]: Becoming Follower/Learner. State: Replica: ba5e2342add4447290a49e52f9744f4c, State: Initialized, Role: LEARNER
I20260601 13:34:56.713187 18322 consensus_queue.cc:260] T e80e291f95a04a1dbb31c2484b358fa9 P ba5e2342add4447290a49e52f9744f4c [NON_LEADER]: Queue going to NON_LEADER mode. State: All replicated index: 0, Majority replicated index: 0, Committed index: 2, Last appended: 1.2, Last appended by leader: 2, Current term: 0, Majority size: -1, State: 0, Mode: NON_LEADER, active raft config: opid_index: 2 OBSOLETE_local: false peers { permanent_uuid: "a163648f1a334750a421475ddb7f133f" member_type: VOTER last_known_addr { host: "127.14.145.66" port: 40437 } } peers { permanent_uuid: "fe23d3aa198d4f28bee3ddfb10cf9d1a" member_type: VOTER last_known_addr { host: "127.14.145.65" port: 35461 } } peers { permanent_uuid: "e012096c6fac45d2b2bf6961358cb6e5" member_type: VOTER last_known_addr { host: "127.14.145.67" port: 39509 } attrs { replace: true } } peers { permanent_uuid: "ba5e2342add4447290a49e52f9744f4c" member_type: NON_VOTER last_known_addr { host: "127.14.145.68" port: 37157 } attrs { promote: true } }
I20260601 13:34:56.713522 18322 ts_tablet_manager.cc:1434] T e80e291f95a04a1dbb31c2484b358fa9 P ba5e2342add4447290a49e52f9744f4c: Time spent starting tablet: real 0.001s	user 0.002s	sys 0.000s
I20260601 13:34:56.714268 17985 tablet_copy_service.cc:342] P a163648f1a334750a421475ddb7f133f: Request end of tablet copy session ba5e2342add4447290a49e52f9744f4c-e80e291f95a04a1dbb31c2484b358fa9 received from {username='slave'} at 127.0.0.1:39792
I20260601 13:34:56.714475 17985 tablet_copy_service.cc:434] P a163648f1a334750a421475ddb7f133f: ending tablet copy session ba5e2342add4447290a49e52f9744f4c-e80e291f95a04a1dbb31c2484b358fa9 on tablet e80e291f95a04a1dbb31c2484b358fa9 with peer ba5e2342add4447290a49e52f9744f4c
I20260601 13:34:56.784732 18322 ts_tablet_manager.cc:933] T 31eb224585764536a909e5c750fb9d27 P ba5e2342add4447290a49e52f9744f4c: Initiating tablet copy from peer e012096c6fac45d2b2bf6961358cb6e5 (127.14.145.67:39509)
I20260601 13:34:56.785125 18322 tablet_copy_client.cc:323] T 31eb224585764536a909e5c750fb9d27 P ba5e2342add4447290a49e52f9744f4c: tablet copy: Beginning tablet copy session from remote peer at address 127.14.145.67:39509
I20260601 13:34:56.785621 18060 tablet_copy_service.cc:140] P e012096c6fac45d2b2bf6961358cb6e5: Received BeginTabletCopySession request for tablet 31eb224585764536a909e5c750fb9d27 from peer ba5e2342add4447290a49e52f9744f4c ({username='slave'} at 127.0.0.1:49540)
I20260601 13:34:56.785738 18060 tablet_copy_service.cc:161] P e012096c6fac45d2b2bf6961358cb6e5: Beginning new tablet copy session on tablet 31eb224585764536a909e5c750fb9d27 from peer ba5e2342add4447290a49e52f9744f4c at {username='slave'} at 127.0.0.1:49540: session id = ba5e2342add4447290a49e52f9744f4c-31eb224585764536a909e5c750fb9d27
I20260601 13:34:56.786505 18060 tablet_copy_source_session.cc:215] T 31eb224585764536a909e5c750fb9d27 P e012096c6fac45d2b2bf6961358cb6e5: Tablet Copy: opened 0 blocks and 1 log segments
I20260601 13:34:56.787508 18322 data_dirs.cc:400] Could only allocate 1 dirs of requested 3 for tablet 31eb224585764536a909e5c750fb9d27. 1 dirs total, 0 dirs full, 0 dirs failed
I20260601 13:34:56.789543 18322 tablet_copy_client.cc:806] T 31eb224585764536a909e5c750fb9d27 P ba5e2342add4447290a49e52f9744f4c: tablet copy: Starting download of 0 data blocks...
I20260601 13:34:56.789723 18322 tablet_copy_client.cc:670] T 31eb224585764536a909e5c750fb9d27 P ba5e2342add4447290a49e52f9744f4c: tablet copy: Starting download of 1 WAL segments...
I20260601 13:34:56.790969 18322 tablet_copy_client.cc:538] T 31eb224585764536a909e5c750fb9d27 P ba5e2342add4447290a49e52f9744f4c: tablet copy: Tablet Copy complete. Replacing tablet superblock.
I20260601 13:34:56.792322 18322 tablet_bootstrap.cc:492] T 31eb224585764536a909e5c750fb9d27 P ba5e2342add4447290a49e52f9744f4c: Bootstrap starting.
I20260601 13:34:56.796797 18322 tablet_bootstrap.cc:492] T 31eb224585764536a909e5c750fb9d27 P ba5e2342add4447290a49e52f9744f4c: Bootstrap replayed 1/1 log segments. Stats: ops{read=2 overwritten=0 applied=2 ignored=0} inserts{seen=0 ignored=0} mutations{seen=0 ignored=0} orphaned_commits=0. Pending: 0 replicates
I20260601 13:34:56.797094 18322 tablet_bootstrap.cc:492] T 31eb224585764536a909e5c750fb9d27 P ba5e2342add4447290a49e52f9744f4c: Bootstrap complete.
I20260601 13:34:56.797281 18322 ts_tablet_manager.cc:1403] T 31eb224585764536a909e5c750fb9d27 P ba5e2342add4447290a49e52f9744f4c: Time spent bootstrapping tablet: real 0.005s	user 0.005s	sys 0.000s
I20260601 13:34:56.797787 18322 raft_consensus.cc:359] T 31eb224585764536a909e5c750fb9d27 P ba5e2342add4447290a49e52f9744f4c [term 1 LEARNER]: Replica starting. Triggering 0 pending ops. Active config: opid_index: 2 OBSOLETE_local: false peers { permanent_uuid: "a163648f1a334750a421475ddb7f133f" member_type: VOTER last_known_addr { host: "127.14.145.66" port: 40437 } } peers { permanent_uuid: "fe23d3aa198d4f28bee3ddfb10cf9d1a" member_type: VOTER last_known_addr { host: "127.14.145.65" port: 35461 } attrs { replace: true } } peers { permanent_uuid: "e012096c6fac45d2b2bf6961358cb6e5" member_type: VOTER last_known_addr { host: "127.14.145.67" port: 39509 } } peers { permanent_uuid: "ba5e2342add4447290a49e52f9744f4c" member_type: NON_VOTER last_known_addr { host: "127.14.145.68" port: 37157 } attrs { promote: true } }
I20260601 13:34:56.797945 18322 raft_consensus.cc:740] T 31eb224585764536a909e5c750fb9d27 P ba5e2342add4447290a49e52f9744f4c [term 1 LEARNER]: Becoming Follower/Learner. State: Replica: ba5e2342add4447290a49e52f9744f4c, State: Initialized, Role: LEARNER
I20260601 13:34:56.798043 18322 consensus_queue.cc:260] T 31eb224585764536a909e5c750fb9d27 P ba5e2342add4447290a49e52f9744f4c [NON_LEADER]: Queue going to NON_LEADER mode. State: All replicated index: 0, Majority replicated index: 0, Committed index: 2, Last appended: 1.2, Last appended by leader: 2, Current term: 0, Majority size: -1, State: 0, Mode: NON_LEADER, active raft config: opid_index: 2 OBSOLETE_local: false peers { permanent_uuid: "a163648f1a334750a421475ddb7f133f" member_type: VOTER last_known_addr { host: "127.14.145.66" port: 40437 } } peers { permanent_uuid: "fe23d3aa198d4f28bee3ddfb10cf9d1a" member_type: VOTER last_known_addr { host: "127.14.145.65" port: 35461 } attrs { replace: true } } peers { permanent_uuid: "e012096c6fac45d2b2bf6961358cb6e5" member_type: VOTER last_known_addr { host: "127.14.145.67" port: 39509 } } peers { permanent_uuid: "ba5e2342add4447290a49e52f9744f4c" member_type: NON_VOTER last_known_addr { host: "127.14.145.68" port: 37157 } attrs { promote: true } }
I20260601 13:34:56.798375 18322 ts_tablet_manager.cc:1434] T 31eb224585764536a909e5c750fb9d27 P ba5e2342add4447290a49e52f9744f4c: Time spent starting tablet: real 0.001s	user 0.002s	sys 0.000s
I20260601 13:34:56.798939 18060 tablet_copy_service.cc:342] P e012096c6fac45d2b2bf6961358cb6e5: Request end of tablet copy session ba5e2342add4447290a49e52f9744f4c-31eb224585764536a909e5c750fb9d27 received from {username='slave'} at 127.0.0.1:49540
I20260601 13:34:56.799021 18060 tablet_copy_service.cc:434] P e012096c6fac45d2b2bf6961358cb6e5: ending tablet copy session ba5e2342add4447290a49e52f9744f4c-31eb224585764536a909e5c750fb9d27 on tablet 31eb224585764536a909e5c750fb9d27 with peer ba5e2342add4447290a49e52f9744f4c
I20260601 13:34:56.989426 18190 raft_consensus.cc:1217] T a72d130b29694a5f8010bdee3e05c820 P ba5e2342add4447290a49e52f9744f4c [term 1 LEARNER]: Deduplicated request from leader. Original: 1.1->[1.2-1.2]   Dedup: 1.2->[]
I20260601 13:34:57.062294 18190 raft_consensus.cc:1217] T a6ee7b4284fa4b1780ce7a6b9faff57d P ba5e2342add4447290a49e52f9744f4c [term 1 LEARNER]: Deduplicated request from leader. Original: 1.1->[1.2-1.2]   Dedup: 1.2->[]
I20260601 13:34:57.124903 17850 auto_leader_rebalancer.cc:140] leader rebalance for table range_aware_rebalance_new_range
I20260601 13:34:57.131281 17898 tablet_service.cc:2072] Received LeaderStepDown RPC: tablet_id: "083e0fd4ffff4e25810b759b44c8d56c"
dest_uuid: "fe23d3aa198d4f28bee3ddfb10cf9d1a"
mode: GRACEFUL
new_leader_uuid: "ba5e2342add4447290a49e52f9744f4c"
 from {username='slave'} at 127.0.0.1:48736
I20260601 13:34:57.131521 17898 raft_consensus.cc:606] T 083e0fd4ffff4e25810b759b44c8d56c P fe23d3aa198d4f28bee3ddfb10cf9d1a [term 1 LEADER]: Received request to transfer leadership to TS ba5e2342add4447290a49e52f9744f4c
I20260601 13:34:57.137074 18049 tablet_service.cc:2072] Received LeaderStepDown RPC: tablet_id: "31eb224585764536a909e5c750fb9d27"
dest_uuid: "e012096c6fac45d2b2bf6961358cb6e5"
mode: GRACEFUL
new_leader_uuid: "a163648f1a334750a421475ddb7f133f"
 from {username='slave'} at 127.0.0.1:49556
I20260601 13:34:57.137230 18049 raft_consensus.cc:606] T 31eb224585764536a909e5c750fb9d27 P e012096c6fac45d2b2bf6961358cb6e5 [term 1 LEADER]: Received request to transfer leadership to TS a163648f1a334750a421475ddb7f133f
I20260601 13:34:57.138029 18049 tablet_service.cc:2072] Received LeaderStepDown RPC: tablet_id: "7042d73ab2a848abb17cb3b84384240b"
dest_uuid: "e012096c6fac45d2b2bf6961358cb6e5"
mode: GRACEFUL
new_leader_uuid: "ba5e2342add4447290a49e52f9744f4c"
 from {username='slave'} at 127.0.0.1:49556
I20260601 13:34:57.138154 18049 raft_consensus.cc:606] T 7042d73ab2a848abb17cb3b84384240b P e012096c6fac45d2b2bf6961358cb6e5 [term 1 LEADER]: Received request to transfer leadership to TS ba5e2342add4447290a49e52f9744f4c
I20260601 13:34:57.138832 18049 tablet_service.cc:2072] Received LeaderStepDown RPC: tablet_id: "a72d130b29694a5f8010bdee3e05c820"
dest_uuid: "e012096c6fac45d2b2bf6961358cb6e5"
mode: GRACEFUL
new_leader_uuid: "a163648f1a334750a421475ddb7f133f"
 from {username='slave'} at 127.0.0.1:49556
I20260601 13:34:57.138965 18049 raft_consensus.cc:606] T a72d130b29694a5f8010bdee3e05c820 P e012096c6fac45d2b2bf6961358cb6e5 [term 1 LEADER]: Received request to transfer leadership to TS a163648f1a334750a421475ddb7f133f
I20260601 13:34:57.139338 17850 auto_leader_rebalancer.cc:388] table: range_aware_rebalance_new_range, leader rebalance finish, leader transfer count: 4
I20260601 13:34:57.139484 17850 auto_leader_rebalancer.cc:451] All tables' leader rebalancing finished this round
I20260601 13:34:57.167459 18332 raft_consensus.cc:993] T a72d130b29694a5f8010bdee3e05c820 P e012096c6fac45d2b2bf6961358cb6e5: : Instructing follower a163648f1a334750a421475ddb7f133f to start an election
I20260601 13:34:57.167601 18332 raft_consensus.cc:1081] T a72d130b29694a5f8010bdee3e05c820 P e012096c6fac45d2b2bf6961358cb6e5 [term 1 LEADER]: Signalling peer a163648f1a334750a421475ddb7f133f to start an election
I20260601 13:34:57.168104 17969 tablet_service.cc:2044] Received Run Leader Election RPC: tablet_id: "a72d130b29694a5f8010bdee3e05c820"
dest_uuid: "a163648f1a334750a421475ddb7f133f"
 from {username='slave'} at 127.0.0.1:39778
I20260601 13:34:57.168268 17969 raft_consensus.cc:493] T a72d130b29694a5f8010bdee3e05c820 P a163648f1a334750a421475ddb7f133f [term 1 FOLLOWER]: Starting forced leader election (received explicit request)
I20260601 13:34:57.168356 17969 raft_consensus.cc:3060] T a72d130b29694a5f8010bdee3e05c820 P a163648f1a334750a421475ddb7f133f [term 1 FOLLOWER]: Advancing to term 2
I20260601 13:34:57.169292 17969 raft_consensus.cc:515] T a72d130b29694a5f8010bdee3e05c820 P a163648f1a334750a421475ddb7f133f [term 2 FOLLOWER]: Starting forced leader election with config: opid_index: 2 OBSOLETE_local: false peers { permanent_uuid: "fe23d3aa198d4f28bee3ddfb10cf9d1a" member_type: VOTER last_known_addr { host: "127.14.145.65" port: 35461 } attrs { replace: true } } peers { permanent_uuid: "a163648f1a334750a421475ddb7f133f" member_type: VOTER last_known_addr { host: "127.14.145.66" port: 40437 } } peers { permanent_uuid: "e012096c6fac45d2b2bf6961358cb6e5" member_type: VOTER last_known_addr { host: "127.14.145.67" port: 39509 } } peers { permanent_uuid: "ba5e2342add4447290a49e52f9744f4c" member_type: NON_VOTER last_known_addr { host: "127.14.145.68" port: 37157 } attrs { promote: true } }
I20260601 13:34:57.169723 17969 leader_election.cc:290] T a72d130b29694a5f8010bdee3e05c820 P a163648f1a334750a421475ddb7f133f [CANDIDATE]: Term 2 election: Requested vote from peers fe23d3aa198d4f28bee3ddfb10cf9d1a (127.14.145.65:35461), e012096c6fac45d2b2bf6961358cb6e5 (127.14.145.67:39509)
I20260601 13:34:57.170089 17898 tablet_service.cc:1917] Received RequestConsensusVote() RPC: tablet_id: "a72d130b29694a5f8010bdee3e05c820" candidate_uuid: "a163648f1a334750a421475ddb7f133f" candidate_term: 2 candidate_status { last_received { term: 1 index: 2 } } ignore_live_leader: true dest_uuid: "fe23d3aa198d4f28bee3ddfb10cf9d1a"
I20260601 13:34:57.170245 17898 raft_consensus.cc:3060] T a72d130b29694a5f8010bdee3e05c820 P fe23d3aa198d4f28bee3ddfb10cf9d1a [term 1 FOLLOWER]: Advancing to term 2
I20260601 13:34:57.171272 18049 tablet_service.cc:1917] Received RequestConsensusVote() RPC: tablet_id: "a72d130b29694a5f8010bdee3e05c820" candidate_uuid: "a163648f1a334750a421475ddb7f133f" candidate_term: 2 candidate_status { last_received { term: 1 index: 2 } } ignore_live_leader: true dest_uuid: "e012096c6fac45d2b2bf6961358cb6e5"
I20260601 13:34:57.171380 18049 raft_consensus.cc:3055] T a72d130b29694a5f8010bdee3e05c820 P e012096c6fac45d2b2bf6961358cb6e5 [term 1 LEADER]: Stepping down as leader of term 1
I20260601 13:34:57.171417 18049 raft_consensus.cc:740] T a72d130b29694a5f8010bdee3e05c820 P e012096c6fac45d2b2bf6961358cb6e5 [term 1 LEADER]: Becoming Follower/Learner. State: Replica: e012096c6fac45d2b2bf6961358cb6e5, State: Running, Role: LEADER
