I20260601 13:35:14.072593 30198 fs_manager.cc:647] Opened local filesystem: /tmp/dist-test-taskAqWAPr/test-tmp/auto_rebalancer-test.0.AutoRebalancerTest.NoReplicaMovesIfCannotFixPlacementPolicy.1780320823753474-30198-0/minicluster-data/ts-0-root
uuid: "8cda78d9f98e449eacc6ec8cf505835d"
format_stamp: "Formatted at 2026-06-01 13:35:14 on dist-test-slave-h0d8"
I20260601 13:35:14.072649 30198 fs_report.cc:389] FS layout report
--------------------
wal directory: /tmp/dist-test-taskAqWAPr/test-tmp/auto_rebalancer-test.0.AutoRebalancerTest.NoReplicaMovesIfCannotFixPlacementPolicy.1780320823753474-30198-0/minicluster-data/ts-0-root
metadata directory: /tmp/dist-test-taskAqWAPr/test-tmp/auto_rebalancer-test.0.AutoRebalancerTest.NoReplicaMovesIfCannotFixPlacementPolicy.1780320823753474-30198-0/minicluster-data/ts-0-root
1 data directories: /tmp/dist-test-taskAqWAPr/test-tmp/auto_rebalancer-test.0.AutoRebalancerTest.NoReplicaMovesIfCannotFixPlacementPolicy.1780320823753474-30198-0/minicluster-data/ts-0-root/data
Total live blocks: 0
Total live bytes: 0
Total live bytes (after alignment): 0
Total number of LBM containers: 0 (0 full)
Did not check for missing blocks
Did not check for orphaned blocks
Total full LBM containers with extra space: 0 (0 repaired)
Total full LBM container extra space in bytes: 0 (0 repaired)
Total incomplete LBM containers: 0 (0 repaired)
Total LBM partial records: 0 (0 repaired)
Total corrupted LBM metadata records in RocksDB: 0 (0 repaired)
I20260601 13:35:14.090142 30198 rpc_server.cc:225] running with OpenSSL 1.1.1  11 Sep 2018
I20260601 13:35:14.090548 30198 kserver.cc:163] Server-wide thread pool size limit: 3276
I20260601 13:35:14.090816 30198 txn_system_client.cc:432] TxnSystemClient initialization is disabled...
I20260601 13:35:14.091324 30198 ts_tablet_manager.cc:585] Loaded tablet metadata (0 total tablets, 0 live tablets)
I20260601 13:35:14.091367 30198 ts_tablet_manager.cc:531] Time spent load tablet metadata: real 0.000s	user 0.000s	sys 0.000s
I20260601 13:35:14.091427 30198 ts_tablet_manager.cc:616] Registered 0 tablets
I20260601 13:35:14.091471 30198 ts_tablet_manager.cc:595] Time spent register tablets: real 0.000s	user 0.000s	sys 0.000s
I20260601 13:35:14.095809 30198 rpc_server.cc:307] RPC server started. Bound to: 127.29.125.129:45843
I20260601 13:35:14.095849  1852 acceptor_pool.cc:272] collecting diagnostics on the listening RPC socket 127.29.125.129:45843 every 8 connection(s)
I20260601 13:35:14.096776 30198 file_cache.cc:492] Constructed file cache file cache with capacity 419430
W20260601 13:35:14.098928  1858 instance_detector.cc:116] could not retrieve Azure instance metadata: Network error: curl error: HTTP response code said error: The requested URL returned error: 404
W20260601 13:35:14.098948  1857 instance_detector.cc:116] could not retrieve AWS instance metadata: Network error: curl error: HTTP response code said error: The requested URL returned error: 404
W20260601 13:35:14.099041  1860 instance_detector.cc:116] could not retrieve OpenStack instance metadata: Network error: curl error: HTTP response code said error: The requested URL returned error: 404
I20260601 13:35:14.099212 30198 server_base.cc:1061] running on GCE node
I20260601 13:35:14.099411 30198 hybrid_clock.cc:584] initializing the hybrid clock with 'system_unsync' time source
W20260601 13:35:14.099468 30198 system_unsync_time.cc:38] NTP support is disabled. Clock error bounds will not be accurate. This configuration is not suitable for distributed clusters.
I20260601 13:35:14.099507 30198 hybrid_clock.cc:648] HybridClock initialized: now 1780320914099506 us; error 0 us; skew 500 ppm
I20260601 13:35:14.100571 30198 webserver.cc:533] Webserver started at http://127.29.125.130:45275/ using document root <none> and password file <none>
I20260601 13:35:14.100775 30198 fs_manager.cc:362] Metadata directory not provided
I20260601 13:35:14.100847 30198 fs_manager.cc:368] Using write-ahead log directory (fs_wal_dir) as metadata directory
I20260601 13:35:14.100952 30198 server_base.cc:909] This appears to be a new deployment of Kudu; creating new FS layout
I20260601 13:35:14.101372 30198 fs_manager.cc:1068] Generated new instance metadata in path /tmp/dist-test-taskAqWAPr/test-tmp/auto_rebalancer-test.0.AutoRebalancerTest.NoReplicaMovesIfCannotFixPlacementPolicy.1780320823753474-30198-0/minicluster-data/ts-1-root/instance:
uuid: "ba94f343657f4c63bcef3f2922f93aea"
format_stamp: "Formatted at 2026-06-01 13:35:14 on dist-test-slave-h0d8"
I20260601 13:35:14.103014 30198 fs_manager.cc:696] Time spent creating directory manager: real 0.001s	user 0.002s	sys 0.000s
I20260601 13:35:14.104377  1865 log_block_manager.cc:4031] Time spent loading block containers with low live blocks: real 0.000s	user 0.000s	sys 0.000s
I20260601 13:35:14.104681 30198 fs_manager.cc:730] Time spent opening block manager: real 0.001s	user 0.001s	sys 0.000s
I20260601 13:35:14.104775 30198 fs_manager.cc:647] Opened local filesystem: /tmp/dist-test-taskAqWAPr/test-tmp/auto_rebalancer-test.0.AutoRebalancerTest.NoReplicaMovesIfCannotFixPlacementPolicy.1780320823753474-30198-0/minicluster-data/ts-1-root
uuid: "ba94f343657f4c63bcef3f2922f93aea"
format_stamp: "Formatted at 2026-06-01 13:35:14 on dist-test-slave-h0d8"
I20260601 13:35:14.104858 30198 fs_report.cc:389] FS layout report
--------------------
wal directory: /tmp/dist-test-taskAqWAPr/test-tmp/auto_rebalancer-test.0.AutoRebalancerTest.NoReplicaMovesIfCannotFixPlacementPolicy.1780320823753474-30198-0/minicluster-data/ts-1-root
metadata directory: /tmp/dist-test-taskAqWAPr/test-tmp/auto_rebalancer-test.0.AutoRebalancerTest.NoReplicaMovesIfCannotFixPlacementPolicy.1780320823753474-30198-0/minicluster-data/ts-1-root
1 data directories: /tmp/dist-test-taskAqWAPr/test-tmp/auto_rebalancer-test.0.AutoRebalancerTest.NoReplicaMovesIfCannotFixPlacementPolicy.1780320823753474-30198-0/minicluster-data/ts-1-root/data
Total live blocks: 0
Total live bytes: 0
Total live bytes (after alignment): 0
Total number of LBM containers: 0 (0 full)
Did not check for missing blocks
Did not check for orphaned blocks
Total full LBM containers with extra space: 0 (0 repaired)
Total full LBM container extra space in bytes: 0 (0 repaired)
Total incomplete LBM containers: 0 (0 repaired)
Total LBM partial records: 0 (0 repaired)
Total corrupted LBM metadata records in RocksDB: 0 (0 repaired)
I20260601 13:35:14.104923  1853 heartbeater.cc:344] Connected to a master server at 127.29.125.190:39485
I20260601 13:35:14.105039  1853 heartbeater.cc:461] Registering TS with master...
I20260601 13:35:14.105332  1853 heartbeater.cc:507] Master 127.29.125.190:39485 requested a full tablet report, sending...
I20260601 13:35:14.106091  1723 ts_manager.cc:194] Registered new tserver with Master: 8cda78d9f98e449eacc6ec8cf505835d (127.29.125.129:45843)
I20260601 13:35:14.106881  1723 master_service.cc:502] Signed X509 certificate for tserver {username='slave'} at 127.0.0.1:37130
I20260601 13:35:14.118685 30198 rpc_server.cc:225] running with OpenSSL 1.1.1  11 Sep 2018
I20260601 13:35:14.119167 30198 kserver.cc:163] Server-wide thread pool size limit: 3276
I20260601 13:35:14.119544 30198 txn_system_client.cc:432] TxnSystemClient initialization is disabled...
I20260601 13:35:14.120105 30198 ts_tablet_manager.cc:585] Loaded tablet metadata (0 total tablets, 0 live tablets)
I20260601 13:35:14.120173 30198 ts_tablet_manager.cc:531] Time spent load tablet metadata: real 0.000s	user 0.000s	sys 0.000s
I20260601 13:35:14.120239 30198 ts_tablet_manager.cc:616] Registered 0 tablets
I20260601 13:35:14.120278 30198 ts_tablet_manager.cc:595] Time spent register tablets: real 0.000s	user 0.000s	sys 0.000s
I20260601 13:35:14.125303 30198 rpc_server.cc:307] RPC server started. Bound to: 127.29.125.130:46049
I20260601 13:35:14.125320  1929 acceptor_pool.cc:272] collecting diagnostics on the listening RPC socket 127.29.125.130:46049 every 8 connection(s)
I20260601 13:35:14.126281 30198 file_cache.cc:492] Constructed file cache file cache with capacity 419430
W20260601 13:35:14.128173  1934 instance_detector.cc:116] could not retrieve Azure instance metadata: Network error: curl error: HTTP response code said error: The requested URL returned error: 404
W20260601 13:35:14.128216  1933 instance_detector.cc:116] could not retrieve AWS instance metadata: Network error: curl error: HTTP response code said error: The requested URL returned error: 404
I20260601 13:35:14.128556 30198 server_base.cc:1061] running on GCE node
W20260601 13:35:14.128607  1936 instance_detector.cc:116] could not retrieve OpenStack instance metadata: Network error: curl error: HTTP response code said error: The requested URL returned error: 404
I20260601 13:35:14.128961 30198 hybrid_clock.cc:584] initializing the hybrid clock with 'system_unsync' time source
W20260601 13:35:14.129046 30198 system_unsync_time.cc:38] NTP support is disabled. Clock error bounds will not be accurate. This configuration is not suitable for distributed clusters.
I20260601 13:35:14.129091 30198 hybrid_clock.cc:648] HybridClock initialized: now 1780320914129089 us; error 0 us; skew 500 ppm
I20260601 13:35:14.130182 30198 webserver.cc:533] Webserver started at http://127.29.125.131:44485/ using document root <none> and password file <none>
I20260601 13:35:14.130365 30198 fs_manager.cc:362] Metadata directory not provided
I20260601 13:35:14.130432 30198 fs_manager.cc:368] Using write-ahead log directory (fs_wal_dir) as metadata directory
I20260601 13:35:14.130563 30198 server_base.cc:909] This appears to be a new deployment of Kudu; creating new FS layout
I20260601 13:35:14.130918  1930 heartbeater.cc:344] Connected to a master server at 127.29.125.190:39485
I20260601 13:35:14.131016  1930 heartbeater.cc:461] Registering TS with master...
I20260601 13:35:14.131032 30198 fs_manager.cc:1068] Generated new instance metadata in path /tmp/dist-test-taskAqWAPr/test-tmp/auto_rebalancer-test.0.AutoRebalancerTest.NoReplicaMovesIfCannotFixPlacementPolicy.1780320823753474-30198-0/minicluster-data/ts-2-root/instance:
uuid: "292368e1a8814c05aa38404a3a295bde"
format_stamp: "Formatted at 2026-06-01 13:35:14 on dist-test-slave-h0d8"
I20260601 13:35:14.131281  1930 heartbeater.cc:507] Master 127.29.125.190:39485 requested a full tablet report, sending...
I20260601 13:35:14.131935  1723 ts_manager.cc:194] Registered new tserver with Master: ba94f343657f4c63bcef3f2922f93aea (127.29.125.130:46049)
I20260601 13:35:14.132419  1723 master_service.cc:502] Signed X509 certificate for tserver {username='slave'} at 127.0.0.1:37144
I20260601 13:35:14.132941 30198 fs_manager.cc:696] Time spent creating directory manager: real 0.002s	user 0.000s	sys 0.001s
I20260601 13:35:14.133978  1941 log_block_manager.cc:4031] Time spent loading block containers with low live blocks: real 0.000s	user 0.000s	sys 0.000s
I20260601 13:35:14.134300 30198 fs_manager.cc:730] Time spent opening block manager: real 0.001s	user 0.000s	sys 0.001s
I20260601 13:35:14.134368 30198 fs_manager.cc:647] Opened local filesystem: /tmp/dist-test-taskAqWAPr/test-tmp/auto_rebalancer-test.0.AutoRebalancerTest.NoReplicaMovesIfCannotFixPlacementPolicy.1780320823753474-30198-0/minicluster-data/ts-2-root
uuid: "292368e1a8814c05aa38404a3a295bde"
format_stamp: "Formatted at 2026-06-01 13:35:14 on dist-test-slave-h0d8"
I20260601 13:35:14.134457 30198 fs_report.cc:389] FS layout report
--------------------
wal directory: /tmp/dist-test-taskAqWAPr/test-tmp/auto_rebalancer-test.0.AutoRebalancerTest.NoReplicaMovesIfCannotFixPlacementPolicy.1780320823753474-30198-0/minicluster-data/ts-2-root
metadata directory: /tmp/dist-test-taskAqWAPr/test-tmp/auto_rebalancer-test.0.AutoRebalancerTest.NoReplicaMovesIfCannotFixPlacementPolicy.1780320823753474-30198-0/minicluster-data/ts-2-root
1 data directories: /tmp/dist-test-taskAqWAPr/test-tmp/auto_rebalancer-test.0.AutoRebalancerTest.NoReplicaMovesIfCannotFixPlacementPolicy.1780320823753474-30198-0/minicluster-data/ts-2-root/data
Total live blocks: 0
Total live bytes: 0
Total live bytes (after alignment): 0
Total number of LBM containers: 0 (0 full)
Did not check for missing blocks
Did not check for orphaned blocks
Total full LBM containers with extra space: 0 (0 repaired)
Total full LBM container extra space in bytes: 0 (0 repaired)
Total incomplete LBM containers: 0 (0 repaired)
Total LBM partial records: 0 (0 repaired)
Total corrupted LBM metadata records in RocksDB: 0 (0 repaired)
I20260601 13:35:14.142966 30198 rpc_server.cc:225] running with OpenSSL 1.1.1  11 Sep 2018
I20260601 13:35:14.143425 30198 kserver.cc:163] Server-wide thread pool size limit: 3276
I20260601 13:35:14.143795 30198 txn_system_client.cc:432] TxnSystemClient initialization is disabled...
I20260601 13:35:14.144315 30198 ts_tablet_manager.cc:585] Loaded tablet metadata (0 total tablets, 0 live tablets)
I20260601 13:35:14.144375 30198 ts_tablet_manager.cc:531] Time spent load tablet metadata: real 0.000s	user 0.000s	sys 0.000s
I20260601 13:35:14.144439 30198 ts_tablet_manager.cc:616] Registered 0 tablets
I20260601 13:35:14.144474 30198 ts_tablet_manager.cc:595] Time spent register tablets: real 0.000s	user 0.000s	sys 0.000s
I20260601 13:35:14.149397 30198 rpc_server.cc:307] RPC server started. Bound to: 127.29.125.131:33545
I20260601 13:35:14.149441  2004 acceptor_pool.cc:272] collecting diagnostics on the listening RPC socket 127.29.125.131:33545 every 8 connection(s)
I20260601 13:35:14.154378  2005 heartbeater.cc:344] Connected to a master server at 127.29.125.190:39485
I20260601 13:35:14.154496  2005 heartbeater.cc:461] Registering TS with master...
I20260601 13:35:14.154701  2005 heartbeater.cc:507] Master 127.29.125.190:39485 requested a full tablet report, sending...
I20260601 13:35:14.155287  1723 ts_manager.cc:194] Registered new tserver with Master: 292368e1a8814c05aa38404a3a295bde (127.29.125.131:33545)
I20260601 13:35:14.155555 30198 internal_mini_cluster.cc:371] 3 TS(s) registered with all masters after 0.005692519s
I20260601 13:35:14.155853  1723 master_service.cc:502] Signed X509 certificate for tserver {username='slave'} at 127.0.0.1:37158
I20260601 13:35:15.107887  1853 heartbeater.cc:499] Master 127.29.125.190:39485 was elected leader, sending a full tablet report...
I20260601 13:35:15.133499  1930 heartbeater.cc:499] Master 127.29.125.190:39485 was elected leader, sending a full tablet report...
I20260601 13:35:15.156776  2005 heartbeater.cc:499] Master 127.29.125.190:39485 was elected leader, sending a full tablet report...
I20260601 13:35:15.194501  1723 catalog_manager.cc:2282] Servicing CreateTable request from {username='slave'} at 127.0.0.1:50002:
name: "test-workload"
schema {
  columns {
    name: "key"
    type: INT32
    is_key: true
    is_nullable: false
    encoding: AUTO_ENCODING
    compression: DEFAULT_COMPRESSION
    cfile_block_size: 0
    immutable: false
  }
  columns {
    name: "int_val"
    type: INT32
    is_key: false
    is_nullable: false
    encoding: AUTO_ENCODING
    compression: DEFAULT_COMPRESSION
    cfile_block_size: 0
    immutable: false
  }
  columns {
    name: "string_val"
    type: STRING
    is_key: false
    is_nullable: true
    encoding: AUTO_ENCODING
    compression: DEFAULT_COMPRESSION
    cfile_block_size: 0
    immutable: false
  }
}
num_replicas: 3
split_rows_range_bounds {
}
partition_schema {
  range_schema {
    columns {
      name: "key"
    }
  }
}
W20260601 13:35:15.194948  1723 catalog_manager.cc:7076] The number of live tablet servers is not enough to re-replicate a tablet replica of the newly created table test-workload in case of a server failure: 4 tablet servers would be needed, 3 are available. Consider bringing up more tablet servers.
I20260601 13:35:15.204624  1969 tablet_service.cc:1511] Processing CreateTablet for tablet 38eeb6d3e16341c488521a941c51a84c (DEFAULT_TABLE table=test-workload [id=347281fc7beb4cabb97031fed9783fee]), partition=RANGE (key) PARTITION UNBOUNDED
I20260601 13:35:15.205024  1969 data_dirs.cc:400] Could only allocate 1 dirs of requested 3 for tablet 38eeb6d3e16341c488521a941c51a84c. 1 dirs total, 0 dirs full, 0 dirs failed
I20260601 13:35:15.207197  2026 tablet_bootstrap.cc:492] T 38eeb6d3e16341c488521a941c51a84c P 292368e1a8814c05aa38404a3a295bde: Bootstrap starting.
I20260601 13:35:15.207401  1893 tablet_service.cc:1511] Processing CreateTablet for tablet 38eeb6d3e16341c488521a941c51a84c (DEFAULT_TABLE table=test-workload [id=347281fc7beb4cabb97031fed9783fee]), partition=RANGE (key) PARTITION UNBOUNDED
I20260601 13:35:15.207674  1893 data_dirs.cc:400] Could only allocate 1 dirs of requested 3 for tablet 38eeb6d3e16341c488521a941c51a84c. 1 dirs total, 0 dirs full, 0 dirs failed
I20260601 13:35:15.208207  2026 tablet_bootstrap.cc:654] T 38eeb6d3e16341c488521a941c51a84c P 292368e1a8814c05aa38404a3a295bde: Neither blocks nor log segments found. Creating new log.
I20260601 13:35:15.209405  2026 tablet_bootstrap.cc:492] T 38eeb6d3e16341c488521a941c51a84c P 292368e1a8814c05aa38404a3a295bde: No bootstrap required, opened a new log
I20260601 13:35:15.209498  2026 ts_tablet_manager.cc:1403] T 38eeb6d3e16341c488521a941c51a84c P 292368e1a8814c05aa38404a3a295bde: Time spent bootstrapping tablet: real 0.002s	user 0.002s	sys 0.000s
I20260601 13:35:15.209764  2028 tablet_bootstrap.cc:492] T 38eeb6d3e16341c488521a941c51a84c P ba94f343657f4c63bcef3f2922f93aea: Bootstrap starting.
I20260601 13:35:15.209986  1817 tablet_service.cc:1511] Processing CreateTablet for tablet 38eeb6d3e16341c488521a941c51a84c (DEFAULT_TABLE table=test-workload [id=347281fc7beb4cabb97031fed9783fee]), partition=RANGE (key) PARTITION UNBOUNDED
I20260601 13:35:15.209998  2026 raft_consensus.cc:359] T 38eeb6d3e16341c488521a941c51a84c P 292368e1a8814c05aa38404a3a295bde [term 0 FOLLOWER]: Replica starting. Triggering 0 pending ops. Active config: opid_index: -1 OBSOLETE_local: false peers { permanent_uuid: "292368e1a8814c05aa38404a3a295bde" member_type: VOTER last_known_addr { host: "127.29.125.131" port: 33545 } } peers { permanent_uuid: "ba94f343657f4c63bcef3f2922f93aea" member_type: VOTER last_known_addr { host: "127.29.125.130" port: 46049 } } peers { permanent_uuid: "8cda78d9f98e449eacc6ec8cf505835d" member_type: VOTER last_known_addr { host: "127.29.125.129" port: 45843 } }
I20260601 13:35:15.210136  2026 raft_consensus.cc:385] T 38eeb6d3e16341c488521a941c51a84c P 292368e1a8814c05aa38404a3a295bde [term 0 FOLLOWER]: Consensus starting up: Expiring failure detector timer to make a prompt election more likely
I20260601 13:35:15.210214  2026 raft_consensus.cc:740] T 38eeb6d3e16341c488521a941c51a84c P 292368e1a8814c05aa38404a3a295bde [term 0 FOLLOWER]: Becoming Follower/Learner. State: Replica: 292368e1a8814c05aa38404a3a295bde, State: Initialized, Role: FOLLOWER
I20260601 13:35:15.210287  1817 data_dirs.cc:400] Could only allocate 1 dirs of requested 3 for tablet 38eeb6d3e16341c488521a941c51a84c. 1 dirs total, 0 dirs full, 0 dirs failed
I20260601 13:35:15.210386  2026 consensus_queue.cc:260] T 38eeb6d3e16341c488521a941c51a84c P 292368e1a8814c05aa38404a3a295bde [NON_LEADER]: Queue going to NON_LEADER mode. State: All replicated index: 0, Majority replicated index: 0, Committed index: 0, Last appended: 0.0, Last appended by leader: 0, Current term: 0, Majority size: -1, State: 0, Mode: NON_LEADER, active raft config: opid_index: -1 OBSOLETE_local: false peers { permanent_uuid: "292368e1a8814c05aa38404a3a295bde" member_type: VOTER last_known_addr { host: "127.29.125.131" port: 33545 } } peers { permanent_uuid: "ba94f343657f4c63bcef3f2922f93aea" member_type: VOTER last_known_addr { host: "127.29.125.130" port: 46049 } } peers { permanent_uuid: "8cda78d9f98e449eacc6ec8cf505835d" member_type: VOTER last_known_addr { host: "127.29.125.129" port: 45843 } }
I20260601 13:35:15.210738  2026 ts_tablet_manager.cc:1434] T 38eeb6d3e16341c488521a941c51a84c P 292368e1a8814c05aa38404a3a295bde: Time spent starting tablet: real 0.001s	user 0.002s	sys 0.000s
I20260601 13:35:15.211185  2028 tablet_bootstrap.cc:654] T 38eeb6d3e16341c488521a941c51a84c P ba94f343657f4c63bcef3f2922f93aea: Neither blocks nor log segments found. Creating new log.
I20260601 13:35:15.212183  2028 tablet_bootstrap.cc:492] T 38eeb6d3e16341c488521a941c51a84c P ba94f343657f4c63bcef3f2922f93aea: No bootstrap required, opened a new log
I20260601 13:35:15.212548  2031 tablet_bootstrap.cc:492] T 38eeb6d3e16341c488521a941c51a84c P 8cda78d9f98e449eacc6ec8cf505835d: Bootstrap starting.
I20260601 13:35:15.212917  2028 ts_tablet_manager.cc:1403] T 38eeb6d3e16341c488521a941c51a84c P ba94f343657f4c63bcef3f2922f93aea: Time spent bootstrapping tablet: real 0.003s	user 0.002s	sys 0.000s
I20260601 13:35:15.213392  2028 raft_consensus.cc:359] T 38eeb6d3e16341c488521a941c51a84c P ba94f343657f4c63bcef3f2922f93aea [term 0 FOLLOWER]: Replica starting. Triggering 0 pending ops. Active config: opid_index: -1 OBSOLETE_local: false peers { permanent_uuid: "292368e1a8814c05aa38404a3a295bde" member_type: VOTER last_known_addr { host: "127.29.125.131" port: 33545 } } peers { permanent_uuid: "ba94f343657f4c63bcef3f2922f93aea" member_type: VOTER last_known_addr { host: "127.29.125.130" port: 46049 } } peers { permanent_uuid: "8cda78d9f98e449eacc6ec8cf505835d" member_type: VOTER last_known_addr { host: "127.29.125.129" port: 45843 } }
I20260601 13:35:15.213543  2028 raft_consensus.cc:385] T 38eeb6d3e16341c488521a941c51a84c P ba94f343657f4c63bcef3f2922f93aea [term 0 FOLLOWER]: Consensus starting up: Expiring failure detector timer to make a prompt election more likely
I20260601 13:35:15.213572  2031 tablet_bootstrap.cc:654] T 38eeb6d3e16341c488521a941c51a84c P 8cda78d9f98e449eacc6ec8cf505835d: Neither blocks nor log segments found. Creating new log.
I20260601 13:35:15.213624  2028 raft_consensus.cc:740] T 38eeb6d3e16341c488521a941c51a84c P ba94f343657f4c63bcef3f2922f93aea [term 0 FOLLOWER]: Becoming Follower/Learner. State: Replica: ba94f343657f4c63bcef3f2922f93aea, State: Initialized, Role: FOLLOWER
I20260601 13:35:15.213833  2028 consensus_queue.cc:260] T 38eeb6d3e16341c488521a941c51a84c P ba94f343657f4c63bcef3f2922f93aea [NON_LEADER]: Queue going to NON_LEADER mode. State: All replicated index: 0, Majority replicated index: 0, Committed index: 0, Last appended: 0.0, Last appended by leader: 0, Current term: 0, Majority size: -1, State: 0, Mode: NON_LEADER, active raft config: opid_index: -1 OBSOLETE_local: false peers { permanent_uuid: "292368e1a8814c05aa38404a3a295bde" member_type: VOTER last_known_addr { host: "127.29.125.131" port: 33545 } } peers { permanent_uuid: "ba94f343657f4c63bcef3f2922f93aea" member_type: VOTER last_known_addr { host: "127.29.125.130" port: 46049 } } peers { permanent_uuid: "8cda78d9f98e449eacc6ec8cf505835d" member_type: VOTER last_known_addr { host: "127.29.125.129" port: 45843 } }
I20260601 13:35:15.214224  2028 ts_tablet_manager.cc:1434] T 38eeb6d3e16341c488521a941c51a84c P ba94f343657f4c63bcef3f2922f93aea: Time spent starting tablet: real 0.001s	user 0.001s	sys 0.000s
I20260601 13:35:15.214675  2031 tablet_bootstrap.cc:492] T 38eeb6d3e16341c488521a941c51a84c P 8cda78d9f98e449eacc6ec8cf505835d: No bootstrap required, opened a new log
I20260601 13:35:15.214745  2031 ts_tablet_manager.cc:1403] T 38eeb6d3e16341c488521a941c51a84c P 8cda78d9f98e449eacc6ec8cf505835d: Time spent bootstrapping tablet: real 0.002s	user 0.002s	sys 0.000s
I20260601 13:35:15.215137  2031 raft_consensus.cc:359] T 38eeb6d3e16341c488521a941c51a84c P 8cda78d9f98e449eacc6ec8cf505835d [term 0 FOLLOWER]: Replica starting. Triggering 0 pending ops. Active config: opid_index: -1 OBSOLETE_local: false peers { permanent_uuid: "292368e1a8814c05aa38404a3a295bde" member_type: VOTER last_known_addr { host: "127.29.125.131" port: 33545 } } peers { permanent_uuid: "ba94f343657f4c63bcef3f2922f93aea" member_type: VOTER last_known_addr { host: "127.29.125.130" port: 46049 } } peers { permanent_uuid: "8cda78d9f98e449eacc6ec8cf505835d" member_type: VOTER last_known_addr { host: "127.29.125.129" port: 45843 } }
I20260601 13:35:15.215243  2031 raft_consensus.cc:385] T 38eeb6d3e16341c488521a941c51a84c P 8cda78d9f98e449eacc6ec8cf505835d [term 0 FOLLOWER]: Consensus starting up: Expiring failure detector timer to make a prompt election more likely
I20260601 13:35:15.215322  2031 raft_consensus.cc:740] T 38eeb6d3e16341c488521a941c51a84c P 8cda78d9f98e449eacc6ec8cf505835d [term 0 FOLLOWER]: Becoming Follower/Learner. State: Replica: 8cda78d9f98e449eacc6ec8cf505835d, State: Initialized, Role: FOLLOWER
I20260601 13:35:15.215480  2031 consensus_queue.cc:260] T 38eeb6d3e16341c488521a941c51a84c P 8cda78d9f98e449eacc6ec8cf505835d [NON_LEADER]: Queue going to NON_LEADER mode. State: All replicated index: 0, Majority replicated index: 0, Committed index: 0, Last appended: 0.0, Last appended by leader: 0, Current term: 0, Majority size: -1, State: 0, Mode: NON_LEADER, active raft config: opid_index: -1 OBSOLETE_local: false peers { permanent_uuid: "292368e1a8814c05aa38404a3a295bde" member_type: VOTER last_known_addr { host: "127.29.125.131" port: 33545 } } peers { permanent_uuid: "ba94f343657f4c63bcef3f2922f93aea" member_type: VOTER last_known_addr { host: "127.29.125.130" port: 46049 } } peers { permanent_uuid: "8cda78d9f98e449eacc6ec8cf505835d" member_type: VOTER last_known_addr { host: "127.29.125.129" port: 45843 } }
I20260601 13:35:15.215883  2031 ts_tablet_manager.cc:1434] T 38eeb6d3e16341c488521a941c51a84c P 8cda78d9f98e449eacc6ec8cf505835d: Time spent starting tablet: real 0.001s	user 0.001s	sys 0.000s
I20260601 13:35:15.353833  2034 raft_consensus.cc:493] T 38eeb6d3e16341c488521a941c51a84c P 8cda78d9f98e449eacc6ec8cf505835d [term 0 FOLLOWER]: Starting pre-election (no leader contacted us within the election timeout)
I20260601 13:35:15.353960  2034 raft_consensus.cc:515] T 38eeb6d3e16341c488521a941c51a84c P 8cda78d9f98e449eacc6ec8cf505835d [term 0 FOLLOWER]: Starting pre-election with config: opid_index: -1 OBSOLETE_local: false peers { permanent_uuid: "292368e1a8814c05aa38404a3a295bde" member_type: VOTER last_known_addr { host: "127.29.125.131" port: 33545 } } peers { permanent_uuid: "ba94f343657f4c63bcef3f2922f93aea" member_type: VOTER last_known_addr { host: "127.29.125.130" port: 46049 } } peers { permanent_uuid: "8cda78d9f98e449eacc6ec8cf505835d" member_type: VOTER last_known_addr { host: "127.29.125.129" port: 45843 } }
I20260601 13:35:15.354434  2034 leader_election.cc:290] T 38eeb6d3e16341c488521a941c51a84c P 8cda78d9f98e449eacc6ec8cf505835d [CANDIDATE]: Term 1 pre-election: Requested pre-vote from peers 292368e1a8814c05aa38404a3a295bde (127.29.125.131:33545), ba94f343657f4c63bcef3f2922f93aea (127.29.125.130:46049)
I20260601 13:35:15.357937  1903 tablet_service.cc:1917] Received RequestConsensusVote() RPC: tablet_id: "38eeb6d3e16341c488521a941c51a84c" candidate_uuid: "8cda78d9f98e449eacc6ec8cf505835d" candidate_term: 1 candidate_status { last_received { term: 0 index: 0 } } ignore_live_leader: false dest_uuid: "ba94f343657f4c63bcef3f2922f93aea" is_pre_election: true
I20260601 13:35:15.357985  1979 tablet_service.cc:1917] Received RequestConsensusVote() RPC: tablet_id: "38eeb6d3e16341c488521a941c51a84c" candidate_uuid: "8cda78d9f98e449eacc6ec8cf505835d" candidate_term: 1 candidate_status { last_received { term: 0 index: 0 } } ignore_live_leader: false dest_uuid: "292368e1a8814c05aa38404a3a295bde" is_pre_election: true
I20260601 13:35:15.358081  1903 raft_consensus.cc:2468] T 38eeb6d3e16341c488521a941c51a84c P ba94f343657f4c63bcef3f2922f93aea [term 0 FOLLOWER]: Leader pre-election vote request: Granting yes vote for candidate 8cda78d9f98e449eacc6ec8cf505835d in term 0.
I20260601 13:35:15.358124  1979 raft_consensus.cc:2468] T 38eeb6d3e16341c488521a941c51a84c P 292368e1a8814c05aa38404a3a295bde [term 0 FOLLOWER]: Leader pre-election vote request: Granting yes vote for candidate 8cda78d9f98e449eacc6ec8cf505835d in term 0.
I20260601 13:35:15.358453  1789 leader_election.cc:304] T 38eeb6d3e16341c488521a941c51a84c P 8cda78d9f98e449eacc6ec8cf505835d [CANDIDATE]: Term 1 pre-election: Election decided. Result: candidate won. Election summary: received 2 responses out of 3 voters: 2 yes votes; 0 no votes. yes voters: 292368e1a8814c05aa38404a3a295bde, 8cda78d9f98e449eacc6ec8cf505835d; no voters: 
I20260601 13:35:15.358702  2034 raft_consensus.cc:2804] T 38eeb6d3e16341c488521a941c51a84c P 8cda78d9f98e449eacc6ec8cf505835d [term 0 FOLLOWER]: Leader pre-election won for term 1
I20260601 13:35:15.358750  2034 raft_consensus.cc:493] T 38eeb6d3e16341c488521a941c51a84c P 8cda78d9f98e449eacc6ec8cf505835d [term 0 FOLLOWER]: Starting leader election (no leader contacted us within the election timeout)
I20260601 13:35:15.358812  2034 raft_consensus.cc:3060] T 38eeb6d3e16341c488521a941c51a84c P 8cda78d9f98e449eacc6ec8cf505835d [term 0 FOLLOWER]: Advancing to term 1
I20260601 13:35:15.359692  2034 raft_consensus.cc:515] T 38eeb6d3e16341c488521a941c51a84c P 8cda78d9f98e449eacc6ec8cf505835d [term 1 FOLLOWER]: Starting leader election with config: opid_index: -1 OBSOLETE_local: false peers { permanent_uuid: "292368e1a8814c05aa38404a3a295bde" member_type: VOTER last_known_addr { host: "127.29.125.131" port: 33545 } } peers { permanent_uuid: "ba94f343657f4c63bcef3f2922f93aea" member_type: VOTER last_known_addr { host: "127.29.125.130" port: 46049 } } peers { permanent_uuid: "8cda78d9f98e449eacc6ec8cf505835d" member_type: VOTER last_known_addr { host: "127.29.125.129" port: 45843 } }
I20260601 13:35:15.360062  2034 leader_election.cc:290] T 38eeb6d3e16341c488521a941c51a84c P 8cda78d9f98e449eacc6ec8cf505835d [CANDIDATE]: Term 1 election: Requested vote from peers 292368e1a8814c05aa38404a3a295bde (127.29.125.131:33545), ba94f343657f4c63bcef3f2922f93aea (127.29.125.130:46049)
I20260601 13:35:15.360378  1903 tablet_service.cc:1917] Received RequestConsensusVote() RPC: tablet_id: "38eeb6d3e16341c488521a941c51a84c" candidate_uuid: "8cda78d9f98e449eacc6ec8cf505835d" candidate_term: 1 candidate_status { last_received { term: 0 index: 0 } } ignore_live_leader: false dest_uuid: "ba94f343657f4c63bcef3f2922f93aea"
I20260601 13:35:15.360378  1979 tablet_service.cc:1917] Received RequestConsensusVote() RPC: tablet_id: "38eeb6d3e16341c488521a941c51a84c" candidate_uuid: "8cda78d9f98e449eacc6ec8cf505835d" candidate_term: 1 candidate_status { last_received { term: 0 index: 0 } } ignore_live_leader: false dest_uuid: "292368e1a8814c05aa38404a3a295bde"
I20260601 13:35:15.360514  1903 raft_consensus.cc:3060] T 38eeb6d3e16341c488521a941c51a84c P ba94f343657f4c63bcef3f2922f93aea [term 0 FOLLOWER]: Advancing to term 1
I20260601 13:35:15.360529  1979 raft_consensus.cc:3060] T 38eeb6d3e16341c488521a941c51a84c P 292368e1a8814c05aa38404a3a295bde [term 0 FOLLOWER]: Advancing to term 1
I20260601 13:35:15.361527  1979 raft_consensus.cc:2468] T 38eeb6d3e16341c488521a941c51a84c P 292368e1a8814c05aa38404a3a295bde [term 1 FOLLOWER]: Leader election vote request: Granting yes vote for candidate 8cda78d9f98e449eacc6ec8cf505835d in term 1.
I20260601 13:35:15.361527  1903 raft_consensus.cc:2468] T 38eeb6d3e16341c488521a941c51a84c P ba94f343657f4c63bcef3f2922f93aea [term 1 FOLLOWER]: Leader election vote request: Granting yes vote for candidate 8cda78d9f98e449eacc6ec8cf505835d in term 1.
I20260601 13:35:15.361850  1790 leader_election.cc:304] T 38eeb6d3e16341c488521a941c51a84c P 8cda78d9f98e449eacc6ec8cf505835d [CANDIDATE]: Term 1 election: Election decided. Result: candidate won. Election summary: received 2 responses out of 3 voters: 2 yes votes; 0 no votes. yes voters: 8cda78d9f98e449eacc6ec8cf505835d, ba94f343657f4c63bcef3f2922f93aea; no voters: 
I20260601 13:35:15.362056  2034 raft_consensus.cc:2804] T 38eeb6d3e16341c488521a941c51a84c P 8cda78d9f98e449eacc6ec8cf505835d [term 1 FOLLOWER]: Leader election won for term 1
I20260601 13:35:15.362278  2034 raft_consensus.cc:697] T 38eeb6d3e16341c488521a941c51a84c P 8cda78d9f98e449eacc6ec8cf505835d [term 1 LEADER]: Becoming Leader. State: Replica: 8cda78d9f98e449eacc6ec8cf505835d, State: Running, Role: LEADER
I20260601 13:35:15.362438  2034 consensus_queue.cc:237] T 38eeb6d3e16341c488521a941c51a84c P 8cda78d9f98e449eacc6ec8cf505835d [LEADER]: Queue going to LEADER mode. State: All replicated index: 0, Majority replicated index: 0, Committed index: 0, Last appended: 0.0, Last appended by leader: 0, Current term: 1, Majority size: 2, State: 0, Mode: LEADER, active raft config: opid_index: -1 OBSOLETE_local: false peers { permanent_uuid: "292368e1a8814c05aa38404a3a295bde" member_type: VOTER last_known_addr { host: "127.29.125.131" port: 33545 } } peers { permanent_uuid: "ba94f343657f4c63bcef3f2922f93aea" member_type: VOTER last_known_addr { host: "127.29.125.130" port: 46049 } } peers { permanent_uuid: "8cda78d9f98e449eacc6ec8cf505835d" member_type: VOTER last_known_addr { host: "127.29.125.129" port: 45843 } }
I20260601 13:35:15.364022  1722 catalog_manager.cc:5696] T 38eeb6d3e16341c488521a941c51a84c P 8cda78d9f98e449eacc6ec8cf505835d reported cstate change: term changed from 0 to 1, leader changed from <none> to 8cda78d9f98e449eacc6ec8cf505835d (127.29.125.129). New cstate: current_term: 1 leader_uuid: "8cda78d9f98e449eacc6ec8cf505835d" committed_config { opid_index: -1 OBSOLETE_local: false peers { permanent_uuid: "292368e1a8814c05aa38404a3a295bde" member_type: VOTER last_known_addr { host: "127.29.125.131" port: 33545 } health_report { overall_health: UNKNOWN } } peers { permanent_uuid: "ba94f343657f4c63bcef3f2922f93aea" member_type: VOTER last_known_addr { host: "127.29.125.130" port: 46049 } health_report { overall_health: UNKNOWN } } peers { permanent_uuid: "8cda78d9f98e449eacc6ec8cf505835d" member_type: VOTER last_known_addr { host: "127.29.125.129" port: 45843 } health_report { overall_health: HEALTHY } } }
I20260601 13:35:15.799503  2034 consensus_queue.cc:1048] T 38eeb6d3e16341c488521a941c51a84c P 8cda78d9f98e449eacc6ec8cf505835d [LEADER]: Connected to new peer: Peer: permanent_uuid: "292368e1a8814c05aa38404a3a295bde" member_type: VOTER last_known_addr { host: "127.29.125.131" port: 33545 }, Status: LMP_MISMATCH, Last received: 0.0, Next index: 1, Last known committed idx: 0, Time since last communication: 0.000s
I20260601 13:35:15.802874  2042 consensus_queue.cc:1048] T 38eeb6d3e16341c488521a941c51a84c P 8cda78d9f98e449eacc6ec8cf505835d [LEADER]: Connected to new peer: Peer: permanent_uuid: "ba94f343657f4c63bcef3f2922f93aea" member_type: VOTER last_known_addr { host: "127.29.125.130" port: 46049 }, Status: LMP_MISMATCH, Last received: 0.0, Next index: 1, Last known committed idx: 0, Time since last communication: 0.000s
I20260601 13:35:15.936638  1777 auto_leader_rebalancer.cc:140] leader rebalance for table test-workload
I20260601 13:35:15.936962  1777 auto_leader_rebalancer.cc:388] table: test-workload, leader rebalance finish, leader transfer count: 0
I20260601 13:35:15.937039  1777 auto_leader_rebalancer.cc:451] All tables' leader rebalancing finished this round
I20260601 13:35:15.937078  1771 placement_policy_util.cc:407] tablet 38eeb6d3e16341c488521a941c51a84c: detected majority of replicas (2 of 3) at location L0
I20260601 13:35:16.938767  1771 placement_policy_util.cc:407] tablet 38eeb6d3e16341c488521a941c51a84c: detected majority of replicas (2 of 3) at location L0
I20260601 13:35:17.937328  1777 auto_leader_rebalancer.cc:140] leader rebalance for table test-workload
I20260601 13:35:17.937631  1777 auto_leader_rebalancer.cc:388] table: test-workload, leader rebalance finish, leader transfer count: 0
I20260601 13:35:17.937683  1777 auto_leader_rebalancer.cc:451] All tables' leader rebalancing finished this round
I20260601 13:35:17.940196  1771 placement_policy_util.cc:407] tablet 38eeb6d3e16341c488521a941c51a84c: detected majority of replicas (2 of 3) at location L0
I20260601 13:35:18.941947  1771 placement_policy_util.cc:407] tablet 38eeb6d3e16341c488521a941c51a84c: detected majority of replicas (2 of 3) at location L0
I20260601 13:35:19.937959  1777 auto_leader_rebalancer.cc:140] leader rebalance for table test-workload
I20260601 13:35:19.938256  1777 auto_leader_rebalancer.cc:388] table: test-workload, leader rebalance finish, leader transfer count: 0
I20260601 13:35:19.938304  1777 auto_leader_rebalancer.cc:451] All tables' leader rebalancing finished this round
I20260601 13:35:19.943440  1771 placement_policy_util.cc:407] tablet 38eeb6d3e16341c488521a941c51a84c: detected majority of replicas (2 of 3) at location L0
I20260601 13:35:20.945019  1771 placement_policy_util.cc:407] tablet 38eeb6d3e16341c488521a941c51a84c: detected majority of replicas (2 of 3) at location L0
I20260601 13:35:21.938673  1777 auto_leader_rebalancer.cc:140] leader rebalance for table test-workload
I20260601 13:35:21.938985  1777 auto_leader_rebalancer.cc:388] table: test-workload, leader rebalance finish, leader transfer count: 0
I20260601 13:35:21.939059  1777 auto_leader_rebalancer.cc:451] All tables' leader rebalancing finished this round
I20260601 13:35:21.946694  1771 placement_policy_util.cc:407] tablet 38eeb6d3e16341c488521a941c51a84c: detected majority of replicas (2 of 3) at location L0
I20260601 13:35:22.948205  1771 placement_policy_util.cc:407] tablet 38eeb6d3e16341c488521a941c51a84c: detected majority of replicas (2 of 3) at location L0
I20260601 13:35:23.939374  1777 auto_leader_rebalancer.cc:140] leader rebalance for table test-workload
I20260601 13:35:23.939683  1777 auto_leader_rebalancer.cc:388] table: test-workload, leader rebalance finish, leader transfer count: 0
I20260601 13:35:23.939734  1777 auto_leader_rebalancer.cc:451] All tables' leader rebalancing finished this round
I20260601 13:35:23.949837  1771 placement_policy_util.cc:407] tablet 38eeb6d3e16341c488521a941c51a84c: detected majority of replicas (2 of 3) at location L0
I20260601 13:35:24.951515  1771 placement_policy_util.cc:407] tablet 38eeb6d3e16341c488521a941c51a84c: detected majority of replicas (2 of 3) at location L0
I20260601 13:35:25.940065  1777 auto_leader_rebalancer.cc:140] leader rebalance for table test-workload
I20260601 13:35:25.940366  1777 auto_leader_rebalancer.cc:388] table: test-workload, leader rebalance finish, leader transfer count: 0
I20260601 13:35:25.940438  1777 auto_leader_rebalancer.cc:451] All tables' leader rebalancing finished this round
I20260601 13:35:25.953168  1771 placement_policy_util.cc:407] tablet 38eeb6d3e16341c488521a941c51a84c: detected majority of replicas (2 of 3) at location L0
I20260601 13:35:26.443228 30198 tablet_server.cc:179] TabletServer@127.29.125.129:0 shutting down...
I20260601 13:35:26.447060 30198 ts_tablet_manager.cc:1507] Shutting down tablet manager...
I20260601 13:35:26.447293 30198 tablet_replica.cc:333] T 38eeb6d3e16341c488521a941c51a84c P 8cda78d9f98e449eacc6ec8cf505835d: stopping tablet replica
I20260601 13:35:26.447414 30198 raft_consensus.cc:2243] T 38eeb6d3e16341c488521a941c51a84c P 8cda78d9f98e449eacc6ec8cf505835d [term 1 LEADER]: Raft consensus shutting down.
I20260601 13:35:26.447625 30198 raft_consensus.cc:2272] T 38eeb6d3e16341c488521a941c51a84c P 8cda78d9f98e449eacc6ec8cf505835d [term 1 FOLLOWER]: Raft consensus is shut down!
I20260601 13:35:26.460753 30198 tablet_server.cc:196] TabletServer@127.29.125.129:0 shutdown complete.
I20260601 13:35:26.462877 30198 tablet_server.cc:179] TabletServer@127.29.125.130:0 shutting down...
I20260601 13:35:26.466910 30198 ts_tablet_manager.cc:1507] Shutting down tablet manager...
I20260601 13:35:26.467126 30198 tablet_replica.cc:333] T 38eeb6d3e16341c488521a941c51a84c P ba94f343657f4c63bcef3f2922f93aea: stopping tablet replica
I20260601 13:35:26.467244 30198 raft_consensus.cc:2243] T 38eeb6d3e16341c488521a941c51a84c P ba94f343657f4c63bcef3f2922f93aea [term 1 FOLLOWER]: Raft consensus shutting down.
I20260601 13:35:26.467356 30198 raft_consensus.cc:2272] T 38eeb6d3e16341c488521a941c51a84c P ba94f343657f4c63bcef3f2922f93aea [term 1 FOLLOWER]: Raft consensus is shut down!
I20260601 13:35:26.480160 30198 tablet_server.cc:196] TabletServer@127.29.125.130:0 shutdown complete.
I20260601 13:35:26.482404 30198 tablet_server.cc:179] TabletServer@127.29.125.131:0 shutting down...
I20260601 13:35:26.486112 30198 ts_tablet_manager.cc:1507] Shutting down tablet manager...
I20260601 13:35:26.486351 30198 tablet_replica.cc:333] T 38eeb6d3e16341c488521a941c51a84c P 292368e1a8814c05aa38404a3a295bde: stopping tablet replica
I20260601 13:35:26.486507 30198 raft_consensus.cc:2243] T 38eeb6d3e16341c488521a941c51a84c P 292368e1a8814c05aa38404a3a295bde [term 1 FOLLOWER]: Raft consensus shutting down.
I20260601 13:35:26.486622 30198 raft_consensus.cc:2272] T 38eeb6d3e16341c488521a941c51a84c P 292368e1a8814c05aa38404a3a295bde [term 1 FOLLOWER]: Raft consensus is shut down!
I20260601 13:35:26.499526 30198 tablet_server.cc:196] TabletServer@127.29.125.131:0 shutdown complete.
I20260601 13:35:26.501763 30198 master.cc:562] Master@127.29.125.190:39485 shutting down...
I20260601 13:35:26.505542 30198 raft_consensus.cc:2243] T 00000000000000000000000000000000 P 0a7eb8fd55e346d8a4f8c213b97f3d33 [term 1 LEADER]: Raft consensus shutting down.
I20260601 13:35:26.505735 30198 raft_consensus.cc:2272] T 00000000000000000000000000000000 P 0a7eb8fd55e346d8a4f8c213b97f3d33 [term 1 FOLLOWER]: Raft consensus is shut down!
I20260601 13:35:26.505825 30198 tablet_replica.cc:333] T 00000000000000000000000000000000 P 0a7eb8fd55e346d8a4f8c213b97f3d33: stopping tablet replica
I20260601 13:35:26.518589 30198 master.cc:584] Master@127.29.125.190:39485 shutdown complete.
[       OK ] AutoRebalancerTest.NoReplicaMovesIfCannotFixPlacementPolicy (12621 ms)
[ RUN      ] AutoRebalancerTest.TestMaxMovesPerServer
I20260601 13:35:26.526149 30198 internal_mini_cluster.cc:156] Creating distributed mini masters. Addrs: 127.29.125.190:36409
I20260601 13:35:26.526592 30198 file_cache.cc:492] Constructed file cache file cache with capacity 419430
W20260601 13:35:26.528740  2049 instance_detector.cc:116] could not retrieve AWS instance metadata: Network error: curl error: HTTP response code said error: The requested URL returned error: 404
W20260601 13:35:26.528860  2050 instance_detector.cc:116] could not retrieve Azure instance metadata: Network error: curl error: HTTP response code said error: The requested URL returned error: 404
W20260601 13:35:26.528827  2052 instance_detector.cc:116] could not retrieve OpenStack instance metadata: Network error: curl error: HTTP response code said error: The requested URL returned error: 404
I20260601 13:35:26.528944 30198 server_base.cc:1061] running on GCE node
I20260601 13:35:26.529289 30198 hybrid_clock.cc:584] initializing the hybrid clock with 'system_unsync' time source
W20260601 13:35:26.529384 30198 system_unsync_time.cc:38] NTP support is disabled. Clock error bounds will not be accurate. This configuration is not suitable for distributed clusters.
I20260601 13:35:26.529412 30198 hybrid_clock.cc:648] HybridClock initialized: now 1780320926529410 us; error 0 us; skew 500 ppm
I20260601 13:35:26.530287 30198 webserver.cc:533] Webserver started at http://127.29.125.190:35123/ using document root <none> and password file <none>
I20260601 13:35:26.530463 30198 fs_manager.cc:362] Metadata directory not provided
I20260601 13:35:26.530543 30198 fs_manager.cc:368] Using write-ahead log directory (fs_wal_dir) as metadata directory
I20260601 13:35:26.530625 30198 server_base.cc:909] This appears to be a new deployment of Kudu; creating new FS layout
I20260601 13:35:26.531042 30198 fs_manager.cc:1068] Generated new instance metadata in path /tmp/dist-test-taskAqWAPr/test-tmp/auto_rebalancer-test.0.AutoRebalancerTest.TestMaxMovesPerServer.1780320823753474-30198-0/minicluster-data/master-0-root/instance:
uuid: "0588f4414f884dbdb134999a1c4db7ce"
format_stamp: "Formatted at 2026-06-01 13:35:26 on dist-test-slave-h0d8"
I20260601 13:35:26.532560 30198 fs_manager.cc:696] Time spent creating directory manager: real 0.001s	user 0.002s	sys 0.000s
I20260601 13:35:26.533654  2057 log_block_manager.cc:4031] Time spent loading block containers with low live blocks: real 0.000s	user 0.000s	sys 0.000s
I20260601 13:35:26.533943 30198 fs_manager.cc:730] Time spent opening block manager: real 0.001s	user 0.001s	sys 0.000s
I20260601 13:35:26.534039 30198 fs_manager.cc:647] Opened local filesystem: /tmp/dist-test-taskAqWAPr/test-tmp/auto_rebalancer-test.0.AutoRebalancerTest.TestMaxMovesPerServer.1780320823753474-30198-0/minicluster-data/master-0-root
uuid: "0588f4414f884dbdb134999a1c4db7ce"
format_stamp: "Formatted at 2026-06-01 13:35:26 on dist-test-slave-h0d8"
I20260601 13:35:26.534130 30198 fs_report.cc:389] FS layout report
--------------------
wal directory: /tmp/dist-test-taskAqWAPr/test-tmp/auto_rebalancer-test.0.AutoRebalancerTest.TestMaxMovesPerServer.1780320823753474-30198-0/minicluster-data/master-0-root
metadata directory: /tmp/dist-test-taskAqWAPr/test-tmp/auto_rebalancer-test.0.AutoRebalancerTest.TestMaxMovesPerServer.1780320823753474-30198-0/minicluster-data/master-0-root
1 data directories: /tmp/dist-test-taskAqWAPr/test-tmp/auto_rebalancer-test.0.AutoRebalancerTest.TestMaxMovesPerServer.1780320823753474-30198-0/minicluster-data/master-0-root/data
Total live blocks: 0
Total live bytes: 0
Total live bytes (after alignment): 0
Total number of LBM containers: 0 (0 full)
Did not check for missing blocks
Did not check for orphaned blocks
Total full LBM containers with extra space: 0 (0 repaired)
Total full LBM container extra space in bytes: 0 (0 repaired)
Total incomplete LBM containers: 0 (0 repaired)
Total LBM partial records: 0 (0 repaired)
Total corrupted LBM metadata records in RocksDB: 0 (0 repaired)
I20260601 13:35:26.559190 30198 rpc_server.cc:225] running with OpenSSL 1.1.1  11 Sep 2018
I20260601 13:35:26.559655 30198 kserver.cc:163] Server-wide thread pool size limit: 3276
I20260601 13:35:26.564164 30198 rpc_server.cc:307] RPC server started. Bound to: 127.29.125.190:36409
I20260601 13:35:26.566680  2110 acceptor_pool.cc:272] collecting diagnostics on the listening RPC socket 127.29.125.190:36409 every 8 connection(s)
I20260601 13:35:26.567245  2111 data_dirs.cc:400] Could only allocate 1 dirs of requested 3 for tablet 00000000000000000000000000000000. 1 dirs total, 0 dirs full, 0 dirs failed
I20260601 13:35:26.569190  2111 tablet_bootstrap.cc:492] T 00000000000000000000000000000000 P 0588f4414f884dbdb134999a1c4db7ce: Bootstrap starting.
I20260601 13:35:26.569972  2111 tablet_bootstrap.cc:654] T 00000000000000000000000000000000 P 0588f4414f884dbdb134999a1c4db7ce: Neither blocks nor log segments found. Creating new log.
I20260601 13:35:26.570993  2111 tablet_bootstrap.cc:492] T 00000000000000000000000000000000 P 0588f4414f884dbdb134999a1c4db7ce: No bootstrap required, opened a new log
I20260601 13:35:26.571367  2111 raft_consensus.cc:359] T 00000000000000000000000000000000 P 0588f4414f884dbdb134999a1c4db7ce [term 0 FOLLOWER]: Replica starting. Triggering 0 pending ops. Active config: opid_index: -1 OBSOLETE_local: true peers { permanent_uuid: "0588f4414f884dbdb134999a1c4db7ce" member_type: VOTER }
I20260601 13:35:26.571458  2111 raft_consensus.cc:385] T 00000000000000000000000000000000 P 0588f4414f884dbdb134999a1c4db7ce [term 0 FOLLOWER]: Consensus starting up: Expiring failure detector timer to make a prompt election more likely
I20260601 13:35:26.571484  2111 raft_consensus.cc:740] T 00000000000000000000000000000000 P 0588f4414f884dbdb134999a1c4db7ce [term 0 FOLLOWER]: Becoming Follower/Learner. State: Replica: 0588f4414f884dbdb134999a1c4db7ce, State: Initialized, Role: FOLLOWER
I20260601 13:35:26.571600  2111 consensus_queue.cc:260] T 00000000000000000000000000000000 P 0588f4414f884dbdb134999a1c4db7ce [NON_LEADER]: Queue going to NON_LEADER mode. State: All replicated index: 0, Majority replicated index: 0, Committed index: 0, Last appended: 0.0, Last appended by leader: 0, Current term: 0, Majority size: -1, State: 0, Mode: NON_LEADER, active raft config: opid_index: -1 OBSOLETE_local: true peers { permanent_uuid: "0588f4414f884dbdb134999a1c4db7ce" member_type: VOTER }
I20260601 13:35:26.571663  2111 raft_consensus.cc:399] T 00000000000000000000000000000000 P 0588f4414f884dbdb134999a1c4db7ce [term 0 FOLLOWER]: Only one voter in the Raft config. Triggering election immediately
I20260601 13:35:26.571688  2111 raft_consensus.cc:493] T 00000000000000000000000000000000 P 0588f4414f884dbdb134999a1c4db7ce [term 0 FOLLOWER]: Starting leader election (initial election of a single-replica configuration)
I20260601 13:35:26.571727  2111 raft_consensus.cc:3060] T 00000000000000000000000000000000 P 0588f4414f884dbdb134999a1c4db7ce [term 0 FOLLOWER]: Advancing to term 1
I20260601 13:35:26.572394  2111 raft_consensus.cc:515] T 00000000000000000000000000000000 P 0588f4414f884dbdb134999a1c4db7ce [term 1 FOLLOWER]: Starting leader election with config: opid_index: -1 OBSOLETE_local: true peers { permanent_uuid: "0588f4414f884dbdb134999a1c4db7ce" member_type: VOTER }
I20260601 13:35:26.572512  2111 leader_election.cc:304] T 00000000000000000000000000000000 P 0588f4414f884dbdb134999a1c4db7ce [CANDIDATE]: Term 1 election: Election decided. Result: candidate won. Election summary: received 1 responses out of 1 voters: 1 yes votes; 0 no votes. yes voters: 0588f4414f884dbdb134999a1c4db7ce; no voters: 
I20260601 13:35:26.572665  2111 leader_election.cc:290] T 00000000000000000000000000000000 P 0588f4414f884dbdb134999a1c4db7ce [CANDIDATE]: Term 1 election: Requested vote from peers 
I20260601 13:35:26.572786  2114 raft_consensus.cc:2804] T 00000000000000000000000000000000 P 0588f4414f884dbdb134999a1c4db7ce [term 1 FOLLOWER]: Leader election won for term 1
I20260601 13:35:26.573047  2114 raft_consensus.cc:697] T 00000000000000000000000000000000 P 0588f4414f884dbdb134999a1c4db7ce [term 1 LEADER]: Becoming Leader. State: Replica: 0588f4414f884dbdb134999a1c4db7ce, State: Running, Role: LEADER
