1 data directories: /tmp/dist-test-taskrbyCwm/test-tmp/auto_rebalancer-test.0.AutoRebalancerTest.AutoRebalancingTurnOffAndOn.1780320822677501-16942-0/minicluster-data/master-0-root/data
Total live blocks: 0
Total live bytes: 0
Total live bytes (after alignment): 0
Total number of LBM containers: 0 (0 full)
Did not check for missing blocks
Did not check for orphaned blocks
Total full LBM containers with extra space: 0 (0 repaired)
Total full LBM container extra space in bytes: 0 (0 repaired)
Total incomplete LBM containers: 0 (0 repaired)
Total LBM partial records: 0 (0 repaired)
Total corrupted LBM metadata records in RocksDB: 0 (0 repaired)
I20260601 13:33:45.590204 16942 rpc_server.cc:225] running with OpenSSL 1.1.1  11 Sep 2018
I20260601 13:33:45.590615 16942 kserver.cc:163] Server-wide thread pool size limit: 3276
I20260601 13:33:45.595655 16942 rpc_server.cc:307] RPC server started. Bound to: 127.16.139.190:45139
I20260601 13:33:45.599179 17544 acceptor_pool.cc:272] collecting diagnostics on the listening RPC socket 127.16.139.190:45139 every 8 connection(s)
I20260601 13:33:45.599787 17545 data_dirs.cc:400] Could only allocate 1 dirs of requested 3 for tablet 00000000000000000000000000000000. 1 dirs total, 0 dirs full, 0 dirs failed
I20260601 13:33:45.601821 17545 tablet_bootstrap.cc:492] T 00000000000000000000000000000000 P 6afbb378c2db4282a546fcdb7f9cfbb8: Bootstrap starting.
I20260601 13:33:45.602821 17545 tablet_bootstrap.cc:654] T 00000000000000000000000000000000 P 6afbb378c2db4282a546fcdb7f9cfbb8: Neither blocks nor log segments found. Creating new log.
I20260601 13:33:45.604096 17545 tablet_bootstrap.cc:492] T 00000000000000000000000000000000 P 6afbb378c2db4282a546fcdb7f9cfbb8: No bootstrap required, opened a new log
I20260601 13:33:45.604542 17545 raft_consensus.cc:359] T 00000000000000000000000000000000 P 6afbb378c2db4282a546fcdb7f9cfbb8 [term 0 FOLLOWER]: Replica starting. Triggering 0 pending ops. Active config: opid_index: -1 OBSOLETE_local: true peers { permanent_uuid: "6afbb378c2db4282a546fcdb7f9cfbb8" member_type: VOTER }
I20260601 13:33:45.604643 17545 raft_consensus.cc:385] T 00000000000000000000000000000000 P 6afbb378c2db4282a546fcdb7f9cfbb8 [term 0 FOLLOWER]: Consensus starting up: Expiring failure detector timer to make a prompt election more likely
I20260601 13:33:45.604667 17545 raft_consensus.cc:740] T 00000000000000000000000000000000 P 6afbb378c2db4282a546fcdb7f9cfbb8 [term 0 FOLLOWER]: Becoming Follower/Learner. State: Replica: 6afbb378c2db4282a546fcdb7f9cfbb8, State: Initialized, Role: FOLLOWER
I20260601 13:33:45.604780 17545 consensus_queue.cc:260] T 00000000000000000000000000000000 P 6afbb378c2db4282a546fcdb7f9cfbb8 [NON_LEADER]: Queue going to NON_LEADER mode. State: All replicated index: 0, Majority replicated index: 0, Committed index: 0, Last appended: 0.0, Last appended by leader: 0, Current term: 0, Majority size: -1, State: 0, Mode: NON_LEADER, active raft config: opid_index: -1 OBSOLETE_local: true peers { permanent_uuid: "6afbb378c2db4282a546fcdb7f9cfbb8" member_type: VOTER }
I20260601 13:33:45.604887 17545 raft_consensus.cc:399] T 00000000000000000000000000000000 P 6afbb378c2db4282a546fcdb7f9cfbb8 [term 0 FOLLOWER]: Only one voter in the Raft config. Triggering election immediately
I20260601 13:33:45.604959 17545 raft_consensus.cc:493] T 00000000000000000000000000000000 P 6afbb378c2db4282a546fcdb7f9cfbb8 [term 0 FOLLOWER]: Starting leader election (initial election of a single-replica configuration)
I20260601 13:33:45.605042 17545 raft_consensus.cc:3060] T 00000000000000000000000000000000 P 6afbb378c2db4282a546fcdb7f9cfbb8 [term 0 FOLLOWER]: Advancing to term 1
I20260601 13:33:45.605803 17545 raft_consensus.cc:515] T 00000000000000000000000000000000 P 6afbb378c2db4282a546fcdb7f9cfbb8 [term 1 FOLLOWER]: Starting leader election with config: opid_index: -1 OBSOLETE_local: true peers { permanent_uuid: "6afbb378c2db4282a546fcdb7f9cfbb8" member_type: VOTER }
I20260601 13:33:45.605921 17545 leader_election.cc:304] T 00000000000000000000000000000000 P 6afbb378c2db4282a546fcdb7f9cfbb8 [CANDIDATE]: Term 1 election: Election decided. Result: candidate won. Election summary: received 1 responses out of 1 voters: 1 yes votes; 0 no votes. yes voters: 6afbb378c2db4282a546fcdb7f9cfbb8; no voters: 
I20260601 13:33:45.606187 17545 leader_election.cc:290] T 00000000000000000000000000000000 P 6afbb378c2db4282a546fcdb7f9cfbb8 [CANDIDATE]: Term 1 election: Requested vote from peers 
I20260601 13:33:45.606432 17548 raft_consensus.cc:2804] T 00000000000000000000000000000000 P 6afbb378c2db4282a546fcdb7f9cfbb8 [term 1 FOLLOWER]: Leader election won for term 1
I20260601 13:33:45.606715 17545 sys_catalog.cc:565] T 00000000000000000000000000000000 P 6afbb378c2db4282a546fcdb7f9cfbb8 [sys.catalog]: configured and running, proceeding with master startup.
I20260601 13:33:45.606828 17548 raft_consensus.cc:697] T 00000000000000000000000000000000 P 6afbb378c2db4282a546fcdb7f9cfbb8 [term 1 LEADER]: Becoming Leader. State: Replica: 6afbb378c2db4282a546fcdb7f9cfbb8, State: Running, Role: LEADER
I20260601 13:33:45.607052 17548 consensus_queue.cc:237] T 00000000000000000000000000000000 P 6afbb378c2db4282a546fcdb7f9cfbb8 [LEADER]: Queue going to LEADER mode. State: All replicated index: 0, Majority replicated index: 0, Committed index: 0, Last appended: 0.0, Last appended by leader: 0, Current term: 1, Majority size: 1, State: 0, Mode: LEADER, active raft config: opid_index: -1 OBSOLETE_local: true peers { permanent_uuid: "6afbb378c2db4282a546fcdb7f9cfbb8" member_type: VOTER }
I20260601 13:33:45.607604 17550 sys_catalog.cc:455] T 00000000000000000000000000000000 P 6afbb378c2db4282a546fcdb7f9cfbb8 [sys.catalog]: SysCatalogTable state changed. Reason: New leader 6afbb378c2db4282a546fcdb7f9cfbb8. Latest consensus state: current_term: 1 leader_uuid: "6afbb378c2db4282a546fcdb7f9cfbb8" committed_config { opid_index: -1 OBSOLETE_local: true peers { permanent_uuid: "6afbb378c2db4282a546fcdb7f9cfbb8" member_type: VOTER } }
I20260601 13:33:45.607726 17550 sys_catalog.cc:458] T 00000000000000000000000000000000 P 6afbb378c2db4282a546fcdb7f9cfbb8 [sys.catalog]: This master's current role is: LEADER
I20260601 13:33:45.607702 17549 sys_catalog.cc:455] T 00000000000000000000000000000000 P 6afbb378c2db4282a546fcdb7f9cfbb8 [sys.catalog]: SysCatalogTable state changed. Reason: RaftConsensus started. Latest consensus state: current_term: 1 leader_uuid: "6afbb378c2db4282a546fcdb7f9cfbb8" committed_config { opid_index: -1 OBSOLETE_local: true peers { permanent_uuid: "6afbb378c2db4282a546fcdb7f9cfbb8" member_type: VOTER } }
I20260601 13:33:45.607784 17549 sys_catalog.cc:458] T 00000000000000000000000000000000 P 6afbb378c2db4282a546fcdb7f9cfbb8 [sys.catalog]: This master's current role is: LEADER
I20260601 13:33:45.608055 17556 catalog_manager.cc:1510] Loading table and tablet metadata into memory...
I20260601 13:33:45.608990 17556 catalog_manager.cc:1519] Initializing Kudu cluster ID...
I20260601 13:33:45.609272 16942 internal_mini_cluster.cc:184] Waiting to initialize catalog manager on master 0
I20260601 13:33:45.611334 17556 catalog_manager.cc:1382] Generated new cluster ID: ab6842d82c984668a0c70b9320976ded
I20260601 13:33:45.611410 17556 catalog_manager.cc:1530] Initializing Kudu internal certificate authority...
I20260601 13:33:45.625036 17556 catalog_manager.cc:1405] Generated new certificate authority record
I20260601 13:33:45.625694 17556 catalog_manager.cc:1539] Loading token signing keys...
I20260601 13:33:45.630213 17556 catalog_manager.cc:6069] T 00000000000000000000000000000000 P 6afbb378c2db4282a546fcdb7f9cfbb8: Generated new TSK 0
I20260601 13:33:45.630568 17556 catalog_manager.cc:1549] Initializing in-progress tserver states...
I20260601 13:33:45.642571 16942 file_cache.cc:492] Constructed file cache file cache with capacity 419430
W20260601 13:33:45.644987 17569 instance_detector.cc:116] could not retrieve OpenStack instance metadata: Network error: curl error: HTTP response code said error: The requested URL returned error: 404
I20260601 13:33:45.645026 16942 server_base.cc:1061] running on GCE node
W20260601 13:33:45.645038 17566 instance_detector.cc:116] could not retrieve AWS instance metadata: Network error: curl error: HTTP response code said error: The requested URL returned error: 404
W20260601 13:33:45.644987 17567 instance_detector.cc:116] could not retrieve Azure instance metadata: Network error: curl error: HTTP response code said error: The requested URL returned error: 404
I20260601 13:33:45.645574 16942 hybrid_clock.cc:584] initializing the hybrid clock with 'system_unsync' time source
W20260601 13:33:45.645627 16942 system_unsync_time.cc:38] NTP support is disabled. Clock error bounds will not be accurate. This configuration is not suitable for distributed clusters.
I20260601 13:33:45.645645 16942 hybrid_clock.cc:648] HybridClock initialized: now 1780320825645645 us; error 0 us; skew 500 ppm
I20260601 13:33:45.646629 16942 webserver.cc:533] Webserver started at http://127.16.139.129:38825/ using document root <none> and password file <none>
I20260601 13:33:45.646878 16942 fs_manager.cc:362] Metadata directory not provided
I20260601 13:33:45.646934 16942 fs_manager.cc:368] Using write-ahead log directory (fs_wal_dir) as metadata directory
I20260601 13:33:45.647034 16942 server_base.cc:909] This appears to be a new deployment of Kudu; creating new FS layout
I20260601 13:33:45.647490 16942 fs_manager.cc:1068] Generated new instance metadata in path /tmp/dist-test-taskrbyCwm/test-tmp/auto_rebalancer-test.0.AutoRebalancerTest.AutoRebalancingTurnOffAndOn.1780320822677501-16942-0/minicluster-data/ts-0-root/instance:
uuid: "3c1e29e2189840d8a48f0443c280c336"
format_stamp: "Formatted at 2026-06-01 13:33:45 on dist-test-slave-02xz"
I20260601 13:33:45.649179 16942 fs_manager.cc:696] Time spent creating directory manager: real 0.001s	user 0.000s	sys 0.002s
I20260601 13:33:45.650292 17574 log_block_manager.cc:4031] Time spent loading block containers with low live blocks: real 0.000s	user 0.000s	sys 0.000s
I20260601 13:33:45.650708 16942 fs_manager.cc:730] Time spent opening block manager: real 0.001s	user 0.000s	sys 0.001s
I20260601 13:33:45.650794 16942 fs_manager.cc:647] Opened local filesystem: /tmp/dist-test-taskrbyCwm/test-tmp/auto_rebalancer-test.0.AutoRebalancerTest.AutoRebalancingTurnOffAndOn.1780320822677501-16942-0/minicluster-data/ts-0-root
uuid: "3c1e29e2189840d8a48f0443c280c336"
format_stamp: "Formatted at 2026-06-01 13:33:45 on dist-test-slave-02xz"
I20260601 13:33:45.650879 16942 fs_report.cc:389] FS layout report
--------------------
wal directory: /tmp/dist-test-taskrbyCwm/test-tmp/auto_rebalancer-test.0.AutoRebalancerTest.AutoRebalancingTurnOffAndOn.1780320822677501-16942-0/minicluster-data/ts-0-root
metadata directory: /tmp/dist-test-taskrbyCwm/test-tmp/auto_rebalancer-test.0.AutoRebalancerTest.AutoRebalancingTurnOffAndOn.1780320822677501-16942-0/minicluster-data/ts-0-root
1 data directories: /tmp/dist-test-taskrbyCwm/test-tmp/auto_rebalancer-test.0.AutoRebalancerTest.AutoRebalancingTurnOffAndOn.1780320822677501-16942-0/minicluster-data/ts-0-root/data
Total live blocks: 0
Total live bytes: 0
Total live bytes (after alignment): 0
Total number of LBM containers: 0 (0 full)
Did not check for missing blocks
Did not check for orphaned blocks
Total full LBM containers with extra space: 0 (0 repaired)
Total full LBM container extra space in bytes: 0 (0 repaired)
Total incomplete LBM containers: 0 (0 repaired)
Total LBM partial records: 0 (0 repaired)
Total corrupted LBM metadata records in RocksDB: 0 (0 repaired)
I20260601 13:33:45.666472 16942 rpc_server.cc:225] running with OpenSSL 1.1.1  11 Sep 2018
I20260601 13:33:45.667146 16942 kserver.cc:163] Server-wide thread pool size limit: 3276
I20260601 13:33:45.667510 16942 txn_system_client.cc:432] TxnSystemClient initialization is disabled...
I20260601 13:33:45.668107 16942 ts_tablet_manager.cc:585] Loaded tablet metadata (0 total tablets, 0 live tablets)
I20260601 13:33:45.668149 16942 ts_tablet_manager.cc:531] Time spent load tablet metadata: real 0.000s	user 0.000s	sys 0.000s
I20260601 13:33:45.668184 16942 ts_tablet_manager.cc:616] Registered 0 tablets
I20260601 13:33:45.668200 16942 ts_tablet_manager.cc:595] Time spent register tablets: real 0.000s	user 0.000s	sys 0.000s
I20260601 13:33:45.673727 16942 rpc_server.cc:307] RPC server started. Bound to: 127.16.139.129:36567
I20260601 13:33:45.673856 17637 acceptor_pool.cc:272] collecting diagnostics on the listening RPC socket 127.16.139.129:36567 every 8 connection(s)
I20260601 13:33:45.674924 16942 file_cache.cc:492] Constructed file cache file cache with capacity 419430
W20260601 13:33:45.677433 17642 instance_detector.cc:116] could not retrieve AWS instance metadata: Network error: curl error: HTTP response code said error: The requested URL returned error: 404
W20260601 13:33:45.677501 17643 instance_detector.cc:116] could not retrieve Azure instance metadata: Network error: curl error: HTTP response code said error: The requested URL returned error: 404
W20260601 13:33:45.677416 17645 instance_detector.cc:116] could not retrieve OpenStack instance metadata: Network error: curl error: HTTP response code said error: The requested URL returned error: 404
I20260601 13:33:45.677676 16942 server_base.cc:1061] running on GCE node
I20260601 13:33:45.678012 16942 hybrid_clock.cc:584] initializing the hybrid clock with 'system_unsync' time source
W20260601 13:33:45.678086 16942 system_unsync_time.cc:38] NTP support is disabled. Clock error bounds will not be accurate. This configuration is not suitable for distributed clusters.
I20260601 13:33:45.678115 16942 hybrid_clock.cc:648] HybridClock initialized: now 1780320825678113 us; error 0 us; skew 500 ppm
I20260601 13:33:45.679289 16942 webserver.cc:533] Webserver started at http://127.16.139.130:35473/ using document root <none> and password file <none>
I20260601 13:33:45.679497 16942 fs_manager.cc:362] Metadata directory not provided
I20260601 13:33:45.679574 16942 fs_manager.cc:368] Using write-ahead log directory (fs_wal_dir) as metadata directory
I20260601 13:33:45.679667 16942 server_base.cc:909] This appears to be a new deployment of Kudu; creating new FS layout
I20260601 13:33:45.680137 16942 fs_manager.cc:1068] Generated new instance metadata in path /tmp/dist-test-taskrbyCwm/test-tmp/auto_rebalancer-test.0.AutoRebalancerTest.AutoRebalancingTurnOffAndOn.1780320822677501-16942-0/minicluster-data/ts-1-root/instance:
uuid: "5222060e78db4839ad540994d959d786"
format_stamp: "Formatted at 2026-06-01 13:33:45 on dist-test-slave-02xz"
I20260601 13:33:45.680222 17638 heartbeater.cc:344] Connected to a master server at 127.16.139.190:45139
I20260601 13:33:45.680344 17638 heartbeater.cc:461] Registering TS with master...
I20260601 13:33:45.680557 17638 heartbeater.cc:507] Master 127.16.139.190:45139 requested a full tablet report, sending...
I20260601 13:33:45.681180 17509 ts_manager.cc:194] Registered new tserver with Master: 3c1e29e2189840d8a48f0443c280c336 (127.16.139.129:36567)
I20260601 13:33:45.681856 17509 master_service.cc:502] Signed X509 certificate for tserver {username='slave'} at 127.0.0.1:34118
I20260601 13:33:45.682224 16942 fs_manager.cc:696] Time spent creating directory manager: real 0.002s	user 0.001s	sys 0.002s
I20260601 13:33:45.683880 17650 log_block_manager.cc:4031] Time spent loading block containers with low live blocks: real 0.000s	user 0.000s	sys 0.000s
I20260601 13:33:45.684264 16942 fs_manager.cc:730] Time spent opening block manager: real 0.001s	user 0.001s	sys 0.000s
I20260601 13:33:45.684351 16942 fs_manager.cc:647] Opened local filesystem: /tmp/dist-test-taskrbyCwm/test-tmp/auto_rebalancer-test.0.AutoRebalancerTest.AutoRebalancingTurnOffAndOn.1780320822677501-16942-0/minicluster-data/ts-1-root
uuid: "5222060e78db4839ad540994d959d786"
format_stamp: "Formatted at 2026-06-01 13:33:45 on dist-test-slave-02xz"
I20260601 13:33:45.684477 16942 fs_report.cc:389] FS layout report
--------------------
wal directory: /tmp/dist-test-taskrbyCwm/test-tmp/auto_rebalancer-test.0.AutoRebalancerTest.AutoRebalancingTurnOffAndOn.1780320822677501-16942-0/minicluster-data/ts-1-root
metadata directory: /tmp/dist-test-taskrbyCwm/test-tmp/auto_rebalancer-test.0.AutoRebalancerTest.AutoRebalancingTurnOffAndOn.1780320822677501-16942-0/minicluster-data/ts-1-root
1 data directories: /tmp/dist-test-taskrbyCwm/test-tmp/auto_rebalancer-test.0.AutoRebalancerTest.AutoRebalancingTurnOffAndOn.1780320822677501-16942-0/minicluster-data/ts-1-root/data
Total live blocks: 0
Total live bytes: 0
Total live bytes (after alignment): 0
Total number of LBM containers: 0 (0 full)
Did not check for missing blocks
Did not check for orphaned blocks
Total full LBM containers with extra space: 0 (0 repaired)
Total full LBM container extra space in bytes: 0 (0 repaired)
Total incomplete LBM containers: 0 (0 repaired)
Total LBM partial records: 0 (0 repaired)
Total corrupted LBM metadata records in RocksDB: 0 (0 repaired)
I20260601 13:33:45.715081 16942 rpc_server.cc:225] running with OpenSSL 1.1.1  11 Sep 2018
I20260601 13:33:45.715655 16942 kserver.cc:163] Server-wide thread pool size limit: 3276
I20260601 13:33:45.716029 16942 txn_system_client.cc:432] TxnSystemClient initialization is disabled...
I20260601 13:33:45.716590 16942 ts_tablet_manager.cc:585] Loaded tablet metadata (0 total tablets, 0 live tablets)
I20260601 13:33:45.716634 16942 ts_tablet_manager.cc:531] Time spent load tablet metadata: real 0.000s	user 0.000s	sys 0.000s
I20260601 13:33:45.716694 16942 ts_tablet_manager.cc:616] Registered 0 tablets
I20260601 13:33:45.716734 16942 ts_tablet_manager.cc:595] Time spent register tablets: real 0.000s	user 0.000s	sys 0.000s
I20260601 13:33:45.721932 16942 rpc_server.cc:307] RPC server started. Bound to: 127.16.139.130:37477
I20260601 13:33:45.722020 17713 acceptor_pool.cc:272] collecting diagnostics on the listening RPC socket 127.16.139.130:37477 every 8 connection(s)
I20260601 13:33:45.723095 16942 file_cache.cc:492] Constructed file cache file cache with capacity 419430
W20260601 13:33:45.725804 17718 instance_detector.cc:116] could not retrieve Azure instance metadata: Network error: curl error: HTTP response code said error: The requested URL returned error: 404
I20260601 13:33:45.725924 16942 server_base.cc:1061] running on GCE node
W20260601 13:33:45.725811 17717 instance_detector.cc:116] could not retrieve AWS instance metadata: Network error: curl error: HTTP response code said error: The requested URL returned error: 404
W20260601 13:33:45.726045 17720 instance_detector.cc:116] could not retrieve OpenStack instance metadata: Network error: curl error: HTTP response code said error: The requested URL returned error: 404
I20260601 13:33:45.726409 16942 hybrid_clock.cc:584] initializing the hybrid clock with 'system_unsync' time source
W20260601 13:33:45.726459 16942 system_unsync_time.cc:38] NTP support is disabled. Clock error bounds will not be accurate. This configuration is not suitable for distributed clusters.
I20260601 13:33:45.726475 16942 hybrid_clock.cc:648] HybridClock initialized: now 1780320825726475 us; error 0 us; skew 500 ppm
I20260601 13:33:45.727675 16942 webserver.cc:533] Webserver started at http://127.16.139.131:33399/ using document root <none> and password file <none>
I20260601 13:33:45.727890 16942 fs_manager.cc:362] Metadata directory not provided
I20260601 13:33:45.727970 16942 fs_manager.cc:368] Using write-ahead log directory (fs_wal_dir) as metadata directory
I20260601 13:33:45.728066 16942 server_base.cc:909] This appears to be a new deployment of Kudu; creating new FS layout
I20260601 13:33:45.728299 17714 heartbeater.cc:344] Connected to a master server at 127.16.139.190:45139
I20260601 13:33:45.728453 17714 heartbeater.cc:461] Registering TS with master...
I20260601 13:33:45.728699 17714 heartbeater.cc:507] Master 127.16.139.190:45139 requested a full tablet report, sending...
I20260601 13:33:45.728885 16942 fs_manager.cc:1068] Generated new instance metadata in path /tmp/dist-test-taskrbyCwm/test-tmp/auto_rebalancer-test.0.AutoRebalancerTest.AutoRebalancingTurnOffAndOn.1780320822677501-16942-0/minicluster-data/ts-2-root/instance:
uuid: "1d988a092939429fbc9a06c1547175c7"
format_stamp: "Formatted at 2026-06-01 13:33:45 on dist-test-slave-02xz"
I20260601 13:33:45.729487 17509 ts_manager.cc:194] Registered new tserver with Master: 5222060e78db4839ad540994d959d786 (127.16.139.130:37477)
I20260601 13:33:45.730376 17509 master_service.cc:502] Signed X509 certificate for tserver {username='slave'} at 127.0.0.1:34124
I20260601 13:33:45.731206 16942 fs_manager.cc:696] Time spent creating directory manager: real 0.002s	user 0.000s	sys 0.003s
I20260601 13:33:45.732499 17725 log_block_manager.cc:4031] Time spent loading block containers with low live blocks: real 0.000s	user 0.000s	sys 0.000s
I20260601 13:33:45.732826 16942 fs_manager.cc:730] Time spent opening block manager: real 0.001s	user 0.000s	sys 0.001s
I20260601 13:33:45.732916 16942 fs_manager.cc:647] Opened local filesystem: /tmp/dist-test-taskrbyCwm/test-tmp/auto_rebalancer-test.0.AutoRebalancerTest.AutoRebalancingTurnOffAndOn.1780320822677501-16942-0/minicluster-data/ts-2-root
uuid: "1d988a092939429fbc9a06c1547175c7"
format_stamp: "Formatted at 2026-06-01 13:33:45 on dist-test-slave-02xz"
I20260601 13:33:45.733012 16942 fs_report.cc:389] FS layout report
--------------------
wal directory: /tmp/dist-test-taskrbyCwm/test-tmp/auto_rebalancer-test.0.AutoRebalancerTest.AutoRebalancingTurnOffAndOn.1780320822677501-16942-0/minicluster-data/ts-2-root
metadata directory: /tmp/dist-test-taskrbyCwm/test-tmp/auto_rebalancer-test.0.AutoRebalancerTest.AutoRebalancingTurnOffAndOn.1780320822677501-16942-0/minicluster-data/ts-2-root
1 data directories: /tmp/dist-test-taskrbyCwm/test-tmp/auto_rebalancer-test.0.AutoRebalancerTest.AutoRebalancingTurnOffAndOn.1780320822677501-16942-0/minicluster-data/ts-2-root/data
Total live blocks: 0
Total live bytes: 0
Total live bytes (after alignment): 0
Total number of LBM containers: 0 (0 full)
Did not check for missing blocks
Did not check for orphaned blocks
Total full LBM containers with extra space: 0 (0 repaired)
Total full LBM container extra space in bytes: 0 (0 repaired)
Total incomplete LBM containers: 0 (0 repaired)
Total LBM partial records: 0 (0 repaired)
Total corrupted LBM metadata records in RocksDB: 0 (0 repaired)
I20260601 13:33:45.739558 16942 rpc_server.cc:225] running with OpenSSL 1.1.1  11 Sep 2018
I20260601 13:33:45.739962 16942 kserver.cc:163] Server-wide thread pool size limit: 3276
I20260601 13:33:45.740260 16942 txn_system_client.cc:432] TxnSystemClient initialization is disabled...
I20260601 13:33:45.740880 16942 ts_tablet_manager.cc:585] Loaded tablet metadata (0 total tablets, 0 live tablets)
I20260601 13:33:45.740943 16942 ts_tablet_manager.cc:531] Time spent load tablet metadata: real 0.000s	user 0.000s	sys 0.000s
I20260601 13:33:45.740978 16942 ts_tablet_manager.cc:616] Registered 0 tablets
I20260601 13:33:45.741020 16942 ts_tablet_manager.cc:595] Time spent register tablets: real 0.000s	user 0.000s	sys 0.000s
I20260601 13:33:45.746042 16942 rpc_server.cc:307] RPC server started. Bound to: 127.16.139.131:44553
I20260601 13:33:45.746187 17788 acceptor_pool.cc:272] collecting diagnostics on the listening RPC socket 127.16.139.131:44553 every 8 connection(s)
I20260601 13:33:45.752032 17789 heartbeater.cc:344] Connected to a master server at 127.16.139.190:45139
I20260601 13:33:45.752213 17789 heartbeater.cc:461] Registering TS with master...
I20260601 13:33:45.752558 17789 heartbeater.cc:507] Master 127.16.139.190:45139 requested a full tablet report, sending...
I20260601 13:33:45.753376 17509 ts_manager.cc:194] Registered new tserver with Master: 1d988a092939429fbc9a06c1547175c7 (127.16.139.131:44553)
I20260601 13:33:45.753544 16942 internal_mini_cluster.cc:371] 3 TS(s) registered with all masters after 0.006980194s
I20260601 13:33:45.754086 17509 master_service.cc:502] Signed X509 certificate for tserver {username='slave'} at 127.0.0.1:34138
I20260601 13:33:46.682976 17638 heartbeater.cc:499] Master 127.16.139.190:45139 was elected leader, sending a full tablet report...
I20260601 13:33:46.731755 17714 heartbeater.cc:499] Master 127.16.139.190:45139 was elected leader, sending a full tablet report...
I20260601 13:33:46.755321 17789 heartbeater.cc:499] Master 127.16.139.190:45139 was elected leader, sending a full tablet report...
I20260601 13:33:46.790071 17509 catalog_manager.cc:2282] Servicing CreateTable request from {username='slave'} at 127.0.0.1:34146:
name: "test-workload"
schema {
  columns {
    name: "key"
    type: INT32
    is_key: true
    is_nullable: false
    encoding: AUTO_ENCODING
    compression: DEFAULT_COMPRESSION
    cfile_block_size: 0
    immutable: false
  }
  columns {
    name: "int_val"
    type: INT32
    is_key: false
    is_nullable: false
    encoding: AUTO_ENCODING
    compression: DEFAULT_COMPRESSION
    cfile_block_size: 0
    immutable: false
  }
  columns {
    name: "string_val"
    type: STRING
    is_key: false
    is_nullable: true
    encoding: AUTO_ENCODING
    compression: DEFAULT_COMPRESSION
    cfile_block_size: 0
    immutable: false
  }
}
num_replicas: 3
split_rows_range_bounds {
  rows: "\004\001\000\377\377\377\017\004\001\000\376\377\377\037\004\001\000\375\377\377/\004\001\000\374\377\377?\004\001\000\373\377\377O\004\001\000\372\377\377_\004\001\000\371\377\377o""\004\001\000\377\377\377\017\004\001\000\376\377\377\037\004\001\000\375\377\377/\004\001\000\374\377\377?\004\001\000\373\377\377O\004\001\000\372\377\377_\004\001\000\371\377\377o"
  indirect_data: """"
}
partition_schema {
  range_schema {
    columns {
      name: "key"
    }
  }
}
W20260601 13:33:46.790889 17509 catalog_manager.cc:7076] The number of live tablet servers is not enough to re-replicate a tablet replica of the newly created table test-workload in case of a server failure: 4 tablet servers would be needed, 3 are available. Consider bringing up more tablet servers.
I20260601 13:33:46.805588 17678 tablet_service.cc:1511] Processing CreateTablet for tablet 7b04eda373434b54bf3e81752b45d989 (DEFAULT_TABLE table=test-workload [id=6e9d230133444a67955dd7940f4620ec]), partition=RANGE (key) PARTITION VALUES < 268435455
I20260601 13:33:46.805878 17600 tablet_service.cc:1511] Processing CreateTablet for tablet 0c2fedafa9664460a378e26368aa92dc (DEFAULT_TABLE table=test-workload [id=6e9d230133444a67955dd7940f4620ec]), partition=RANGE (key) PARTITION 536870910 <= VALUES < 805306365
I20260601 13:33:46.806005 17678 data_dirs.cc:400] Could only allocate 1 dirs of requested 3 for tablet 7b04eda373434b54bf3e81752b45d989. 1 dirs total, 0 dirs full, 0 dirs failed
I20260601 13:33:46.806089 17676 tablet_service.cc:1511] Processing CreateTablet for tablet 0c2fedafa9664460a378e26368aa92dc (DEFAULT_TABLE table=test-workload [id=6e9d230133444a67955dd7940f4620ec]), partition=RANGE (key) PARTITION 536870910 <= VALUES < 805306365
I20260601 13:33:46.806171 17602 tablet_service.cc:1511] Processing CreateTablet for tablet 7b04eda373434b54bf3e81752b45d989 (DEFAULT_TABLE table=test-workload [id=6e9d230133444a67955dd7940f4620ec]), partition=RANGE (key) PARTITION VALUES < 268435455
I20260601 13:33:46.806303 17600 data_dirs.cc:400] Could only allocate 1 dirs of requested 3 for tablet 0c2fedafa9664460a378e26368aa92dc. 1 dirs total, 0 dirs full, 0 dirs failed
I20260601 13:33:46.806509 17675 tablet_service.cc:1511] Processing CreateTablet for tablet b5ff8da836ba449ca20880ce89c41c1b (DEFAULT_TABLE table=test-workload [id=6e9d230133444a67955dd7940f4620ec]), partition=RANGE (key) PARTITION 805306365 <= VALUES < 1073741820
I20260601 13:33:46.806622 17601 tablet_service.cc:1511] Processing CreateTablet for tablet 3e4cd814f5704430bea29682e8f7b1a7 (DEFAULT_TABLE table=test-workload [id=6e9d230133444a67955dd7940f4620ec]), partition=RANGE (key) PARTITION 268435455 <= VALUES < 536870910
I20260601 13:33:46.806983 17674 tablet_service.cc:1511] Processing CreateTablet for tablet 72a41d758dc2437db66a64ec297b377a (DEFAULT_TABLE table=test-workload [id=6e9d230133444a67955dd7940f4620ec]), partition=RANGE (key) PARTITION 1073741820 <= VALUES < 1342177275
I20260601 13:33:46.807103 17671 tablet_service.cc:1511] Processing CreateTablet for tablet bf45deb20f324cd0bc9937dbebe18e85 (DEFAULT_TABLE table=test-workload [id=6e9d230133444a67955dd7940f4620ec]), partition=RANGE (key) PARTITION 1879048185 <= VALUES
I20260601 13:33:46.807448 17673 tablet_service.cc:1511] Processing CreateTablet for tablet fea15ddca22a4b379fbf4a55aaa54cb7 (DEFAULT_TABLE table=test-workload [id=6e9d230133444a67955dd7940f4620ec]), partition=RANGE (key) PARTITION 1342177275 <= VALUES < 1610612730
I20260601 13:33:46.807582 17599 tablet_service.cc:1511] Processing CreateTablet for tablet b5ff8da836ba449ca20880ce89c41c1b (DEFAULT_TABLE table=test-workload [id=6e9d230133444a67955dd7940f4620ec]), partition=RANGE (key) PARTITION 805306365 <= VALUES < 1073741820
I20260601 13:33:46.807998 17672 tablet_service.cc:1511] Processing CreateTablet for tablet 611923912809474eb8d600116b021e01 (DEFAULT_TABLE table=test-workload [id=6e9d230133444a67955dd7940f4620ec]), partition=RANGE (key) PARTITION 1610612730 <= VALUES < 1879048185
I20260601 13:33:46.808145 17598 tablet_service.cc:1511] Processing CreateTablet for tablet 72a41d758dc2437db66a64ec297b377a (DEFAULT_TABLE table=test-workload [id=6e9d230133444a67955dd7940f4620ec]), partition=RANGE (key) PARTITION 1073741820 <= VALUES < 1342177275
I20260601 13:33:46.805878 17677 tablet_service.cc:1511] Processing CreateTablet for tablet 3e4cd814f5704430bea29682e8f7b1a7 (DEFAULT_TABLE table=test-workload [id=6e9d230133444a67955dd7940f4620ec]), partition=RANGE (key) PARTITION 268435455 <= VALUES < 536870910
I20260601 13:33:46.806303 17676 data_dirs.cc:400] Could only allocate 1 dirs of requested 3 for tablet 0c2fedafa9664460a378e26368aa92dc. 1 dirs total, 0 dirs full, 0 dirs failed
I20260601 13:33:46.808671 17675 data_dirs.cc:400] Could only allocate 1 dirs of requested 3 for tablet b5ff8da836ba449ca20880ce89c41c1b. 1 dirs total, 0 dirs full, 0 dirs failed
I20260601 13:33:46.808635 17597 tablet_service.cc:1511] Processing CreateTablet for tablet fea15ddca22a4b379fbf4a55aaa54cb7 (DEFAULT_TABLE table=test-workload [id=6e9d230133444a67955dd7940f4620ec]), partition=RANGE (key) PARTITION 1342177275 <= VALUES < 1610612730
I20260601 13:33:46.809069 17596 tablet_service.cc:1511] Processing CreateTablet for tablet 611923912809474eb8d600116b021e01 (DEFAULT_TABLE table=test-workload [id=6e9d230133444a67955dd7940f4620ec]), partition=RANGE (key) PARTITION 1610612730 <= VALUES < 1879048185
I20260601 13:33:46.809481 17595 tablet_service.cc:1511] Processing CreateTablet for tablet bf45deb20f324cd0bc9937dbebe18e85 (DEFAULT_TABLE table=test-workload [id=6e9d230133444a67955dd7940f4620ec]), partition=RANGE (key) PARTITION 1879048185 <= VALUES
I20260601 13:33:46.809768 17671 data_dirs.cc:400] Could only allocate 1 dirs of requested 3 for tablet bf45deb20f324cd0bc9937dbebe18e85. 1 dirs total, 0 dirs full, 0 dirs failed
I20260601 13:33:46.812067 17674 data_dirs.cc:400] Could only allocate 1 dirs of requested 3 for tablet 72a41d758dc2437db66a64ec297b377a. 1 dirs total, 0 dirs full, 0 dirs failed
I20260601 13:33:46.813808 17809 tablet_bootstrap.cc:492] T 0c2fedafa9664460a378e26368aa92dc P 5222060e78db4839ad540994d959d786: Bootstrap starting.
I20260601 13:33:46.813974 17753 tablet_service.cc:1511] Processing CreateTablet for tablet 7b04eda373434b54bf3e81752b45d989 (DEFAULT_TABLE table=test-workload [id=6e9d230133444a67955dd7940f4620ec]), partition=RANGE (key) PARTITION VALUES < 268435455
I20260601 13:33:46.814273 17753 data_dirs.cc:400] Could only allocate 1 dirs of requested 3 for tablet 7b04eda373434b54bf3e81752b45d989. 1 dirs total, 0 dirs full, 0 dirs failed
I20260601 13:33:46.814726 17677 data_dirs.cc:400] Could only allocate 1 dirs of requested 3 for tablet 3e4cd814f5704430bea29682e8f7b1a7. 1 dirs total, 0 dirs full, 0 dirs failed
I20260601 13:33:46.816005 17809 tablet_bootstrap.cc:654] T 0c2fedafa9664460a378e26368aa92dc P 5222060e78db4839ad540994d959d786: Neither blocks nor log segments found. Creating new log.
I20260601 13:33:46.806520 17602 data_dirs.cc:400] Could only allocate 1 dirs of requested 3 for tablet 7b04eda373434b54bf3e81752b45d989. 1 dirs total, 0 dirs full, 0 dirs failed
I20260601 13:33:46.817474 17597 data_dirs.cc:400] Could only allocate 1 dirs of requested 3 for tablet fea15ddca22a4b379fbf4a55aaa54cb7. 1 dirs total, 0 dirs full, 0 dirs failed
I20260601 13:33:46.817414 17752 tablet_service.cc:1511] Processing CreateTablet for tablet 3e4cd814f5704430bea29682e8f7b1a7 (DEFAULT_TABLE table=test-workload [id=6e9d230133444a67955dd7940f4620ec]), partition=RANGE (key) PARTITION 268435455 <= VALUES < 536870910
I20260601 13:33:46.817625 17673 data_dirs.cc:400] Could only allocate 1 dirs of requested 3 for tablet fea15ddca22a4b379fbf4a55aaa54cb7. 1 dirs total, 0 dirs full, 0 dirs failed
I20260601 13:33:46.817696 17752 data_dirs.cc:400] Could only allocate 1 dirs of requested 3 for tablet 3e4cd814f5704430bea29682e8f7b1a7. 1 dirs total, 0 dirs full, 0 dirs failed
I20260601 13:33:46.817821 17596 data_dirs.cc:400] Could only allocate 1 dirs of requested 3 for tablet 611923912809474eb8d600116b021e01. 1 dirs total, 0 dirs full, 0 dirs failed
I20260601 13:33:46.818219 17595 data_dirs.cc:400] Could only allocate 1 dirs of requested 3 for tablet bf45deb20f324cd0bc9937dbebe18e85. 1 dirs total, 0 dirs full, 0 dirs failed
I20260601 13:33:46.819962 17672 data_dirs.cc:400] Could only allocate 1 dirs of requested 3 for tablet 611923912809474eb8d600116b021e01. 1 dirs total, 0 dirs full, 0 dirs failed
I20260601 13:33:46.820506 17598 data_dirs.cc:400] Could only allocate 1 dirs of requested 3 for tablet 72a41d758dc2437db66a64ec297b377a. 1 dirs total, 0 dirs full, 0 dirs failed
I20260601 13:33:46.820465 17751 tablet_service.cc:1511] Processing CreateTablet for tablet 0c2fedafa9664460a378e26368aa92dc (DEFAULT_TABLE table=test-workload [id=6e9d230133444a67955dd7940f4620ec]), partition=RANGE (key) PARTITION 536870910 <= VALUES < 805306365
I20260601 13:33:46.820613 17812 tablet_bootstrap.cc:492] T bf45deb20f324cd0bc9937dbebe18e85 P 3c1e29e2189840d8a48f0443c280c336: Bootstrap starting.
I20260601 13:33:46.820710 17751 data_dirs.cc:400] Could only allocate 1 dirs of requested 3 for tablet 0c2fedafa9664460a378e26368aa92dc. 1 dirs total, 0 dirs full, 0 dirs failed
I20260601 13:33:46.821924 17812 tablet_bootstrap.cc:654] T bf45deb20f324cd0bc9937dbebe18e85 P 3c1e29e2189840d8a48f0443c280c336: Neither blocks nor log segments found. Creating new log.
I20260601 13:33:46.822913 17750 tablet_service.cc:1511] Processing CreateTablet for tablet b5ff8da836ba449ca20880ce89c41c1b (DEFAULT_TABLE table=test-workload [id=6e9d230133444a67955dd7940f4620ec]), partition=RANGE (key) PARTITION 805306365 <= VALUES < 1073741820
I20260601 13:33:46.823164 17750 data_dirs.cc:400] Could only allocate 1 dirs of requested 3 for tablet b5ff8da836ba449ca20880ce89c41c1b. 1 dirs total, 0 dirs full, 0 dirs failed
I20260601 13:33:46.823519 17812 tablet_bootstrap.cc:492] T bf45deb20f324cd0bc9937dbebe18e85 P 3c1e29e2189840d8a48f0443c280c336: No bootstrap required, opened a new log
I20260601 13:33:46.823637 17812 ts_tablet_manager.cc:1403] T bf45deb20f324cd0bc9937dbebe18e85 P 3c1e29e2189840d8a48f0443c280c336: Time spent bootstrapping tablet: real 0.003s	user 0.003s	sys 0.000s
I20260601 13:33:46.824174 17812 raft_consensus.cc:359] T bf45deb20f324cd0bc9937dbebe18e85 P 3c1e29e2189840d8a48f0443c280c336 [term 0 FOLLOWER]: Replica starting. Triggering 0 pending ops. Active config: opid_index: -1 OBSOLETE_local: false peers { permanent_uuid: "3c1e29e2189840d8a48f0443c280c336" member_type: VOTER last_known_addr { host: "127.16.139.129" port: 36567 } } peers { permanent_uuid: "5222060e78db4839ad540994d959d786" member_type: VOTER last_known_addr { host: "127.16.139.130" port: 37477 } } peers { permanent_uuid: "1d988a092939429fbc9a06c1547175c7" member_type: VOTER last_known_addr { host: "127.16.139.131" port: 44553 } }
I20260601 13:33:46.824287 17812 raft_consensus.cc:385] T bf45deb20f324cd0bc9937dbebe18e85 P 3c1e29e2189840d8a48f0443c280c336 [term 0 FOLLOWER]: Consensus starting up: Expiring failure detector timer to make a prompt election more likely
I20260601 13:33:46.824321 17812 raft_consensus.cc:740] T bf45deb20f324cd0bc9937dbebe18e85 P 3c1e29e2189840d8a48f0443c280c336 [term 0 FOLLOWER]: Becoming Follower/Learner. State: Replica: 3c1e29e2189840d8a48f0443c280c336, State: Initialized, Role: FOLLOWER
I20260601 13:33:46.824477 17812 consensus_queue.cc:260] T bf45deb20f324cd0bc9937dbebe18e85 P 3c1e29e2189840d8a48f0443c280c336 [NON_LEADER]: Queue going to NON_LEADER mode. State: All replicated index: 0, Majority replicated index: 0, Committed index: 0, Last appended: 0.0, Last appended by leader: 0, Current term: 0, Majority size: -1, State: 0, Mode: NON_LEADER, active raft config: opid_index: -1 OBSOLETE_local: false peers { permanent_uuid: "3c1e29e2189840d8a48f0443c280c336" member_type: VOTER last_known_addr { host: "127.16.139.129" port: 36567 } } peers { permanent_uuid: "5222060e78db4839ad540994d959d786" member_type: VOTER last_known_addr { host: "127.16.139.130" port: 37477 } } peers { permanent_uuid: "1d988a092939429fbc9a06c1547175c7" member_type: VOTER last_known_addr { host: "127.16.139.131" port: 44553 } }
I20260601 13:33:46.824890 17812 ts_tablet_manager.cc:1434] T bf45deb20f324cd0bc9937dbebe18e85 P 3c1e29e2189840d8a48f0443c280c336: Time spent starting tablet: real 0.001s	user 0.001s	sys 0.000s
I20260601 13:33:46.825129 17812 tablet_bootstrap.cc:492] T 0c2fedafa9664460a378e26368aa92dc P 3c1e29e2189840d8a48f0443c280c336: Bootstrap starting.
I20260601 13:33:46.825506 17749 tablet_service.cc:1511] Processing CreateTablet for tablet 72a41d758dc2437db66a64ec297b377a (DEFAULT_TABLE table=test-workload [id=6e9d230133444a67955dd7940f4620ec]), partition=RANGE (key) PARTITION 1073741820 <= VALUES < 1342177275
I20260601 13:33:46.825812 17749 data_dirs.cc:400] Could only allocate 1 dirs of requested 3 for tablet 72a41d758dc2437db66a64ec297b377a. 1 dirs total, 0 dirs full, 0 dirs failed
I20260601 13:33:46.826336 17812 tablet_bootstrap.cc:654] T 0c2fedafa9664460a378e26368aa92dc P 3c1e29e2189840d8a48f0443c280c336: Neither blocks nor log segments found. Creating new log.
I20260601 13:33:46.826900 17809 tablet_bootstrap.cc:492] T 0c2fedafa9664460a378e26368aa92dc P 5222060e78db4839ad540994d959d786: No bootstrap required, opened a new log
I20260601 13:33:46.827039 17809 ts_tablet_manager.cc:1403] T 0c2fedafa9664460a378e26368aa92dc P 5222060e78db4839ad540994d959d786: Time spent bootstrapping tablet: real 0.013s	user 0.003s	sys 0.000s
I20260601 13:33:46.827376 17746 tablet_service.cc:1511] Processing CreateTablet for tablet bf45deb20f324cd0bc9937dbebe18e85 (DEFAULT_TABLE table=test-workload [id=6e9d230133444a67955dd7940f4620ec]), partition=RANGE (key) PARTITION 1879048185 <= VALUES
I20260601 13:33:46.827545 17809 raft_consensus.cc:359] T 0c2fedafa9664460a378e26368aa92dc P 5222060e78db4839ad540994d959d786 [term 0 FOLLOWER]: Replica starting. Triggering 0 pending ops. Active config: opid_index: -1 OBSOLETE_local: false peers { permanent_uuid: "3c1e29e2189840d8a48f0443c280c336" member_type: VOTER last_known_addr { host: "127.16.139.129" port: 36567 } } peers { permanent_uuid: "5222060e78db4839ad540994d959d786" member_type: VOTER last_known_addr { host: "127.16.139.130" port: 37477 } } peers { permanent_uuid: "1d988a092939429fbc9a06c1547175c7" member_type: VOTER last_known_addr { host: "127.16.139.131" port: 44553 } }
I20260601 13:33:46.827639 17746 data_dirs.cc:400] Could only allocate 1 dirs of requested 3 for tablet bf45deb20f324cd0bc9937dbebe18e85. 1 dirs total, 0 dirs full, 0 dirs failed
I20260601 13:33:46.827651 17809 raft_consensus.cc:385] T 0c2fedafa9664460a378e26368aa92dc P 5222060e78db4839ad540994d959d786 [term 0 FOLLOWER]: Consensus starting up: Expiring failure detector timer to make a prompt election more likely
I20260601 13:33:46.827967 17748 tablet_service.cc:1511] Processing CreateTablet for tablet fea15ddca22a4b379fbf4a55aaa54cb7 (DEFAULT_TABLE table=test-workload [id=6e9d230133444a67955dd7940f4620ec]), partition=RANGE (key) PARTITION 1342177275 <= VALUES < 1610612730
I20260601 13:33:46.828255 17748 data_dirs.cc:400] Could only allocate 1 dirs of requested 3 for tablet fea15ddca22a4b379fbf4a55aaa54cb7. 1 dirs total, 0 dirs full, 0 dirs failed
I20260601 13:33:46.829378 17747 tablet_service.cc:1511] Processing CreateTablet for tablet 611923912809474eb8d600116b021e01 (DEFAULT_TABLE table=test-workload [id=6e9d230133444a67955dd7940f4620ec]), partition=RANGE (key) PARTITION 1610612730 <= VALUES < 1879048185
I20260601 13:33:46.829710 17747 data_dirs.cc:400] Could only allocate 1 dirs of requested 3 for tablet 611923912809474eb8d600116b021e01. 1 dirs total, 0 dirs full, 0 dirs failed
I20260601 13:33:46.830252 17599 data_dirs.cc:400] Could only allocate 1 dirs of requested 3 for tablet b5ff8da836ba449ca20880ce89c41c1b. 1 dirs total, 0 dirs full, 0 dirs failed
I20260601 13:33:46.830822 17601 data_dirs.cc:400] Could only allocate 1 dirs of requested 3 for tablet 3e4cd814f5704430bea29682e8f7b1a7. 1 dirs total, 0 dirs full, 0 dirs failed
I20260601 13:33:46.828016 17809 raft_consensus.cc:740] T 0c2fedafa9664460a378e26368aa92dc P 5222060e78db4839ad540994d959d786 [term 0 FOLLOWER]: Becoming Follower/Learner. State: Replica: 5222060e78db4839ad540994d959d786, State: Initialized, Role: FOLLOWER
I20260601 13:33:46.832772 17809 consensus_queue.cc:260] T 0c2fedafa9664460a378e26368aa92dc P 5222060e78db4839ad540994d959d786 [NON_LEADER]: Queue going to NON_LEADER mode. State: All replicated index: 0, Majority replicated index: 0, Committed index: 0, Last appended: 0.0, Last appended by leader: 0, Current term: 0, Majority size: -1, State: 0, Mode: NON_LEADER, active raft config: opid_index: -1 OBSOLETE_local: false peers { permanent_uuid: "3c1e29e2189840d8a48f0443c280c336" member_type: VOTER last_known_addr { host: "127.16.139.129" port: 36567 } } peers { permanent_uuid: "5222060e78db4839ad540994d959d786" member_type: VOTER last_known_addr { host: "127.16.139.130" port: 37477 } } peers { permanent_uuid: "1d988a092939429fbc9a06c1547175c7" member_type: VOTER last_known_addr { host: "127.16.139.131" port: 44553 } }
I20260601 13:33:46.833261 17809 ts_tablet_manager.cc:1434] T 0c2fedafa9664460a378e26368aa92dc P 5222060e78db4839ad540994d959d786: Time spent starting tablet: real 0.006s	user 0.002s	sys 0.000s
I20260601 13:33:46.833279 17811 tablet_bootstrap.cc:492] T 7b04eda373434b54bf3e81752b45d989 P 1d988a092939429fbc9a06c1547175c7: Bootstrap starting.
I20260601 13:33:46.833530 17809 tablet_bootstrap.cc:492] T b5ff8da836ba449ca20880ce89c41c1b P 5222060e78db4839ad540994d959d786: Bootstrap starting.
I20260601 13:33:46.834692 17811 tablet_bootstrap.cc:654] T 7b04eda373434b54bf3e81752b45d989 P 1d988a092939429fbc9a06c1547175c7: Neither blocks nor log segments found. Creating new log.
I20260601 13:33:46.834785 17809 tablet_bootstrap.cc:654] T b5ff8da836ba449ca20880ce89c41c1b P 5222060e78db4839ad540994d959d786: Neither blocks nor log segments found. Creating new log.
I20260601 13:33:46.834703 17812 tablet_bootstrap.cc:492] T 0c2fedafa9664460a378e26368aa92dc P 3c1e29e2189840d8a48f0443c280c336: No bootstrap required, opened a new log
I20260601 13:33:46.835793 17812 ts_tablet_manager.cc:1403] T 0c2fedafa9664460a378e26368aa92dc P 3c1e29e2189840d8a48f0443c280c336: Time spent bootstrapping tablet: real 0.011s	user 0.003s	sys 0.000s
I20260601 13:33:46.836184 17809 tablet_bootstrap.cc:492] T b5ff8da836ba449ca20880ce89c41c1b P 5222060e78db4839ad540994d959d786: No bootstrap required, opened a new log
I20260601 13:33:46.836264 17809 ts_tablet_manager.cc:1403] T b5ff8da836ba449ca20880ce89c41c1b P 5222060e78db4839ad540994d959d786: Time spent bootstrapping tablet: real 0.003s	user 0.001s	sys 0.001s
I20260601 13:33:46.836303 17812 raft_consensus.cc:359] T 0c2fedafa9664460a378e26368aa92dc P 3c1e29e2189840d8a48f0443c280c336 [term 0 FOLLOWER]: Replica starting. Triggering 0 pending ops. Active config: opid_index: -1 OBSOLETE_local: false peers { permanent_uuid: "3c1e29e2189840d8a48f0443c280c336" member_type: VOTER last_known_addr { host: "127.16.139.129" port: 36567 } } peers { permanent_uuid: "5222060e78db4839ad540994d959d786" member_type: VOTER last_known_addr { host: "127.16.139.130" port: 37477 } } peers { permanent_uuid: "1d988a092939429fbc9a06c1547175c7" member_type: VOTER last_known_addr { host: "127.16.139.131" port: 44553 } }
I20260601 13:33:46.836457 17812 raft_consensus.cc:385] T 0c2fedafa9664460a378e26368aa92dc P 3c1e29e2189840d8a48f0443c280c336 [term 0 FOLLOWER]: Consensus starting up: Expiring failure detector timer to make a prompt election more likely
I20260601 13:33:46.836503 17812 raft_consensus.cc:740] T 0c2fedafa9664460a378e26368aa92dc P 3c1e29e2189840d8a48f0443c280c336 [term 0 FOLLOWER]: Becoming Follower/Learner. State: Replica: 3c1e29e2189840d8a48f0443c280c336, State: Initialized, Role: FOLLOWER
I20260601 13:33:46.836663 17812 consensus_queue.cc:260] T 0c2fedafa9664460a378e26368aa92dc P 3c1e29e2189840d8a48f0443c280c336 [NON_LEADER]: Queue going to NON_LEADER mode. State: All replicated index: 0, Majority replicated index: 0, Committed index: 0, Last appended: 0.0, Last appended by leader: 0, Current term: 0, Majority size: -1, State: 0, Mode: NON_LEADER, active raft config: opid_index: -1 OBSOLETE_local: false peers { permanent_uuid: "3c1e29e2189840d8a48f0443c280c336" member_type: VOTER last_known_addr { host: "127.16.139.129" port: 36567 } } peers { permanent_uuid: "5222060e78db4839ad540994d959d786" member_type: VOTER last_known_addr { host: "127.16.139.130" port: 37477 } } peers { permanent_uuid: "1d988a092939429fbc9a06c1547175c7" member_type: VOTER last_known_addr { host: "127.16.139.131" port: 44553 } }
I20260601 13:33:46.836911 17809 raft_consensus.cc:359] T b5ff8da836ba449ca20880ce89c41c1b P 5222060e78db4839ad540994d959d786 [term 0 FOLLOWER]: Replica starting. Triggering 0 pending ops. Active config: opid_index: -1 OBSOLETE_local: false peers { permanent_uuid: "3c1e29e2189840d8a48f0443c280c336" member_type: VOTER last_known_addr { host: "127.16.139.129" port: 36567 } } peers { permanent_uuid: "5222060e78db4839ad540994d959d786" member_type: VOTER last_known_addr { host: "127.16.139.130" port: 37477 } } peers { permanent_uuid: "1d988a092939429fbc9a06c1547175c7" member_type: VOTER last_known_addr { host: "127.16.139.131" port: 44553 } }
I20260601 13:33:46.837009 17812 ts_tablet_manager.cc:1434] T 0c2fedafa9664460a378e26368aa92dc P 3c1e29e2189840d8a48f0443c280c336: Time spent starting tablet: real 0.001s	user 0.000s	sys 0.000s
I20260601 13:33:46.837052 17809 raft_consensus.cc:385] T b5ff8da836ba449ca20880ce89c41c1b P 5222060e78db4839ad540994d959d786 [term 0 FOLLOWER]: Consensus starting up: Expiring failure detector timer to make a prompt election more likely
I20260601 13:33:46.837103 17809 raft_consensus.cc:740] T b5ff8da836ba449ca20880ce89c41c1b P 5222060e78db4839ad540994d959d786 [term 0 FOLLOWER]: Becoming Follower/Learner. State: Replica: 5222060e78db4839ad540994d959d786, State: Initialized, Role: FOLLOWER
I20260601 13:33:46.837182 17812 tablet_bootstrap.cc:492] T 611923912809474eb8d600116b021e01 P 3c1e29e2189840d8a48f0443c280c336: Bootstrap starting.
I20260601 13:33:46.837253 17809 consensus_queue.cc:260] T b5ff8da836ba449ca20880ce89c41c1b P 5222060e78db4839ad540994d959d786 [NON_LEADER]: Queue going to NON_LEADER mode. State: All replicated index: 0, Majority replicated index: 0, Committed index: 0, Last appended: 0.0, Last appended by leader: 0, Current term: 0, Majority size: -1, State: 0, Mode: NON_LEADER, active raft config: opid_index: -1 OBSOLETE_local: false peers { permanent_uuid: "3c1e29e2189840d8a48f0443c280c336" member_type: VOTER last_known_addr { host: "127.16.139.129" port: 36567 } } peers { permanent_uuid: "5222060e78db4839ad540994d959d786" member_type: VOTER last_known_addr { host: "127.16.139.130" port: 37477 } } peers { permanent_uuid: "1d988a092939429fbc9a06c1547175c7" member_type: VOTER last_known_addr { host: "127.16.139.131" port: 44553 } }
I20260601 13:33:46.837570 17809 ts_tablet_manager.cc:1434] T b5ff8da836ba449ca20880ce89c41c1b P 5222060e78db4839ad540994d959d786: Time spent starting tablet: real 0.001s	user 0.000s	sys 0.002s
I20260601 13:33:46.837757 17809 tablet_bootstrap.cc:492] T bf45deb20f324cd0bc9937dbebe18e85 P 5222060e78db4839ad540994d959d786: Bootstrap starting.
I20260601 13:33:46.838280 17812 tablet_bootstrap.cc:654] T 611923912809474eb8d600116b021e01 P 3c1e29e2189840d8a48f0443c280c336: Neither blocks nor log segments found. Creating new log.
I20260601 13:33:46.838889 17809 tablet_bootstrap.cc:654] T bf45deb20f324cd0bc9937dbebe18e85 P 5222060e78db4839ad540994d959d786: Neither blocks nor log segments found. Creating new log.
I20260601 13:33:46.839541 17812 tablet_bootstrap.cc:492] T 611923912809474eb8d600116b021e01 P 3c1e29e2189840d8a48f0443c280c336: No bootstrap required, opened a new log
I20260601 13:33:46.839645 17812 ts_tablet_manager.cc:1403] T 611923912809474eb8d600116b021e01 P 3c1e29e2189840d8a48f0443c280c336: Time spent bootstrapping tablet: real 0.003s	user 0.000s	sys 0.002s
I20260601 13:33:46.840102 17811 tablet_bootstrap.cc:492] T 7b04eda373434b54bf3e81752b45d989 P 1d988a092939429fbc9a06c1547175c7: No bootstrap required, opened a new log
I20260601 13:33:46.840196 17811 ts_tablet_manager.cc:1403] T 7b04eda373434b54bf3e81752b45d989 P 1d988a092939429fbc9a06c1547175c7: Time spent bootstrapping tablet: real 0.007s	user 0.003s	sys 0.000s
