I20260601 13:34:41.747184 23516 tablet_service.cc:1917] Received RequestConsensusVote() RPC: tablet_id: "f8662c4152b34509ae76c595baf00e1a" candidate_uuid: "e05440c81a9f4777b1a0bce791f1c070" candidate_term: 1 candidate_status { last_received { term: 0 index: 0 } } ignore_live_leader: false dest_uuid: "12e0ab3910b741bd86c8520a4bdb18ed" is_pre_election: true
I20260601 13:34:41.747223 23592 tablet_service.cc:1917] Received RequestConsensusVote() RPC: tablet_id: "f8662c4152b34509ae76c595baf00e1a" candidate_uuid: "e05440c81a9f4777b1a0bce791f1c070" candidate_term: 1 candidate_status { last_received { term: 0 index: 0 } } ignore_live_leader: false dest_uuid: "4ebe620962074f1c8a4621dc4537efc0" is_pre_election: true
I20260601 13:34:41.747363 23592 raft_consensus.cc:2468] T f8662c4152b34509ae76c595baf00e1a P 4ebe620962074f1c8a4621dc4537efc0 [term 0 FOLLOWER]: Leader pre-election vote request: Granting yes vote for candidate e05440c81a9f4777b1a0bce791f1c070 in term 0.
I20260601 13:34:41.747362 23516 raft_consensus.cc:2468] T f8662c4152b34509ae76c595baf00e1a P 12e0ab3910b741bd86c8520a4bdb18ed [term 0 FOLLOWER]: Leader pre-election vote request: Granting yes vote for candidate e05440c81a9f4777b1a0bce791f1c070 in term 0.
I20260601 13:34:41.747695 23631 leader_election.cc:304] T f8662c4152b34509ae76c595baf00e1a P e05440c81a9f4777b1a0bce791f1c070 [CANDIDATE]: Term 1 pre-election: Election decided. Result: candidate won. Election summary: received 2 responses out of 3 voters: 2 yes votes; 0 no votes. yes voters: 4ebe620962074f1c8a4621dc4537efc0, e05440c81a9f4777b1a0bce791f1c070; no voters: 
I20260601 13:34:41.747891 23720 raft_consensus.cc:2804] T f8662c4152b34509ae76c595baf00e1a P e05440c81a9f4777b1a0bce791f1c070 [term 0 FOLLOWER]: Leader pre-election won for term 1
I20260601 13:34:41.747953 23720 raft_consensus.cc:493] T f8662c4152b34509ae76c595baf00e1a P e05440c81a9f4777b1a0bce791f1c070 [term 0 FOLLOWER]: Starting leader election (no leader contacted us within the election timeout)
I20260601 13:34:41.747996 23720 raft_consensus.cc:3060] T f8662c4152b34509ae76c595baf00e1a P e05440c81a9f4777b1a0bce791f1c070 [term 0 FOLLOWER]: Advancing to term 1
I20260601 13:34:41.748817 23720 raft_consensus.cc:515] T f8662c4152b34509ae76c595baf00e1a P e05440c81a9f4777b1a0bce791f1c070 [term 1 FOLLOWER]: Starting leader election with config: opid_index: -1 OBSOLETE_local: false peers { permanent_uuid: "12e0ab3910b741bd86c8520a4bdb18ed" member_type: VOTER last_known_addr { host: "127.20.103.65" port: 41091 } } peers { permanent_uuid: "4ebe620962074f1c8a4621dc4537efc0" member_type: VOTER last_known_addr { host: "127.20.103.66" port: 36407 } } peers { permanent_uuid: "e05440c81a9f4777b1a0bce791f1c070" member_type: VOTER last_known_addr { host: "127.20.103.67" port: 45861 } }
I20260601 13:34:41.749145 23720 leader_election.cc:290] T f8662c4152b34509ae76c595baf00e1a P e05440c81a9f4777b1a0bce791f1c070 [CANDIDATE]: Term 1 election: Requested vote from peers 12e0ab3910b741bd86c8520a4bdb18ed (127.20.103.65:41091), 4ebe620962074f1c8a4621dc4537efc0 (127.20.103.66:36407)
I20260601 13:34:41.749490 23592 tablet_service.cc:1917] Received RequestConsensusVote() RPC: tablet_id: "f8662c4152b34509ae76c595baf00e1a" candidate_uuid: "e05440c81a9f4777b1a0bce791f1c070" candidate_term: 1 candidate_status { last_received { term: 0 index: 0 } } ignore_live_leader: false dest_uuid: "4ebe620962074f1c8a4621dc4537efc0"
I20260601 13:34:41.749653 23592 raft_consensus.cc:3060] T f8662c4152b34509ae76c595baf00e1a P 4ebe620962074f1c8a4621dc4537efc0 [term 0 FOLLOWER]: Advancing to term 1
I20260601 13:34:41.749938 23516 tablet_service.cc:1917] Received RequestConsensusVote() RPC: tablet_id: "f8662c4152b34509ae76c595baf00e1a" candidate_uuid: "e05440c81a9f4777b1a0bce791f1c070" candidate_term: 1 candidate_status { last_received { term: 0 index: 0 } } ignore_live_leader: false dest_uuid: "12e0ab3910b741bd86c8520a4bdb18ed"
I20260601 13:34:41.750082 23516 raft_consensus.cc:3060] T f8662c4152b34509ae76c595baf00e1a P 12e0ab3910b741bd86c8520a4bdb18ed [term 0 FOLLOWER]: Advancing to term 1
I20260601 13:34:41.750648 23592 raft_consensus.cc:2468] T f8662c4152b34509ae76c595baf00e1a P 4ebe620962074f1c8a4621dc4537efc0 [term 1 FOLLOWER]: Leader election vote request: Granting yes vote for candidate e05440c81a9f4777b1a0bce791f1c070 in term 1.
I20260601 13:34:41.750967 23631 leader_election.cc:304] T f8662c4152b34509ae76c595baf00e1a P e05440c81a9f4777b1a0bce791f1c070 [CANDIDATE]: Term 1 election: Election decided. Result: candidate won. Election summary: received 2 responses out of 3 voters: 2 yes votes; 0 no votes. yes voters: 4ebe620962074f1c8a4621dc4537efc0, e05440c81a9f4777b1a0bce791f1c070; no voters: 
I20260601 13:34:41.750967 23516 raft_consensus.cc:2468] T f8662c4152b34509ae76c595baf00e1a P 12e0ab3910b741bd86c8520a4bdb18ed [term 1 FOLLOWER]: Leader election vote request: Granting yes vote for candidate e05440c81a9f4777b1a0bce791f1c070 in term 1.
I20260601 13:34:41.751194 23720 raft_consensus.cc:2804] T f8662c4152b34509ae76c595baf00e1a P e05440c81a9f4777b1a0bce791f1c070 [term 1 FOLLOWER]: Leader election won for term 1
I20260601 13:34:41.751304 23720 raft_consensus.cc:697] T f8662c4152b34509ae76c595baf00e1a P e05440c81a9f4777b1a0bce791f1c070 [term 1 LEADER]: Becoming Leader. State: Replica: e05440c81a9f4777b1a0bce791f1c070, State: Running, Role: LEADER
I20260601 13:34:41.751490 23720 consensus_queue.cc:237] T f8662c4152b34509ae76c595baf00e1a P e05440c81a9f4777b1a0bce791f1c070 [LEADER]: Queue going to LEADER mode. State: All replicated index: 0, Majority replicated index: 0, Committed index: 0, Last appended: 0.0, Last appended by leader: 0, Current term: 1, Majority size: 2, State: 0, Mode: LEADER, active raft config: opid_index: -1 OBSOLETE_local: false peers { permanent_uuid: "12e0ab3910b741bd86c8520a4bdb18ed" member_type: VOTER last_known_addr { host: "127.20.103.65" port: 41091 } } peers { permanent_uuid: "4ebe620962074f1c8a4621dc4537efc0" member_type: VOTER last_known_addr { host: "127.20.103.66" port: 36407 } } peers { permanent_uuid: "e05440c81a9f4777b1a0bce791f1c070" member_type: VOTER last_known_addr { host: "127.20.103.67" port: 45861 } }
I20260601 13:34:41.753247 23413 catalog_manager.cc:5696] T f8662c4152b34509ae76c595baf00e1a P e05440c81a9f4777b1a0bce791f1c070 reported cstate change: term changed from 0 to 1, leader changed from <none> to e05440c81a9f4777b1a0bce791f1c070 (127.20.103.67). New cstate: current_term: 1 leader_uuid: "e05440c81a9f4777b1a0bce791f1c070" committed_config { opid_index: -1 OBSOLETE_local: false peers { permanent_uuid: "12e0ab3910b741bd86c8520a4bdb18ed" member_type: VOTER last_known_addr { host: "127.20.103.65" port: 41091 } health_report { overall_health: UNKNOWN } } peers { permanent_uuid: "4ebe620962074f1c8a4621dc4537efc0" member_type: VOTER last_known_addr { host: "127.20.103.66" port: 36407 } health_report { overall_health: UNKNOWN } } peers { permanent_uuid: "e05440c81a9f4777b1a0bce791f1c070" member_type: VOTER last_known_addr { host: "127.20.103.67" port: 45861 } health_report { overall_health: HEALTHY } } }
I20260601 13:34:41.760882 23721 raft_consensus.cc:493] T ab0e8bc2f3124398bfef657120af0695 P 12e0ab3910b741bd86c8520a4bdb18ed [term 0 FOLLOWER]: Starting pre-election (no leader contacted us within the election timeout)
I20260601 13:34:41.761025 23721 raft_consensus.cc:515] T ab0e8bc2f3124398bfef657120af0695 P 12e0ab3910b741bd86c8520a4bdb18ed [term 0 FOLLOWER]: Starting pre-election with config: opid_index: -1 OBSOLETE_local: false peers { permanent_uuid: "4ebe620962074f1c8a4621dc4537efc0" member_type: VOTER last_known_addr { host: "127.20.103.66" port: 36407 } } peers { permanent_uuid: "12e0ab3910b741bd86c8520a4bdb18ed" member_type: VOTER last_known_addr { host: "127.20.103.65" port: 41091 } } peers { permanent_uuid: "e05440c81a9f4777b1a0bce791f1c070" member_type: VOTER last_known_addr { host: "127.20.103.67" port: 45861 } }
I20260601 13:34:41.761651 23721 leader_election.cc:290] T ab0e8bc2f3124398bfef657120af0695 P 12e0ab3910b741bd86c8520a4bdb18ed [CANDIDATE]: Term 1 pre-election: Requested pre-vote from peers 4ebe620962074f1c8a4621dc4537efc0 (127.20.103.66:36407), e05440c81a9f4777b1a0bce791f1c070 (127.20.103.67:45861)
I20260601 13:34:41.765379 23667 tablet_service.cc:1917] Received RequestConsensusVote() RPC: tablet_id: "ab0e8bc2f3124398bfef657120af0695" candidate_uuid: "12e0ab3910b741bd86c8520a4bdb18ed" candidate_term: 1 candidate_status { last_received { term: 0 index: 0 } } ignore_live_leader: false dest_uuid: "e05440c81a9f4777b1a0bce791f1c070" is_pre_election: true
I20260601 13:34:41.765487 23592 tablet_service.cc:1917] Received RequestConsensusVote() RPC: tablet_id: "ab0e8bc2f3124398bfef657120af0695" candidate_uuid: "12e0ab3910b741bd86c8520a4bdb18ed" candidate_term: 1 candidate_status { last_received { term: 0 index: 0 } } ignore_live_leader: false dest_uuid: "4ebe620962074f1c8a4621dc4537efc0" is_pre_election: true
I20260601 13:34:41.765574 23667 raft_consensus.cc:2468] T ab0e8bc2f3124398bfef657120af0695 P e05440c81a9f4777b1a0bce791f1c070 [term 0 FOLLOWER]: Leader pre-election vote request: Granting yes vote for candidate 12e0ab3910b741bd86c8520a4bdb18ed in term 0.
I20260601 13:34:41.765647 23592 raft_consensus.cc:2468] T ab0e8bc2f3124398bfef657120af0695 P 4ebe620962074f1c8a4621dc4537efc0 [term 0 FOLLOWER]: Leader pre-election vote request: Granting yes vote for candidate 12e0ab3910b741bd86c8520a4bdb18ed in term 0.
I20260601 13:34:41.765980 23482 leader_election.cc:304] T ab0e8bc2f3124398bfef657120af0695 P 12e0ab3910b741bd86c8520a4bdb18ed [CANDIDATE]: Term 1 pre-election: Election decided. Result: candidate won. Election summary: received 2 responses out of 3 voters: 2 yes votes; 0 no votes. yes voters: 12e0ab3910b741bd86c8520a4bdb18ed, e05440c81a9f4777b1a0bce791f1c070; no voters: 
I20260601 13:34:41.766228 23721 raft_consensus.cc:2804] T ab0e8bc2f3124398bfef657120af0695 P 12e0ab3910b741bd86c8520a4bdb18ed [term 0 FOLLOWER]: Leader pre-election won for term 1
I20260601 13:34:41.766301 23721 raft_consensus.cc:493] T ab0e8bc2f3124398bfef657120af0695 P 12e0ab3910b741bd86c8520a4bdb18ed [term 0 FOLLOWER]: Starting leader election (no leader contacted us within the election timeout)
I20260601 13:34:41.766362 23721 raft_consensus.cc:3060] T ab0e8bc2f3124398bfef657120af0695 P 12e0ab3910b741bd86c8520a4bdb18ed [term 0 FOLLOWER]: Advancing to term 1
I20260601 13:34:41.767274 23721 raft_consensus.cc:515] T ab0e8bc2f3124398bfef657120af0695 P 12e0ab3910b741bd86c8520a4bdb18ed [term 1 FOLLOWER]: Starting leader election with config: opid_index: -1 OBSOLETE_local: false peers { permanent_uuid: "4ebe620962074f1c8a4621dc4537efc0" member_type: VOTER last_known_addr { host: "127.20.103.66" port: 36407 } } peers { permanent_uuid: "12e0ab3910b741bd86c8520a4bdb18ed" member_type: VOTER last_known_addr { host: "127.20.103.65" port: 41091 } } peers { permanent_uuid: "e05440c81a9f4777b1a0bce791f1c070" member_type: VOTER last_known_addr { host: "127.20.103.67" port: 45861 } }
I20260601 13:34:41.767694 23721 leader_election.cc:290] T ab0e8bc2f3124398bfef657120af0695 P 12e0ab3910b741bd86c8520a4bdb18ed [CANDIDATE]: Term 1 election: Requested vote from peers 4ebe620962074f1c8a4621dc4537efc0 (127.20.103.66:36407), e05440c81a9f4777b1a0bce791f1c070 (127.20.103.67:45861)
I20260601 13:34:41.768018 23592 tablet_service.cc:1917] Received RequestConsensusVote() RPC: tablet_id: "ab0e8bc2f3124398bfef657120af0695" candidate_uuid: "12e0ab3910b741bd86c8520a4bdb18ed" candidate_term: 1 candidate_status { last_received { term: 0 index: 0 } } ignore_live_leader: false dest_uuid: "4ebe620962074f1c8a4621dc4537efc0"
I20260601 13:34:41.768059 23667 tablet_service.cc:1917] Received RequestConsensusVote() RPC: tablet_id: "ab0e8bc2f3124398bfef657120af0695" candidate_uuid: "12e0ab3910b741bd86c8520a4bdb18ed" candidate_term: 1 candidate_status { last_received { term: 0 index: 0 } } ignore_live_leader: false dest_uuid: "e05440c81a9f4777b1a0bce791f1c070"
I20260601 13:34:41.768167 23667 raft_consensus.cc:3060] T ab0e8bc2f3124398bfef657120af0695 P e05440c81a9f4777b1a0bce791f1c070 [term 0 FOLLOWER]: Advancing to term 1
I20260601 13:34:41.768164 23592 raft_consensus.cc:3060] T ab0e8bc2f3124398bfef657120af0695 P 4ebe620962074f1c8a4621dc4537efc0 [term 0 FOLLOWER]: Advancing to term 1
I20260601 13:34:41.769151 23667 raft_consensus.cc:2468] T ab0e8bc2f3124398bfef657120af0695 P e05440c81a9f4777b1a0bce791f1c070 [term 1 FOLLOWER]: Leader election vote request: Granting yes vote for candidate 12e0ab3910b741bd86c8520a4bdb18ed in term 1.
I20260601 13:34:41.769165 23592 raft_consensus.cc:2468] T ab0e8bc2f3124398bfef657120af0695 P 4ebe620962074f1c8a4621dc4537efc0 [term 1 FOLLOWER]: Leader election vote request: Granting yes vote for candidate 12e0ab3910b741bd86c8520a4bdb18ed in term 1.
I20260601 13:34:41.769457 23482 leader_election.cc:304] T ab0e8bc2f3124398bfef657120af0695 P 12e0ab3910b741bd86c8520a4bdb18ed [CANDIDATE]: Term 1 election: Election decided. Result: candidate won. Election summary: received 2 responses out of 3 voters: 2 yes votes; 0 no votes. yes voters: 12e0ab3910b741bd86c8520a4bdb18ed, e05440c81a9f4777b1a0bce791f1c070; no voters: 
I20260601 13:34:41.769639 23721 raft_consensus.cc:2804] T ab0e8bc2f3124398bfef657120af0695 P 12e0ab3910b741bd86c8520a4bdb18ed [term 1 FOLLOWER]: Leader election won for term 1
I20260601 13:34:41.769871 23721 raft_consensus.cc:697] T ab0e8bc2f3124398bfef657120af0695 P 12e0ab3910b741bd86c8520a4bdb18ed [term 1 LEADER]: Becoming Leader. State: Replica: 12e0ab3910b741bd86c8520a4bdb18ed, State: Running, Role: LEADER
I20260601 13:34:41.770054 23721 consensus_queue.cc:237] T ab0e8bc2f3124398bfef657120af0695 P 12e0ab3910b741bd86c8520a4bdb18ed [LEADER]: Queue going to LEADER mode. State: All replicated index: 0, Majority replicated index: 0, Committed index: 0, Last appended: 0.0, Last appended by leader: 0, Current term: 1, Majority size: 2, State: 0, Mode: LEADER, active raft config: opid_index: -1 OBSOLETE_local: false peers { permanent_uuid: "4ebe620962074f1c8a4621dc4537efc0" member_type: VOTER last_known_addr { host: "127.20.103.66" port: 36407 } } peers { permanent_uuid: "12e0ab3910b741bd86c8520a4bdb18ed" member_type: VOTER last_known_addr { host: "127.20.103.65" port: 41091 } } peers { permanent_uuid: "e05440c81a9f4777b1a0bce791f1c070" member_type: VOTER last_known_addr { host: "127.20.103.67" port: 45861 } }
I20260601 13:34:41.771871 23413 catalog_manager.cc:5696] T ab0e8bc2f3124398bfef657120af0695 P 12e0ab3910b741bd86c8520a4bdb18ed reported cstate change: term changed from 0 to 1, leader changed from <none> to 12e0ab3910b741bd86c8520a4bdb18ed (127.20.103.65). New cstate: current_term: 1 leader_uuid: "12e0ab3910b741bd86c8520a4bdb18ed" committed_config { opid_index: -1 OBSOLETE_local: false peers { permanent_uuid: "4ebe620962074f1c8a4621dc4537efc0" member_type: VOTER last_known_addr { host: "127.20.103.66" port: 36407 } health_report { overall_health: UNKNOWN } } peers { permanent_uuid: "12e0ab3910b741bd86c8520a4bdb18ed" member_type: VOTER last_known_addr { host: "127.20.103.65" port: 41091 } health_report { overall_health: HEALTHY } } peers { permanent_uuid: "e05440c81a9f4777b1a0bce791f1c070" member_type: VOTER last_known_addr { host: "127.20.103.67" port: 45861 } health_report { overall_health: UNKNOWN } } }
I20260601 13:34:41.839416 23721 raft_consensus.cc:493] T a309eec79b004b08b9ab74df8e1ae300 P 12e0ab3910b741bd86c8520a4bdb18ed [term 0 FOLLOWER]: Starting pre-election (no leader contacted us within the election timeout)
I20260601 13:34:41.839627 23721 raft_consensus.cc:515] T a309eec79b004b08b9ab74df8e1ae300 P 12e0ab3910b741bd86c8520a4bdb18ed [term 0 FOLLOWER]: Starting pre-election with config: opid_index: -1 OBSOLETE_local: false peers { permanent_uuid: "12e0ab3910b741bd86c8520a4bdb18ed" member_type: VOTER last_known_addr { host: "127.20.103.65" port: 41091 } } peers { permanent_uuid: "4ebe620962074f1c8a4621dc4537efc0" member_type: VOTER last_known_addr { host: "127.20.103.66" port: 36407 } } peers { permanent_uuid: "e05440c81a9f4777b1a0bce791f1c070" member_type: VOTER last_known_addr { host: "127.20.103.67" port: 45861 } }
I20260601 13:34:41.840164 23721 leader_election.cc:290] T a309eec79b004b08b9ab74df8e1ae300 P 12e0ab3910b741bd86c8520a4bdb18ed [CANDIDATE]: Term 1 pre-election: Requested pre-vote from peers 4ebe620962074f1c8a4621dc4537efc0 (127.20.103.66:36407), e05440c81a9f4777b1a0bce791f1c070 (127.20.103.67:45861)
I20260601 13:34:41.840605 23667 tablet_service.cc:1917] Received RequestConsensusVote() RPC: tablet_id: "a309eec79b004b08b9ab74df8e1ae300" candidate_uuid: "12e0ab3910b741bd86c8520a4bdb18ed" candidate_term: 1 candidate_status { last_received { term: 0 index: 0 } } ignore_live_leader: false dest_uuid: "e05440c81a9f4777b1a0bce791f1c070" is_pre_election: true
I20260601 13:34:41.840618 23592 tablet_service.cc:1917] Received RequestConsensusVote() RPC: tablet_id: "a309eec79b004b08b9ab74df8e1ae300" candidate_uuid: "12e0ab3910b741bd86c8520a4bdb18ed" candidate_term: 1 candidate_status { last_received { term: 0 index: 0 } } ignore_live_leader: false dest_uuid: "4ebe620962074f1c8a4621dc4537efc0" is_pre_election: true
I20260601 13:34:41.840770 23667 raft_consensus.cc:2468] T a309eec79b004b08b9ab74df8e1ae300 P e05440c81a9f4777b1a0bce791f1c070 [term 0 FOLLOWER]: Leader pre-election vote request: Granting yes vote for candidate 12e0ab3910b741bd86c8520a4bdb18ed in term 0.
I20260601 13:34:41.840831 23592 raft_consensus.cc:2468] T a309eec79b004b08b9ab74df8e1ae300 P 4ebe620962074f1c8a4621dc4537efc0 [term 0 FOLLOWER]: Leader pre-election vote request: Granting yes vote for candidate 12e0ab3910b741bd86c8520a4bdb18ed in term 0.
I20260601 13:34:41.841106 23482 leader_election.cc:304] T a309eec79b004b08b9ab74df8e1ae300 P 12e0ab3910b741bd86c8520a4bdb18ed [CANDIDATE]: Term 1 pre-election: Election decided. Result: candidate won. Election summary: received 2 responses out of 3 voters: 2 yes votes; 0 no votes. yes voters: 12e0ab3910b741bd86c8520a4bdb18ed, e05440c81a9f4777b1a0bce791f1c070; no voters: 
I20260601 13:34:41.841331 23721 raft_consensus.cc:2804] T a309eec79b004b08b9ab74df8e1ae300 P 12e0ab3910b741bd86c8520a4bdb18ed [term 0 FOLLOWER]: Leader pre-election won for term 1
I20260601 13:34:41.841398 23721 raft_consensus.cc:493] T a309eec79b004b08b9ab74df8e1ae300 P 12e0ab3910b741bd86c8520a4bdb18ed [term 0 FOLLOWER]: Starting leader election (no leader contacted us within the election timeout)
I20260601 13:34:41.841454 23721 raft_consensus.cc:3060] T a309eec79b004b08b9ab74df8e1ae300 P 12e0ab3910b741bd86c8520a4bdb18ed [term 0 FOLLOWER]: Advancing to term 1
I20260601 13:34:41.842339 23721 raft_consensus.cc:515] T a309eec79b004b08b9ab74df8e1ae300 P 12e0ab3910b741bd86c8520a4bdb18ed [term 1 FOLLOWER]: Starting leader election with config: opid_index: -1 OBSOLETE_local: false peers { permanent_uuid: "12e0ab3910b741bd86c8520a4bdb18ed" member_type: VOTER last_known_addr { host: "127.20.103.65" port: 41091 } } peers { permanent_uuid: "4ebe620962074f1c8a4621dc4537efc0" member_type: VOTER last_known_addr { host: "127.20.103.66" port: 36407 } } peers { permanent_uuid: "e05440c81a9f4777b1a0bce791f1c070" member_type: VOTER last_known_addr { host: "127.20.103.67" port: 45861 } }
I20260601 13:34:41.842726 23721 leader_election.cc:290] T a309eec79b004b08b9ab74df8e1ae300 P 12e0ab3910b741bd86c8520a4bdb18ed [CANDIDATE]: Term 1 election: Requested vote from peers 4ebe620962074f1c8a4621dc4537efc0 (127.20.103.66:36407), e05440c81a9f4777b1a0bce791f1c070 (127.20.103.67:45861)
I20260601 13:34:41.843029 23592 tablet_service.cc:1917] Received RequestConsensusVote() RPC: tablet_id: "a309eec79b004b08b9ab74df8e1ae300" candidate_uuid: "12e0ab3910b741bd86c8520a4bdb18ed" candidate_term: 1 candidate_status { last_received { term: 0 index: 0 } } ignore_live_leader: false dest_uuid: "4ebe620962074f1c8a4621dc4537efc0"
I20260601 13:34:41.843039 23667 tablet_service.cc:1917] Received RequestConsensusVote() RPC: tablet_id: "a309eec79b004b08b9ab74df8e1ae300" candidate_uuid: "12e0ab3910b741bd86c8520a4bdb18ed" candidate_term: 1 candidate_status { last_received { term: 0 index: 0 } } ignore_live_leader: false dest_uuid: "e05440c81a9f4777b1a0bce791f1c070"
I20260601 13:34:41.843148 23592 raft_consensus.cc:3060] T a309eec79b004b08b9ab74df8e1ae300 P 4ebe620962074f1c8a4621dc4537efc0 [term 0 FOLLOWER]: Advancing to term 1
I20260601 13:34:41.843189 23667 raft_consensus.cc:3060] T a309eec79b004b08b9ab74df8e1ae300 P e05440c81a9f4777b1a0bce791f1c070 [term 0 FOLLOWER]: Advancing to term 1
I20260601 13:34:41.843878 23592 raft_consensus.cc:2468] T a309eec79b004b08b9ab74df8e1ae300 P 4ebe620962074f1c8a4621dc4537efc0 [term 1 FOLLOWER]: Leader election vote request: Granting yes vote for candidate 12e0ab3910b741bd86c8520a4bdb18ed in term 1.
I20260601 13:34:41.843906 23667 raft_consensus.cc:2468] T a309eec79b004b08b9ab74df8e1ae300 P e05440c81a9f4777b1a0bce791f1c070 [term 1 FOLLOWER]: Leader election vote request: Granting yes vote for candidate 12e0ab3910b741bd86c8520a4bdb18ed in term 1.
I20260601 13:34:41.844177 23480 leader_election.cc:304] T a309eec79b004b08b9ab74df8e1ae300 P 12e0ab3910b741bd86c8520a4bdb18ed [CANDIDATE]: Term 1 election: Election decided. Result: candidate won. Election summary: received 2 responses out of 3 voters: 2 yes votes; 0 no votes. yes voters: 12e0ab3910b741bd86c8520a4bdb18ed, 4ebe620962074f1c8a4621dc4537efc0; no voters: 
I20260601 13:34:41.844401 23721 raft_consensus.cc:2804] T a309eec79b004b08b9ab74df8e1ae300 P 12e0ab3910b741bd86c8520a4bdb18ed [term 1 FOLLOWER]: Leader election won for term 1
I20260601 13:34:41.844528 23721 raft_consensus.cc:697] T a309eec79b004b08b9ab74df8e1ae300 P 12e0ab3910b741bd86c8520a4bdb18ed [term 1 LEADER]: Becoming Leader. State: Replica: 12e0ab3910b741bd86c8520a4bdb18ed, State: Running, Role: LEADER
I20260601 13:34:41.844864 23721 consensus_queue.cc:237] T a309eec79b004b08b9ab74df8e1ae300 P 12e0ab3910b741bd86c8520a4bdb18ed [LEADER]: Queue going to LEADER mode. State: All replicated index: 0, Majority replicated index: 0, Committed index: 0, Last appended: 0.0, Last appended by leader: 0, Current term: 1, Majority size: 2, State: 0, Mode: LEADER, active raft config: opid_index: -1 OBSOLETE_local: false peers { permanent_uuid: "12e0ab3910b741bd86c8520a4bdb18ed" member_type: VOTER last_known_addr { host: "127.20.103.65" port: 41091 } } peers { permanent_uuid: "4ebe620962074f1c8a4621dc4537efc0" member_type: VOTER last_known_addr { host: "127.20.103.66" port: 36407 } } peers { permanent_uuid: "e05440c81a9f4777b1a0bce791f1c070" member_type: VOTER last_known_addr { host: "127.20.103.67" port: 45861 } }
I20260601 13:34:41.846483 23413 catalog_manager.cc:5696] T a309eec79b004b08b9ab74df8e1ae300 P 12e0ab3910b741bd86c8520a4bdb18ed reported cstate change: term changed from 0 to 1, leader changed from <none> to 12e0ab3910b741bd86c8520a4bdb18ed (127.20.103.65). New cstate: current_term: 1 leader_uuid: "12e0ab3910b741bd86c8520a4bdb18ed" committed_config { opid_index: -1 OBSOLETE_local: false peers { permanent_uuid: "12e0ab3910b741bd86c8520a4bdb18ed" member_type: VOTER last_known_addr { host: "127.20.103.65" port: 41091 } health_report { overall_health: HEALTHY } } peers { permanent_uuid: "4ebe620962074f1c8a4621dc4537efc0" member_type: VOTER last_known_addr { host: "127.20.103.66" port: 36407 } health_report { overall_health: UNKNOWN } } peers { permanent_uuid: "e05440c81a9f4777b1a0bce791f1c070" member_type: VOTER last_known_addr { host: "127.20.103.67" port: 45861 } health_report { overall_health: UNKNOWN } } }
I20260601 13:34:41.855243 20893 tablet_server.cc:179] TabletServer@127.20.103.65:0 shutting down...
I20260601 13:34:41.859191 20893 ts_tablet_manager.cc:1507] Shutting down tablet manager...
I20260601 13:34:41.859548 20893 tablet_replica.cc:333] T 9a5352e9ec1f414ca4424f5a2d3eca09 P 12e0ab3910b741bd86c8520a4bdb18ed: stopping tablet replica
I20260601 13:34:41.859704 20893 raft_consensus.cc:2243] T 9a5352e9ec1f414ca4424f5a2d3eca09 P 12e0ab3910b741bd86c8520a4bdb18ed [term 1 FOLLOWER]: Raft consensus shutting down.
I20260601 13:34:41.859841 20893 raft_consensus.cc:2272] T 9a5352e9ec1f414ca4424f5a2d3eca09 P 12e0ab3910b741bd86c8520a4bdb18ed [term 1 FOLLOWER]: Raft consensus is shut down!
I20260601 13:34:41.860354 20893 tablet_replica.cc:333] T a309eec79b004b08b9ab74df8e1ae300 P 12e0ab3910b741bd86c8520a4bdb18ed: stopping tablet replica
I20260601 13:34:41.860430 20893 raft_consensus.cc:2243] T a309eec79b004b08b9ab74df8e1ae300 P 12e0ab3910b741bd86c8520a4bdb18ed [term 1 LEADER]: Raft consensus shutting down.
I20260601 13:34:41.860584 20893 pending_rounds.cc:70] T a309eec79b004b08b9ab74df8e1ae300 P 12e0ab3910b741bd86c8520a4bdb18ed: Trying to abort 1 pending ops.
I20260601 13:34:41.860648 20893 pending_rounds.cc:77] T a309eec79b004b08b9ab74df8e1ae300 P 12e0ab3910b741bd86c8520a4bdb18ed: Aborting op as it isn't in flight: id { term: 1 index: 1 } timestamp: 7292194332037775360 op_type: NO_OP noop_request { }
I20260601 13:34:41.860745 20893 raft_consensus.cc:2889] T a309eec79b004b08b9ab74df8e1ae300 P 12e0ab3910b741bd86c8520a4bdb18ed [term 1 LEADER]: NO_OP replication failed: Aborted: Op aborted
I20260601 13:34:41.860819 20893 raft_consensus.cc:2272] T a309eec79b004b08b9ab74df8e1ae300 P 12e0ab3910b741bd86c8520a4bdb18ed [term 1 FOLLOWER]: Raft consensus is shut down!
I20260601 13:34:41.861348 20893 tablet_replica.cc:333] T ab0e8bc2f3124398bfef657120af0695 P 12e0ab3910b741bd86c8520a4bdb18ed: stopping tablet replica
I20260601 13:34:41.861438 20893 raft_consensus.cc:2243] T ab0e8bc2f3124398bfef657120af0695 P 12e0ab3910b741bd86c8520a4bdb18ed [term 1 LEADER]: Raft consensus shutting down.
I20260601 13:34:41.861562 20893 pending_rounds.cc:70] T ab0e8bc2f3124398bfef657120af0695 P 12e0ab3910b741bd86c8520a4bdb18ed: Trying to abort 1 pending ops.
I20260601 13:34:41.861596 20893 pending_rounds.cc:77] T ab0e8bc2f3124398bfef657120af0695 P 12e0ab3910b741bd86c8520a4bdb18ed: Aborting op as it isn't in flight: id { term: 1 index: 1 } timestamp: 7292194331731845120 op_type: NO_OP noop_request { }
I20260601 13:34:41.861668 20893 raft_consensus.cc:2889] T ab0e8bc2f3124398bfef657120af0695 P 12e0ab3910b741bd86c8520a4bdb18ed [term 1 LEADER]: NO_OP replication failed: Aborted: Op aborted
I20260601 13:34:41.861729 20893 raft_consensus.cc:2272] T ab0e8bc2f3124398bfef657120af0695 P 12e0ab3910b741bd86c8520a4bdb18ed [term 1 FOLLOWER]: Raft consensus is shut down!
I20260601 13:34:41.862267 20893 tablet_replica.cc:333] T f8662c4152b34509ae76c595baf00e1a P 12e0ab3910b741bd86c8520a4bdb18ed: stopping tablet replica
I20260601 13:34:41.862336 20893 raft_consensus.cc:2243] T f8662c4152b34509ae76c595baf00e1a P 12e0ab3910b741bd86c8520a4bdb18ed [term 1 FOLLOWER]: Raft consensus shutting down.
I20260601 13:34:41.862442 20893 raft_consensus.cc:2272] T f8662c4152b34509ae76c595baf00e1a P 12e0ab3910b741bd86c8520a4bdb18ed [term 1 FOLLOWER]: Raft consensus is shut down!
I20260601 13:34:41.876338 20893 tablet_server.cc:196] TabletServer@127.20.103.65:0 shutdown complete.
I20260601 13:34:41.878875 20893 tablet_server.cc:179] TabletServer@127.20.103.66:0 shutting down...
I20260601 13:34:41.883368 20893 ts_tablet_manager.cc:1507] Shutting down tablet manager...
I20260601 13:34:41.883680 20893 tablet_replica.cc:333] T 9a5352e9ec1f414ca4424f5a2d3eca09 P 4ebe620962074f1c8a4621dc4537efc0: stopping tablet replica
I20260601 13:34:41.883833 20893 raft_consensus.cc:2243] T 9a5352e9ec1f414ca4424f5a2d3eca09 P 4ebe620962074f1c8a4621dc4537efc0 [term 1 FOLLOWER]: Raft consensus shutting down.
I20260601 13:34:41.883965 20893 raft_consensus.cc:2272] T 9a5352e9ec1f414ca4424f5a2d3eca09 P 4ebe620962074f1c8a4621dc4537efc0 [term 1 FOLLOWER]: Raft consensus is shut down!
I20260601 13:34:41.884459 20893 tablet_replica.cc:333] T a309eec79b004b08b9ab74df8e1ae300 P 4ebe620962074f1c8a4621dc4537efc0: stopping tablet replica
I20260601 13:34:41.884573 20893 raft_consensus.cc:2243] T a309eec79b004b08b9ab74df8e1ae300 P 4ebe620962074f1c8a4621dc4537efc0 [term 1 FOLLOWER]: Raft consensus shutting down.
I20260601 13:34:41.884680 20893 raft_consensus.cc:2272] T a309eec79b004b08b9ab74df8e1ae300 P 4ebe620962074f1c8a4621dc4537efc0 [term 1 FOLLOWER]: Raft consensus is shut down!
I20260601 13:34:41.885088 20893 tablet_replica.cc:333] T f8662c4152b34509ae76c595baf00e1a P 4ebe620962074f1c8a4621dc4537efc0: stopping tablet replica
I20260601 13:34:41.885198 20893 raft_consensus.cc:2243] T f8662c4152b34509ae76c595baf00e1a P 4ebe620962074f1c8a4621dc4537efc0 [term 1 FOLLOWER]: Raft consensus shutting down.
I20260601 13:34:41.885303 20893 raft_consensus.cc:2272] T f8662c4152b34509ae76c595baf00e1a P 4ebe620962074f1c8a4621dc4537efc0 [term 1 FOLLOWER]: Raft consensus is shut down!
I20260601 13:34:41.885690 20893 tablet_replica.cc:333] T ab0e8bc2f3124398bfef657120af0695 P 4ebe620962074f1c8a4621dc4537efc0: stopping tablet replica
I20260601 13:34:41.885795 20893 raft_consensus.cc:2243] T ab0e8bc2f3124398bfef657120af0695 P 4ebe620962074f1c8a4621dc4537efc0 [term 1 FOLLOWER]: Raft consensus shutting down.
I20260601 13:34:41.885910 20893 raft_consensus.cc:2272] T ab0e8bc2f3124398bfef657120af0695 P 4ebe620962074f1c8a4621dc4537efc0 [term 1 FOLLOWER]: Raft consensus is shut down!
I20260601 13:34:41.899480 20893 tablet_server.cc:196] TabletServer@127.20.103.66:0 shutdown complete.
I20260601 13:34:41.901772 20893 tablet_server.cc:179] TabletServer@127.20.103.67:0 shutting down...
I20260601 13:34:41.905977 20893 ts_tablet_manager.cc:1507] Shutting down tablet manager...
I20260601 13:34:41.906294 20893 tablet_replica.cc:333] T 9a5352e9ec1f414ca4424f5a2d3eca09 P e05440c81a9f4777b1a0bce791f1c070: stopping tablet replica
I20260601 13:34:41.906420 20893 raft_consensus.cc:2243] T 9a5352e9ec1f414ca4424f5a2d3eca09 P e05440c81a9f4777b1a0bce791f1c070 [term 1 LEADER]: Raft consensus shutting down.
I20260601 13:34:41.906569 20893 pending_rounds.cc:70] T 9a5352e9ec1f414ca4424f5a2d3eca09 P e05440c81a9f4777b1a0bce791f1c070: Trying to abort 1 pending ops.
I20260601 13:34:41.906596 20893 pending_rounds.cc:77] T 9a5352e9ec1f414ca4424f5a2d3eca09 P e05440c81a9f4777b1a0bce791f1c070: Aborting op as it isn't in flight: id { term: 1 index: 1 } timestamp: 7292194331496022016 op_type: NO_OP noop_request { }
I20260601 13:34:41.906658 20893 raft_consensus.cc:2889] T 9a5352e9ec1f414ca4424f5a2d3eca09 P e05440c81a9f4777b1a0bce791f1c070 [term 1 LEADER]: NO_OP replication failed: Aborted: Op aborted
I20260601 13:34:41.906697 20893 raft_consensus.cc:2272] T 9a5352e9ec1f414ca4424f5a2d3eca09 P e05440c81a9f4777b1a0bce791f1c070 [term 1 FOLLOWER]: Raft consensus is shut down!
I20260601 13:34:41.907284 20893 tablet_replica.cc:333] T ab0e8bc2f3124398bfef657120af0695 P e05440c81a9f4777b1a0bce791f1c070: stopping tablet replica
I20260601 13:34:41.907362 20893 raft_consensus.cc:2243] T ab0e8bc2f3124398bfef657120af0695 P e05440c81a9f4777b1a0bce791f1c070 [term 1 FOLLOWER]: Raft consensus shutting down.
I20260601 13:34:41.907425 20893 raft_consensus.cc:2272] T ab0e8bc2f3124398bfef657120af0695 P e05440c81a9f4777b1a0bce791f1c070 [term 1 FOLLOWER]: Raft consensus is shut down!
I20260601 13:34:41.907895 20893 tablet_replica.cc:333] T a309eec79b004b08b9ab74df8e1ae300 P e05440c81a9f4777b1a0bce791f1c070: stopping tablet replica
I20260601 13:34:41.907981 20893 raft_consensus.cc:2243] T a309eec79b004b08b9ab74df8e1ae300 P e05440c81a9f4777b1a0bce791f1c070 [term 1 FOLLOWER]: Raft consensus shutting down.
I20260601 13:34:41.908046 20893 raft_consensus.cc:2272] T a309eec79b004b08b9ab74df8e1ae300 P e05440c81a9f4777b1a0bce791f1c070 [term 1 FOLLOWER]: Raft consensus is shut down!
I20260601 13:34:41.908478 20893 tablet_replica.cc:333] T f8662c4152b34509ae76c595baf00e1a P e05440c81a9f4777b1a0bce791f1c070: stopping tablet replica
I20260601 13:34:41.908560 20893 raft_consensus.cc:2243] T f8662c4152b34509ae76c595baf00e1a P e05440c81a9f4777b1a0bce791f1c070 [term 1 LEADER]: Raft consensus shutting down.
I20260601 13:34:41.908655 20893 pending_rounds.cc:70] T f8662c4152b34509ae76c595baf00e1a P e05440c81a9f4777b1a0bce791f1c070: Trying to abort 1 pending ops.
I20260601 13:34:41.908682 20893 pending_rounds.cc:77] T f8662c4152b34509ae76c595baf00e1a P e05440c81a9f4777b1a0bce791f1c070: Aborting op as it isn't in flight: id { term: 1 index: 1 } timestamp: 7292194331655630848 op_type: NO_OP noop_request { }
I20260601 13:34:41.908732 20893 raft_consensus.cc:2889] T f8662c4152b34509ae76c595baf00e1a P e05440c81a9f4777b1a0bce791f1c070 [term 1 LEADER]: NO_OP replication failed: Aborted: Op aborted
I20260601 13:34:41.908773 20893 raft_consensus.cc:2272] T f8662c4152b34509ae76c595baf00e1a P e05440c81a9f4777b1a0bce791f1c070 [term 1 FOLLOWER]: Raft consensus is shut down!
I20260601 13:34:41.922091 20893 tablet_server.cc:196] TabletServer@127.20.103.67:0 shutdown complete.
I20260601 13:34:41.924379 20893 master.cc:562] Master@127.20.103.126:42185 shutting down...
I20260601 13:34:41.927670 20893 raft_consensus.cc:2243] T 00000000000000000000000000000000 P f9bc5b61927c4c7eb5a5062663bccc28 [term 1 LEADER]: Raft consensus shutting down.
I20260601 13:34:41.927811 20893 raft_consensus.cc:2272] T 00000000000000000000000000000000 P f9bc5b61927c4c7eb5a5062663bccc28 [term 1 FOLLOWER]: Raft consensus is shut down!
I20260601 13:34:41.927861 20893 tablet_replica.cc:333] T 00000000000000000000000000000000 P f9bc5b61927c4c7eb5a5062663bccc28: stopping tablet replica
I20260601 13:34:41.940697 20893 master.cc:584] Master@127.20.103.126:42185 shutdown complete.
[       OK ] AutoRebalancerTest.RangeAwareBuildClusterInfoGroupsByRange (1618 ms)
[ RUN      ] AutoRebalancerTest.RangeAwareRebalancesNewRangeReplicas
I20260601 13:34:41.948778 20893 internal_mini_cluster.cc:156] Creating distributed mini masters. Addrs: 127.20.103.126:46225
I20260601 13:34:41.949113 20893 file_cache.cc:492] Constructed file cache file cache with capacity 419430
W20260601 13:34:41.950788 23741 instance_detector.cc:116] could not retrieve AWS instance metadata: Network error: curl error: HTTP response code said error: The requested URL returned error: 404
W20260601 13:34:41.950822 23744 instance_detector.cc:116] could not retrieve OpenStack instance metadata: Network error: curl error: HTTP response code said error: The requested URL returned error: 404
W20260601 13:34:41.950850 23742 instance_detector.cc:116] could not retrieve Azure instance metadata: Network error: curl error: HTTP response code said error: The requested URL returned error: 404
I20260601 13:34:41.951412 20893 server_base.cc:1061] running on GCE node
I20260601 13:34:41.951562 20893 hybrid_clock.cc:584] initializing the hybrid clock with 'system_unsync' time source
W20260601 13:34:41.951596 20893 system_unsync_time.cc:38] NTP support is disabled. Clock error bounds will not be accurate. This configuration is not suitable for distributed clusters.
I20260601 13:34:41.951611 20893 hybrid_clock.cc:648] HybridClock initialized: now 1780320881951612 us; error 0 us; skew 500 ppm
I20260601 13:34:41.952327 20893 webserver.cc:533] Webserver started at http://127.20.103.126:42099/ using document root <none> and password file <none>
I20260601 13:34:41.952452 20893 fs_manager.cc:362] Metadata directory not provided
I20260601 13:34:41.952491 20893 fs_manager.cc:368] Using write-ahead log directory (fs_wal_dir) as metadata directory
I20260601 13:34:41.952550 20893 server_base.cc:909] This appears to be a new deployment of Kudu; creating new FS layout
I20260601 13:34:41.952934 20893 fs_manager.cc:1068] Generated new instance metadata in path /tmp/dist-test-task097lVB/test-tmp/auto_rebalancer-test.0.AutoRebalancerTest.RangeAwareRebalancesNewRangeReplicas.1780320812657008-20893-0/minicluster-data/master-0-root/instance:
uuid: "bf11d662a6474cdf92bf7203ab52ddb8"
format_stamp: "Formatted at 2026-06-01 13:34:41 on dist-test-slave-xntx"
I20260601 13:34:41.954424 20893 fs_manager.cc:696] Time spent creating directory manager: real 0.001s	user 0.002s	sys 0.000s
I20260601 13:34:41.955379 23749 log_block_manager.cc:4031] Time spent loading block containers with low live blocks: real 0.000s	user 0.000s	sys 0.000s
I20260601 13:34:41.955668 20893 fs_manager.cc:730] Time spent opening block manager: real 0.001s	user 0.001s	sys 0.000s
I20260601 13:34:41.955727 20893 fs_manager.cc:647] Opened local filesystem: /tmp/dist-test-task097lVB/test-tmp/auto_rebalancer-test.0.AutoRebalancerTest.RangeAwareRebalancesNewRangeReplicas.1780320812657008-20893-0/minicluster-data/master-0-root
uuid: "bf11d662a6474cdf92bf7203ab52ddb8"
format_stamp: "Formatted at 2026-06-01 13:34:41 on dist-test-slave-xntx"
I20260601 13:34:41.955821 20893 fs_report.cc:389] FS layout report
--------------------
wal directory: /tmp/dist-test-task097lVB/test-tmp/auto_rebalancer-test.0.AutoRebalancerTest.RangeAwareRebalancesNewRangeReplicas.1780320812657008-20893-0/minicluster-data/master-0-root
metadata directory: /tmp/dist-test-task097lVB/test-tmp/auto_rebalancer-test.0.AutoRebalancerTest.RangeAwareRebalancesNewRangeReplicas.1780320812657008-20893-0/minicluster-data/master-0-root
1 data directories: /tmp/dist-test-task097lVB/test-tmp/auto_rebalancer-test.0.AutoRebalancerTest.RangeAwareRebalancesNewRangeReplicas.1780320812657008-20893-0/minicluster-data/master-0-root/data
Total live blocks: 0
Total live bytes: 0
Total live bytes (after alignment): 0
Total number of LBM containers: 0 (0 full)
Did not check for missing blocks
Did not check for orphaned blocks
Total full LBM containers with extra space: 0 (0 repaired)
Total full LBM container extra space in bytes: 0 (0 repaired)
Total incomplete LBM containers: 0 (0 repaired)
Total LBM partial records: 0 (0 repaired)
Total corrupted LBM metadata records in RocksDB: 0 (0 repaired)
I20260601 13:34:41.961324 20893 rpc_server.cc:225] running with OpenSSL 1.1.1  11 Sep 2018
I20260601 13:34:41.961755 20893 kserver.cc:163] Server-wide thread pool size limit: 3276
I20260601 13:34:41.965855 20893 rpc_server.cc:307] RPC server started. Bound to: 127.20.103.126:46225
I20260601 13:34:41.969741 23801 acceptor_pool.cc:272] collecting diagnostics on the listening RPC socket 127.20.103.126:46225 every 8 connection(s)
I20260601 13:34:41.970366 23802 data_dirs.cc:400] Could only allocate 1 dirs of requested 3 for tablet 00000000000000000000000000000000. 1 dirs total, 0 dirs full, 0 dirs failed
I20260601 13:34:41.972289 23802 tablet_bootstrap.cc:492] T 00000000000000000000000000000000 P bf11d662a6474cdf92bf7203ab52ddb8: Bootstrap starting.
I20260601 13:34:41.973167 23802 tablet_bootstrap.cc:654] T 00000000000000000000000000000000 P bf11d662a6474cdf92bf7203ab52ddb8: Neither blocks nor log segments found. Creating new log.
I20260601 13:34:41.974375 23802 tablet_bootstrap.cc:492] T 00000000000000000000000000000000 P bf11d662a6474cdf92bf7203ab52ddb8: No bootstrap required, opened a new log
I20260601 13:34:41.974778 23802 raft_consensus.cc:359] T 00000000000000000000000000000000 P bf11d662a6474cdf92bf7203ab52ddb8 [term 0 FOLLOWER]: Replica starting. Triggering 0 pending ops. Active config: opid_index: -1 OBSOLETE_local: true peers { permanent_uuid: "bf11d662a6474cdf92bf7203ab52ddb8" member_type: VOTER }
I20260601 13:34:41.974886 23802 raft_consensus.cc:385] T 00000000000000000000000000000000 P bf11d662a6474cdf92bf7203ab52ddb8 [term 0 FOLLOWER]: Consensus starting up: Expiring failure detector timer to make a prompt election more likely
I20260601 13:34:41.974910 23802 raft_consensus.cc:740] T 00000000000000000000000000000000 P bf11d662a6474cdf92bf7203ab52ddb8 [term 0 FOLLOWER]: Becoming Follower/Learner. State: Replica: bf11d662a6474cdf92bf7203ab52ddb8, State: Initialized, Role: FOLLOWER
I20260601 13:34:41.975028 23802 consensus_queue.cc:260] T 00000000000000000000000000000000 P bf11d662a6474cdf92bf7203ab52ddb8 [NON_LEADER]: Queue going to NON_LEADER mode. State: All replicated index: 0, Majority replicated index: 0, Committed index: 0, Last appended: 0.0, Last appended by leader: 0, Current term: 0, Majority size: -1, State: 0, Mode: NON_LEADER, active raft config: opid_index: -1 OBSOLETE_local: true peers { permanent_uuid: "bf11d662a6474cdf92bf7203ab52ddb8" member_type: VOTER }
I20260601 13:34:41.975087 23802 raft_consensus.cc:399] T 00000000000000000000000000000000 P bf11d662a6474cdf92bf7203ab52ddb8 [term 0 FOLLOWER]: Only one voter in the Raft config. Triggering election immediately
I20260601 13:34:41.975111 23802 raft_consensus.cc:493] T 00000000000000000000000000000000 P bf11d662a6474cdf92bf7203ab52ddb8 [term 0 FOLLOWER]: Starting leader election (initial election of a single-replica configuration)
I20260601 13:34:41.975148 23802 raft_consensus.cc:3060] T 00000000000000000000000000000000 P bf11d662a6474cdf92bf7203ab52ddb8 [term 0 FOLLOWER]: Advancing to term 1
I20260601 13:34:41.975857 23802 raft_consensus.cc:515] T 00000000000000000000000000000000 P bf11d662a6474cdf92bf7203ab52ddb8 [term 1 FOLLOWER]: Starting leader election with config: opid_index: -1 OBSOLETE_local: true peers { permanent_uuid: "bf11d662a6474cdf92bf7203ab52ddb8" member_type: VOTER }
I20260601 13:34:41.975971 23802 leader_election.cc:304] T 00000000000000000000000000000000 P bf11d662a6474cdf92bf7203ab52ddb8 [CANDIDATE]: Term 1 election: Election decided. Result: candidate won. Election summary: received 1 responses out of 1 voters: 1 yes votes; 0 no votes. yes voters: bf11d662a6474cdf92bf7203ab52ddb8; no voters: 
I20260601 13:34:41.976126 23802 leader_election.cc:290] T 00000000000000000000000000000000 P bf11d662a6474cdf92bf7203ab52ddb8 [CANDIDATE]: Term 1 election: Requested vote from peers 
I20260601 13:34:41.976265 23805 raft_consensus.cc:2804] T 00000000000000000000000000000000 P bf11d662a6474cdf92bf7203ab52ddb8 [term 1 FOLLOWER]: Leader election won for term 1
I20260601 13:34:41.976498 23805 raft_consensus.cc:697] T 00000000000000000000000000000000 P bf11d662a6474cdf92bf7203ab52ddb8 [term 1 LEADER]: Becoming Leader. State: Replica: bf11d662a6474cdf92bf7203ab52ddb8, State: Running, Role: LEADER
I20260601 13:34:41.976652 23805 consensus_queue.cc:237] T 00000000000000000000000000000000 P bf11d662a6474cdf92bf7203ab52ddb8 [LEADER]: Queue going to LEADER mode. State: All replicated index: 0, Majority replicated index: 0, Committed index: 0, Last appended: 0.0, Last appended by leader: 0, Current term: 1, Majority size: 1, State: 0, Mode: LEADER, active raft config: opid_index: -1 OBSOLETE_local: true peers { permanent_uuid: "bf11d662a6474cdf92bf7203ab52ddb8" member_type: VOTER }
I20260601 13:34:41.976716 23802 sys_catalog.cc:565] T 00000000000000000000000000000000 P bf11d662a6474cdf92bf7203ab52ddb8 [sys.catalog]: configured and running, proceeding with master startup.
I20260601 13:34:41.977105 23807 sys_catalog.cc:455] T 00000000000000000000000000000000 P bf11d662a6474cdf92bf7203ab52ddb8 [sys.catalog]: SysCatalogTable state changed. Reason: New leader bf11d662a6474cdf92bf7203ab52ddb8. Latest consensus state: current_term: 1 leader_uuid: "bf11d662a6474cdf92bf7203ab52ddb8" committed_config { opid_index: -1 OBSOLETE_local: true peers { permanent_uuid: "bf11d662a6474cdf92bf7203ab52ddb8" member_type: VOTER } }
I20260601 13:34:41.977093 23806 sys_catalog.cc:455] T 00000000000000000000000000000000 P bf11d662a6474cdf92bf7203ab52ddb8 [sys.catalog]: SysCatalogTable state changed. Reason: RaftConsensus started. Latest consensus state: current_term: 1 leader_uuid: "bf11d662a6474cdf92bf7203ab52ddb8" committed_config { opid_index: -1 OBSOLETE_local: true peers { permanent_uuid: "bf11d662a6474cdf92bf7203ab52ddb8" member_type: VOTER } }
I20260601 13:34:41.977234 23807 sys_catalog.cc:458] T 00000000000000000000000000000000 P bf11d662a6474cdf92bf7203ab52ddb8 [sys.catalog]: This master's current role is: LEADER
I20260601 13:34:41.977295 23806 sys_catalog.cc:458] T 00000000000000000000000000000000 P bf11d662a6474cdf92bf7203ab52ddb8 [sys.catalog]: This master's current role is: LEADER
I20260601 13:34:41.977769 23809 catalog_manager.cc:1510] Loading table and tablet metadata into memory...
I20260601 13:34:41.978543 23809 catalog_manager.cc:1519] Initializing Kudu cluster ID...
I20260601 13:34:41.978926 20893 internal_mini_cluster.cc:184] Waiting to initialize catalog manager on master 0
I20260601 13:34:41.980608 23809 catalog_manager.cc:1382] Generated new cluster ID: 47949f53ed5241eeab37b7b87d3ce311
I20260601 13:34:41.980679 23809 catalog_manager.cc:1530] Initializing Kudu internal certificate authority...
I20260601 13:34:41.994105 23809 catalog_manager.cc:1405] Generated new certificate authority record
I20260601 13:34:41.994688 23809 catalog_manager.cc:1539] Loading token signing keys...
I20260601 13:34:42.002915 23809 catalog_manager.cc:6069] T 00000000000000000000000000000000 P bf11d662a6474cdf92bf7203ab52ddb8: Generated new TSK 0
I20260601 13:34:42.003125 23809 catalog_manager.cc:1549] Initializing in-progress tserver states...
I20260601 13:34:42.011689 20893 file_cache.cc:492] Constructed file cache file cache with capacity 419430
W20260601 13:34:42.013988 23826 instance_detector.cc:116] could not retrieve OpenStack instance metadata: Network error: curl error: HTTP response code said error: The requested URL returned error: 404
W20260601 13:34:42.013965 23823 instance_detector.cc:116] could not retrieve AWS instance metadata: Network error: curl error: HTTP response code said error: The requested URL returned error: 404
I20260601 13:34:42.014132 20893 server_base.cc:1061] running on GCE node
W20260601 13:34:42.014029 23824 instance_detector.cc:116] could not retrieve Azure instance metadata: Network error: curl error: HTTP response code said error: The requested URL returned error: 404
I20260601 13:34:42.014474 20893 hybrid_clock.cc:584] initializing the hybrid clock with 'system_unsync' time source
W20260601 13:34:42.014519 20893 system_unsync_time.cc:38] NTP support is disabled. Clock error bounds will not be accurate. This configuration is not suitable for distributed clusters.
I20260601 13:34:42.014535 20893 hybrid_clock.cc:648] HybridClock initialized: now 1780320882014535 us; error 0 us; skew 500 ppm
I20260601 13:34:42.015458 20893 webserver.cc:533] Webserver started at http://127.20.103.65:35911/ using document root <none> and password file <none>
I20260601 13:34:42.015604 20893 fs_manager.cc:362] Metadata directory not provided
I20260601 13:34:42.015648 20893 fs_manager.cc:368] Using write-ahead log directory (fs_wal_dir) as metadata directory
I20260601 13:34:42.015709 20893 server_base.cc:909] This appears to be a new deployment of Kudu; creating new FS layout
I20260601 13:34:42.016072 20893 fs_manager.cc:1068] Generated new instance metadata in path /tmp/dist-test-task097lVB/test-tmp/auto_rebalancer-test.0.AutoRebalancerTest.RangeAwareRebalancesNewRangeReplicas.1780320812657008-20893-0/minicluster-data/ts-0-root/instance:
uuid: "7ed42341b7f5453f99cac843d96e02f1"
format_stamp: "Formatted at 2026-06-01 13:34:42 on dist-test-slave-xntx"
I20260601 13:34:42.017601 20893 fs_manager.cc:696] Time spent creating directory manager: real 0.001s	user 0.001s	sys 0.000s
I20260601 13:34:42.018890 23831 log_block_manager.cc:4031] Time spent loading block containers with low live blocks: real 0.000s	user 0.000s	sys 0.000s
I20260601 13:34:42.019197 20893 fs_manager.cc:730] Time spent opening block manager: real 0.001s	user 0.001s	sys 0.000s
I20260601 13:34:42.019284 20893 fs_manager.cc:647] Opened local filesystem: /tmp/dist-test-task097lVB/test-tmp/auto_rebalancer-test.0.AutoRebalancerTest.RangeAwareRebalancesNewRangeReplicas.1780320812657008-20893-0/minicluster-data/ts-0-root
uuid: "7ed42341b7f5453f99cac843d96e02f1"
format_stamp: "Formatted at 2026-06-01 13:34:42 on dist-test-slave-xntx"
I20260601 13:34:42.019382 20893 fs_report.cc:389] FS layout report
--------------------
wal directory: /tmp/dist-test-task097lVB/test-tmp/auto_rebalancer-test.0.AutoRebalancerTest.RangeAwareRebalancesNewRangeReplicas.1780320812657008-20893-0/minicluster-data/ts-0-root
metadata directory: /tmp/dist-test-task097lVB/test-tmp/auto_rebalancer-test.0.AutoRebalancerTest.RangeAwareRebalancesNewRangeReplicas.1780320812657008-20893-0/minicluster-data/ts-0-root
1 data directories: /tmp/dist-test-task097lVB/test-tmp/auto_rebalancer-test.0.AutoRebalancerTest.RangeAwareRebalancesNewRangeReplicas.1780320812657008-20893-0/minicluster-data/ts-0-root/data
Total live blocks: 0
Total live bytes: 0
Total live bytes (after alignment): 0
Total number of LBM containers: 0 (0 full)
Did not check for missing blocks
Did not check for orphaned blocks
Total full LBM containers with extra space: 0 (0 repaired)
Total full LBM container extra space in bytes: 0 (0 repaired)
Total incomplete LBM containers: 0 (0 repaired)
Total LBM partial records: 0 (0 repaired)
Total corrupted LBM metadata records in RocksDB: 0 (0 repaired)
I20260601 13:34:42.031245 20893 rpc_server.cc:225] running with OpenSSL 1.1.1  11 Sep 2018
I20260601 13:34:42.031710 20893 kserver.cc:163] Server-wide thread pool size limit: 3276
I20260601 13:34:42.032032 20893 txn_system_client.cc:432] TxnSystemClient initialization is disabled...
I20260601 13:34:42.032529 20893 ts_tablet_manager.cc:585] Loaded tablet metadata (0 total tablets, 0 live tablets)
I20260601 13:34:42.032588 20893 ts_tablet_manager.cc:531] Time spent load tablet metadata: real 0.000s	user 0.000s	sys 0.000s
I20260601 13:34:42.032645 20893 ts_tablet_manager.cc:616] Registered 0 tablets
I20260601 13:34:42.032692 20893 ts_tablet_manager.cc:595] Time spent register tablets: real 0.000s	user 0.000s	sys 0.000s
I20260601 13:34:42.037073 20893 rpc_server.cc:307] RPC server started. Bound to: 127.20.103.65:39433
I20260601 13:34:42.037098 23894 acceptor_pool.cc:272] collecting diagnostics on the listening RPC socket 127.20.103.65:39433 every 8 connection(s)
I20260601 13:34:42.037941 20893 file_cache.cc:492] Constructed file cache file cache with capacity 419430
