I20260601 13:33:47.240662 12282 tablet_service.cc:1917] Received RequestConsensusVote() RPC: tablet_id: "8fbd8cbbe4604c5dac90ffb96ad5e847" candidate_uuid: "5cc1c3edda6d426fbace376596c04d72" candidate_term: 1 candidate_status { last_received { term: 0 index: 0 } } ignore_live_leader: false dest_uuid: "6cc6485f7c894fb38ef97cc2f8ef23da"
I20260601 13:33:47.240798 12282 raft_consensus.cc:3060] T 8fbd8cbbe4604c5dac90ffb96ad5e847 P 6cc6485f7c894fb38ef97cc2f8ef23da [term 0 FOLLOWER]: Advancing to term 1
I20260601 13:33:47.241129 12206 tablet_service.cc:1917] Received RequestConsensusVote() RPC: tablet_id: "8fbd8cbbe4604c5dac90ffb96ad5e847" candidate_uuid: "5cc1c3edda6d426fbace376596c04d72" candidate_term: 1 candidate_status { last_received { term: 0 index: 0 } } ignore_live_leader: false dest_uuid: "267c039927fe4bb8982b140f3e5f68b4"
I20260601 13:33:47.241243 12206 raft_consensus.cc:3060] T 8fbd8cbbe4604c5dac90ffb96ad5e847 P 267c039927fe4bb8982b140f3e5f68b4 [term 0 FOLLOWER]: Advancing to term 1
I20260601 13:33:47.242236 12282 raft_consensus.cc:2468] T 8fbd8cbbe4604c5dac90ffb96ad5e847 P 6cc6485f7c894fb38ef97cc2f8ef23da [term 1 FOLLOWER]: Leader election vote request: Granting yes vote for candidate 5cc1c3edda6d426fbace376596c04d72 in term 1.
I20260601 13:33:47.242267 12206 raft_consensus.cc:2468] T 8fbd8cbbe4604c5dac90ffb96ad5e847 P 267c039927fe4bb8982b140f3e5f68b4 [term 1 FOLLOWER]: Leader election vote request: Granting yes vote for candidate 5cc1c3edda6d426fbace376596c04d72 in term 1.
I20260601 13:33:47.242697 12322 leader_election.cc:304] T 8fbd8cbbe4604c5dac90ffb96ad5e847 P 5cc1c3edda6d426fbace376596c04d72 [CANDIDATE]: Term 1 election: Election decided. Result: candidate won. Election summary: received 2 responses out of 3 voters: 2 yes votes; 0 no votes. yes voters: 267c039927fe4bb8982b140f3e5f68b4, 5cc1c3edda6d426fbace376596c04d72; no voters: 
I20260601 13:33:47.243037 12410 raft_consensus.cc:2804] T 8fbd8cbbe4604c5dac90ffb96ad5e847 P 5cc1c3edda6d426fbace376596c04d72 [term 1 FOLLOWER]: Leader election won for term 1
I20260601 13:33:47.243165 12410 raft_consensus.cc:697] T 8fbd8cbbe4604c5dac90ffb96ad5e847 P 5cc1c3edda6d426fbace376596c04d72 [term 1 LEADER]: Becoming Leader. State: Replica: 5cc1c3edda6d426fbace376596c04d72, State: Running, Role: LEADER
I20260601 13:33:47.243348 12410 consensus_queue.cc:237] T 8fbd8cbbe4604c5dac90ffb96ad5e847 P 5cc1c3edda6d426fbace376596c04d72 [LEADER]: Queue going to LEADER mode. State: All replicated index: 0, Majority replicated index: 0, Committed index: 0, Last appended: 0.0, Last appended by leader: 0, Current term: 1, Majority size: 2, State: 0, Mode: LEADER, active raft config: opid_index: -1 OBSOLETE_local: false peers { permanent_uuid: "5cc1c3edda6d426fbace376596c04d72" member_type: VOTER last_known_addr { host: "127.10.59.67" port: 41615 } } peers { permanent_uuid: "267c039927fe4bb8982b140f3e5f68b4" member_type: VOTER last_known_addr { host: "127.10.59.65" port: 33567 } } peers { permanent_uuid: "6cc6485f7c894fb38ef97cc2f8ef23da" member_type: VOTER last_known_addr { host: "127.10.59.66" port: 37303 } }
I20260601 13:33:47.246235 12102 catalog_manager.cc:5696] T 8fbd8cbbe4604c5dac90ffb96ad5e847 P 5cc1c3edda6d426fbace376596c04d72 reported cstate change: term changed from 0 to 1, leader changed from <none> to 5cc1c3edda6d426fbace376596c04d72 (127.10.59.67). New cstate: current_term: 1 leader_uuid: "5cc1c3edda6d426fbace376596c04d72" committed_config { opid_index: -1 OBSOLETE_local: false peers { permanent_uuid: "5cc1c3edda6d426fbace376596c04d72" member_type: VOTER last_known_addr { host: "127.10.59.67" port: 41615 } health_report { overall_health: HEALTHY } } peers { permanent_uuid: "267c039927fe4bb8982b140f3e5f68b4" member_type: VOTER last_known_addr { host: "127.10.59.65" port: 33567 } health_report { overall_health: UNKNOWN } } peers { permanent_uuid: "6cc6485f7c894fb38ef97cc2f8ef23da" member_type: VOTER last_known_addr { host: "127.10.59.66" port: 37303 } health_report { overall_health: UNKNOWN } } }
I20260601 13:33:47.665613 12409 consensus_queue.cc:1048] T 252c7f5f54fc4190b5aae7f88a4d517c P 6cc6485f7c894fb38ef97cc2f8ef23da [LEADER]: Connected to new peer: Peer: permanent_uuid: "5cc1c3edda6d426fbace376596c04d72" member_type: VOTER last_known_addr { host: "127.10.59.67" port: 41615 }, Status: LMP_MISMATCH, Last received: 0.0, Next index: 1, Last known committed idx: 0, Time since last communication: 0.000s
I20260601 13:33:47.670488 12425 consensus_queue.cc:1048] T 252c7f5f54fc4190b5aae7f88a4d517c P 6cc6485f7c894fb38ef97cc2f8ef23da [LEADER]: Connected to new peer: Peer: permanent_uuid: "267c039927fe4bb8982b140f3e5f68b4" member_type: VOTER last_known_addr { host: "127.10.59.65" port: 33567 }, Status: LMP_MISMATCH, Last received: 0.0, Next index: 1, Last known committed idx: 0, Time since last communication: 0.000s
I20260601 13:33:47.710994 12410 consensus_queue.cc:1048] T 8fbd8cbbe4604c5dac90ffb96ad5e847 P 5cc1c3edda6d426fbace376596c04d72 [LEADER]: Connected to new peer: Peer: permanent_uuid: "6cc6485f7c894fb38ef97cc2f8ef23da" member_type: VOTER last_known_addr { host: "127.10.59.66" port: 37303 }, Status: LMP_MISMATCH, Last received: 0.0, Next index: 1, Last known committed idx: 0, Time since last communication: 0.000s
I20260601 13:33:47.715698 12410 consensus_queue.cc:1048] T 8fbd8cbbe4604c5dac90ffb96ad5e847 P 5cc1c3edda6d426fbace376596c04d72 [LEADER]: Connected to new peer: Peer: permanent_uuid: "267c039927fe4bb8982b140f3e5f68b4" member_type: VOTER last_known_addr { host: "127.10.59.65" port: 33567 }, Status: LMP_MISMATCH, Last received: 0.0, Next index: 1, Last known committed idx: 0, Time since last communication: 0.000s
I20260601 13:33:47.935271 12157 auto_leader_rebalancer.cc:140] leader rebalance for table test-workload
I20260601 13:33:47.935952 12157 auto_leader_rebalancer.cc:388] table: test-workload, leader rebalance finish, leader transfer count: 0
I20260601 13:33:47.936096 12157 auto_leader_rebalancer.cc:451] All tables' leader rebalancing finished this round
I20260601 13:33:49.936657 12157 auto_leader_rebalancer.cc:140] leader rebalance for table test-workload
I20260601 13:33:49.937248 12157 auto_leader_rebalancer.cc:388] table: test-workload, leader rebalance finish, leader transfer count: 0
I20260601 13:33:49.937358 12157 auto_leader_rebalancer.cc:451] All tables' leader rebalancing finished this round
I20260601 13:33:51.937917 12157 auto_leader_rebalancer.cc:140] leader rebalance for table test-workload
I20260601 13:33:51.938531 12157 auto_leader_rebalancer.cc:388] table: test-workload, leader rebalance finish, leader transfer count: 0
I20260601 13:33:51.938647 12157 auto_leader_rebalancer.cc:451] All tables' leader rebalancing finished this round
I20260601 13:33:53.939239 12157 auto_leader_rebalancer.cc:140] leader rebalance for table test-workload
I20260601 13:33:53.939944 12157 auto_leader_rebalancer.cc:388] table: test-workload, leader rebalance finish, leader transfer count: 0
I20260601 13:33:53.940066 12157 auto_leader_rebalancer.cc:451] All tables' leader rebalancing finished this round
I20260601 13:33:55.940526 12157 auto_leader_rebalancer.cc:140] leader rebalance for table test-workload
I20260601 13:33:55.941100 12157 auto_leader_rebalancer.cc:388] table: test-workload, leader rebalance finish, leader transfer count: 0
I20260601 13:33:55.941210 12157 auto_leader_rebalancer.cc:451] All tables' leader rebalancing finished this round
I20260601 13:33:57.941712 12157 auto_leader_rebalancer.cc:140] leader rebalance for table test-workload
I20260601 13:33:57.942504 12157 auto_leader_rebalancer.cc:388] table: test-workload, leader rebalance finish, leader transfer count: 0
I20260601 13:33:57.942651 12157 auto_leader_rebalancer.cc:451] All tables' leader rebalancing finished this round
I20260601 13:33:58.321770 10477 file_cache.cc:492] Constructed file cache file cache with capacity 419430
W20260601 13:33:58.326172 12439 instance_detector.cc:116] could not retrieve Azure instance metadata: Network error: curl error: HTTP response code said error: The requested URL returned error: 404
W20260601 13:33:58.326231 12438 instance_detector.cc:116] could not retrieve AWS instance metadata: Network error: curl error: HTTP response code said error: The requested URL returned error: 404
I20260601 13:33:58.326309 10477 server_base.cc:1061] running on GCE node
W20260601 13:33:58.326205 12441 instance_detector.cc:116] could not retrieve OpenStack instance metadata: Network error: curl error: HTTP response code said error: The requested URL returned error: 404
I20260601 13:33:58.326922 10477 hybrid_clock.cc:584] initializing the hybrid clock with 'system_unsync' time source
W20260601 13:33:58.326984 10477 system_unsync_time.cc:38] NTP support is disabled. Clock error bounds will not be accurate. This configuration is not suitable for distributed clusters.
I20260601 13:33:58.327003 10477 hybrid_clock.cc:648] HybridClock initialized: now 1780320838327003 us; error 0 us; skew 500 ppm
I20260601 13:33:58.328455 10477 webserver.cc:533] Webserver started at http://127.10.59.68:35593/ using document root <none> and password file <none>
I20260601 13:33:58.328730 10477 fs_manager.cc:362] Metadata directory not provided
I20260601 13:33:58.328814 10477 fs_manager.cc:368] Using write-ahead log directory (fs_wal_dir) as metadata directory
I20260601 13:33:58.329012 10477 server_base.cc:909] This appears to be a new deployment of Kudu; creating new FS layout
I20260601 13:33:58.329499 10477 fs_manager.cc:1068] Generated new instance metadata in path /tmp/dist-test-taskMdDiml/test-tmp/auto_rebalancer-test.0.AutoRebalancerTest.MovesScheduledIfAddTserver.1780320811394747-10477-0/minicluster-data/ts-3-root/instance:
uuid: "14cbd21314844ca0b2c314abf1aa68e8"
format_stamp: "Formatted at 2026-06-01 13:33:58 on dist-test-slave-m875"
I20260601 13:33:58.331202 10477 fs_manager.cc:696] Time spent creating directory manager: real 0.001s	user 0.000s	sys 0.002s
I20260601 13:33:58.332402 12446 log_block_manager.cc:4031] Time spent loading block containers with low live blocks: real 0.000s	user 0.000s	sys 0.000s
I20260601 13:33:58.332713 10477 fs_manager.cc:730] Time spent opening block manager: real 0.001s	user 0.000s	sys 0.001s
I20260601 13:33:58.332779 10477 fs_manager.cc:647] Opened local filesystem: /tmp/dist-test-taskMdDiml/test-tmp/auto_rebalancer-test.0.AutoRebalancerTest.MovesScheduledIfAddTserver.1780320811394747-10477-0/minicluster-data/ts-3-root
uuid: "14cbd21314844ca0b2c314abf1aa68e8"
format_stamp: "Formatted at 2026-06-01 13:33:58 on dist-test-slave-m875"
I20260601 13:33:58.332958 10477 fs_report.cc:389] FS layout report
--------------------
wal directory: /tmp/dist-test-taskMdDiml/test-tmp/auto_rebalancer-test.0.AutoRebalancerTest.MovesScheduledIfAddTserver.1780320811394747-10477-0/minicluster-data/ts-3-root
metadata directory: /tmp/dist-test-taskMdDiml/test-tmp/auto_rebalancer-test.0.AutoRebalancerTest.MovesScheduledIfAddTserver.1780320811394747-10477-0/minicluster-data/ts-3-root
1 data directories: /tmp/dist-test-taskMdDiml/test-tmp/auto_rebalancer-test.0.AutoRebalancerTest.MovesScheduledIfAddTserver.1780320811394747-10477-0/minicluster-data/ts-3-root/data
Total live blocks: 0
Total live bytes: 0
Total live bytes (after alignment): 0
Total number of LBM containers: 0 (0 full)
Did not check for missing blocks
Did not check for orphaned blocks
Total full LBM containers with extra space: 0 (0 repaired)
Total full LBM container extra space in bytes: 0 (0 repaired)
Total incomplete LBM containers: 0 (0 repaired)
Total LBM partial records: 0 (0 repaired)
Total corrupted LBM metadata records in RocksDB: 0 (0 repaired)
I20260601 13:33:58.339105 10477 rpc_server.cc:225] running with OpenSSL 1.1.1  11 Sep 2018
I20260601 13:33:58.340040 10477 kserver.cc:163] Server-wide thread pool size limit: 3276
I20260601 13:33:58.340422 10477 txn_system_client.cc:432] TxnSystemClient initialization is disabled...
I20260601 13:33:58.340947 10477 ts_tablet_manager.cc:585] Loaded tablet metadata (0 total tablets, 0 live tablets)
I20260601 13:33:58.341014 10477 ts_tablet_manager.cc:531] Time spent load tablet metadata: real 0.000s	user 0.000s	sys 0.000s
I20260601 13:33:58.341075 10477 ts_tablet_manager.cc:616] Registered 0 tablets
I20260601 13:33:58.341112 10477 ts_tablet_manager.cc:595] Time spent register tablets: real 0.000s	user 0.000s	sys 0.000s
I20260601 13:33:58.348176 10477 rpc_server.cc:307] RPC server started. Bound to: 127.10.59.68:34621
I20260601 13:33:58.348357 12509 acceptor_pool.cc:272] collecting diagnostics on the listening RPC socket 127.10.59.68:34621 every 8 connection(s)
I20260601 13:33:58.363596 12510 heartbeater.cc:344] Connected to a master server at 127.10.59.126:36643
I20260601 13:33:58.363947 12510 heartbeater.cc:461] Registering TS with master...
I20260601 13:33:58.364439 12510 heartbeater.cc:507] Master 127.10.59.126:36643 requested a full tablet report, sending...
I20260601 13:33:58.365624 12102 ts_manager.cc:194] Registered new tserver with Master: 14cbd21314844ca0b2c314abf1aa68e8 (127.10.59.68:34621)
I20260601 13:33:58.366438 12102 master_service.cc:502] Signed X509 certificate for tserver {username='slave'} at 127.0.0.1:41708
I20260601 13:33:58.959693 12282 consensus_queue.cc:237] T 252c7f5f54fc4190b5aae7f88a4d517c P 6cc6485f7c894fb38ef97cc2f8ef23da [LEADER]: Queue going to LEADER mode. State: All replicated index: 0, Majority replicated index: 1, Committed index: 1, Last appended: 1.1, Last appended by leader: 0, Current term: 1, Majority size: 2, State: 0, Mode: LEADER, active raft config: opid_index: 2 OBSOLETE_local: false peers { permanent_uuid: "267c039927fe4bb8982b140f3e5f68b4" member_type: VOTER last_known_addr { host: "127.10.59.65" port: 33567 } } peers { permanent_uuid: "6cc6485f7c894fb38ef97cc2f8ef23da" member_type: VOTER last_known_addr { host: "127.10.59.66" port: 37303 } } peers { permanent_uuid: "5cc1c3edda6d426fbace376596c04d72" member_type: VOTER last_known_addr { host: "127.10.59.67" port: 41615 } attrs { replace: true } } peers { permanent_uuid: "14cbd21314844ca0b2c314abf1aa68e8" member_type: NON_VOTER last_known_addr { host: "127.10.59.68" port: 34621 } attrs { promote: true } }
I20260601 13:33:58.961968 12206 raft_consensus.cc:1275] T 252c7f5f54fc4190b5aae7f88a4d517c P 267c039927fe4bb8982b140f3e5f68b4 [term 1 FOLLOWER]: Refusing update from remote peer 6cc6485f7c894fb38ef97cc2f8ef23da: Log matching property violated. Preceding OpId in replica: term: 1 index: 1. Preceding OpId from leader: term: 1 index: 2. (index mismatch)
I20260601 13:33:58.961967 12357 raft_consensus.cc:1275] T 252c7f5f54fc4190b5aae7f88a4d517c P 5cc1c3edda6d426fbace376596c04d72 [term 1 FOLLOWER]: Refusing update from remote peer 6cc6485f7c894fb38ef97cc2f8ef23da: Log matching property violated. Preceding OpId in replica: term: 1 index: 1. Preceding OpId from leader: term: 1 index: 2. (index mismatch)
I20260601 13:33:58.962560 12517 consensus_queue.cc:1048] T 252c7f5f54fc4190b5aae7f88a4d517c P 6cc6485f7c894fb38ef97cc2f8ef23da [LEADER]: Connected to new peer: Peer: permanent_uuid: "267c039927fe4bb8982b140f3e5f68b4" member_type: VOTER last_known_addr { host: "127.10.59.65" port: 33567 }, Status: LMP_MISMATCH, Last received: 0.0, Next index: 2, Last known committed idx: 1, Time since last communication: 0.000s
I20260601 13:33:58.962793 12518 consensus_queue.cc:1048] T 252c7f5f54fc4190b5aae7f88a4d517c P 6cc6485f7c894fb38ef97cc2f8ef23da [LEADER]: Connected to new peer: Peer: permanent_uuid: "5cc1c3edda6d426fbace376596c04d72" member_type: VOTER last_known_addr { host: "127.10.59.67" port: 41615 } attrs { replace: true }, Status: LMP_MISMATCH, Last received: 0.0, Next index: 2, Last known committed idx: 1, Time since last communication: 0.000s
I20260601 13:33:58.965528 12517 raft_consensus.cc:2955] T 252c7f5f54fc4190b5aae7f88a4d517c P 6cc6485f7c894fb38ef97cc2f8ef23da [term 1 LEADER]: Committing config change with OpId 1.2: config changed from index -1 to 2, NON_VOTER 14cbd21314844ca0b2c314abf1aa68e8 (127.10.59.68) added. New config: { opid_index: 2 OBSOLETE_local: false peers { permanent_uuid: "267c039927fe4bb8982b140f3e5f68b4" member_type: VOTER last_known_addr { host: "127.10.59.65" port: 33567 } } peers { permanent_uuid: "6cc6485f7c894fb38ef97cc2f8ef23da" member_type: VOTER last_known_addr { host: "127.10.59.66" port: 37303 } } peers { permanent_uuid: "5cc1c3edda6d426fbace376596c04d72" member_type: VOTER last_known_addr { host: "127.10.59.67" port: 41615 } attrs { replace: true } } peers { permanent_uuid: "14cbd21314844ca0b2c314abf1aa68e8" member_type: NON_VOTER last_known_addr { host: "127.10.59.68" port: 34621 } attrs { promote: true } } }
I20260601 13:33:58.966077 12206 raft_consensus.cc:2955] T 252c7f5f54fc4190b5aae7f88a4d517c P 267c039927fe4bb8982b140f3e5f68b4 [term 1 FOLLOWER]: Committing config change with OpId 1.2: config changed from index -1 to 2, NON_VOTER 14cbd21314844ca0b2c314abf1aa68e8 (127.10.59.68) added. New config: { opid_index: 2 OBSOLETE_local: false peers { permanent_uuid: "267c039927fe4bb8982b140f3e5f68b4" member_type: VOTER last_known_addr { host: "127.10.59.65" port: 33567 } } peers { permanent_uuid: "6cc6485f7c894fb38ef97cc2f8ef23da" member_type: VOTER last_known_addr { host: "127.10.59.66" port: 37303 } } peers { permanent_uuid: "5cc1c3edda6d426fbace376596c04d72" member_type: VOTER last_known_addr { host: "127.10.59.67" port: 41615 } attrs { replace: true } } peers { permanent_uuid: "14cbd21314844ca0b2c314abf1aa68e8" member_type: NON_VOTER last_known_addr { host: "127.10.59.68" port: 34621 } attrs { promote: true } } }
I20260601 13:33:58.966470 12357 raft_consensus.cc:2955] T 252c7f5f54fc4190b5aae7f88a4d517c P 5cc1c3edda6d426fbace376596c04d72 [term 1 FOLLOWER]: Committing config change with OpId 1.2: config changed from index -1 to 2, NON_VOTER 14cbd21314844ca0b2c314abf1aa68e8 (127.10.59.68) added. New config: { opid_index: 2 OBSOLETE_local: false peers { permanent_uuid: "267c039927fe4bb8982b140f3e5f68b4" member_type: VOTER last_known_addr { host: "127.10.59.65" port: 33567 } } peers { permanent_uuid: "6cc6485f7c894fb38ef97cc2f8ef23da" member_type: VOTER last_known_addr { host: "127.10.59.66" port: 37303 } } peers { permanent_uuid: "5cc1c3edda6d426fbace376596c04d72" member_type: VOTER last_known_addr { host: "127.10.59.67" port: 41615 } attrs { replace: true } } peers { permanent_uuid: "14cbd21314844ca0b2c314abf1aa68e8" member_type: NON_VOTER last_known_addr { host: "127.10.59.68" port: 34621 } attrs { promote: true } } }
I20260601 13:33:58.968865 12102 catalog_manager.cc:5696] T 252c7f5f54fc4190b5aae7f88a4d517c P 6cc6485f7c894fb38ef97cc2f8ef23da reported cstate change: config changed from index -1 to 2, NON_VOTER 14cbd21314844ca0b2c314abf1aa68e8 (127.10.59.68) added. New cstate: current_term: 1 leader_uuid: "6cc6485f7c894fb38ef97cc2f8ef23da" committed_config { opid_index: 2 OBSOLETE_local: false peers { permanent_uuid: "267c039927fe4bb8982b140f3e5f68b4" member_type: VOTER last_known_addr { host: "127.10.59.65" port: 33567 } health_report { overall_health: HEALTHY } } peers { permanent_uuid: "6cc6485f7c894fb38ef97cc2f8ef23da" member_type: VOTER last_known_addr { host: "127.10.59.66" port: 37303 } health_report { overall_health: HEALTHY } } peers { permanent_uuid: "5cc1c3edda6d426fbace376596c04d72" member_type: VOTER last_known_addr { host: "127.10.59.67" port: 41615 } attrs { replace: true } health_report { overall_health: HEALTHY } } peers { permanent_uuid: "14cbd21314844ca0b2c314abf1aa68e8" member_type: NON_VOTER last_known_addr { host: "127.10.59.68" port: 34621 } attrs { promote: true } health_report { overall_health: UNKNOWN } } }
W20260601 13:33:58.970106 12247 consensus_peers.cc:597] T 252c7f5f54fc4190b5aae7f88a4d517c P 6cc6485f7c894fb38ef97cc2f8ef23da -> Peer 14cbd21314844ca0b2c314abf1aa68e8 (127.10.59.68:34621): Couldn't send request to peer 14cbd21314844ca0b2c314abf1aa68e8. Error code: TABLET_NOT_FOUND (6). Status: Not found: Tablet not found: 252c7f5f54fc4190b5aae7f88a4d517c. This is attempt 1: this message will repeat every 5th retry.
I20260601 13:33:59.368050 12510 heartbeater.cc:499] Master 127.10.59.126:36643 was elected leader, sending a full tablet report...
I20260601 13:33:59.416502 12528 ts_tablet_manager.cc:933] T 252c7f5f54fc4190b5aae7f88a4d517c P 14cbd21314844ca0b2c314abf1aa68e8: Initiating tablet copy from peer 6cc6485f7c894fb38ef97cc2f8ef23da (127.10.59.66:37303)
I20260601 13:33:59.417614 12528 tablet_copy_client.cc:323] T 252c7f5f54fc4190b5aae7f88a4d517c P 14cbd21314844ca0b2c314abf1aa68e8: tablet copy: Beginning tablet copy session from remote peer at address 127.10.59.66:37303
I20260601 13:33:59.422253 12292 tablet_copy_service.cc:140] P 6cc6485f7c894fb38ef97cc2f8ef23da: Received BeginTabletCopySession request for tablet 252c7f5f54fc4190b5aae7f88a4d517c from peer 14cbd21314844ca0b2c314abf1aa68e8 ({username='slave'} at 127.0.0.1:54664)
I20260601 13:33:59.422464 12292 tablet_copy_service.cc:161] P 6cc6485f7c894fb38ef97cc2f8ef23da: Beginning new tablet copy session on tablet 252c7f5f54fc4190b5aae7f88a4d517c from peer 14cbd21314844ca0b2c314abf1aa68e8 at {username='slave'} at 127.0.0.1:54664: session id = 14cbd21314844ca0b2c314abf1aa68e8-252c7f5f54fc4190b5aae7f88a4d517c
I20260601 13:33:59.423897 12292 tablet_copy_source_session.cc:215] T 252c7f5f54fc4190b5aae7f88a4d517c P 6cc6485f7c894fb38ef97cc2f8ef23da: Tablet Copy: opened 0 blocks and 1 log segments
I20260601 13:33:59.425347 12528 data_dirs.cc:400] Could only allocate 1 dirs of requested 3 for tablet 252c7f5f54fc4190b5aae7f88a4d517c. 1 dirs total, 0 dirs full, 0 dirs failed
I20260601 13:33:59.427620 12528 tablet_copy_client.cc:806] T 252c7f5f54fc4190b5aae7f88a4d517c P 14cbd21314844ca0b2c314abf1aa68e8: tablet copy: Starting download of 0 data blocks...
I20260601 13:33:59.427846 12528 tablet_copy_client.cc:670] T 252c7f5f54fc4190b5aae7f88a4d517c P 14cbd21314844ca0b2c314abf1aa68e8: tablet copy: Starting download of 1 WAL segments...
I20260601 13:33:59.430073 12528 tablet_copy_client.cc:538] T 252c7f5f54fc4190b5aae7f88a4d517c P 14cbd21314844ca0b2c314abf1aa68e8: tablet copy: Tablet Copy complete. Replacing tablet superblock.
I20260601 13:33:59.432541 12528 tablet_bootstrap.cc:492] T 252c7f5f54fc4190b5aae7f88a4d517c P 14cbd21314844ca0b2c314abf1aa68e8: Bootstrap starting.
I20260601 13:33:59.439209 12528 tablet_bootstrap.cc:492] T 252c7f5f54fc4190b5aae7f88a4d517c P 14cbd21314844ca0b2c314abf1aa68e8: Bootstrap replayed 1/1 log segments. Stats: ops{read=2 overwritten=0 applied=2 ignored=0} inserts{seen=0 ignored=0} mutations{seen=0 ignored=0} orphaned_commits=0. Pending: 0 replicates
I20260601 13:33:59.439632 12528 tablet_bootstrap.cc:492] T 252c7f5f54fc4190b5aae7f88a4d517c P 14cbd21314844ca0b2c314abf1aa68e8: Bootstrap complete.
I20260601 13:33:59.439843 12528 ts_tablet_manager.cc:1403] T 252c7f5f54fc4190b5aae7f88a4d517c P 14cbd21314844ca0b2c314abf1aa68e8: Time spent bootstrapping tablet: real 0.007s	user 0.005s	sys 0.003s
I20260601 13:33:59.440472 12528 raft_consensus.cc:359] T 252c7f5f54fc4190b5aae7f88a4d517c P 14cbd21314844ca0b2c314abf1aa68e8 [term 1 LEARNER]: Replica starting. Triggering 0 pending ops. Active config: opid_index: 2 OBSOLETE_local: false peers { permanent_uuid: "267c039927fe4bb8982b140f3e5f68b4" member_type: VOTER last_known_addr { host: "127.10.59.65" port: 33567 } } peers { permanent_uuid: "6cc6485f7c894fb38ef97cc2f8ef23da" member_type: VOTER last_known_addr { host: "127.10.59.66" port: 37303 } } peers { permanent_uuid: "5cc1c3edda6d426fbace376596c04d72" member_type: VOTER last_known_addr { host: "127.10.59.67" port: 41615 } attrs { replace: true } } peers { permanent_uuid: "14cbd21314844ca0b2c314abf1aa68e8" member_type: NON_VOTER last_known_addr { host: "127.10.59.68" port: 34621 } attrs { promote: true } }
I20260601 13:33:59.440644 12528 raft_consensus.cc:740] T 252c7f5f54fc4190b5aae7f88a4d517c P 14cbd21314844ca0b2c314abf1aa68e8 [term 1 LEARNER]: Becoming Follower/Learner. State: Replica: 14cbd21314844ca0b2c314abf1aa68e8, State: Initialized, Role: LEARNER
I20260601 13:33:59.440753 12528 consensus_queue.cc:260] T 252c7f5f54fc4190b5aae7f88a4d517c P 14cbd21314844ca0b2c314abf1aa68e8 [NON_LEADER]: Queue going to NON_LEADER mode. State: All replicated index: 0, Majority replicated index: 0, Committed index: 2, Last appended: 1.2, Last appended by leader: 2, Current term: 0, Majority size: -1, State: 0, Mode: NON_LEADER, active raft config: opid_index: 2 OBSOLETE_local: false peers { permanent_uuid: "267c039927fe4bb8982b140f3e5f68b4" member_type: VOTER last_known_addr { host: "127.10.59.65" port: 33567 } } peers { permanent_uuid: "6cc6485f7c894fb38ef97cc2f8ef23da" member_type: VOTER last_known_addr { host: "127.10.59.66" port: 37303 } } peers { permanent_uuid: "5cc1c3edda6d426fbace376596c04d72" member_type: VOTER last_known_addr { host: "127.10.59.67" port: 41615 } attrs { replace: true } } peers { permanent_uuid: "14cbd21314844ca0b2c314abf1aa68e8" member_type: NON_VOTER last_known_addr { host: "127.10.59.68" port: 34621 } attrs { promote: true } }
I20260601 13:33:59.441236 12528 ts_tablet_manager.cc:1434] T 252c7f5f54fc4190b5aae7f88a4d517c P 14cbd21314844ca0b2c314abf1aa68e8: Time spent starting tablet: real 0.001s	user 0.002s	sys 0.000s
I20260601 13:33:59.442858 12292 tablet_copy_service.cc:342] P 6cc6485f7c894fb38ef97cc2f8ef23da: Request end of tablet copy session 14cbd21314844ca0b2c314abf1aa68e8-252c7f5f54fc4190b5aae7f88a4d517c received from {username='slave'} at 127.0.0.1:54664
I20260601 13:33:59.442986 12292 tablet_copy_service.cc:434] P 6cc6485f7c894fb38ef97cc2f8ef23da: ending tablet copy session 14cbd21314844ca0b2c314abf1aa68e8-252c7f5f54fc4190b5aae7f88a4d517c on tablet 252c7f5f54fc4190b5aae7f88a4d517c with peer 14cbd21314844ca0b2c314abf1aa68e8
I20260601 13:33:59.943073 12157 auto_leader_rebalancer.cc:140] leader rebalance for table test-workload
I20260601 13:33:59.943639 12157 auto_leader_rebalancer.cc:388] table: test-workload, leader rebalance finish, leader transfer count: 0
I20260601 13:33:59.943737 12157 auto_leader_rebalancer.cc:451] All tables' leader rebalancing finished this round
I20260601 13:34:00.005139 12483 raft_consensus.cc:1217] T 252c7f5f54fc4190b5aae7f88a4d517c P 14cbd21314844ca0b2c314abf1aa68e8 [term 1 LEARNER]: Deduplicated request from leader. Original: 1.1->[1.2-1.2]   Dedup: 1.2->[]
I20260601 13:34:00.587114 12536 raft_consensus.cc:1064] T 252c7f5f54fc4190b5aae7f88a4d517c P 6cc6485f7c894fb38ef97cc2f8ef23da: attempting to promote NON_VOTER 14cbd21314844ca0b2c314abf1aa68e8 to VOTER
I20260601 13:34:00.587706 12536 consensus_queue.cc:237] T 252c7f5f54fc4190b5aae7f88a4d517c P 6cc6485f7c894fb38ef97cc2f8ef23da [LEADER]: Queue going to LEADER mode. State: All replicated index: 0, Majority replicated index: 2, Committed index: 2, Last appended: 1.2, Last appended by leader: 0, Current term: 1, Majority size: 3, State: 0, Mode: LEADER, active raft config: opid_index: 3 OBSOLETE_local: false peers { permanent_uuid: "267c039927fe4bb8982b140f3e5f68b4" member_type: VOTER last_known_addr { host: "127.10.59.65" port: 33567 } } peers { permanent_uuid: "6cc6485f7c894fb38ef97cc2f8ef23da" member_type: VOTER last_known_addr { host: "127.10.59.66" port: 37303 } } peers { permanent_uuid: "5cc1c3edda6d426fbace376596c04d72" member_type: VOTER last_known_addr { host: "127.10.59.67" port: 41615 } attrs { replace: true } } peers { permanent_uuid: "14cbd21314844ca0b2c314abf1aa68e8" member_type: VOTER last_known_addr { host: "127.10.59.68" port: 34621 } attrs { promote: false } }
I20260601 13:34:00.589238 12357 raft_consensus.cc:1275] T 252c7f5f54fc4190b5aae7f88a4d517c P 5cc1c3edda6d426fbace376596c04d72 [term 1 FOLLOWER]: Refusing update from remote peer 6cc6485f7c894fb38ef97cc2f8ef23da: Log matching property violated. Preceding OpId in replica: term: 1 index: 2. Preceding OpId from leader: term: 1 index: 3. (index mismatch)
I20260601 13:34:00.589529 12483 raft_consensus.cc:1275] T 252c7f5f54fc4190b5aae7f88a4d517c P 14cbd21314844ca0b2c314abf1aa68e8 [term 1 LEARNER]: Refusing update from remote peer 6cc6485f7c894fb38ef97cc2f8ef23da: Log matching property violated. Preceding OpId in replica: term: 1 index: 2. Preceding OpId from leader: term: 1 index: 3. (index mismatch)
I20260601 13:34:00.589565 12206 raft_consensus.cc:1275] T 252c7f5f54fc4190b5aae7f88a4d517c P 267c039927fe4bb8982b140f3e5f68b4 [term 1 FOLLOWER]: Refusing update from remote peer 6cc6485f7c894fb38ef97cc2f8ef23da: Log matching property violated. Preceding OpId in replica: term: 1 index: 2. Preceding OpId from leader: term: 1 index: 3. (index mismatch)
I20260601 13:34:00.590021 12537 consensus_queue.cc:1048] T 252c7f5f54fc4190b5aae7f88a4d517c P 6cc6485f7c894fb38ef97cc2f8ef23da [LEADER]: Connected to new peer: Peer: permanent_uuid: "267c039927fe4bb8982b140f3e5f68b4" member_type: VOTER last_known_addr { host: "127.10.59.65" port: 33567 }, Status: LMP_MISMATCH, Last received: 0.0, Next index: 3, Last known committed idx: 2, Time since last communication: 0.000s
I20260601 13:34:00.590224 12540 consensus_queue.cc:1048] T 252c7f5f54fc4190b5aae7f88a4d517c P 6cc6485f7c894fb38ef97cc2f8ef23da [LEADER]: Connected to new peer: Peer: permanent_uuid: "14cbd21314844ca0b2c314abf1aa68e8" member_type: VOTER last_known_addr { host: "127.10.59.68" port: 34621 } attrs { promote: false }, Status: LMP_MISMATCH, Last received: 0.0, Next index: 3, Last known committed idx: 2, Time since last communication: 0.000s
I20260601 13:34:00.590408 12539 consensus_queue.cc:1048] T 252c7f5f54fc4190b5aae7f88a4d517c P 6cc6485f7c894fb38ef97cc2f8ef23da [LEADER]: Connected to new peer: Peer: permanent_uuid: "5cc1c3edda6d426fbace376596c04d72" member_type: VOTER last_known_addr { host: "127.10.59.67" port: 41615 } attrs { replace: true }, Status: LMP_MISMATCH, Last received: 0.0, Next index: 3, Last known committed idx: 2, Time since last communication: 0.000s
I20260601 13:34:00.593019 12536 raft_consensus.cc:2955] T 252c7f5f54fc4190b5aae7f88a4d517c P 6cc6485f7c894fb38ef97cc2f8ef23da [term 1 LEADER]: Committing config change with OpId 1.3: config changed from index 2 to 3, 14cbd21314844ca0b2c314abf1aa68e8 (127.10.59.68) changed from NON_VOTER to VOTER. New config: { opid_index: 3 OBSOLETE_local: false peers { permanent_uuid: "267c039927fe4bb8982b140f3e5f68b4" member_type: VOTER last_known_addr { host: "127.10.59.65" port: 33567 } } peers { permanent_uuid: "6cc6485f7c894fb38ef97cc2f8ef23da" member_type: VOTER last_known_addr { host: "127.10.59.66" port: 37303 } } peers { permanent_uuid: "5cc1c3edda6d426fbace376596c04d72" member_type: VOTER last_known_addr { host: "127.10.59.67" port: 41615 } attrs { replace: true } } peers { permanent_uuid: "14cbd21314844ca0b2c314abf1aa68e8" member_type: VOTER last_known_addr { host: "127.10.59.68" port: 34621 } attrs { promote: false } } }
I20260601 13:34:00.593458 12206 raft_consensus.cc:2955] T 252c7f5f54fc4190b5aae7f88a4d517c P 267c039927fe4bb8982b140f3e5f68b4 [term 1 FOLLOWER]: Committing config change with OpId 1.3: config changed from index 2 to 3, 14cbd21314844ca0b2c314abf1aa68e8 (127.10.59.68) changed from NON_VOTER to VOTER. New config: { opid_index: 3 OBSOLETE_local: false peers { permanent_uuid: "267c039927fe4bb8982b140f3e5f68b4" member_type: VOTER last_known_addr { host: "127.10.59.65" port: 33567 } } peers { permanent_uuid: "6cc6485f7c894fb38ef97cc2f8ef23da" member_type: VOTER last_known_addr { host: "127.10.59.66" port: 37303 } } peers { permanent_uuid: "5cc1c3edda6d426fbace376596c04d72" member_type: VOTER last_known_addr { host: "127.10.59.67" port: 41615 } attrs { replace: true } } peers { permanent_uuid: "14cbd21314844ca0b2c314abf1aa68e8" member_type: VOTER last_known_addr { host: "127.10.59.68" port: 34621 } attrs { promote: false } } }
I20260601 13:34:00.593458 12357 raft_consensus.cc:2955] T 252c7f5f54fc4190b5aae7f88a4d517c P 5cc1c3edda6d426fbace376596c04d72 [term 1 FOLLOWER]: Committing config change with OpId 1.3: config changed from index 2 to 3, 14cbd21314844ca0b2c314abf1aa68e8 (127.10.59.68) changed from NON_VOTER to VOTER. New config: { opid_index: 3 OBSOLETE_local: false peers { permanent_uuid: "267c039927fe4bb8982b140f3e5f68b4" member_type: VOTER last_known_addr { host: "127.10.59.65" port: 33567 } } peers { permanent_uuid: "6cc6485f7c894fb38ef97cc2f8ef23da" member_type: VOTER last_known_addr { host: "127.10.59.66" port: 37303 } } peers { permanent_uuid: "5cc1c3edda6d426fbace376596c04d72" member_type: VOTER last_known_addr { host: "127.10.59.67" port: 41615 } attrs { replace: true } } peers { permanent_uuid: "14cbd21314844ca0b2c314abf1aa68e8" member_type: VOTER last_known_addr { host: "127.10.59.68" port: 34621 } attrs { promote: false } } }
I20260601 13:34:00.595621 12483 raft_consensus.cc:2955] T 252c7f5f54fc4190b5aae7f88a4d517c P 14cbd21314844ca0b2c314abf1aa68e8 [term 1 FOLLOWER]: Committing config change with OpId 1.3: config changed from index 2 to 3, 14cbd21314844ca0b2c314abf1aa68e8 (127.10.59.68) changed from NON_VOTER to VOTER. New config: { opid_index: 3 OBSOLETE_local: false peers { permanent_uuid: "267c039927fe4bb8982b140f3e5f68b4" member_type: VOTER last_known_addr { host: "127.10.59.65" port: 33567 } } peers { permanent_uuid: "6cc6485f7c894fb38ef97cc2f8ef23da" member_type: VOTER last_known_addr { host: "127.10.59.66" port: 37303 } } peers { permanent_uuid: "5cc1c3edda6d426fbace376596c04d72" member_type: VOTER last_known_addr { host: "127.10.59.67" port: 41615 } attrs { replace: true } } peers { permanent_uuid: "14cbd21314844ca0b2c314abf1aa68e8" member_type: VOTER last_known_addr { host: "127.10.59.68" port: 34621 } attrs { promote: false } } }
I20260601 13:34:00.596632 12103 catalog_manager.cc:5696] T 252c7f5f54fc4190b5aae7f88a4d517c P 267c039927fe4bb8982b140f3e5f68b4 reported cstate change: config changed from index 2 to 3, 14cbd21314844ca0b2c314abf1aa68e8 (127.10.59.68) changed from NON_VOTER to VOTER. New cstate: current_term: 1 leader_uuid: "6cc6485f7c894fb38ef97cc2f8ef23da" committed_config { opid_index: 3 OBSOLETE_local: false peers { permanent_uuid: "267c039927fe4bb8982b140f3e5f68b4" member_type: VOTER last_known_addr { host: "127.10.59.65" port: 33567 } } peers { permanent_uuid: "6cc6485f7c894fb38ef97cc2f8ef23da" member_type: VOTER last_known_addr { host: "127.10.59.66" port: 37303 } } peers { permanent_uuid: "5cc1c3edda6d426fbace376596c04d72" member_type: VOTER last_known_addr { host: "127.10.59.67" port: 41615 } attrs { replace: true } } peers { permanent_uuid: "14cbd21314844ca0b2c314abf1aa68e8" member_type: VOTER last_known_addr { host: "127.10.59.68" port: 34621 } attrs { promote: false } } }
I20260601 13:34:00.602389 12282 consensus_queue.cc:237] T 252c7f5f54fc4190b5aae7f88a4d517c P 6cc6485f7c894fb38ef97cc2f8ef23da [LEADER]: Queue going to LEADER mode. State: All replicated index: 0, Majority replicated index: 3, Committed index: 3, Last appended: 1.3, Last appended by leader: 0, Current term: 1, Majority size: 2, State: 0, Mode: LEADER, active raft config: opid_index: 4 OBSOLETE_local: false peers { permanent_uuid: "267c039927fe4bb8982b140f3e5f68b4" member_type: VOTER last_known_addr { host: "127.10.59.65" port: 33567 } } peers { permanent_uuid: "6cc6485f7c894fb38ef97cc2f8ef23da" member_type: VOTER last_known_addr { host: "127.10.59.66" port: 37303 } } peers { permanent_uuid: "14cbd21314844ca0b2c314abf1aa68e8" member_type: VOTER last_known_addr { host: "127.10.59.68" port: 34621 } attrs { promote: false } }
I20260601 13:34:00.604143 12483 raft_consensus.cc:1275] T 252c7f5f54fc4190b5aae7f88a4d517c P 14cbd21314844ca0b2c314abf1aa68e8 [term 1 FOLLOWER]: Refusing update from remote peer 6cc6485f7c894fb38ef97cc2f8ef23da: Log matching property violated. Preceding OpId in replica: term: 1 index: 3. Preceding OpId from leader: term: 1 index: 4. (index mismatch)
I20260601 13:34:00.604148 12206 raft_consensus.cc:1275] T 252c7f5f54fc4190b5aae7f88a4d517c P 267c039927fe4bb8982b140f3e5f68b4 [term 1 FOLLOWER]: Refusing update from remote peer 6cc6485f7c894fb38ef97cc2f8ef23da: Log matching property violated. Preceding OpId in replica: term: 1 index: 3. Preceding OpId from leader: term: 1 index: 4. (index mismatch)
I20260601 13:34:00.604799 12537 consensus_queue.cc:1048] T 252c7f5f54fc4190b5aae7f88a4d517c P 6cc6485f7c894fb38ef97cc2f8ef23da [LEADER]: Connected to new peer: Peer: permanent_uuid: "267c039927fe4bb8982b140f3e5f68b4" member_type: VOTER last_known_addr { host: "127.10.59.65" port: 33567 }, Status: LMP_MISMATCH, Last received: 0.0, Next index: 4, Last known committed idx: 3, Time since last communication: 0.000s
I20260601 13:34:00.605160 12536 consensus_queue.cc:1048] T 252c7f5f54fc4190b5aae7f88a4d517c P 6cc6485f7c894fb38ef97cc2f8ef23da [LEADER]: Connected to new peer: Peer: permanent_uuid: "14cbd21314844ca0b2c314abf1aa68e8" member_type: VOTER last_known_addr { host: "127.10.59.68" port: 34621 } attrs { promote: false }, Status: LMP_MISMATCH, Last received: 0.0, Next index: 4, Last known committed idx: 3, Time since last communication: 0.000s
I20260601 13:34:00.607709 12540 raft_consensus.cc:2955] T 252c7f5f54fc4190b5aae7f88a4d517c P 6cc6485f7c894fb38ef97cc2f8ef23da [term 1 LEADER]: Committing config change with OpId 1.4: config changed from index 3 to 4, VOTER 5cc1c3edda6d426fbace376596c04d72 (127.10.59.67) evicted. New config: { opid_index: 4 OBSOLETE_local: false peers { permanent_uuid: "267c039927fe4bb8982b140f3e5f68b4" member_type: VOTER last_known_addr { host: "127.10.59.65" port: 33567 } } peers { permanent_uuid: "6cc6485f7c894fb38ef97cc2f8ef23da" member_type: VOTER last_known_addr { host: "127.10.59.66" port: 37303 } } peers { permanent_uuid: "14cbd21314844ca0b2c314abf1aa68e8" member_type: VOTER last_known_addr { host: "127.10.59.68" port: 34621 } attrs { promote: false } } }
I20260601 13:34:00.608276 12206 raft_consensus.cc:2955] T 252c7f5f54fc4190b5aae7f88a4d517c P 267c039927fe4bb8982b140f3e5f68b4 [term 1 FOLLOWER]: Committing config change with OpId 1.4: config changed from index 3 to 4, VOTER 5cc1c3edda6d426fbace376596c04d72 (127.10.59.67) evicted. New config: { opid_index: 4 OBSOLETE_local: false peers { permanent_uuid: "267c039927fe4bb8982b140f3e5f68b4" member_type: VOTER last_known_addr { host: "127.10.59.65" port: 33567 } } peers { permanent_uuid: "6cc6485f7c894fb38ef97cc2f8ef23da" member_type: VOTER last_known_addr { host: "127.10.59.66" port: 37303 } } peers { permanent_uuid: "14cbd21314844ca0b2c314abf1aa68e8" member_type: VOTER last_known_addr { host: "127.10.59.68" port: 34621 } attrs { promote: false } } }
I20260601 13:34:00.610399 12089 catalog_manager.cc:5209] ChangeConfig:REMOVE_PEER RPC for tablet 252c7f5f54fc4190b5aae7f88a4d517c with cas_config_opid_index 3: ChangeConfig:REMOVE_PEER succeeded (attempt 1)
I20260601 13:34:00.611776 12100 catalog_manager.cc:5696] T 252c7f5f54fc4190b5aae7f88a4d517c P 6cc6485f7c894fb38ef97cc2f8ef23da reported cstate change: config changed from index 3 to 4, VOTER 5cc1c3edda6d426fbace376596c04d72 (127.10.59.67) evicted. New cstate: current_term: 1 leader_uuid: "6cc6485f7c894fb38ef97cc2f8ef23da" committed_config { opid_index: 4 OBSOLETE_local: false peers { permanent_uuid: "267c039927fe4bb8982b140f3e5f68b4" member_type: VOTER last_known_addr { host: "127.10.59.65" port: 33567 } health_report { overall_health: HEALTHY } } peers { permanent_uuid: "6cc6485f7c894fb38ef97cc2f8ef23da" member_type: VOTER last_known_addr { host: "127.10.59.66" port: 37303 } health_report { overall_health: HEALTHY } } peers { permanent_uuid: "14cbd21314844ca0b2c314abf1aa68e8" member_type: VOTER last_known_addr { host: "127.10.59.68" port: 34621 } attrs { promote: false } health_report { overall_health: HEALTHY } } }
I20260601 13:34:00.611886 12483 raft_consensus.cc:2955] T 252c7f5f54fc4190b5aae7f88a4d517c P 14cbd21314844ca0b2c314abf1aa68e8 [term 1 FOLLOWER]: Committing config change with OpId 1.4: config changed from index 3 to 4, VOTER 5cc1c3edda6d426fbace376596c04d72 (127.10.59.67) evicted. New config: { opid_index: 4 OBSOLETE_local: false peers { permanent_uuid: "267c039927fe4bb8982b140f3e5f68b4" member_type: VOTER last_known_addr { host: "127.10.59.65" port: 33567 } } peers { permanent_uuid: "6cc6485f7c894fb38ef97cc2f8ef23da" member_type: VOTER last_known_addr { host: "127.10.59.66" port: 37303 } } peers { permanent_uuid: "14cbd21314844ca0b2c314abf1aa68e8" member_type: VOTER last_known_addr { host: "127.10.59.68" port: 34621 } attrs { promote: false } } }
I20260601 13:34:00.615841 12346 tablet_service.cc:1558] Processing DeleteTablet for tablet 252c7f5f54fc4190b5aae7f88a4d517c with delete_type TABLET_DATA_TOMBSTONED (TS 5cc1c3edda6d426fbace376596c04d72 not found in new config with opid_index 4) from {username='slave'} at 127.0.0.1:58948
I20260601 13:34:00.616487 12550 tablet_replica.cc:333] T 252c7f5f54fc4190b5aae7f88a4d517c P 5cc1c3edda6d426fbace376596c04d72: stopping tablet replica
I20260601 13:34:00.616664 12550 raft_consensus.cc:2243] T 252c7f5f54fc4190b5aae7f88a4d517c P 5cc1c3edda6d426fbace376596c04d72 [term 1 FOLLOWER]: Raft consensus shutting down.
I20260601 13:34:00.616918 12550 raft_consensus.cc:2272] T 252c7f5f54fc4190b5aae7f88a4d517c P 5cc1c3edda6d426fbace376596c04d72 [term 1 FOLLOWER]: Raft consensus is shut down!
I20260601 13:34:00.617759 12550 ts_tablet_manager.cc:1916] T 252c7f5f54fc4190b5aae7f88a4d517c P 5cc1c3edda6d426fbace376596c04d72: Deleting tablet data with delete state TABLET_DATA_TOMBSTONED
I20260601 13:34:00.620747 12550 ts_tablet_manager.cc:1929] T 252c7f5f54fc4190b5aae7f88a4d517c P 5cc1c3edda6d426fbace376596c04d72: tablet deleted with delete type TABLET_DATA_TOMBSTONED: last-logged OpId 1.3
I20260601 13:34:00.620900 12550 log.cc:1199] T 252c7f5f54fc4190b5aae7f88a4d517c P 5cc1c3edda6d426fbace376596c04d72: Deleting WAL directory at /tmp/dist-test-taskMdDiml/test-tmp/auto_rebalancer-test.0.AutoRebalancerTest.MovesScheduledIfAddTserver.1780320811394747-10477-0/minicluster-data/ts-2-root/wals/252c7f5f54fc4190b5aae7f88a4d517c
I20260601 13:34:00.621734 12090 catalog_manager.cc:5027] TS 5cc1c3edda6d426fbace376596c04d72 (127.10.59.67:41615): tablet 252c7f5f54fc4190b5aae7f88a4d517c (table test-workload [id=487a7e074333409780ab4c44601b4431]) successfully deleted
I20260601 13:34:01.944352 12157 auto_leader_rebalancer.cc:140] leader rebalance for table test-workload
I20260601 13:34:01.944890 12157 auto_leader_rebalancer.cc:388] table: test-workload, leader rebalance finish, leader transfer count: 0
I20260601 13:34:01.944967 12157 auto_leader_rebalancer.cc:451] All tables' leader rebalancing finished this round
I20260601 13:34:03.945358 12157 auto_leader_rebalancer.cc:140] leader rebalance for table test-workload
I20260601 13:34:03.945952 12157 auto_leader_rebalancer.cc:388] table: test-workload, leader rebalance finish, leader transfer count: 0
I20260601 13:34:03.946062 12157 auto_leader_rebalancer.cc:451] All tables' leader rebalancing finished this round
I20260601 13:34:05.946543 12157 auto_leader_rebalancer.cc:140] leader rebalance for table test-workload
I20260601 13:34:05.947144 12157 auto_leader_rebalancer.cc:388] table: test-workload, leader rebalance finish, leader transfer count: 0
I20260601 13:34:05.947227 12157 auto_leader_rebalancer.cc:451] All tables' leader rebalancing finished this round
I20260601 13:34:07.947824 12157 auto_leader_rebalancer.cc:140] leader rebalance for table test-workload
I20260601 13:34:07.948410 12157 auto_leader_rebalancer.cc:388] table: test-workload, leader rebalance finish, leader transfer count: 0
I20260601 13:34:07.948514 12157 auto_leader_rebalancer.cc:451] All tables' leader rebalancing finished this round
I20260601 13:34:09.949138 12157 auto_leader_rebalancer.cc:140] leader rebalance for table test-workload
I20260601 13:34:09.949818 12157 auto_leader_rebalancer.cc:388] table: test-workload, leader rebalance finish, leader transfer count: 0
I20260601 13:34:09.949946 12157 auto_leader_rebalancer.cc:451] All tables' leader rebalancing finished this round
I20260601 13:34:11.950404 12157 auto_leader_rebalancer.cc:140] leader rebalance for table test-workload
I20260601 13:34:11.951028 12157 auto_leader_rebalancer.cc:388] table: test-workload, leader rebalance finish, leader transfer count: 0
I20260601 13:34:11.951144 12157 auto_leader_rebalancer.cc:451] All tables' leader rebalancing finished this round
I20260601 13:34:12.498010 10477 tablet_server.cc:179] TabletServer@127.10.59.65:0 shutting down...
I20260601 13:34:12.505311 10477 ts_tablet_manager.cc:1507] Shutting down tablet manager...
I20260601 13:34:12.505739 10477 tablet_replica.cc:333] T 252c7f5f54fc4190b5aae7f88a4d517c P 267c039927fe4bb8982b140f3e5f68b4: stopping tablet replica
I20260601 13:34:12.505937 10477 raft_consensus.cc:2243] T 252c7f5f54fc4190b5aae7f88a4d517c P 267c039927fe4bb8982b140f3e5f68b4 [term 1 FOLLOWER]: Raft consensus shutting down.
I20260601 13:34:12.506189 10477 raft_consensus.cc:2272] T 252c7f5f54fc4190b5aae7f88a4d517c P 267c039927fe4bb8982b140f3e5f68b4 [term 1 FOLLOWER]: Raft consensus is shut down!
I20260601 13:34:12.506964 10477 tablet_replica.cc:333] T 8fbd8cbbe4604c5dac90ffb96ad5e847 P 267c039927fe4bb8982b140f3e5f68b4: stopping tablet replica
I20260601 13:34:12.507103 10477 raft_consensus.cc:2243] T 8fbd8cbbe4604c5dac90ffb96ad5e847 P 267c039927fe4bb8982b140f3e5f68b4 [term 1 FOLLOWER]: Raft consensus shutting down.
I20260601 13:34:12.507246 10477 raft_consensus.cc:2272] T 8fbd8cbbe4604c5dac90ffb96ad5e847 P 267c039927fe4bb8982b140f3e5f68b4 [term 1 FOLLOWER]: Raft consensus is shut down!
I20260601 13:34:12.522465 10477 tablet_server.cc:196] TabletServer@127.10.59.65:0 shutdown complete.
I20260601 13:34:12.526854 10477 tablet_server.cc:179] TabletServer@127.10.59.66:0 shutting down...
I20260601 13:34:12.533900 10477 ts_tablet_manager.cc:1507] Shutting down tablet manager...
I20260601 13:34:12.534175 10477 tablet_replica.cc:333] T 252c7f5f54fc4190b5aae7f88a4d517c P 6cc6485f7c894fb38ef97cc2f8ef23da: stopping tablet replica
I20260601 13:34:12.534327 10477 raft_consensus.cc:2243] T 252c7f5f54fc4190b5aae7f88a4d517c P 6cc6485f7c894fb38ef97cc2f8ef23da [term 1 LEADER]: Raft consensus shutting down.
I20260601 13:34:12.534567 10477 raft_consensus.cc:2272] T 252c7f5f54fc4190b5aae7f88a4d517c P 6cc6485f7c894fb38ef97cc2f8ef23da [term 1 FOLLOWER]: Raft consensus is shut down!
I20260601 13:34:12.535095 10477 tablet_replica.cc:333] T 8fbd8cbbe4604c5dac90ffb96ad5e847 P 6cc6485f7c894fb38ef97cc2f8ef23da: stopping tablet replica
I20260601 13:34:12.535176 10477 raft_consensus.cc:2243] T 8fbd8cbbe4604c5dac90ffb96ad5e847 P 6cc6485f7c894fb38ef97cc2f8ef23da [term 1 FOLLOWER]: Raft consensus shutting down.
I20260601 13:34:12.535246 10477 raft_consensus.cc:2272] T 8fbd8cbbe4604c5dac90ffb96ad5e847 P 6cc6485f7c894fb38ef97cc2f8ef23da [term 1 FOLLOWER]: Raft consensus is shut down!
I20260601 13:34:12.551191 10477 tablet_server.cc:196] TabletServer@127.10.59.66:0 shutdown complete.
I20260601 13:34:12.555866 10477 tablet_server.cc:179] TabletServer@127.10.59.67:0 shutting down...
I20260601 13:34:12.563249 10477 ts_tablet_manager.cc:1507] Shutting down tablet manager...
I20260601 13:34:12.563824 10477 tablet_replica.cc:333] T 8fbd8cbbe4604c5dac90ffb96ad5e847 P 5cc1c3edda6d426fbace376596c04d72: stopping tablet replica
I20260601 13:34:12.563979 10477 raft_consensus.cc:2243] T 8fbd8cbbe4604c5dac90ffb96ad5e847 P 5cc1c3edda6d426fbace376596c04d72 [term 1 LEADER]: Raft consensus shutting down.
I20260601 13:34:12.564237 10477 raft_consensus.cc:2272] T 8fbd8cbbe4604c5dac90ffb96ad5e847 P 5cc1c3edda6d426fbace376596c04d72 [term 1 FOLLOWER]: Raft consensus is shut down!
I20260601 13:34:12.567996 10477 tablet_server.cc:196] TabletServer@127.10.59.67:0 shutdown complete.
I20260601 13:34:12.570907 10477 tablet_server.cc:179] TabletServer@127.10.59.68:0 shutting down...
I20260601 13:34:12.578544 10477 ts_tablet_manager.cc:1507] Shutting down tablet manager...
I20260601 13:34:12.579066 10477 tablet_replica.cc:333] T 252c7f5f54fc4190b5aae7f88a4d517c P 14cbd21314844ca0b2c314abf1aa68e8: stopping tablet replica
I20260601 13:34:12.579299 10477 raft_consensus.cc:2243] T 252c7f5f54fc4190b5aae7f88a4d517c P 14cbd21314844ca0b2c314abf1aa68e8 [term 1 FOLLOWER]: Raft consensus shutting down.
I20260601 13:34:12.579622 10477 raft_consensus.cc:2272] T 252c7f5f54fc4190b5aae7f88a4d517c P 14cbd21314844ca0b2c314abf1aa68e8 [term 1 FOLLOWER]: Raft consensus is shut down!
I20260601 13:34:12.593791 10477 tablet_server.cc:196] TabletServer@127.10.59.68:0 shutdown complete.
I20260601 13:34:12.597252 10477 master.cc:562] Master@127.10.59.126:36643 shutting down...
I20260601 13:34:12.604772 10477 raft_consensus.cc:2243] T 00000000000000000000000000000000 P 644db5ea3ce141b785c2c5f235be0d41 [term 1 LEADER]: Raft consensus shutting down.
I20260601 13:34:12.604995 10477 raft_consensus.cc:2272] T 00000000000000000000000000000000 P 644db5ea3ce141b785c2c5f235be0d41 [term 1 FOLLOWER]: Raft consensus is shut down!
I20260601 13:34:12.605049 10477 tablet_replica.cc:333] T 00000000000000000000000000000000 P 644db5ea3ce141b785c2c5f235be0d41: stopping tablet replica
I20260601 13:34:12.621031 10477 master.cc:584] Master@127.10.59.126:36643 shutdown complete.
[       OK ] AutoRebalancerTest.MovesScheduledIfAddTserver (26755 ms)
[ RUN      ] AutoRebalancerTest.NoReplicaMovesIfNoTservers
I20260601 13:34:12.630297 10477 internal_mini_cluster.cc:156] Creating distributed mini masters. Addrs: 127.10.59.126:39127
I20260601 13:34:12.630723 10477 file_cache.cc:492] Constructed file cache file cache with capacity 419430
I20260601 13:34:12.634661 10477 server_base.cc:1061] running on GCE node
W20260601 13:34:12.634806 12553 instance_detector.cc:116] could not retrieve Azure instance metadata: Network error: curl error: HTTP response code said error: The requested URL returned error: 404
W20260601 13:34:12.634922 12555 instance_detector.cc:116] could not retrieve OpenStack instance metadata: Network error: curl error: HTTP response code said error: The requested URL returned error: 404
