I20260601 13:34:41.140754 20493 raft_consensus.cc:515] T 20028dac802f45748ac325b27c839914 P ef4b171abef8464b984981ce34b9c98a [term 0 FOLLOWER]: Starting pre-election with config: opid_index: -1 OBSOLETE_local: false peers { permanent_uuid: "ef4b171abef8464b984981ce34b9c98a" member_type: VOTER last_known_addr { host: "127.16.219.129" port: 36351 } } peers { permanent_uuid: "24048c10d87442b5af65c625217ff816" member_type: VOTER last_known_addr { host: "127.16.219.132" port: 42419 } } peers { permanent_uuid: "7d13b399136f4f4793d6db17123e1a7d" member_type: VOTER last_known_addr { host: "127.16.219.131" port: 43487 } }
I20260601 13:34:41.141052 20493 leader_election.cc:290] T 20028dac802f45748ac325b27c839914 P ef4b171abef8464b984981ce34b9c98a [CANDIDATE]: Term 1 pre-election: Requested pre-vote from peers 24048c10d87442b5af65c625217ff816 (127.16.219.132:42419), 7d13b399136f4f4793d6db17123e1a7d (127.16.219.131:43487)
I20260601 13:34:41.141798 20392 tablet_service.cc:1917] Received RequestConsensusVote() RPC: tablet_id: "20028dac802f45748ac325b27c839914" candidate_uuid: "ef4b171abef8464b984981ce34b9c98a" candidate_term: 1 candidate_status { last_received { term: 0 index: 0 } } ignore_live_leader: false dest_uuid: "7d13b399136f4f4793d6db17123e1a7d" is_pre_election: true
I20260601 13:34:41.141925 20392 raft_consensus.cc:2468] T 20028dac802f45748ac325b27c839914 P 7d13b399136f4f4793d6db17123e1a7d [term 0 FOLLOWER]: Leader pre-election vote request: Granting yes vote for candidate ef4b171abef8464b984981ce34b9c98a in term 0.
I20260601 13:34:41.142205 20204 leader_election.cc:304] T 20028dac802f45748ac325b27c839914 P ef4b171abef8464b984981ce34b9c98a [CANDIDATE]: Term 1 pre-election: Election decided. Result: candidate won. Election summary: received 2 responses out of 3 voters: 2 yes votes; 0 no votes. yes voters: 7d13b399136f4f4793d6db17123e1a7d, ef4b171abef8464b984981ce34b9c98a; no voters: 
I20260601 13:34:41.142381 20493 raft_consensus.cc:2804] T 20028dac802f45748ac325b27c839914 P ef4b171abef8464b984981ce34b9c98a [term 0 FOLLOWER]: Leader pre-election won for term 1
I20260601 13:34:41.142426 20493 raft_consensus.cc:493] T 20028dac802f45748ac325b27c839914 P ef4b171abef8464b984981ce34b9c98a [term 0 FOLLOWER]: Starting leader election (no leader contacted us within the election timeout)
I20260601 13:34:41.142452 20493 raft_consensus.cc:3060] T 20028dac802f45748ac325b27c839914 P ef4b171abef8464b984981ce34b9c98a [term 0 FOLLOWER]: Advancing to term 1
I20260601 13:34:41.143339 20493 raft_consensus.cc:515] T 20028dac802f45748ac325b27c839914 P ef4b171abef8464b984981ce34b9c98a [term 1 FOLLOWER]: Starting leader election with config: opid_index: -1 OBSOLETE_local: false peers { permanent_uuid: "ef4b171abef8464b984981ce34b9c98a" member_type: VOTER last_known_addr { host: "127.16.219.129" port: 36351 } } peers { permanent_uuid: "24048c10d87442b5af65c625217ff816" member_type: VOTER last_known_addr { host: "127.16.219.132" port: 42419 } } peers { permanent_uuid: "7d13b399136f4f4793d6db17123e1a7d" member_type: VOTER last_known_addr { host: "127.16.219.131" port: 43487 } }
I20260601 13:34:41.143652 20493 leader_election.cc:290] T 20028dac802f45748ac325b27c839914 P ef4b171abef8464b984981ce34b9c98a [CANDIDATE]: Term 1 election: Requested vote from peers 24048c10d87442b5af65c625217ff816 (127.16.219.132:42419), 7d13b399136f4f4793d6db17123e1a7d (127.16.219.131:43487)
I20260601 13:34:41.143954 20392 tablet_service.cc:1917] Received RequestConsensusVote() RPC: tablet_id: "20028dac802f45748ac325b27c839914" candidate_uuid: "ef4b171abef8464b984981ce34b9c98a" candidate_term: 1 candidate_status { last_received { term: 0 index: 0 } } ignore_live_leader: false dest_uuid: "7d13b399136f4f4793d6db17123e1a7d"
I20260601 13:34:41.144064 20392 raft_consensus.cc:3060] T 20028dac802f45748ac325b27c839914 P 7d13b399136f4f4793d6db17123e1a7d [term 0 FOLLOWER]: Advancing to term 1
I20260601 13:34:41.144774 20392 raft_consensus.cc:2468] T 20028dac802f45748ac325b27c839914 P 7d13b399136f4f4793d6db17123e1a7d [term 1 FOLLOWER]: Leader election vote request: Granting yes vote for candidate ef4b171abef8464b984981ce34b9c98a in term 1.
I20260601 13:34:41.144798 20545 tablet_service.cc:1917] Received RequestConsensusVote() RPC: tablet_id: "20028dac802f45748ac325b27c839914" candidate_uuid: "ef4b171abef8464b984981ce34b9c98a" candidate_term: 1 candidate_status { last_received { term: 0 index: 0 } } ignore_live_leader: false dest_uuid: "24048c10d87442b5af65c625217ff816" is_pre_election: true
I20260601 13:34:41.144852 20544 tablet_service.cc:1917] Received RequestConsensusVote() RPC: tablet_id: "20028dac802f45748ac325b27c839914" candidate_uuid: "ef4b171abef8464b984981ce34b9c98a" candidate_term: 1 candidate_status { last_received { term: 0 index: 0 } } ignore_live_leader: false dest_uuid: "24048c10d87442b5af65c625217ff816"
I20260601 13:34:41.144903 20545 raft_consensus.cc:2468] T 20028dac802f45748ac325b27c839914 P 24048c10d87442b5af65c625217ff816 [term 0 FOLLOWER]: Leader pre-election vote request: Granting yes vote for candidate ef4b171abef8464b984981ce34b9c98a in term 0.
I20260601 13:34:41.145062 20204 leader_election.cc:304] T 20028dac802f45748ac325b27c839914 P ef4b171abef8464b984981ce34b9c98a [CANDIDATE]: Term 1 election: Election decided. Result: candidate won. Election summary: received 2 responses out of 3 voters: 2 yes votes; 0 no votes. yes voters: 7d13b399136f4f4793d6db17123e1a7d, ef4b171abef8464b984981ce34b9c98a; no voters: 
I20260601 13:34:41.145243 20493 raft_consensus.cc:2804] T 20028dac802f45748ac325b27c839914 P ef4b171abef8464b984981ce34b9c98a [term 1 FOLLOWER]: Leader election won for term 1
I20260601 13:34:41.145329 20493 raft_consensus.cc:697] T 20028dac802f45748ac325b27c839914 P ef4b171abef8464b984981ce34b9c98a [term 1 LEADER]: Becoming Leader. State: Replica: ef4b171abef8464b984981ce34b9c98a, State: Running, Role: LEADER
I20260601 13:34:41.145447 20493 consensus_queue.cc:237] T 20028dac802f45748ac325b27c839914 P ef4b171abef8464b984981ce34b9c98a [LEADER]: Queue going to LEADER mode. State: All replicated index: 0, Majority replicated index: 0, Committed index: 0, Last appended: 0.0, Last appended by leader: 0, Current term: 1, Majority size: 2, State: 0, Mode: LEADER, active raft config: opid_index: -1 OBSOLETE_local: false peers { permanent_uuid: "ef4b171abef8464b984981ce34b9c98a" member_type: VOTER last_known_addr { host: "127.16.219.129" port: 36351 } } peers { permanent_uuid: "24048c10d87442b5af65c625217ff816" member_type: VOTER last_known_addr { host: "127.16.219.132" port: 42419 } } peers { permanent_uuid: "7d13b399136f4f4793d6db17123e1a7d" member_type: VOTER last_known_addr { host: "127.16.219.131" port: 43487 } }
I20260601 13:34:41.146903 20136 catalog_manager.cc:5696] T 20028dac802f45748ac325b27c839914 P ef4b171abef8464b984981ce34b9c98a reported cstate change: term changed from 0 to 1, leader changed from <none> to ef4b171abef8464b984981ce34b9c98a (127.16.219.129). New cstate: current_term: 1 leader_uuid: "ef4b171abef8464b984981ce34b9c98a" committed_config { opid_index: -1 OBSOLETE_local: false peers { permanent_uuid: "ef4b171abef8464b984981ce34b9c98a" member_type: VOTER last_known_addr { host: "127.16.219.129" port: 36351 } health_report { overall_health: HEALTHY } } peers { permanent_uuid: "24048c10d87442b5af65c625217ff816" member_type: VOTER last_known_addr { host: "127.16.219.132" port: 42419 } health_report { overall_health: UNKNOWN } } peers { permanent_uuid: "7d13b399136f4f4793d6db17123e1a7d" member_type: VOTER last_known_addr { host: "127.16.219.131" port: 43487 } health_report { overall_health: UNKNOWN } } }
I20260601 13:34:41.192950 20475 raft_consensus.cc:493] T e07649220f8c4e4f947855a2a980f021 P ef4b171abef8464b984981ce34b9c98a [term 0 FOLLOWER]: Starting pre-election (no leader contacted us within the election timeout)
I20260601 13:34:41.193110 20475 raft_consensus.cc:515] T e07649220f8c4e4f947855a2a980f021 P ef4b171abef8464b984981ce34b9c98a [term 0 FOLLOWER]: Starting pre-election with config: opid_index: -1 OBSOLETE_local: false peers { permanent_uuid: "ef4b171abef8464b984981ce34b9c98a" member_type: VOTER last_known_addr { host: "127.16.219.129" port: 36351 } } peers { permanent_uuid: "d210d710c4a346b6864b834c5ae49a88" member_type: VOTER last_known_addr { host: "127.16.219.130" port: 38711 } } peers { permanent_uuid: "24048c10d87442b5af65c625217ff816" member_type: VOTER last_known_addr { host: "127.16.219.132" port: 42419 } }
I20260601 13:34:41.193572 20475 leader_election.cc:290] T e07649220f8c4e4f947855a2a980f021 P ef4b171abef8464b984981ce34b9c98a [CANDIDATE]: Term 1 pre-election: Requested pre-vote from peers d210d710c4a346b6864b834c5ae49a88 (127.16.219.130:38711), 24048c10d87442b5af65c625217ff816 (127.16.219.132:42419)
I20260601 13:34:41.193861 20317 tablet_service.cc:1917] Received RequestConsensusVote() RPC: tablet_id: "e07649220f8c4e4f947855a2a980f021" candidate_uuid: "ef4b171abef8464b984981ce34b9c98a" candidate_term: 1 candidate_status { last_received { term: 0 index: 0 } } ignore_live_leader: false dest_uuid: "d210d710c4a346b6864b834c5ae49a88" is_pre_election: true
I20260601 13:34:41.194024 20317 raft_consensus.cc:2468] T e07649220f8c4e4f947855a2a980f021 P d210d710c4a346b6864b834c5ae49a88 [term 0 FOLLOWER]: Leader pre-election vote request: Granting yes vote for candidate ef4b171abef8464b984981ce34b9c98a in term 0.
I20260601 13:34:41.193982 20544 tablet_service.cc:1917] Received RequestConsensusVote() RPC: tablet_id: "e07649220f8c4e4f947855a2a980f021" candidate_uuid: "ef4b171abef8464b984981ce34b9c98a" candidate_term: 1 candidate_status { last_received { term: 0 index: 0 } } ignore_live_leader: false dest_uuid: "24048c10d87442b5af65c625217ff816" is_pre_election: true
I20260601 13:34:41.194198 20544 raft_consensus.cc:2468] T e07649220f8c4e4f947855a2a980f021 P 24048c10d87442b5af65c625217ff816 [term 0 FOLLOWER]: Leader pre-election vote request: Granting yes vote for candidate ef4b171abef8464b984981ce34b9c98a in term 0.
I20260601 13:34:41.194393 20207 leader_election.cc:304] T e07649220f8c4e4f947855a2a980f021 P ef4b171abef8464b984981ce34b9c98a [CANDIDATE]: Term 1 pre-election: Election decided. Result: candidate won. Election summary: received 2 responses out of 3 voters: 2 yes votes; 0 no votes. yes voters: d210d710c4a346b6864b834c5ae49a88, ef4b171abef8464b984981ce34b9c98a; no voters: 
I20260601 13:34:41.194573 20475 raft_consensus.cc:2804] T e07649220f8c4e4f947855a2a980f021 P ef4b171abef8464b984981ce34b9c98a [term 0 FOLLOWER]: Leader pre-election won for term 1
I20260601 13:34:41.194640 20475 raft_consensus.cc:493] T e07649220f8c4e4f947855a2a980f021 P ef4b171abef8464b984981ce34b9c98a [term 0 FOLLOWER]: Starting leader election (no leader contacted us within the election timeout)
I20260601 13:34:41.194681 20475 raft_consensus.cc:3060] T e07649220f8c4e4f947855a2a980f021 P ef4b171abef8464b984981ce34b9c98a [term 0 FOLLOWER]: Advancing to term 1
I20260601 13:34:41.195569 20475 raft_consensus.cc:515] T e07649220f8c4e4f947855a2a980f021 P ef4b171abef8464b984981ce34b9c98a [term 1 FOLLOWER]: Starting leader election with config: opid_index: -1 OBSOLETE_local: false peers { permanent_uuid: "ef4b171abef8464b984981ce34b9c98a" member_type: VOTER last_known_addr { host: "127.16.219.129" port: 36351 } } peers { permanent_uuid: "d210d710c4a346b6864b834c5ae49a88" member_type: VOTER last_known_addr { host: "127.16.219.130" port: 38711 } } peers { permanent_uuid: "24048c10d87442b5af65c625217ff816" member_type: VOTER last_known_addr { host: "127.16.219.132" port: 42419 } }
I20260601 13:34:41.195945 20475 leader_election.cc:290] T e07649220f8c4e4f947855a2a980f021 P ef4b171abef8464b984981ce34b9c98a [CANDIDATE]: Term 1 election: Requested vote from peers d210d710c4a346b6864b834c5ae49a88 (127.16.219.130:38711), 24048c10d87442b5af65c625217ff816 (127.16.219.132:42419)
I20260601 13:34:41.196216 20317 tablet_service.cc:1917] Received RequestConsensusVote() RPC: tablet_id: "e07649220f8c4e4f947855a2a980f021" candidate_uuid: "ef4b171abef8464b984981ce34b9c98a" candidate_term: 1 candidate_status { last_received { term: 0 index: 0 } } ignore_live_leader: false dest_uuid: "d210d710c4a346b6864b834c5ae49a88"
I20260601 13:34:41.196309 20544 tablet_service.cc:1917] Received RequestConsensusVote() RPC: tablet_id: "e07649220f8c4e4f947855a2a980f021" candidate_uuid: "ef4b171abef8464b984981ce34b9c98a" candidate_term: 1 candidate_status { last_received { term: 0 index: 0 } } ignore_live_leader: false dest_uuid: "24048c10d87442b5af65c625217ff816"
I20260601 13:34:41.196313 20317 raft_consensus.cc:3060] T e07649220f8c4e4f947855a2a980f021 P d210d710c4a346b6864b834c5ae49a88 [term 0 FOLLOWER]: Advancing to term 1
I20260601 13:34:41.196437 20544 raft_consensus.cc:3060] T e07649220f8c4e4f947855a2a980f021 P 24048c10d87442b5af65c625217ff816 [term 0 FOLLOWER]: Advancing to term 1
I20260601 13:34:41.197077 20317 raft_consensus.cc:2468] T e07649220f8c4e4f947855a2a980f021 P d210d710c4a346b6864b834c5ae49a88 [term 1 FOLLOWER]: Leader election vote request: Granting yes vote for candidate ef4b171abef8464b984981ce34b9c98a in term 1.
I20260601 13:34:41.197310 20544 raft_consensus.cc:2468] T e07649220f8c4e4f947855a2a980f021 P 24048c10d87442b5af65c625217ff816 [term 1 FOLLOWER]: Leader election vote request: Granting yes vote for candidate ef4b171abef8464b984981ce34b9c98a in term 1.
I20260601 13:34:41.197376 20207 leader_election.cc:304] T e07649220f8c4e4f947855a2a980f021 P ef4b171abef8464b984981ce34b9c98a [CANDIDATE]: Term 1 election: Election decided. Result: candidate won. Election summary: received 2 responses out of 3 voters: 2 yes votes; 0 no votes. yes voters: d210d710c4a346b6864b834c5ae49a88, ef4b171abef8464b984981ce34b9c98a; no voters: 
I20260601 13:34:41.197508 20475 raft_consensus.cc:2804] T e07649220f8c4e4f947855a2a980f021 P ef4b171abef8464b984981ce34b9c98a [term 1 FOLLOWER]: Leader election won for term 1
I20260601 13:34:41.197641 20475 raft_consensus.cc:697] T e07649220f8c4e4f947855a2a980f021 P ef4b171abef8464b984981ce34b9c98a [term 1 LEADER]: Becoming Leader. State: Replica: ef4b171abef8464b984981ce34b9c98a, State: Running, Role: LEADER
I20260601 13:34:41.197781 20475 consensus_queue.cc:237] T e07649220f8c4e4f947855a2a980f021 P ef4b171abef8464b984981ce34b9c98a [LEADER]: Queue going to LEADER mode. State: All replicated index: 0, Majority replicated index: 0, Committed index: 0, Last appended: 0.0, Last appended by leader: 0, Current term: 1, Majority size: 2, State: 0, Mode: LEADER, active raft config: opid_index: -1 OBSOLETE_local: false peers { permanent_uuid: "ef4b171abef8464b984981ce34b9c98a" member_type: VOTER last_known_addr { host: "127.16.219.129" port: 36351 } } peers { permanent_uuid: "d210d710c4a346b6864b834c5ae49a88" member_type: VOTER last_known_addr { host: "127.16.219.130" port: 38711 } } peers { permanent_uuid: "24048c10d87442b5af65c625217ff816" member_type: VOTER last_known_addr { host: "127.16.219.132" port: 42419 } }
I20260601 13:34:41.199469 20136 catalog_manager.cc:5696] T e07649220f8c4e4f947855a2a980f021 P ef4b171abef8464b984981ce34b9c98a reported cstate change: term changed from 0 to 1, leader changed from <none> to ef4b171abef8464b984981ce34b9c98a (127.16.219.129). New cstate: current_term: 1 leader_uuid: "ef4b171abef8464b984981ce34b9c98a" committed_config { opid_index: -1 OBSOLETE_local: false peers { permanent_uuid: "ef4b171abef8464b984981ce34b9c98a" member_type: VOTER last_known_addr { host: "127.16.219.129" port: 36351 } health_report { overall_health: HEALTHY } } peers { permanent_uuid: "d210d710c4a346b6864b834c5ae49a88" member_type: VOTER last_known_addr { host: "127.16.219.130" port: 38711 } health_report { overall_health: UNKNOWN } } peers { permanent_uuid: "24048c10d87442b5af65c625217ff816" member_type: VOTER last_known_addr { host: "127.16.219.132" port: 42419 } health_report { overall_health: UNKNOWN } } }
I20260601 13:34:41.209542 20480 raft_consensus.cc:493] T 124f30db0f3b48b9b7a7519242a00e33 P d210d710c4a346b6864b834c5ae49a88 [term 0 FOLLOWER]: Starting pre-election (no leader contacted us within the election timeout)
I20260601 13:34:41.209638 20480 raft_consensus.cc:515] T 124f30db0f3b48b9b7a7519242a00e33 P d210d710c4a346b6864b834c5ae49a88 [term 0 FOLLOWER]: Starting pre-election with config: opid_index: -1 OBSOLETE_local: false peers { permanent_uuid: "24048c10d87442b5af65c625217ff816" member_type: VOTER last_known_addr { host: "127.16.219.132" port: 42419 } } peers { permanent_uuid: "d210d710c4a346b6864b834c5ae49a88" member_type: VOTER last_known_addr { host: "127.16.219.130" port: 38711 } } peers { permanent_uuid: "7d13b399136f4f4793d6db17123e1a7d" member_type: VOTER last_known_addr { host: "127.16.219.131" port: 43487 } }
I20260601 13:34:41.210197 20480 leader_election.cc:290] T 124f30db0f3b48b9b7a7519242a00e33 P d210d710c4a346b6864b834c5ae49a88 [CANDIDATE]: Term 1 pre-election: Requested pre-vote from peers 24048c10d87442b5af65c625217ff816 (127.16.219.132:42419), 7d13b399136f4f4793d6db17123e1a7d (127.16.219.131:43487)
I20260601 13:34:41.210920 20392 tablet_service.cc:1917] Received RequestConsensusVote() RPC: tablet_id: "124f30db0f3b48b9b7a7519242a00e33" candidate_uuid: "d210d710c4a346b6864b834c5ae49a88" candidate_term: 1 candidate_status { last_received { term: 0 index: 0 } } ignore_live_leader: false dest_uuid: "7d13b399136f4f4793d6db17123e1a7d" is_pre_election: true
I20260601 13:34:41.211061 20392 raft_consensus.cc:2468] T 124f30db0f3b48b9b7a7519242a00e33 P 7d13b399136f4f4793d6db17123e1a7d [term 0 FOLLOWER]: Leader pre-election vote request: Granting yes vote for candidate d210d710c4a346b6864b834c5ae49a88 in term 0.
I20260601 13:34:41.211369 20280 leader_election.cc:304] T 124f30db0f3b48b9b7a7519242a00e33 P d210d710c4a346b6864b834c5ae49a88 [CANDIDATE]: Term 1 pre-election: Election decided. Result: candidate won. Election summary: received 2 responses out of 3 voters: 2 yes votes; 0 no votes. yes voters: 7d13b399136f4f4793d6db17123e1a7d, d210d710c4a346b6864b834c5ae49a88; no voters: 
I20260601 13:34:41.211587 20480 raft_consensus.cc:2804] T 124f30db0f3b48b9b7a7519242a00e33 P d210d710c4a346b6864b834c5ae49a88 [term 0 FOLLOWER]: Leader pre-election won for term 1
I20260601 13:34:41.211660 20480 raft_consensus.cc:493] T 124f30db0f3b48b9b7a7519242a00e33 P d210d710c4a346b6864b834c5ae49a88 [term 0 FOLLOWER]: Starting leader election (no leader contacted us within the election timeout)
I20260601 13:34:41.211699 20480 raft_consensus.cc:3060] T 124f30db0f3b48b9b7a7519242a00e33 P d210d710c4a346b6864b834c5ae49a88 [term 0 FOLLOWER]: Advancing to term 1
I20260601 13:34:41.212548 20480 raft_consensus.cc:515] T 124f30db0f3b48b9b7a7519242a00e33 P d210d710c4a346b6864b834c5ae49a88 [term 1 FOLLOWER]: Starting leader election with config: opid_index: -1 OBSOLETE_local: false peers { permanent_uuid: "24048c10d87442b5af65c625217ff816" member_type: VOTER last_known_addr { host: "127.16.219.132" port: 42419 } } peers { permanent_uuid: "d210d710c4a346b6864b834c5ae49a88" member_type: VOTER last_known_addr { host: "127.16.219.130" port: 38711 } } peers { permanent_uuid: "7d13b399136f4f4793d6db17123e1a7d" member_type: VOTER last_known_addr { host: "127.16.219.131" port: 43487 } }
I20260601 13:34:41.212920 20480 leader_election.cc:290] T 124f30db0f3b48b9b7a7519242a00e33 P d210d710c4a346b6864b834c5ae49a88 [CANDIDATE]: Term 1 election: Requested vote from peers 24048c10d87442b5af65c625217ff816 (127.16.219.132:42419), 7d13b399136f4f4793d6db17123e1a7d (127.16.219.131:43487)
I20260601 13:34:41.213258 20392 tablet_service.cc:1917] Received RequestConsensusVote() RPC: tablet_id: "124f30db0f3b48b9b7a7519242a00e33" candidate_uuid: "d210d710c4a346b6864b834c5ae49a88" candidate_term: 1 candidate_status { last_received { term: 0 index: 0 } } ignore_live_leader: false dest_uuid: "7d13b399136f4f4793d6db17123e1a7d"
I20260601 13:34:41.213376 20392 raft_consensus.cc:3060] T 124f30db0f3b48b9b7a7519242a00e33 P 7d13b399136f4f4793d6db17123e1a7d [term 0 FOLLOWER]: Advancing to term 1
I20260601 13:34:41.214396 20392 raft_consensus.cc:2468] T 124f30db0f3b48b9b7a7519242a00e33 P 7d13b399136f4f4793d6db17123e1a7d [term 1 FOLLOWER]: Leader election vote request: Granting yes vote for candidate d210d710c4a346b6864b834c5ae49a88 in term 1.
I20260601 13:34:41.214555 20544 tablet_service.cc:1917] Received RequestConsensusVote() RPC: tablet_id: "124f30db0f3b48b9b7a7519242a00e33" candidate_uuid: "d210d710c4a346b6864b834c5ae49a88" candidate_term: 1 candidate_status { last_received { term: 0 index: 0 } } ignore_live_leader: false dest_uuid: "24048c10d87442b5af65c625217ff816" is_pre_election: true
I20260601 13:34:41.214636 20545 tablet_service.cc:1917] Received RequestConsensusVote() RPC: tablet_id: "124f30db0f3b48b9b7a7519242a00e33" candidate_uuid: "d210d710c4a346b6864b834c5ae49a88" candidate_term: 1 candidate_status { last_received { term: 0 index: 0 } } ignore_live_leader: false dest_uuid: "24048c10d87442b5af65c625217ff816"
I20260601 13:34:41.214679 20544 raft_consensus.cc:2468] T 124f30db0f3b48b9b7a7519242a00e33 P 24048c10d87442b5af65c625217ff816 [term 0 FOLLOWER]: Leader pre-election vote request: Granting yes vote for candidate d210d710c4a346b6864b834c5ae49a88 in term 0.
I20260601 13:34:41.214764 20280 leader_election.cc:304] T 124f30db0f3b48b9b7a7519242a00e33 P d210d710c4a346b6864b834c5ae49a88 [CANDIDATE]: Term 1 election: Election decided. Result: candidate won. Election summary: received 2 responses out of 3 voters: 2 yes votes; 0 no votes. yes voters: 7d13b399136f4f4793d6db17123e1a7d, d210d710c4a346b6864b834c5ae49a88; no voters: 
I20260601 13:34:41.214969 20480 raft_consensus.cc:2804] T 124f30db0f3b48b9b7a7519242a00e33 P d210d710c4a346b6864b834c5ae49a88 [term 1 FOLLOWER]: Leader election won for term 1
I20260601 13:34:41.215090 20480 raft_consensus.cc:697] T 124f30db0f3b48b9b7a7519242a00e33 P d210d710c4a346b6864b834c5ae49a88 [term 1 LEADER]: Becoming Leader. State: Replica: d210d710c4a346b6864b834c5ae49a88, State: Running, Role: LEADER
I20260601 13:34:41.215219 20480 consensus_queue.cc:237] T 124f30db0f3b48b9b7a7519242a00e33 P d210d710c4a346b6864b834c5ae49a88 [LEADER]: Queue going to LEADER mode. State: All replicated index: 0, Majority replicated index: 0, Committed index: 0, Last appended: 0.0, Last appended by leader: 0, Current term: 1, Majority size: 2, State: 0, Mode: LEADER, active raft config: opid_index: -1 OBSOLETE_local: false peers { permanent_uuid: "24048c10d87442b5af65c625217ff816" member_type: VOTER last_known_addr { host: "127.16.219.132" port: 42419 } } peers { permanent_uuid: "d210d710c4a346b6864b834c5ae49a88" member_type: VOTER last_known_addr { host: "127.16.219.130" port: 38711 } } peers { permanent_uuid: "7d13b399136f4f4793d6db17123e1a7d" member_type: VOTER last_known_addr { host: "127.16.219.131" port: 43487 } }
I20260601 13:34:41.216804 20136 catalog_manager.cc:5696] T 124f30db0f3b48b9b7a7519242a00e33 P d210d710c4a346b6864b834c5ae49a88 reported cstate change: term changed from 0 to 1, leader changed from <none> to d210d710c4a346b6864b834c5ae49a88 (127.16.219.130). New cstate: current_term: 1 leader_uuid: "d210d710c4a346b6864b834c5ae49a88" committed_config { opid_index: -1 OBSOLETE_local: false peers { permanent_uuid: "24048c10d87442b5af65c625217ff816" member_type: VOTER last_known_addr { host: "127.16.219.132" port: 42419 } health_report { overall_health: UNKNOWN } } peers { permanent_uuid: "d210d710c4a346b6864b834c5ae49a88" member_type: VOTER last_known_addr { host: "127.16.219.130" port: 38711 } health_report { overall_health: HEALTHY } } peers { permanent_uuid: "7d13b399136f4f4793d6db17123e1a7d" member_type: VOTER last_known_addr { host: "127.16.219.131" port: 43487 } health_report { overall_health: UNKNOWN } } }
I20260601 13:34:41.224709 20480 raft_consensus.cc:493] T 02bb9f15e9cc4469a2c0af8261e1ba27 P d210d710c4a346b6864b834c5ae49a88 [term 0 FOLLOWER]: Starting pre-election (no leader contacted us within the election timeout)
I20260601 13:34:41.224792 20480 raft_consensus.cc:515] T 02bb9f15e9cc4469a2c0af8261e1ba27 P d210d710c4a346b6864b834c5ae49a88 [term 0 FOLLOWER]: Starting pre-election with config: opid_index: -1 OBSOLETE_local: false peers { permanent_uuid: "24048c10d87442b5af65c625217ff816" member_type: VOTER last_known_addr { host: "127.16.219.132" port: 42419 } } peers { permanent_uuid: "ef4b171abef8464b984981ce34b9c98a" member_type: VOTER last_known_addr { host: "127.16.219.129" port: 36351 } } peers { permanent_uuid: "d210d710c4a346b6864b834c5ae49a88" member_type: VOTER last_known_addr { host: "127.16.219.130" port: 38711 } }
I20260601 13:34:41.225176 20480 leader_election.cc:290] T 02bb9f15e9cc4469a2c0af8261e1ba27 P d210d710c4a346b6864b834c5ae49a88 [CANDIDATE]: Term 1 pre-election: Requested pre-vote from peers 24048c10d87442b5af65c625217ff816 (127.16.219.132:42419), ef4b171abef8464b984981ce34b9c98a (127.16.219.129:36351)
I20260601 13:34:41.225467 20544 tablet_service.cc:1917] Received RequestConsensusVote() RPC: tablet_id: "02bb9f15e9cc4469a2c0af8261e1ba27" candidate_uuid: "d210d710c4a346b6864b834c5ae49a88" candidate_term: 1 candidate_status { last_received { term: 0 index: 0 } } ignore_live_leader: false dest_uuid: "24048c10d87442b5af65c625217ff816" is_pre_election: true
I20260601 13:34:41.225471 20240 tablet_service.cc:1917] Received RequestConsensusVote() RPC: tablet_id: "02bb9f15e9cc4469a2c0af8261e1ba27" candidate_uuid: "d210d710c4a346b6864b834c5ae49a88" candidate_term: 1 candidate_status { last_received { term: 0 index: 0 } } ignore_live_leader: false dest_uuid: "ef4b171abef8464b984981ce34b9c98a" is_pre_election: true
I20260601 13:34:41.225693 20544 raft_consensus.cc:2468] T 02bb9f15e9cc4469a2c0af8261e1ba27 P 24048c10d87442b5af65c625217ff816 [term 0 FOLLOWER]: Leader pre-election vote request: Granting yes vote for candidate d210d710c4a346b6864b834c5ae49a88 in term 0.
I20260601 13:34:41.225701 20240 raft_consensus.cc:2468] T 02bb9f15e9cc4469a2c0af8261e1ba27 P ef4b171abef8464b984981ce34b9c98a [term 0 FOLLOWER]: Leader pre-election vote request: Granting yes vote for candidate d210d710c4a346b6864b834c5ae49a88 in term 0.
I20260601 13:34:41.225983 20282 leader_election.cc:304] T 02bb9f15e9cc4469a2c0af8261e1ba27 P d210d710c4a346b6864b834c5ae49a88 [CANDIDATE]: Term 1 pre-election: Election decided. Result: candidate won. Election summary: received 2 responses out of 3 voters: 2 yes votes; 0 no votes. yes voters: d210d710c4a346b6864b834c5ae49a88, ef4b171abef8464b984981ce34b9c98a; no voters: 
I20260601 13:34:41.226241 20480 raft_consensus.cc:2804] T 02bb9f15e9cc4469a2c0af8261e1ba27 P d210d710c4a346b6864b834c5ae49a88 [term 0 FOLLOWER]: Leader pre-election won for term 1
I20260601 13:34:41.226310 20480 raft_consensus.cc:493] T 02bb9f15e9cc4469a2c0af8261e1ba27 P d210d710c4a346b6864b834c5ae49a88 [term 0 FOLLOWER]: Starting leader election (no leader contacted us within the election timeout)
I20260601 13:34:41.226341 20480 raft_consensus.cc:3060] T 02bb9f15e9cc4469a2c0af8261e1ba27 P d210d710c4a346b6864b834c5ae49a88 [term 0 FOLLOWER]: Advancing to term 1
I20260601 13:34:41.227072 20480 raft_consensus.cc:515] T 02bb9f15e9cc4469a2c0af8261e1ba27 P d210d710c4a346b6864b834c5ae49a88 [term 1 FOLLOWER]: Starting leader election with config: opid_index: -1 OBSOLETE_local: false peers { permanent_uuid: "24048c10d87442b5af65c625217ff816" member_type: VOTER last_known_addr { host: "127.16.219.132" port: 42419 } } peers { permanent_uuid: "ef4b171abef8464b984981ce34b9c98a" member_type: VOTER last_known_addr { host: "127.16.219.129" port: 36351 } } peers { permanent_uuid: "d210d710c4a346b6864b834c5ae49a88" member_type: VOTER last_known_addr { host: "127.16.219.130" port: 38711 } }
I20260601 13:34:41.227368 20480 leader_election.cc:290] T 02bb9f15e9cc4469a2c0af8261e1ba27 P d210d710c4a346b6864b834c5ae49a88 [CANDIDATE]: Term 1 election: Requested vote from peers 24048c10d87442b5af65c625217ff816 (127.16.219.132:42419), ef4b171abef8464b984981ce34b9c98a (127.16.219.129:36351)
I20260601 13:34:41.227667 20544 tablet_service.cc:1917] Received RequestConsensusVote() RPC: tablet_id: "02bb9f15e9cc4469a2c0af8261e1ba27" candidate_uuid: "d210d710c4a346b6864b834c5ae49a88" candidate_term: 1 candidate_status { last_received { term: 0 index: 0 } } ignore_live_leader: false dest_uuid: "24048c10d87442b5af65c625217ff816"
I20260601 13:34:41.227667 20240 tablet_service.cc:1917] Received RequestConsensusVote() RPC: tablet_id: "02bb9f15e9cc4469a2c0af8261e1ba27" candidate_uuid: "d210d710c4a346b6864b834c5ae49a88" candidate_term: 1 candidate_status { last_received { term: 0 index: 0 } } ignore_live_leader: false dest_uuid: "ef4b171abef8464b984981ce34b9c98a"
I20260601 13:34:41.227802 20240 raft_consensus.cc:3060] T 02bb9f15e9cc4469a2c0af8261e1ba27 P ef4b171abef8464b984981ce34b9c98a [term 0 FOLLOWER]: Advancing to term 1
I20260601 13:34:41.227802 20544 raft_consensus.cc:3060] T 02bb9f15e9cc4469a2c0af8261e1ba27 P 24048c10d87442b5af65c625217ff816 [term 0 FOLLOWER]: Advancing to term 1
I20260601 13:34:41.228724 20544 raft_consensus.cc:2468] T 02bb9f15e9cc4469a2c0af8261e1ba27 P 24048c10d87442b5af65c625217ff816 [term 1 FOLLOWER]: Leader election vote request: Granting yes vote for candidate d210d710c4a346b6864b834c5ae49a88 in term 1.
I20260601 13:34:41.228708 20240 raft_consensus.cc:2468] T 02bb9f15e9cc4469a2c0af8261e1ba27 P ef4b171abef8464b984981ce34b9c98a [term 1 FOLLOWER]: Leader election vote request: Granting yes vote for candidate d210d710c4a346b6864b834c5ae49a88 in term 1.
I20260601 13:34:41.229025 20280 leader_election.cc:304] T 02bb9f15e9cc4469a2c0af8261e1ba27 P d210d710c4a346b6864b834c5ae49a88 [CANDIDATE]: Term 1 election: Election decided. Result: candidate won. Election summary: received 2 responses out of 3 voters: 2 yes votes; 0 no votes. yes voters: 24048c10d87442b5af65c625217ff816, d210d710c4a346b6864b834c5ae49a88; no voters: 
I20260601 13:34:41.229177 20480 raft_consensus.cc:2804] T 02bb9f15e9cc4469a2c0af8261e1ba27 P d210d710c4a346b6864b834c5ae49a88 [term 1 FOLLOWER]: Leader election won for term 1
I20260601 13:34:41.229281 20480 raft_consensus.cc:697] T 02bb9f15e9cc4469a2c0af8261e1ba27 P d210d710c4a346b6864b834c5ae49a88 [term 1 LEADER]: Becoming Leader. State: Replica: d210d710c4a346b6864b834c5ae49a88, State: Running, Role: LEADER
I20260601 13:34:41.229419 20480 consensus_queue.cc:237] T 02bb9f15e9cc4469a2c0af8261e1ba27 P d210d710c4a346b6864b834c5ae49a88 [LEADER]: Queue going to LEADER mode. State: All replicated index: 0, Majority replicated index: 0, Committed index: 0, Last appended: 0.0, Last appended by leader: 0, Current term: 1, Majority size: 2, State: 0, Mode: LEADER, active raft config: opid_index: -1 OBSOLETE_local: false peers { permanent_uuid: "24048c10d87442b5af65c625217ff816" member_type: VOTER last_known_addr { host: "127.16.219.132" port: 42419 } } peers { permanent_uuid: "ef4b171abef8464b984981ce34b9c98a" member_type: VOTER last_known_addr { host: "127.16.219.129" port: 36351 } } peers { permanent_uuid: "d210d710c4a346b6864b834c5ae49a88" member_type: VOTER last_known_addr { host: "127.16.219.130" port: 38711 } }
I20260601 13:34:41.231021 20136 catalog_manager.cc:5696] T 02bb9f15e9cc4469a2c0af8261e1ba27 P d210d710c4a346b6864b834c5ae49a88 reported cstate change: term changed from 0 to 1, leader changed from <none> to d210d710c4a346b6864b834c5ae49a88 (127.16.219.130). New cstate: current_term: 1 leader_uuid: "d210d710c4a346b6864b834c5ae49a88" committed_config { opid_index: -1 OBSOLETE_local: false peers { permanent_uuid: "24048c10d87442b5af65c625217ff816" member_type: VOTER last_known_addr { host: "127.16.219.132" port: 42419 } health_report { overall_health: UNKNOWN } } peers { permanent_uuid: "ef4b171abef8464b984981ce34b9c98a" member_type: VOTER last_known_addr { host: "127.16.219.129" port: 36351 } health_report { overall_health: UNKNOWN } } peers { permanent_uuid: "d210d710c4a346b6864b834c5ae49a88" member_type: VOTER last_known_addr { host: "127.16.219.130" port: 38711 } health_report { overall_health: HEALTHY } } }
I20260601 13:34:41.233786 20475 raft_consensus.cc:493] T 9648d2be6ef84fbeba49a773fb610e0a P ef4b171abef8464b984981ce34b9c98a [term 0 FOLLOWER]: Starting pre-election (no leader contacted us within the election timeout)
I20260601 13:34:41.233861 20475 raft_consensus.cc:515] T 9648d2be6ef84fbeba49a773fb610e0a P ef4b171abef8464b984981ce34b9c98a [term 0 FOLLOWER]: Starting pre-election with config: opid_index: -1 OBSOLETE_local: false peers { permanent_uuid: "24048c10d87442b5af65c625217ff816" member_type: VOTER last_known_addr { host: "127.16.219.132" port: 42419 } } peers { permanent_uuid: "7d13b399136f4f4793d6db17123e1a7d" member_type: VOTER last_known_addr { host: "127.16.219.131" port: 43487 } } peers { permanent_uuid: "ef4b171abef8464b984981ce34b9c98a" member_type: VOTER last_known_addr { host: "127.16.219.129" port: 36351 } }
I20260601 13:34:41.234161 20475 leader_election.cc:290] T 9648d2be6ef84fbeba49a773fb610e0a P ef4b171abef8464b984981ce34b9c98a [CANDIDATE]: Term 1 pre-election: Requested pre-vote from peers 24048c10d87442b5af65c625217ff816 (127.16.219.132:42419), 7d13b399136f4f4793d6db17123e1a7d (127.16.219.131:43487)
I20260601 13:34:41.234453 20544 tablet_service.cc:1917] Received RequestConsensusVote() RPC: tablet_id: "9648d2be6ef84fbeba49a773fb610e0a" candidate_uuid: "ef4b171abef8464b984981ce34b9c98a" candidate_term: 1 candidate_status { last_received { term: 0 index: 0 } } ignore_live_leader: false dest_uuid: "24048c10d87442b5af65c625217ff816" is_pre_election: true
I20260601 13:34:41.234524 20392 tablet_service.cc:1917] Received RequestConsensusVote() RPC: tablet_id: "9648d2be6ef84fbeba49a773fb610e0a" candidate_uuid: "ef4b171abef8464b984981ce34b9c98a" candidate_term: 1 candidate_status { last_received { term: 0 index: 0 } } ignore_live_leader: false dest_uuid: "7d13b399136f4f4793d6db17123e1a7d" is_pre_election: true
I20260601 13:34:41.234598 20544 raft_consensus.cc:2468] T 9648d2be6ef84fbeba49a773fb610e0a P 24048c10d87442b5af65c625217ff816 [term 0 FOLLOWER]: Leader pre-election vote request: Granting yes vote for candidate ef4b171abef8464b984981ce34b9c98a in term 0.
I20260601 13:34:41.234681 20392 raft_consensus.cc:2468] T 9648d2be6ef84fbeba49a773fb610e0a P 7d13b399136f4f4793d6db17123e1a7d [term 0 FOLLOWER]: Leader pre-election vote request: Granting yes vote for candidate ef4b171abef8464b984981ce34b9c98a in term 0.
I20260601 13:34:41.234865 20204 leader_election.cc:304] T 9648d2be6ef84fbeba49a773fb610e0a P ef4b171abef8464b984981ce34b9c98a [CANDIDATE]: Term 1 pre-election: Election decided. Result: candidate won. Election summary: received 2 responses out of 3 voters: 2 yes votes; 0 no votes. yes voters: 24048c10d87442b5af65c625217ff816, ef4b171abef8464b984981ce34b9c98a; no voters: 
I20260601 13:34:41.235054 20475 raft_consensus.cc:2804] T 9648d2be6ef84fbeba49a773fb610e0a P ef4b171abef8464b984981ce34b9c98a [term 0 FOLLOWER]: Leader pre-election won for term 1
I20260601 13:34:41.235102 20475 raft_consensus.cc:493] T 9648d2be6ef84fbeba49a773fb610e0a P ef4b171abef8464b984981ce34b9c98a [term 0 FOLLOWER]: Starting leader election (no leader contacted us within the election timeout)
I20260601 13:34:41.235129 20475 raft_consensus.cc:3060] T 9648d2be6ef84fbeba49a773fb610e0a P ef4b171abef8464b984981ce34b9c98a [term 0 FOLLOWER]: Advancing to term 1
I20260601 13:34:41.235867 20475 raft_consensus.cc:515] T 9648d2be6ef84fbeba49a773fb610e0a P ef4b171abef8464b984981ce34b9c98a [term 1 FOLLOWER]: Starting leader election with config: opid_index: -1 OBSOLETE_local: false peers { permanent_uuid: "24048c10d87442b5af65c625217ff816" member_type: VOTER last_known_addr { host: "127.16.219.132" port: 42419 } } peers { permanent_uuid: "7d13b399136f4f4793d6db17123e1a7d" member_type: VOTER last_known_addr { host: "127.16.219.131" port: 43487 } } peers { permanent_uuid: "ef4b171abef8464b984981ce34b9c98a" member_type: VOTER last_known_addr { host: "127.16.219.129" port: 36351 } }
I20260601 13:34:41.236174 20475 leader_election.cc:290] T 9648d2be6ef84fbeba49a773fb610e0a P ef4b171abef8464b984981ce34b9c98a [CANDIDATE]: Term 1 election: Requested vote from peers 24048c10d87442b5af65c625217ff816 (127.16.219.132:42419), 7d13b399136f4f4793d6db17123e1a7d (127.16.219.131:43487)
I20260601 13:34:41.236440 20544 tablet_service.cc:1917] Received RequestConsensusVote() RPC: tablet_id: "9648d2be6ef84fbeba49a773fb610e0a" candidate_uuid: "ef4b171abef8464b984981ce34b9c98a" candidate_term: 1 candidate_status { last_received { term: 0 index: 0 } } ignore_live_leader: false dest_uuid: "24048c10d87442b5af65c625217ff816"
I20260601 13:34:41.236524 20392 tablet_service.cc:1917] Received RequestConsensusVote() RPC: tablet_id: "9648d2be6ef84fbeba49a773fb610e0a" candidate_uuid: "ef4b171abef8464b984981ce34b9c98a" candidate_term: 1 candidate_status { last_received { term: 0 index: 0 } } ignore_live_leader: false dest_uuid: "7d13b399136f4f4793d6db17123e1a7d"
I20260601 13:34:41.236604 20544 raft_consensus.cc:3060] T 9648d2be6ef84fbeba49a773fb610e0a P 24048c10d87442b5af65c625217ff816 [term 0 FOLLOWER]: Advancing to term 1
I20260601 13:34:41.236636 20392 raft_consensus.cc:3060] T 9648d2be6ef84fbeba49a773fb610e0a P 7d13b399136f4f4793d6db17123e1a7d [term 0 FOLLOWER]: Advancing to term 1
I20260601 13:34:41.237360 20392 raft_consensus.cc:2468] T 9648d2be6ef84fbeba49a773fb610e0a P 7d13b399136f4f4793d6db17123e1a7d [term 1 FOLLOWER]: Leader election vote request: Granting yes vote for candidate ef4b171abef8464b984981ce34b9c98a in term 1.
I20260601 13:34:41.237370 20544 raft_consensus.cc:2468] T 9648d2be6ef84fbeba49a773fb610e0a P 24048c10d87442b5af65c625217ff816 [term 1 FOLLOWER]: Leader election vote request: Granting yes vote for candidate ef4b171abef8464b984981ce34b9c98a in term 1.
I20260601 13:34:41.237643 20204 leader_election.cc:304] T 9648d2be6ef84fbeba49a773fb610e0a P ef4b171abef8464b984981ce34b9c98a [CANDIDATE]: Term 1 election: Election decided. Result: candidate won. Election summary: received 2 responses out of 3 voters: 2 yes votes; 0 no votes. yes voters: 7d13b399136f4f4793d6db17123e1a7d, ef4b171abef8464b984981ce34b9c98a; no voters: 
I20260601 13:34:41.237802 20475 raft_consensus.cc:2804] T 9648d2be6ef84fbeba49a773fb610e0a P ef4b171abef8464b984981ce34b9c98a [term 1 FOLLOWER]: Leader election won for term 1
I20260601 13:34:41.237905 20475 raft_consensus.cc:697] T 9648d2be6ef84fbeba49a773fb610e0a P ef4b171abef8464b984981ce34b9c98a [term 1 LEADER]: Becoming Leader. State: Replica: ef4b171abef8464b984981ce34b9c98a, State: Running, Role: LEADER
I20260601 13:34:41.238067 20475 consensus_queue.cc:237] T 9648d2be6ef84fbeba49a773fb610e0a P ef4b171abef8464b984981ce34b9c98a [LEADER]: Queue going to LEADER mode. State: All replicated index: 0, Majority replicated index: 0, Committed index: 0, Last appended: 0.0, Last appended by leader: 0, Current term: 1, Majority size: 2, State: 0, Mode: LEADER, active raft config: opid_index: -1 OBSOLETE_local: false peers { permanent_uuid: "24048c10d87442b5af65c625217ff816" member_type: VOTER last_known_addr { host: "127.16.219.132" port: 42419 } } peers { permanent_uuid: "7d13b399136f4f4793d6db17123e1a7d" member_type: VOTER last_known_addr { host: "127.16.219.131" port: 43487 } } peers { permanent_uuid: "ef4b171abef8464b984981ce34b9c98a" member_type: VOTER last_known_addr { host: "127.16.219.129" port: 36351 } }
I20260601 13:34:41.239595 20136 catalog_manager.cc:5696] T 9648d2be6ef84fbeba49a773fb610e0a P ef4b171abef8464b984981ce34b9c98a reported cstate change: term changed from 0 to 1, leader changed from <none> to ef4b171abef8464b984981ce34b9c98a (127.16.219.129). New cstate: current_term: 1 leader_uuid: "ef4b171abef8464b984981ce34b9c98a" committed_config { opid_index: -1 OBSOLETE_local: false peers { permanent_uuid: "24048c10d87442b5af65c625217ff816" member_type: VOTER last_known_addr { host: "127.16.219.132" port: 42419 } health_report { overall_health: UNKNOWN } } peers { permanent_uuid: "7d13b399136f4f4793d6db17123e1a7d" member_type: VOTER last_known_addr { host: "127.16.219.131" port: 43487 } health_report { overall_health: UNKNOWN } } peers { permanent_uuid: "ef4b171abef8464b984981ce34b9c98a" member_type: VOTER last_known_addr { host: "127.16.219.129" port: 36351 } health_report { overall_health: HEALTHY } } }
I20260601 13:34:41.240860 20473 consensus_queue.cc:1048] T eba75afd96ac40548d76d390fb781d13 P 7d13b399136f4f4793d6db17123e1a7d [LEADER]: Connected to new peer: Peer: permanent_uuid: "d210d710c4a346b6864b834c5ae49a88" member_type: VOTER last_known_addr { host: "127.16.219.130" port: 38711 }, Status: LMP_MISMATCH, Last received: 0.0, Next index: 1, Last known committed idx: 0, Time since last communication: 0.000s
I20260601 13:34:41.243670 20473 consensus_queue.cc:1048] T eba75afd96ac40548d76d390fb781d13 P 7d13b399136f4f4793d6db17123e1a7d [LEADER]: Connected to new peer: Peer: permanent_uuid: "ef4b171abef8464b984981ce34b9c98a" member_type: VOTER last_known_addr { host: "127.16.219.129" port: 36351 }, Status: LMP_MISMATCH, Last received: 0.0, Next index: 1, Last known committed idx: 0, Time since last communication: 0.000s
I20260601 13:34:41.245258 20475 raft_consensus.cc:493] T ddc2197c55644ce9b15160cdbf1f979f P ef4b171abef8464b984981ce34b9c98a [term 0 FOLLOWER]: Starting pre-election (no leader contacted us within the election timeout)
I20260601 13:34:41.245347 20475 raft_consensus.cc:515] T ddc2197c55644ce9b15160cdbf1f979f P ef4b171abef8464b984981ce34b9c98a [term 0 FOLLOWER]: Starting pre-election with config: opid_index: -1 OBSOLETE_local: false peers { permanent_uuid: "d210d710c4a346b6864b834c5ae49a88" member_type: VOTER last_known_addr { host: "127.16.219.130" port: 38711 } } peers { permanent_uuid: "24048c10d87442b5af65c625217ff816" member_type: VOTER last_known_addr { host: "127.16.219.132" port: 42419 } } peers { permanent_uuid: "ef4b171abef8464b984981ce34b9c98a" member_type: VOTER last_known_addr { host: "127.16.219.129" port: 36351 } }
I20260601 13:34:41.245725 20475 leader_election.cc:290] T ddc2197c55644ce9b15160cdbf1f979f P ef4b171abef8464b984981ce34b9c98a [CANDIDATE]: Term 1 pre-election: Requested pre-vote from peers d210d710c4a346b6864b834c5ae49a88 (127.16.219.130:38711), 24048c10d87442b5af65c625217ff816 (127.16.219.132:42419)
I20260601 13:34:41.246109 20317 tablet_service.cc:1917] Received RequestConsensusVote() RPC: tablet_id: "ddc2197c55644ce9b15160cdbf1f979f" candidate_uuid: "ef4b171abef8464b984981ce34b9c98a" candidate_term: 1 candidate_status { last_received { term: 0 index: 0 } } ignore_live_leader: false dest_uuid: "d210d710c4a346b6864b834c5ae49a88" is_pre_election: true
I20260601 13:34:41.246228 20317 raft_consensus.cc:2468] T ddc2197c55644ce9b15160cdbf1f979f P d210d710c4a346b6864b834c5ae49a88 [term 0 FOLLOWER]: Leader pre-election vote request: Granting yes vote for candidate ef4b171abef8464b984981ce34b9c98a in term 0.
I20260601 13:34:41.246429 20544 tablet_service.cc:1917] Received RequestConsensusVote() RPC: tablet_id: "ddc2197c55644ce9b15160cdbf1f979f" candidate_uuid: "ef4b171abef8464b984981ce34b9c98a" candidate_term: 1 candidate_status { last_received { term: 0 index: 0 } } ignore_live_leader: false dest_uuid: "24048c10d87442b5af65c625217ff816" is_pre_election: true
I20260601 13:34:41.246490 20207 leader_election.cc:304] T ddc2197c55644ce9b15160cdbf1f979f P ef4b171abef8464b984981ce34b9c98a [CANDIDATE]: Term 1 pre-election: Election decided. Result: candidate won. Election summary: received 2 responses out of 3 voters: 2 yes votes; 0 no votes. yes voters: d210d710c4a346b6864b834c5ae49a88, ef4b171abef8464b984981ce34b9c98a; no voters: 
I20260601 13:34:41.246531 20544 raft_consensus.cc:2468] T ddc2197c55644ce9b15160cdbf1f979f P 24048c10d87442b5af65c625217ff816 [term 0 FOLLOWER]: Leader pre-election vote request: Granting yes vote for candidate ef4b171abef8464b984981ce34b9c98a in term 0.
I20260601 13:34:41.246848 20475 raft_consensus.cc:2804] T ddc2197c55644ce9b15160cdbf1f979f P ef4b171abef8464b984981ce34b9c98a [term 0 FOLLOWER]: Leader pre-election won for term 1
I20260601 13:34:41.246917 20475 raft_consensus.cc:493] T ddc2197c55644ce9b15160cdbf1f979f P ef4b171abef8464b984981ce34b9c98a [term 0 FOLLOWER]: Starting leader election (no leader contacted us within the election timeout)
I20260601 13:34:41.246963 20475 raft_consensus.cc:3060] T ddc2197c55644ce9b15160cdbf1f979f P ef4b171abef8464b984981ce34b9c98a [term 0 FOLLOWER]: Advancing to term 1
I20260601 13:34:41.247617 20475 raft_consensus.cc:515] T ddc2197c55644ce9b15160cdbf1f979f P ef4b171abef8464b984981ce34b9c98a [term 1 FOLLOWER]: Starting leader election with config: opid_index: -1 OBSOLETE_local: false peers { permanent_uuid: "d210d710c4a346b6864b834c5ae49a88" member_type: VOTER last_known_addr { host: "127.16.219.130" port: 38711 } } peers { permanent_uuid: "24048c10d87442b5af65c625217ff816" member_type: VOTER last_known_addr { host: "127.16.219.132" port: 42419 } } peers { permanent_uuid: "ef4b171abef8464b984981ce34b9c98a" member_type: VOTER last_known_addr { host: "127.16.219.129" port: 36351 } }
I20260601 13:34:41.247961 20475 leader_election.cc:290] T ddc2197c55644ce9b15160cdbf1f979f P ef4b171abef8464b984981ce34b9c98a [CANDIDATE]: Term 1 election: Requested vote from peers d210d710c4a346b6864b834c5ae49a88 (127.16.219.130:38711), 24048c10d87442b5af65c625217ff816 (127.16.219.132:42419)
I20260601 13:34:41.248185 20317 tablet_service.cc:1917] Received RequestConsensusVote() RPC: tablet_id: "ddc2197c55644ce9b15160cdbf1f979f" candidate_uuid: "ef4b171abef8464b984981ce34b9c98a" candidate_term: 1 candidate_status { last_received { term: 0 index: 0 } } ignore_live_leader: false dest_uuid: "d210d710c4a346b6864b834c5ae49a88"
I20260601 13:34:41.248308 20317 raft_consensus.cc:3060] T ddc2197c55644ce9b15160cdbf1f979f P d210d710c4a346b6864b834c5ae49a88 [term 0 FOLLOWER]: Advancing to term 1
I20260601 13:34:41.248317 20544 tablet_service.cc:1917] Received RequestConsensusVote() RPC: tablet_id: "ddc2197c55644ce9b15160cdbf1f979f" candidate_uuid: "ef4b171abef8464b984981ce34b9c98a" candidate_term: 1 candidate_status { last_received { term: 0 index: 0 } } ignore_live_leader: false dest_uuid: "24048c10d87442b5af65c625217ff816"
I20260601 13:34:41.248452 20544 raft_consensus.cc:3060] T ddc2197c55644ce9b15160cdbf1f979f P 24048c10d87442b5af65c625217ff816 [term 0 FOLLOWER]: Advancing to term 1
I20260601 13:34:41.249068 20317 raft_consensus.cc:2468] T ddc2197c55644ce9b15160cdbf1f979f P d210d710c4a346b6864b834c5ae49a88 [term 1 FOLLOWER]: Leader election vote request: Granting yes vote for candidate ef4b171abef8464b984981ce34b9c98a in term 1.
I20260601 13:34:41.249104 20544 raft_consensus.cc:2468] T ddc2197c55644ce9b15160cdbf1f979f P 24048c10d87442b5af65c625217ff816 [term 1 FOLLOWER]: Leader election vote request: Granting yes vote for candidate ef4b171abef8464b984981ce34b9c98a in term 1.
I20260601 13:34:41.249342 20207 leader_election.cc:304] T ddc2197c55644ce9b15160cdbf1f979f P ef4b171abef8464b984981ce34b9c98a [CANDIDATE]: Term 1 election: Election decided. Result: candidate won. Election summary: received 2 responses out of 3 voters: 2 yes votes; 0 no votes. yes voters: d210d710c4a346b6864b834c5ae49a88, ef4b171abef8464b984981ce34b9c98a; no voters: 
I20260601 13:34:41.249543 20475 raft_consensus.cc:2804] T ddc2197c55644ce9b15160cdbf1f979f P ef4b171abef8464b984981ce34b9c98a [term 1 FOLLOWER]: Leader election won for term 1
I20260601 13:34:41.249644 20475 raft_consensus.cc:697] T ddc2197c55644ce9b15160cdbf1f979f P ef4b171abef8464b984981ce34b9c98a [term 1 LEADER]: Becoming Leader. State: Replica: ef4b171abef8464b984981ce34b9c98a, State: Running, Role: LEADER
I20260601 13:34:41.249773 20475 consensus_queue.cc:237] T ddc2197c55644ce9b15160cdbf1f979f P ef4b171abef8464b984981ce34b9c98a [LEADER]: Queue going to LEADER mode. State: All replicated index: 0, Majority replicated index: 0, Committed index: 0, Last appended: 0.0, Last appended by leader: 0, Current term: 1, Majority size: 2, State: 0, Mode: LEADER, active raft config: opid_index: -1 OBSOLETE_local: false peers { permanent_uuid: "d210d710c4a346b6864b834c5ae49a88" member_type: VOTER last_known_addr { host: "127.16.219.130" port: 38711 } } peers { permanent_uuid: "24048c10d87442b5af65c625217ff816" member_type: VOTER last_known_addr { host: "127.16.219.132" port: 42419 } } peers { permanent_uuid: "ef4b171abef8464b984981ce34b9c98a" member_type: VOTER last_known_addr { host: "127.16.219.129" port: 36351 } }
I20260601 13:34:41.251174 20137 catalog_manager.cc:5696] T ddc2197c55644ce9b15160cdbf1f979f P ef4b171abef8464b984981ce34b9c98a reported cstate change: term changed from 0 to 1, leader changed from <none> to ef4b171abef8464b984981ce34b9c98a (127.16.219.129). New cstate: current_term: 1 leader_uuid: "ef4b171abef8464b984981ce34b9c98a" committed_config { opid_index: -1 OBSOLETE_local: false peers { permanent_uuid: "d210d710c4a346b6864b834c5ae49a88" member_type: VOTER last_known_addr { host: "127.16.219.130" port: 38711 } health_report { overall_health: UNKNOWN } } peers { permanent_uuid: "24048c10d87442b5af65c625217ff816" member_type: VOTER last_known_addr { host: "127.16.219.132" port: 42419 } health_report { overall_health: UNKNOWN } } peers { permanent_uuid: "ef4b171abef8464b984981ce34b9c98a" member_type: VOTER last_known_addr { host: "127.16.219.129" port: 36351 } health_report { overall_health: HEALTHY } } }
I20260601 13:34:41.314157 20192 auto_leader_rebalancer.cc:140] leader rebalance for table range_aware_rebalance_new_range
W20260601 13:34:41.315285 20192 auto_leader_rebalancer.cc:459] the master instance isn't leader: Service unavailable: Tablet not running
W20260601 13:34:41.315305 20186 auto_rebalancer.cc:259] Could not retrieve cluster info: Service unavailable: Tablet not running
