I20260601 13:34:46.554798 11826 catalog_manager.cc:5696] T 6a20d5c464684a249d999999f2cabadc P a4ebe365ce0d42bbaabf0835e6f77f54 reported cstate change: term changed from 1 to 2, leader changed from 2ea3c39bfd9e4385a69463b4a75a4625 (127.8.190.131) to a4ebe365ce0d42bbaabf0835e6f77f54 (127.8.190.132). New cstate: current_term: 2 leader_uuid: "a4ebe365ce0d42bbaabf0835e6f77f54" committed_config { opid_index: 4 OBSOLETE_local: false peers { permanent_uuid: "6a3b1566a60344a4aa5df985cbffe67c" member_type: VOTER last_known_addr { host: "127.8.190.130" port: 46769 } health_report { overall_health: UNKNOWN } } peers { permanent_uuid: "2ea3c39bfd9e4385a69463b4a75a4625" member_type: VOTER last_known_addr { host: "127.8.190.131" port: 41847 } health_report { overall_health: UNKNOWN } } peers { permanent_uuid: "a4ebe365ce0d42bbaabf0835e6f77f54" member_type: VOTER last_known_addr { host: "127.8.190.132" port: 37391 } attrs { promote: false } health_report { overall_health: HEALTHY } } }
I20260601 13:34:46.630887 12222 raft_consensus.cc:1217] T 1f4ea9b1163e47e0a273267bb9cab8c3 P a4ebe365ce0d42bbaabf0835e6f77f54 [term 3 LEARNER]: Deduplicated request from leader. Original: 3.3->[3.4-3.4]   Dedup: 3.4->[]
I20260601 13:34:46.695044 12222 raft_consensus.cc:1217] T 02024eba1a8a43eb891469778a3d5591 P a4ebe365ce0d42bbaabf0835e6f77f54 [term 1 LEARNER]: Deduplicated request from leader. Original: 1.1->[1.2-1.2]   Dedup: 1.2->[]
I20260601 13:34:46.735802 12406 raft_consensus.cc:993] T 02024eba1a8a43eb891469778a3d5591 P cc58cf48f5e440e7bd812973decdf900: : Instructing follower 6a3b1566a60344a4aa5df985cbffe67c to start an election
I20260601 13:34:46.736166 12484 raft_consensus.cc:1081] T 02024eba1a8a43eb891469778a3d5591 P cc58cf48f5e440e7bd812973decdf900 [term 1 LEADER]: Signalling peer 6a3b1566a60344a4aa5df985cbffe67c to start an election
I20260601 13:34:46.736611 12006 tablet_service.cc:2044] Received Run Leader Election RPC: tablet_id: "02024eba1a8a43eb891469778a3d5591"
dest_uuid: "6a3b1566a60344a4aa5df985cbffe67c"
 from {username='slave'} at 127.0.0.1:59762
I20260601 13:34:46.736744 12006 raft_consensus.cc:493] T 02024eba1a8a43eb891469778a3d5591 P 6a3b1566a60344a4aa5df985cbffe67c [term 1 FOLLOWER]: Starting forced leader election (received explicit request)
I20260601 13:34:46.736811 12006 raft_consensus.cc:3060] T 02024eba1a8a43eb891469778a3d5591 P 6a3b1566a60344a4aa5df985cbffe67c [term 1 FOLLOWER]: Advancing to term 2
I20260601 13:34:46.737648 12006 raft_consensus.cc:515] T 02024eba1a8a43eb891469778a3d5591 P 6a3b1566a60344a4aa5df985cbffe67c [term 2 FOLLOWER]: Starting forced leader election with config: opid_index: 2 OBSOLETE_local: false peers { permanent_uuid: "cc58cf48f5e440e7bd812973decdf900" member_type: VOTER last_known_addr { host: "127.8.190.129" port: 37451 } } peers { permanent_uuid: "6a3b1566a60344a4aa5df985cbffe67c" member_type: VOTER last_known_addr { host: "127.8.190.130" port: 46769 } } peers { permanent_uuid: "2ea3c39bfd9e4385a69463b4a75a4625" member_type: VOTER last_known_addr { host: "127.8.190.131" port: 41847 } attrs { replace: true } } peers { permanent_uuid: "a4ebe365ce0d42bbaabf0835e6f77f54" member_type: NON_VOTER last_known_addr { host: "127.8.190.132" port: 37391 } attrs { promote: true } }
I20260601 13:34:46.738075 12006 leader_election.cc:290] T 02024eba1a8a43eb891469778a3d5591 P 6a3b1566a60344a4aa5df985cbffe67c [CANDIDATE]: Term 2 election: Requested vote from peers cc58cf48f5e440e7bd812973decdf900 (127.8.190.129:37451), 2ea3c39bfd9e4385a69463b4a75a4625 (127.8.190.131:41847)
I20260601 13:34:46.738291 11930 tablet_service.cc:1917] Received RequestConsensusVote() RPC: tablet_id: "02024eba1a8a43eb891469778a3d5591" candidate_uuid: "6a3b1566a60344a4aa5df985cbffe67c" candidate_term: 2 candidate_status { last_received { term: 1 index: 2 } } ignore_live_leader: true dest_uuid: "cc58cf48f5e440e7bd812973decdf900"
I20260601 13:34:46.738394 11930 raft_consensus.cc:3055] T 02024eba1a8a43eb891469778a3d5591 P cc58cf48f5e440e7bd812973decdf900 [term 1 LEADER]: Stepping down as leader of term 1
I20260601 13:34:46.738435 11930 raft_consensus.cc:740] T 02024eba1a8a43eb891469778a3d5591 P cc58cf48f5e440e7bd812973decdf900 [term 1 LEADER]: Becoming Follower/Learner. State: Replica: cc58cf48f5e440e7bd812973decdf900, State: Running, Role: LEADER
I20260601 13:34:46.738539 12081 tablet_service.cc:1917] Received RequestConsensusVote() RPC: tablet_id: "02024eba1a8a43eb891469778a3d5591" candidate_uuid: "6a3b1566a60344a4aa5df985cbffe67c" candidate_term: 2 candidate_status { last_received { term: 1 index: 2 } } ignore_live_leader: true dest_uuid: "2ea3c39bfd9e4385a69463b4a75a4625"
I20260601 13:34:46.738647 12081 raft_consensus.cc:3060] T 02024eba1a8a43eb891469778a3d5591 P 2ea3c39bfd9e4385a69463b4a75a4625 [term 1 FOLLOWER]: Advancing to term 2
I20260601 13:34:46.738580 11930 consensus_queue.cc:260] T 02024eba1a8a43eb891469778a3d5591 P cc58cf48f5e440e7bd812973decdf900 [NON_LEADER]: Queue going to NON_LEADER mode. State: All replicated index: 0, Majority replicated index: 2, Committed index: 2, Last appended: 1.2, Last appended by leader: 2, Current term: 1, Majority size: -1, State: 0, Mode: NON_LEADER, active raft config: opid_index: 2 OBSOLETE_local: false peers { permanent_uuid: "cc58cf48f5e440e7bd812973decdf900" member_type: VOTER last_known_addr { host: "127.8.190.129" port: 37451 } } peers { permanent_uuid: "6a3b1566a60344a4aa5df985cbffe67c" member_type: VOTER last_known_addr { host: "127.8.190.130" port: 46769 } } peers { permanent_uuid: "2ea3c39bfd9e4385a69463b4a75a4625" member_type: VOTER last_known_addr { host: "127.8.190.131" port: 41847 } attrs { replace: true } } peers { permanent_uuid: "a4ebe365ce0d42bbaabf0835e6f77f54" member_type: NON_VOTER last_known_addr { host: "127.8.190.132" port: 37391 } attrs { promote: true } }
I20260601 13:34:46.738787 11930 raft_consensus.cc:3060] T 02024eba1a8a43eb891469778a3d5591 P cc58cf48f5e440e7bd812973decdf900 [term 1 FOLLOWER]: Advancing to term 2
I20260601 13:34:46.739331 12081 raft_consensus.cc:2468] T 02024eba1a8a43eb891469778a3d5591 P 2ea3c39bfd9e4385a69463b4a75a4625 [term 2 FOLLOWER]: Leader election vote request: Granting yes vote for candidate 6a3b1566a60344a4aa5df985cbffe67c in term 2.
I20260601 13:34:46.739566 11972 leader_election.cc:304] T 02024eba1a8a43eb891469778a3d5591 P 6a3b1566a60344a4aa5df985cbffe67c [CANDIDATE]: Term 2 election: Election decided. Result: candidate won. Election summary: received 2 responses out of 3 voters: 2 yes votes; 0 no votes. yes voters: 2ea3c39bfd9e4385a69463b4a75a4625, 6a3b1566a60344a4aa5df985cbffe67c; no voters: 
I20260601 13:34:46.739723 11930 raft_consensus.cc:2468] T 02024eba1a8a43eb891469778a3d5591 P cc58cf48f5e440e7bd812973decdf900 [term 2 FOLLOWER]: Leader election vote request: Granting yes vote for candidate 6a3b1566a60344a4aa5df985cbffe67c in term 2.
I20260601 13:34:46.739974 12144 raft_consensus.cc:2804] T 02024eba1a8a43eb891469778a3d5591 P 6a3b1566a60344a4aa5df985cbffe67c [term 2 FOLLOWER]: Leader election won for term 2
I20260601 13:34:46.740126 12144 raft_consensus.cc:697] T 02024eba1a8a43eb891469778a3d5591 P 6a3b1566a60344a4aa5df985cbffe67c [term 2 LEADER]: Becoming Leader. State: Replica: 6a3b1566a60344a4aa5df985cbffe67c, State: Running, Role: LEADER
I20260601 13:34:46.740254 12144 consensus_queue.cc:237] T 02024eba1a8a43eb891469778a3d5591 P 6a3b1566a60344a4aa5df985cbffe67c [LEADER]: Queue going to LEADER mode. State: All replicated index: 0, Majority replicated index: 2, Committed index: 2, Last appended: 1.2, Last appended by leader: 2, Current term: 2, Majority size: 2, State: 0, Mode: LEADER, active raft config: opid_index: 2 OBSOLETE_local: false peers { permanent_uuid: "cc58cf48f5e440e7bd812973decdf900" member_type: VOTER last_known_addr { host: "127.8.190.129" port: 37451 } } peers { permanent_uuid: "6a3b1566a60344a4aa5df985cbffe67c" member_type: VOTER last_known_addr { host: "127.8.190.130" port: 46769 } } peers { permanent_uuid: "2ea3c39bfd9e4385a69463b4a75a4625" member_type: VOTER last_known_addr { host: "127.8.190.131" port: 41847 } attrs { replace: true } } peers { permanent_uuid: "a4ebe365ce0d42bbaabf0835e6f77f54" member_type: NON_VOTER last_known_addr { host: "127.8.190.132" port: 37391 } attrs { promote: true } }
I20260601 13:34:46.741892 11828 catalog_manager.cc:5696] T 02024eba1a8a43eb891469778a3d5591 P 6a3b1566a60344a4aa5df985cbffe67c reported cstate change: term changed from 1 to 2, leader changed from cc58cf48f5e440e7bd812973decdf900 (127.8.190.129) to 6a3b1566a60344a4aa5df985cbffe67c (127.8.190.130). New cstate: current_term: 2 leader_uuid: "6a3b1566a60344a4aa5df985cbffe67c" committed_config { opid_index: 2 OBSOLETE_local: false peers { permanent_uuid: "cc58cf48f5e440e7bd812973decdf900" member_type: VOTER last_known_addr { host: "127.8.190.129" port: 37451 } health_report { overall_health: UNKNOWN } } peers { permanent_uuid: "6a3b1566a60344a4aa5df985cbffe67c" member_type: VOTER last_known_addr { host: "127.8.190.130" port: 46769 } health_report { overall_health: HEALTHY } } peers { permanent_uuid: "2ea3c39bfd9e4385a69463b4a75a4625" member_type: VOTER last_known_addr { host: "127.8.190.131" port: 41847 } attrs { replace: true } health_report { overall_health: UNKNOWN } } peers { permanent_uuid: "a4ebe365ce0d42bbaabf0835e6f77f54" member_type: NON_VOTER last_known_addr { host: "127.8.190.132" port: 37391 } attrs { promote: true } health_report { overall_health: UNKNOWN } } }
I20260601 13:34:46.771303 12222 raft_consensus.cc:1217] T cfcc9baa1a8d4b21b3e14cad3b86cdd3 P a4ebe365ce0d42bbaabf0835e6f77f54 [term 2 LEARNER]: Deduplicated request from leader. Original: 2.2->[2.3-2.3]   Dedup: 2.3->[]
I20260601 13:34:46.861086 12222 raft_consensus.cc:1217] T 55b421fec9a2479bb78006ae77bc1f8b P a4ebe365ce0d42bbaabf0835e6f77f54 [term 1 LEARNER]: Deduplicated request from leader. Original: 1.1->[1.2-1.2]   Dedup: 1.2->[]
I20260601 13:34:46.899372 12406 raft_consensus.cc:993] T 4caecea8a9a44446bab0ec4e0cc7d76a P cc58cf48f5e440e7bd812973decdf900: : Instructing follower 2ea3c39bfd9e4385a69463b4a75a4625 to start an election
I20260601 13:34:46.899514 12406 raft_consensus.cc:1081] T 4caecea8a9a44446bab0ec4e0cc7d76a P cc58cf48f5e440e7bd812973decdf900 [term 1 LEADER]: Signalling peer 2ea3c39bfd9e4385a69463b4a75a4625 to start an election
I20260601 13:34:46.900017 12081 tablet_service.cc:2044] Received Run Leader Election RPC: tablet_id: "4caecea8a9a44446bab0ec4e0cc7d76a"
dest_uuid: "2ea3c39bfd9e4385a69463b4a75a4625"
 from {username='slave'} at 127.0.0.1:50292
I20260601 13:34:46.900193 12081 raft_consensus.cc:493] T 4caecea8a9a44446bab0ec4e0cc7d76a P 2ea3c39bfd9e4385a69463b4a75a4625 [term 1 FOLLOWER]: Starting forced leader election (received explicit request)
I20260601 13:34:46.900270 12081 raft_consensus.cc:3060] T 4caecea8a9a44446bab0ec4e0cc7d76a P 2ea3c39bfd9e4385a69463b4a75a4625 [term 1 FOLLOWER]: Advancing to term 2
I20260601 13:34:46.901096 12081 raft_consensus.cc:515] T 4caecea8a9a44446bab0ec4e0cc7d76a P 2ea3c39bfd9e4385a69463b4a75a4625 [term 2 FOLLOWER]: Starting forced leader election with config: opid_index: -1 OBSOLETE_local: false peers { permanent_uuid: "cc58cf48f5e440e7bd812973decdf900" member_type: VOTER last_known_addr { host: "127.8.190.129" port: 37451 } } peers { permanent_uuid: "6a3b1566a60344a4aa5df985cbffe67c" member_type: VOTER last_known_addr { host: "127.8.190.130" port: 46769 } } peers { permanent_uuid: "2ea3c39bfd9e4385a69463b4a75a4625" member_type: VOTER last_known_addr { host: "127.8.190.131" port: 41847 } }
I20260601 13:34:46.901510 12081 leader_election.cc:290] T 4caecea8a9a44446bab0ec4e0cc7d76a P 2ea3c39bfd9e4385a69463b4a75a4625 [CANDIDATE]: Term 2 election: Requested vote from peers cc58cf48f5e440e7bd812973decdf900 (127.8.190.129:37451), 6a3b1566a60344a4aa5df985cbffe67c (127.8.190.130:46769)
I20260601 13:34:46.901857 12006 tablet_service.cc:1917] Received RequestConsensusVote() RPC: tablet_id: "4caecea8a9a44446bab0ec4e0cc7d76a" candidate_uuid: "2ea3c39bfd9e4385a69463b4a75a4625" candidate_term: 2 candidate_status { last_received { term: 1 index: 1 } } ignore_live_leader: true dest_uuid: "6a3b1566a60344a4aa5df985cbffe67c"
I20260601 13:34:46.901904 11930 tablet_service.cc:1917] Received RequestConsensusVote() RPC: tablet_id: "4caecea8a9a44446bab0ec4e0cc7d76a" candidate_uuid: "2ea3c39bfd9e4385a69463b4a75a4625" candidate_term: 2 candidate_status { last_received { term: 1 index: 1 } } ignore_live_leader: true dest_uuid: "cc58cf48f5e440e7bd812973decdf900"
I20260601 13:34:46.901978 12006 raft_consensus.cc:3060] T 4caecea8a9a44446bab0ec4e0cc7d76a P 6a3b1566a60344a4aa5df985cbffe67c [term 1 FOLLOWER]: Advancing to term 2
I20260601 13:34:46.902025 11930 raft_consensus.cc:3055] T 4caecea8a9a44446bab0ec4e0cc7d76a P cc58cf48f5e440e7bd812973decdf900 [term 1 LEADER]: Stepping down as leader of term 1
I20260601 13:34:46.902081 11930 raft_consensus.cc:740] T 4caecea8a9a44446bab0ec4e0cc7d76a P cc58cf48f5e440e7bd812973decdf900 [term 1 LEADER]: Becoming Follower/Learner. State: Replica: cc58cf48f5e440e7bd812973decdf900, State: Running, Role: LEADER
I20260601 13:34:46.902356 11930 consensus_queue.cc:260] T 4caecea8a9a44446bab0ec4e0cc7d76a P cc58cf48f5e440e7bd812973decdf900 [NON_LEADER]: Queue going to NON_LEADER mode. State: All replicated index: 0, Majority replicated index: 1, Committed index: 1, Last appended: 1.1, Last appended by leader: 1, Current term: 1, Majority size: -1, State: 0, Mode: NON_LEADER, active raft config: opid_index: -1 OBSOLETE_local: false peers { permanent_uuid: "cc58cf48f5e440e7bd812973decdf900" member_type: VOTER last_known_addr { host: "127.8.190.129" port: 37451 } } peers { permanent_uuid: "6a3b1566a60344a4aa5df985cbffe67c" member_type: VOTER last_known_addr { host: "127.8.190.130" port: 46769 } } peers { permanent_uuid: "2ea3c39bfd9e4385a69463b4a75a4625" member_type: VOTER last_known_addr { host: "127.8.190.131" port: 41847 } }
I20260601 13:34:46.902555 11930 raft_consensus.cc:3060] T 4caecea8a9a44446bab0ec4e0cc7d76a P cc58cf48f5e440e7bd812973decdf900 [term 1 FOLLOWER]: Advancing to term 2
I20260601 13:34:46.903071 12006 raft_consensus.cc:2468] T 4caecea8a9a44446bab0ec4e0cc7d76a P 6a3b1566a60344a4aa5df985cbffe67c [term 2 FOLLOWER]: Leader election vote request: Granting yes vote for candidate 2ea3c39bfd9e4385a69463b4a75a4625 in term 2.
I20260601 13:34:46.903379 12047 leader_election.cc:304] T 4caecea8a9a44446bab0ec4e0cc7d76a P 2ea3c39bfd9e4385a69463b4a75a4625 [CANDIDATE]: Term 2 election: Election decided. Result: candidate won. Election summary: received 2 responses out of 3 voters: 2 yes votes; 0 no votes. yes voters: 2ea3c39bfd9e4385a69463b4a75a4625, 6a3b1566a60344a4aa5df985cbffe67c; no voters: 
I20260601 13:34:46.903535 12376 raft_consensus.cc:2804] T 4caecea8a9a44446bab0ec4e0cc7d76a P 2ea3c39bfd9e4385a69463b4a75a4625 [term 2 FOLLOWER]: Leader election won for term 2
I20260601 13:34:46.903614 11930 raft_consensus.cc:2468] T 4caecea8a9a44446bab0ec4e0cc7d76a P cc58cf48f5e440e7bd812973decdf900 [term 2 FOLLOWER]: Leader election vote request: Granting yes vote for candidate 2ea3c39bfd9e4385a69463b4a75a4625 in term 2.
I20260601 13:34:46.903640 12376 raft_consensus.cc:697] T 4caecea8a9a44446bab0ec4e0cc7d76a P 2ea3c39bfd9e4385a69463b4a75a4625 [term 2 LEADER]: Becoming Leader. State: Replica: 2ea3c39bfd9e4385a69463b4a75a4625, State: Running, Role: LEADER
I20260601 13:34:46.903789 12376 consensus_queue.cc:237] T 4caecea8a9a44446bab0ec4e0cc7d76a P 2ea3c39bfd9e4385a69463b4a75a4625 [LEADER]: Queue going to LEADER mode. State: All replicated index: 0, Majority replicated index: 1, Committed index: 1, Last appended: 1.1, Last appended by leader: 1, Current term: 2, Majority size: 2, State: 0, Mode: LEADER, active raft config: opid_index: -1 OBSOLETE_local: false peers { permanent_uuid: "cc58cf48f5e440e7bd812973decdf900" member_type: VOTER last_known_addr { host: "127.8.190.129" port: 37451 } } peers { permanent_uuid: "6a3b1566a60344a4aa5df985cbffe67c" member_type: VOTER last_known_addr { host: "127.8.190.130" port: 46769 } } peers { permanent_uuid: "2ea3c39bfd9e4385a69463b4a75a4625" member_type: VOTER last_known_addr { host: "127.8.190.131" port: 41847 } }
I20260601 13:34:46.905354 11826 catalog_manager.cc:5696] T 4caecea8a9a44446bab0ec4e0cc7d76a P 2ea3c39bfd9e4385a69463b4a75a4625 reported cstate change: term changed from 1 to 2, leader changed from cc58cf48f5e440e7bd812973decdf900 (127.8.190.129) to 2ea3c39bfd9e4385a69463b4a75a4625 (127.8.190.131). New cstate: current_term: 2 leader_uuid: "2ea3c39bfd9e4385a69463b4a75a4625" committed_config { opid_index: -1 OBSOLETE_local: false peers { permanent_uuid: "cc58cf48f5e440e7bd812973decdf900" member_type: VOTER last_known_addr { host: "127.8.190.129" port: 37451 } health_report { overall_health: UNKNOWN } } peers { permanent_uuid: "6a3b1566a60344a4aa5df985cbffe67c" member_type: VOTER last_known_addr { host: "127.8.190.130" port: 46769 } health_report { overall_health: UNKNOWN } } peers { permanent_uuid: "2ea3c39bfd9e4385a69463b4a75a4625" member_type: VOTER last_known_addr { host: "127.8.190.131" port: 41847 } health_report { overall_health: HEALTHY } } }
I20260601 13:34:47.035678 12376 raft_consensus.cc:1064] T 1f4ea9b1163e47e0a273267bb9cab8c3 P 2ea3c39bfd9e4385a69463b4a75a4625: attempting to promote NON_VOTER a4ebe365ce0d42bbaabf0835e6f77f54 to VOTER
I20260601 13:34:47.036173 12376 consensus_queue.cc:237] T 1f4ea9b1163e47e0a273267bb9cab8c3 P 2ea3c39bfd9e4385a69463b4a75a4625 [LEADER]: Queue going to LEADER mode. State: All replicated index: 0, Majority replicated index: 4, Committed index: 4, Last appended: 3.4, Last appended by leader: 2, Current term: 3, Majority size: 3, State: 0, Mode: LEADER, active raft config: opid_index: 5 OBSOLETE_local: false peers { permanent_uuid: "6a3b1566a60344a4aa5df985cbffe67c" member_type: VOTER last_known_addr { host: "127.8.190.130" port: 46769 } } peers { permanent_uuid: "cc58cf48f5e440e7bd812973decdf900" member_type: VOTER last_known_addr { host: "127.8.190.129" port: 37451 } attrs { replace: true } } peers { permanent_uuid: "2ea3c39bfd9e4385a69463b4a75a4625" member_type: VOTER last_known_addr { host: "127.8.190.131" port: 41847 } } peers { permanent_uuid: "a4ebe365ce0d42bbaabf0835e6f77f54" member_type: VOTER last_known_addr { host: "127.8.190.132" port: 37391 } attrs { promote: false } }
I20260601 13:34:47.037802 12006 raft_consensus.cc:1275] T 1f4ea9b1163e47e0a273267bb9cab8c3 P 6a3b1566a60344a4aa5df985cbffe67c [term 3 FOLLOWER]: Refusing update from remote peer 2ea3c39bfd9e4385a69463b4a75a4625: Log matching property violated. Preceding OpId in replica: term: 3 index: 4. Preceding OpId from leader: term: 3 index: 5. (index mismatch)
I20260601 13:34:47.037871 12222 raft_consensus.cc:1275] T 1f4ea9b1163e47e0a273267bb9cab8c3 P a4ebe365ce0d42bbaabf0835e6f77f54 [term 3 LEARNER]: Refusing update from remote peer 2ea3c39bfd9e4385a69463b4a75a4625: Log matching property violated. Preceding OpId in replica: term: 3 index: 4. Preceding OpId from leader: term: 3 index: 5. (index mismatch)
I20260601 13:34:47.037871 11930 raft_consensus.cc:1275] T 1f4ea9b1163e47e0a273267bb9cab8c3 P cc58cf48f5e440e7bd812973decdf900 [term 3 FOLLOWER]: Refusing update from remote peer 2ea3c39bfd9e4385a69463b4a75a4625: Log matching property violated. Preceding OpId in replica: term: 3 index: 4. Preceding OpId from leader: term: 3 index: 5. (index mismatch)
I20260601 13:34:47.038180 12482 consensus_queue.cc:1048] T 1f4ea9b1163e47e0a273267bb9cab8c3 P 2ea3c39bfd9e4385a69463b4a75a4625 [LEADER]: Connected to new peer: Peer: permanent_uuid: "6a3b1566a60344a4aa5df985cbffe67c" member_type: VOTER last_known_addr { host: "127.8.190.130" port: 46769 }, Status: LMP_MISMATCH, Last received: 0.0, Next index: 5, Last known committed idx: 4, Time since last communication: 0.000s
I20260601 13:34:47.038441 12476 consensus_queue.cc:1048] T 1f4ea9b1163e47e0a273267bb9cab8c3 P 2ea3c39bfd9e4385a69463b4a75a4625 [LEADER]: Connected to new peer: Peer: permanent_uuid: "cc58cf48f5e440e7bd812973decdf900" member_type: VOTER last_known_addr { host: "127.8.190.129" port: 37451 } attrs { replace: true }, Status: LMP_MISMATCH, Last received: 0.0, Next index: 5, Last known committed idx: 4, Time since last communication: 0.000s
I20260601 13:34:47.038774 12488 consensus_queue.cc:1048] T 1f4ea9b1163e47e0a273267bb9cab8c3 P 2ea3c39bfd9e4385a69463b4a75a4625 [LEADER]: Connected to new peer: Peer: permanent_uuid: "a4ebe365ce0d42bbaabf0835e6f77f54" member_type: VOTER last_known_addr { host: "127.8.190.132" port: 37391 } attrs { promote: false }, Status: LMP_MISMATCH, Last received: 0.0, Next index: 5, Last known committed idx: 4, Time since last communication: 0.000s
I20260601 13:34:47.040607 12482 raft_consensus.cc:2955] T 1f4ea9b1163e47e0a273267bb9cab8c3 P 2ea3c39bfd9e4385a69463b4a75a4625 [term 3 LEADER]: Committing config change with OpId 3.5: config changed from index 4 to 5, a4ebe365ce0d42bbaabf0835e6f77f54 (127.8.190.132) changed from NON_VOTER to VOTER. New config: { opid_index: 5 OBSOLETE_local: false peers { permanent_uuid: "6a3b1566a60344a4aa5df985cbffe67c" member_type: VOTER last_known_addr { host: "127.8.190.130" port: 46769 } } peers { permanent_uuid: "cc58cf48f5e440e7bd812973decdf900" member_type: VOTER last_known_addr { host: "127.8.190.129" port: 37451 } attrs { replace: true } } peers { permanent_uuid: "2ea3c39bfd9e4385a69463b4a75a4625" member_type: VOTER last_known_addr { host: "127.8.190.131" port: 41847 } } peers { permanent_uuid: "a4ebe365ce0d42bbaabf0835e6f77f54" member_type: VOTER last_known_addr { host: "127.8.190.132" port: 37391 } attrs { promote: false } } }
I20260601 13:34:47.041085 12222 raft_consensus.cc:2955] T 1f4ea9b1163e47e0a273267bb9cab8c3 P a4ebe365ce0d42bbaabf0835e6f77f54 [term 3 FOLLOWER]: Committing config change with OpId 3.5: config changed from index 4 to 5, a4ebe365ce0d42bbaabf0835e6f77f54 (127.8.190.132) changed from NON_VOTER to VOTER. New config: { opid_index: 5 OBSOLETE_local: false peers { permanent_uuid: "6a3b1566a60344a4aa5df985cbffe67c" member_type: VOTER last_known_addr { host: "127.8.190.130" port: 46769 } } peers { permanent_uuid: "cc58cf48f5e440e7bd812973decdf900" member_type: VOTER last_known_addr { host: "127.8.190.129" port: 37451 } attrs { replace: true } } peers { permanent_uuid: "2ea3c39bfd9e4385a69463b4a75a4625" member_type: VOTER last_known_addr { host: "127.8.190.131" port: 41847 } } peers { permanent_uuid: "a4ebe365ce0d42bbaabf0835e6f77f54" member_type: VOTER last_known_addr { host: "127.8.190.132" port: 37391 } attrs { promote: false } } }
I20260601 13:34:47.042023 11930 raft_consensus.cc:2955] T 1f4ea9b1163e47e0a273267bb9cab8c3 P cc58cf48f5e440e7bd812973decdf900 [term 3 FOLLOWER]: Committing config change with OpId 3.5: config changed from index 4 to 5, a4ebe365ce0d42bbaabf0835e6f77f54 (127.8.190.132) changed from NON_VOTER to VOTER. New config: { opid_index: 5 OBSOLETE_local: false peers { permanent_uuid: "6a3b1566a60344a4aa5df985cbffe67c" member_type: VOTER last_known_addr { host: "127.8.190.130" port: 46769 } } peers { permanent_uuid: "cc58cf48f5e440e7bd812973decdf900" member_type: VOTER last_known_addr { host: "127.8.190.129" port: 37451 } attrs { replace: true } } peers { permanent_uuid: "2ea3c39bfd9e4385a69463b4a75a4625" member_type: VOTER last_known_addr { host: "127.8.190.131" port: 41847 } } peers { permanent_uuid: "a4ebe365ce0d42bbaabf0835e6f77f54" member_type: VOTER last_known_addr { host: "127.8.190.132" port: 37391 } attrs { promote: false } } }
I20260601 13:34:47.044370 11826 catalog_manager.cc:5696] T 1f4ea9b1163e47e0a273267bb9cab8c3 P cc58cf48f5e440e7bd812973decdf900 reported cstate change: config changed from index 4 to 5, a4ebe365ce0d42bbaabf0835e6f77f54 (127.8.190.132) changed from NON_VOTER to VOTER. New cstate: current_term: 3 leader_uuid: "2ea3c39bfd9e4385a69463b4a75a4625" committed_config { opid_index: 5 OBSOLETE_local: false peers { permanent_uuid: "6a3b1566a60344a4aa5df985cbffe67c" member_type: VOTER last_known_addr { host: "127.8.190.130" port: 46769 } } peers { permanent_uuid: "cc58cf48f5e440e7bd812973decdf900" member_type: VOTER last_known_addr { host: "127.8.190.129" port: 37451 } attrs { replace: true } } peers { permanent_uuid: "2ea3c39bfd9e4385a69463b4a75a4625" member_type: VOTER last_known_addr { host: "127.8.190.131" port: 41847 } } peers { permanent_uuid: "a4ebe365ce0d42bbaabf0835e6f77f54" member_type: VOTER last_known_addr { host: "127.8.190.132" port: 37391 } attrs { promote: false } } }
I20260601 13:34:47.045300 12006 raft_consensus.cc:2955] T 1f4ea9b1163e47e0a273267bb9cab8c3 P 6a3b1566a60344a4aa5df985cbffe67c [term 3 FOLLOWER]: Committing config change with OpId 3.5: config changed from index 4 to 5, a4ebe365ce0d42bbaabf0835e6f77f54 (127.8.190.132) changed from NON_VOTER to VOTER. New config: { opid_index: 5 OBSOLETE_local: false peers { permanent_uuid: "6a3b1566a60344a4aa5df985cbffe67c" member_type: VOTER last_known_addr { host: "127.8.190.130" port: 46769 } } peers { permanent_uuid: "cc58cf48f5e440e7bd812973decdf900" member_type: VOTER last_known_addr { host: "127.8.190.129" port: 37451 } attrs { replace: true } } peers { permanent_uuid: "2ea3c39bfd9e4385a69463b4a75a4625" member_type: VOTER last_known_addr { host: "127.8.190.131" port: 41847 } } peers { permanent_uuid: "a4ebe365ce0d42bbaabf0835e6f77f54" member_type: VOTER last_known_addr { host: "127.8.190.132" port: 37391 } attrs { promote: false } } }
I20260601 13:34:47.048102 12081 consensus_queue.cc:237] T 1f4ea9b1163e47e0a273267bb9cab8c3 P 2ea3c39bfd9e4385a69463b4a75a4625 [LEADER]: Queue going to LEADER mode. State: All replicated index: 0, Majority replicated index: 5, Committed index: 5, Last appended: 3.5, Last appended by leader: 2, Current term: 3, Majority size: 2, State: 0, Mode: LEADER, active raft config: opid_index: 6 OBSOLETE_local: false peers { permanent_uuid: "6a3b1566a60344a4aa5df985cbffe67c" member_type: VOTER last_known_addr { host: "127.8.190.130" port: 46769 } } peers { permanent_uuid: "2ea3c39bfd9e4385a69463b4a75a4625" member_type: VOTER last_known_addr { host: "127.8.190.131" port: 41847 } } peers { permanent_uuid: "a4ebe365ce0d42bbaabf0835e6f77f54" member_type: VOTER last_known_addr { host: "127.8.190.132" port: 37391 } attrs { promote: false } }
I20260601 13:34:47.049319 12006 raft_consensus.cc:1275] T 1f4ea9b1163e47e0a273267bb9cab8c3 P 6a3b1566a60344a4aa5df985cbffe67c [term 3 FOLLOWER]: Refusing update from remote peer 2ea3c39bfd9e4385a69463b4a75a4625: Log matching property violated. Preceding OpId in replica: term: 3 index: 5. Preceding OpId from leader: term: 3 index: 6. (index mismatch)
I20260601 13:34:47.049330 12222 raft_consensus.cc:1275] T 1f4ea9b1163e47e0a273267bb9cab8c3 P a4ebe365ce0d42bbaabf0835e6f77f54 [term 3 FOLLOWER]: Refusing update from remote peer 2ea3c39bfd9e4385a69463b4a75a4625: Log matching property violated. Preceding OpId in replica: term: 3 index: 5. Preceding OpId from leader: term: 3 index: 6. (index mismatch)
I20260601 13:34:47.049789 12488 consensus_queue.cc:1048] T 1f4ea9b1163e47e0a273267bb9cab8c3 P 2ea3c39bfd9e4385a69463b4a75a4625 [LEADER]: Connected to new peer: Peer: permanent_uuid: "6a3b1566a60344a4aa5df985cbffe67c" member_type: VOTER last_known_addr { host: "127.8.190.130" port: 46769 }, Status: LMP_MISMATCH, Last received: 0.0, Next index: 6, Last known committed idx: 5, Time since last communication: 0.000s
I20260601 13:34:47.049957 12476 consensus_queue.cc:1048] T 1f4ea9b1163e47e0a273267bb9cab8c3 P 2ea3c39bfd9e4385a69463b4a75a4625 [LEADER]: Connected to new peer: Peer: permanent_uuid: "a4ebe365ce0d42bbaabf0835e6f77f54" member_type: VOTER last_known_addr { host: "127.8.190.132" port: 37391 } attrs { promote: false }, Status: LMP_MISMATCH, Last received: 0.0, Next index: 6, Last known committed idx: 5, Time since last communication: 0.000s
I20260601 13:34:47.051198 12488 raft_consensus.cc:2955] T 1f4ea9b1163e47e0a273267bb9cab8c3 P 2ea3c39bfd9e4385a69463b4a75a4625 [term 3 LEADER]: Committing config change with OpId 3.6: config changed from index 5 to 6, VOTER cc58cf48f5e440e7bd812973decdf900 (127.8.190.129) evicted. New config: { opid_index: 6 OBSOLETE_local: false peers { permanent_uuid: "6a3b1566a60344a4aa5df985cbffe67c" member_type: VOTER last_known_addr { host: "127.8.190.130" port: 46769 } } peers { permanent_uuid: "2ea3c39bfd9e4385a69463b4a75a4625" member_type: VOTER last_known_addr { host: "127.8.190.131" port: 41847 } } peers { permanent_uuid: "a4ebe365ce0d42bbaabf0835e6f77f54" member_type: VOTER last_known_addr { host: "127.8.190.132" port: 37391 } attrs { promote: false } } }
I20260601 13:34:47.051925 12006 raft_consensus.cc:2955] T 1f4ea9b1163e47e0a273267bb9cab8c3 P 6a3b1566a60344a4aa5df985cbffe67c [term 3 FOLLOWER]: Committing config change with OpId 3.6: config changed from index 5 to 6, VOTER cc58cf48f5e440e7bd812973decdf900 (127.8.190.129) evicted. New config: { opid_index: 6 OBSOLETE_local: false peers { permanent_uuid: "6a3b1566a60344a4aa5df985cbffe67c" member_type: VOTER last_known_addr { host: "127.8.190.130" port: 46769 } } peers { permanent_uuid: "2ea3c39bfd9e4385a69463b4a75a4625" member_type: VOTER last_known_addr { host: "127.8.190.131" port: 41847 } } peers { permanent_uuid: "a4ebe365ce0d42bbaabf0835e6f77f54" member_type: VOTER last_known_addr { host: "127.8.190.132" port: 37391 } attrs { promote: false } } }
I20260601 13:34:47.053131 11826 catalog_manager.cc:5696] T 1f4ea9b1163e47e0a273267bb9cab8c3 P 2ea3c39bfd9e4385a69463b4a75a4625 reported cstate change: config changed from index 5 to 6, VOTER cc58cf48f5e440e7bd812973decdf900 (127.8.190.129) evicted. New cstate: current_term: 3 leader_uuid: "2ea3c39bfd9e4385a69463b4a75a4625" committed_config { opid_index: 6 OBSOLETE_local: false peers { permanent_uuid: "6a3b1566a60344a4aa5df985cbffe67c" member_type: VOTER last_known_addr { host: "127.8.190.130" port: 46769 } health_report { overall_health: HEALTHY } } peers { permanent_uuid: "2ea3c39bfd9e4385a69463b4a75a4625" member_type: VOTER last_known_addr { host: "127.8.190.131" port: 41847 } health_report { overall_health: HEALTHY } } peers { permanent_uuid: "a4ebe365ce0d42bbaabf0835e6f77f54" member_type: VOTER last_known_addr { host: "127.8.190.132" port: 37391 } attrs { promote: false } health_report { overall_health: HEALTHY } } }
I20260601 13:34:47.053511 11814 catalog_manager.cc:5209] ChangeConfig:REMOVE_PEER RPC for tablet 1f4ea9b1163e47e0a273267bb9cab8c3 with cas_config_opid_index 5: ChangeConfig:REMOVE_PEER succeeded (attempt 1)
I20260601 13:34:47.053865 12222 raft_consensus.cc:2955] T 1f4ea9b1163e47e0a273267bb9cab8c3 P a4ebe365ce0d42bbaabf0835e6f77f54 [term 3 FOLLOWER]: Committing config change with OpId 3.6: config changed from index 5 to 6, VOTER cc58cf48f5e440e7bd812973decdf900 (127.8.190.129) evicted. New config: { opid_index: 6 OBSOLETE_local: false peers { permanent_uuid: "6a3b1566a60344a4aa5df985cbffe67c" member_type: VOTER last_known_addr { host: "127.8.190.130" port: 46769 } } peers { permanent_uuid: "2ea3c39bfd9e4385a69463b4a75a4625" member_type: VOTER last_known_addr { host: "127.8.190.131" port: 41847 } } peers { permanent_uuid: "a4ebe365ce0d42bbaabf0835e6f77f54" member_type: VOTER last_known_addr { host: "127.8.190.132" port: 37391 } attrs { promote: false } } }
I20260601 13:34:47.055739 11918 tablet_service.cc:1558] Processing DeleteTablet for tablet 1f4ea9b1163e47e0a273267bb9cab8c3 with delete_type TABLET_DATA_TOMBSTONED (TS cc58cf48f5e440e7bd812973decdf900 not found in new config with opid_index 6) from {username='slave'} at 127.0.0.1:52858
I20260601 13:34:47.056732 12492 tablet_replica.cc:333] T 1f4ea9b1163e47e0a273267bb9cab8c3 P cc58cf48f5e440e7bd812973decdf900: stopping tablet replica
I20260601 13:34:47.056927 12492 raft_consensus.cc:2243] T 1f4ea9b1163e47e0a273267bb9cab8c3 P cc58cf48f5e440e7bd812973decdf900 [term 3 FOLLOWER]: Raft consensus shutting down.
I20260601 13:34:47.057106 12492 raft_consensus.cc:2272] T 1f4ea9b1163e47e0a273267bb9cab8c3 P cc58cf48f5e440e7bd812973decdf900 [term 3 FOLLOWER]: Raft consensus is shut down!
I20260601 13:34:47.057741 12492 ts_tablet_manager.cc:1916] T 1f4ea9b1163e47e0a273267bb9cab8c3 P cc58cf48f5e440e7bd812973decdf900: Deleting tablet data with delete state TABLET_DATA_TOMBSTONED
I20260601 13:34:47.059391 12081 raft_consensus.cc:1275] T 6a20d5c464684a249d999999f2cabadc P 2ea3c39bfd9e4385a69463b4a75a4625 [term 2 FOLLOWER]: Refusing update from remote peer a4ebe365ce0d42bbaabf0835e6f77f54: Log matching property violated. Preceding OpId in replica: term: 1 index: 4. Preceding OpId from leader: term: 2 index: 5. (index mismatch)
I20260601 13:34:47.059736 12463 consensus_queue.cc:1048] T 6a20d5c464684a249d999999f2cabadc P a4ebe365ce0d42bbaabf0835e6f77f54 [LEADER]: Connected to new peer: Peer: permanent_uuid: "2ea3c39bfd9e4385a69463b4a75a4625" member_type: VOTER last_known_addr { host: "127.8.190.131" port: 41847 }, Status: LMP_MISMATCH, Last received: 0.0, Next index: 5, Last known committed idx: 4, Time since last communication: 0.000s
I20260601 13:34:47.059785 12492 ts_tablet_manager.cc:1929] T 1f4ea9b1163e47e0a273267bb9cab8c3 P cc58cf48f5e440e7bd812973decdf900: tablet deleted with delete type TABLET_DATA_TOMBSTONED: last-logged OpId 3.5
I20260601 13:34:47.059862 12492 log.cc:1199] T 1f4ea9b1163e47e0a273267bb9cab8c3 P cc58cf48f5e440e7bd812973decdf900: Deleting WAL directory at /tmp/dist-test-taskpJylwi/test-tmp/auto_rebalancer-test.0.AutoRebalancerTest.RangeAwareRebalancesNewRangeReplicas.1780320808856641-8954-0/minicluster-data/ts-0-root/wals/1f4ea9b1163e47e0a273267bb9cab8c3
I20260601 13:34:47.060387 11813 catalog_manager.cc:5027] TS cc58cf48f5e440e7bd812973decdf900 (127.8.190.129:37451): tablet 1f4ea9b1163e47e0a273267bb9cab8c3 (table range_aware_rebalance_new_range [id=8c5f412507c94da7ac6af05e5ae88c35]) successfully deleted
I20260601 13:34:47.062856 12006 raft_consensus.cc:1275] T 6a20d5c464684a249d999999f2cabadc P 6a3b1566a60344a4aa5df985cbffe67c [term 2 FOLLOWER]: Refusing update from remote peer a4ebe365ce0d42bbaabf0835e6f77f54: Log matching property violated. Preceding OpId in replica: term: 1 index: 4. Preceding OpId from leader: term: 2 index: 5. (index mismatch)
I20260601 13:34:47.063388 12496 consensus_queue.cc:1048] T 6a20d5c464684a249d999999f2cabadc P a4ebe365ce0d42bbaabf0835e6f77f54 [LEADER]: Connected to new peer: Peer: permanent_uuid: "6a3b1566a60344a4aa5df985cbffe67c" member_type: VOTER last_known_addr { host: "127.8.190.130" port: 46769 }, Status: LMP_MISMATCH, Last received: 0.0, Next index: 5, Last known committed idx: 4, Time since last communication: 0.000s
I20260601 13:34:47.164564 12222 raft_consensus.cc:3060] T 02024eba1a8a43eb891469778a3d5591 P a4ebe365ce0d42bbaabf0835e6f77f54 [term 1 LEARNER]: Advancing to term 2
I20260601 13:34:47.165867 12222 raft_consensus.cc:1275] T 02024eba1a8a43eb891469778a3d5591 P a4ebe365ce0d42bbaabf0835e6f77f54 [term 2 LEARNER]: Refusing update from remote peer 6a3b1566a60344a4aa5df985cbffe67c: Log matching property violated. Preceding OpId in replica: term: 1 index: 2. Preceding OpId from leader: term: 2 index: 3. (index mismatch)
I20260601 13:34:47.166329 12144 consensus_queue.cc:1048] T 02024eba1a8a43eb891469778a3d5591 P 6a3b1566a60344a4aa5df985cbffe67c [LEADER]: Connected to new peer: Peer: permanent_uuid: "a4ebe365ce0d42bbaabf0835e6f77f54" member_type: NON_VOTER last_known_addr { host: "127.8.190.132" port: 37391 } attrs { promote: true }, Status: LMP_MISMATCH, Last received: 0.0, Next index: 3, Last known committed idx: 2, Time since last communication: 0.000s
I20260601 13:34:47.169005 12485 raft_consensus.cc:1064] T 02024eba1a8a43eb891469778a3d5591 P 6a3b1566a60344a4aa5df985cbffe67c: attempting to promote NON_VOTER a4ebe365ce0d42bbaabf0835e6f77f54 to VOTER
W20260601 13:34:47.169138 12485 raft_consensus.cc:1067] T 02024eba1a8a43eb891469778a3d5591 P 6a3b1566a60344a4aa5df985cbffe67c: Unable to promote non-voter a4ebe365ce0d42bbaabf0835e6f77f54: Illegal state: Leader has not yet committed an operation in its own term
I20260601 13:34:47.172528 12406 raft_consensus.cc:1064] T cfcc9baa1a8d4b21b3e14cad3b86cdd3 P cc58cf48f5e440e7bd812973decdf900: attempting to promote NON_VOTER a4ebe365ce0d42bbaabf0835e6f77f54 to VOTER
I20260601 13:34:47.172966 12406 consensus_queue.cc:237] T cfcc9baa1a8d4b21b3e14cad3b86cdd3 P cc58cf48f5e440e7bd812973decdf900 [LEADER]: Queue going to LEADER mode. State: All replicated index: 0, Majority replicated index: 3, Committed index: 3, Last appended: 2.3, Last appended by leader: 1, Current term: 2, Majority size: 3, State: 0, Mode: LEADER, active raft config: opid_index: 4 OBSOLETE_local: false peers { permanent_uuid: "6a3b1566a60344a4aa5df985cbffe67c" member_type: VOTER last_known_addr { host: "127.8.190.130" port: 46769 } attrs { replace: true } } peers { permanent_uuid: "cc58cf48f5e440e7bd812973decdf900" member_type: VOTER last_known_addr { host: "127.8.190.129" port: 37451 } } peers { permanent_uuid: "2ea3c39bfd9e4385a69463b4a75a4625" member_type: VOTER last_known_addr { host: "127.8.190.131" port: 41847 } } peers { permanent_uuid: "a4ebe365ce0d42bbaabf0835e6f77f54" member_type: VOTER last_known_addr { host: "127.8.190.132" port: 37391 } attrs { promote: false } }
I20260601 13:34:47.174551 12222 raft_consensus.cc:1275] T cfcc9baa1a8d4b21b3e14cad3b86cdd3 P a4ebe365ce0d42bbaabf0835e6f77f54 [term 2 LEARNER]: Refusing update from remote peer cc58cf48f5e440e7bd812973decdf900: Log matching property violated. Preceding OpId in replica: term: 2 index: 3. Preceding OpId from leader: term: 2 index: 4. (index mismatch)
I20260601 13:34:47.174642 12006 raft_consensus.cc:1275] T cfcc9baa1a8d4b21b3e14cad3b86cdd3 P 6a3b1566a60344a4aa5df985cbffe67c [term 2 FOLLOWER]: Refusing update from remote peer cc58cf48f5e440e7bd812973decdf900: Log matching property violated. Preceding OpId in replica: term: 2 index: 3. Preceding OpId from leader: term: 2 index: 4. (index mismatch)
I20260601 13:34:47.174649 12081 raft_consensus.cc:1275] T cfcc9baa1a8d4b21b3e14cad3b86cdd3 P 2ea3c39bfd9e4385a69463b4a75a4625 [term 2 FOLLOWER]: Refusing update from remote peer cc58cf48f5e440e7bd812973decdf900: Log matching property violated. Preceding OpId in replica: term: 2 index: 3. Preceding OpId from leader: term: 2 index: 4. (index mismatch)
I20260601 13:34:47.175021 12502 consensus_queue.cc:1048] T cfcc9baa1a8d4b21b3e14cad3b86cdd3 P cc58cf48f5e440e7bd812973decdf900 [LEADER]: Connected to new peer: Peer: permanent_uuid: "a4ebe365ce0d42bbaabf0835e6f77f54" member_type: VOTER last_known_addr { host: "127.8.190.132" port: 37391 } attrs { promote: false }, Status: LMP_MISMATCH, Last received: 0.0, Next index: 4, Last known committed idx: 3, Time since last communication: 0.000s
I20260601 13:34:47.175220 12484 consensus_queue.cc:1048] T cfcc9baa1a8d4b21b3e14cad3b86cdd3 P cc58cf48f5e440e7bd812973decdf900 [LEADER]: Connected to new peer: Peer: permanent_uuid: "6a3b1566a60344a4aa5df985cbffe67c" member_type: VOTER last_known_addr { host: "127.8.190.130" port: 46769 } attrs { replace: true }, Status: LMP_MISMATCH, Last received: 0.0, Next index: 4, Last known committed idx: 3, Time since last communication: 0.000s
I20260601 13:34:47.175424 12406 consensus_queue.cc:1048] T cfcc9baa1a8d4b21b3e14cad3b86cdd3 P cc58cf48f5e440e7bd812973decdf900 [LEADER]: Connected to new peer: Peer: permanent_uuid: "2ea3c39bfd9e4385a69463b4a75a4625" member_type: VOTER last_known_addr { host: "127.8.190.131" port: 41847 }, Status: LMP_MISMATCH, Last received: 0.0, Next index: 4, Last known committed idx: 3, Time since last communication: 0.000s
I20260601 13:34:47.177270 12484 raft_consensus.cc:2955] T cfcc9baa1a8d4b21b3e14cad3b86cdd3 P cc58cf48f5e440e7bd812973decdf900 [term 2 LEADER]: Committing config change with OpId 2.4: config changed from index 3 to 4, a4ebe365ce0d42bbaabf0835e6f77f54 (127.8.190.132) changed from NON_VOTER to VOTER. New config: { opid_index: 4 OBSOLETE_local: false peers { permanent_uuid: "6a3b1566a60344a4aa5df985cbffe67c" member_type: VOTER last_known_addr { host: "127.8.190.130" port: 46769 } attrs { replace: true } } peers { permanent_uuid: "cc58cf48f5e440e7bd812973decdf900" member_type: VOTER last_known_addr { host: "127.8.190.129" port: 37451 } } peers { permanent_uuid: "2ea3c39bfd9e4385a69463b4a75a4625" member_type: VOTER last_known_addr { host: "127.8.190.131" port: 41847 } } peers { permanent_uuid: "a4ebe365ce0d42bbaabf0835e6f77f54" member_type: VOTER last_known_addr { host: "127.8.190.132" port: 37391 } attrs { promote: false } } }
I20260601 13:34:47.177702 12222 raft_consensus.cc:2955] T cfcc9baa1a8d4b21b3e14cad3b86cdd3 P a4ebe365ce0d42bbaabf0835e6f77f54 [term 2 FOLLOWER]: Committing config change with OpId 2.4: config changed from index 3 to 4, a4ebe365ce0d42bbaabf0835e6f77f54 (127.8.190.132) changed from NON_VOTER to VOTER. New config: { opid_index: 4 OBSOLETE_local: false peers { permanent_uuid: "6a3b1566a60344a4aa5df985cbffe67c" member_type: VOTER last_known_addr { host: "127.8.190.130" port: 46769 } attrs { replace: true } } peers { permanent_uuid: "cc58cf48f5e440e7bd812973decdf900" member_type: VOTER last_known_addr { host: "127.8.190.129" port: 37451 } } peers { permanent_uuid: "2ea3c39bfd9e4385a69463b4a75a4625" member_type: VOTER last_known_addr { host: "127.8.190.131" port: 41847 } } peers { permanent_uuid: "a4ebe365ce0d42bbaabf0835e6f77f54" member_type: VOTER last_known_addr { host: "127.8.190.132" port: 37391 } attrs { promote: false } } }
I20260601 13:34:47.177934 12006 raft_consensus.cc:2955] T cfcc9baa1a8d4b21b3e14cad3b86cdd3 P 6a3b1566a60344a4aa5df985cbffe67c [term 2 FOLLOWER]: Committing config change with OpId 2.4: config changed from index 3 to 4, a4ebe365ce0d42bbaabf0835e6f77f54 (127.8.190.132) changed from NON_VOTER to VOTER. New config: { opid_index: 4 OBSOLETE_local: false peers { permanent_uuid: "6a3b1566a60344a4aa5df985cbffe67c" member_type: VOTER last_known_addr { host: "127.8.190.130" port: 46769 } attrs { replace: true } } peers { permanent_uuid: "cc58cf48f5e440e7bd812973decdf900" member_type: VOTER last_known_addr { host: "127.8.190.129" port: 37451 } } peers { permanent_uuid: "2ea3c39bfd9e4385a69463b4a75a4625" member_type: VOTER last_known_addr { host: "127.8.190.131" port: 41847 } } peers { permanent_uuid: "a4ebe365ce0d42bbaabf0835e6f77f54" member_type: VOTER last_known_addr { host: "127.8.190.132" port: 37391 } attrs { promote: false } } }
I20260601 13:34:47.180267 11827 catalog_manager.cc:5696] T cfcc9baa1a8d4b21b3e14cad3b86cdd3 P cc58cf48f5e440e7bd812973decdf900 reported cstate change: config changed from index 3 to 4, a4ebe365ce0d42bbaabf0835e6f77f54 (127.8.190.132) changed from NON_VOTER to VOTER. New cstate: current_term: 2 leader_uuid: "cc58cf48f5e440e7bd812973decdf900" committed_config { opid_index: 4 OBSOLETE_local: false peers { permanent_uuid: "6a3b1566a60344a4aa5df985cbffe67c" member_type: VOTER last_known_addr { host: "127.8.190.130" port: 46769 } attrs { replace: true } health_report { overall_health: HEALTHY } } peers { permanent_uuid: "cc58cf48f5e440e7bd812973decdf900" member_type: VOTER last_known_addr { host: "127.8.190.129" port: 37451 } health_report { overall_health: HEALTHY } } peers { permanent_uuid: "2ea3c39bfd9e4385a69463b4a75a4625" member_type: VOTER last_known_addr { host: "127.8.190.131" port: 41847 } health_report { overall_health: HEALTHY } } peers { permanent_uuid: "a4ebe365ce0d42bbaabf0835e6f77f54" member_type: VOTER last_known_addr { host: "127.8.190.132" port: 37391 } attrs { promote: false } health_report { overall_health: HEALTHY } } }
I20260601 13:34:47.180485 12081 raft_consensus.cc:2955] T cfcc9baa1a8d4b21b3e14cad3b86cdd3 P 2ea3c39bfd9e4385a69463b4a75a4625 [term 2 FOLLOWER]: Committing config change with OpId 2.4: config changed from index 3 to 4, a4ebe365ce0d42bbaabf0835e6f77f54 (127.8.190.132) changed from NON_VOTER to VOTER. New config: { opid_index: 4 OBSOLETE_local: false peers { permanent_uuid: "6a3b1566a60344a4aa5df985cbffe67c" member_type: VOTER last_known_addr { host: "127.8.190.130" port: 46769 } attrs { replace: true } } peers { permanent_uuid: "cc58cf48f5e440e7bd812973decdf900" member_type: VOTER last_known_addr { host: "127.8.190.129" port: 37451 } } peers { permanent_uuid: "2ea3c39bfd9e4385a69463b4a75a4625" member_type: VOTER last_known_addr { host: "127.8.190.131" port: 41847 } } peers { permanent_uuid: "a4ebe365ce0d42bbaabf0835e6f77f54" member_type: VOTER last_known_addr { host: "127.8.190.132" port: 37391 } attrs { promote: false } } }
I20260601 13:34:47.183238 11930 consensus_queue.cc:237] T cfcc9baa1a8d4b21b3e14cad3b86cdd3 P cc58cf48f5e440e7bd812973decdf900 [LEADER]: Queue going to LEADER mode. State: All replicated index: 0, Majority replicated index: 4, Committed index: 4, Last appended: 2.4, Last appended by leader: 1, Current term: 2, Majority size: 2, State: 0, Mode: LEADER, active raft config: opid_index: 5 OBSOLETE_local: false peers { permanent_uuid: "cc58cf48f5e440e7bd812973decdf900" member_type: VOTER last_known_addr { host: "127.8.190.129" port: 37451 } } peers { permanent_uuid: "2ea3c39bfd9e4385a69463b4a75a4625" member_type: VOTER last_known_addr { host: "127.8.190.131" port: 41847 } } peers { permanent_uuid: "a4ebe365ce0d42bbaabf0835e6f77f54" member_type: VOTER last_known_addr { host: "127.8.190.132" port: 37391 } attrs { promote: false } }
I20260601 13:34:47.184295 12222 raft_consensus.cc:1275] T cfcc9baa1a8d4b21b3e14cad3b86cdd3 P a4ebe365ce0d42bbaabf0835e6f77f54 [term 2 FOLLOWER]: Refusing update from remote peer cc58cf48f5e440e7bd812973decdf900: Log matching property violated. Preceding OpId in replica: term: 2 index: 4. Preceding OpId from leader: term: 2 index: 5. (index mismatch)
I20260601 13:34:47.184572 12081 raft_consensus.cc:1275] T cfcc9baa1a8d4b21b3e14cad3b86cdd3 P 2ea3c39bfd9e4385a69463b4a75a4625 [term 2 FOLLOWER]: Refusing update from remote peer cc58cf48f5e440e7bd812973decdf900: Log matching property violated. Preceding OpId in replica: term: 2 index: 4. Preceding OpId from leader: term: 2 index: 5. (index mismatch)
I20260601 13:34:47.184629 12406 consensus_queue.cc:1048] T cfcc9baa1a8d4b21b3e14cad3b86cdd3 P cc58cf48f5e440e7bd812973decdf900 [LEADER]: Connected to new peer: Peer: permanent_uuid: "a4ebe365ce0d42bbaabf0835e6f77f54" member_type: VOTER last_known_addr { host: "127.8.190.132" port: 37391 } attrs { promote: false }, Status: LMP_MISMATCH, Last received: 0.0, Next index: 5, Last known committed idx: 4, Time since last communication: 0.000s
I20260601 13:34:47.184995 12406 consensus_queue.cc:1048] T cfcc9baa1a8d4b21b3e14cad3b86cdd3 P cc58cf48f5e440e7bd812973decdf900 [LEADER]: Connected to new peer: Peer: permanent_uuid: "2ea3c39bfd9e4385a69463b4a75a4625" member_type: VOTER last_known_addr { host: "127.8.190.131" port: 41847 }, Status: LMP_MISMATCH, Last received: 0.0, Next index: 5, Last known committed idx: 4, Time since last communication: 0.000s
I20260601 13:34:47.186081 12406 raft_consensus.cc:2955] T cfcc9baa1a8d4b21b3e14cad3b86cdd3 P cc58cf48f5e440e7bd812973decdf900 [term 2 LEADER]: Committing config change with OpId 2.5: config changed from index 4 to 5, VOTER 6a3b1566a60344a4aa5df985cbffe67c (127.8.190.130) evicted. New config: { opid_index: 5 OBSOLETE_local: false peers { permanent_uuid: "cc58cf48f5e440e7bd812973decdf900" member_type: VOTER last_known_addr { host: "127.8.190.129" port: 37451 } } peers { permanent_uuid: "2ea3c39bfd9e4385a69463b4a75a4625" member_type: VOTER last_known_addr { host: "127.8.190.131" port: 41847 } } peers { permanent_uuid: "a4ebe365ce0d42bbaabf0835e6f77f54" member_type: VOTER last_known_addr { host: "127.8.190.132" port: 37391 } attrs { promote: false } } }
I20260601 13:34:47.186545 12222 raft_consensus.cc:2955] T cfcc9baa1a8d4b21b3e14cad3b86cdd3 P a4ebe365ce0d42bbaabf0835e6f77f54 [term 2 FOLLOWER]: Committing config change with OpId 2.5: config changed from index 4 to 5, VOTER 6a3b1566a60344a4aa5df985cbffe67c (127.8.190.130) evicted. New config: { opid_index: 5 OBSOLETE_local: false peers { permanent_uuid: "cc58cf48f5e440e7bd812973decdf900" member_type: VOTER last_known_addr { host: "127.8.190.129" port: 37451 } } peers { permanent_uuid: "2ea3c39bfd9e4385a69463b4a75a4625" member_type: VOTER last_known_addr { host: "127.8.190.131" port: 41847 } } peers { permanent_uuid: "a4ebe365ce0d42bbaabf0835e6f77f54" member_type: VOTER last_known_addr { host: "127.8.190.132" port: 37391 } attrs { promote: false } } }
I20260601 13:34:47.186838 12081 raft_consensus.cc:2955] T cfcc9baa1a8d4b21b3e14cad3b86cdd3 P 2ea3c39bfd9e4385a69463b4a75a4625 [term 2 FOLLOWER]: Committing config change with OpId 2.5: config changed from index 4 to 5, VOTER 6a3b1566a60344a4aa5df985cbffe67c (127.8.190.130) evicted. New config: { opid_index: 5 OBSOLETE_local: false peers { permanent_uuid: "cc58cf48f5e440e7bd812973decdf900" member_type: VOTER last_known_addr { host: "127.8.190.129" port: 37451 } } peers { permanent_uuid: "2ea3c39bfd9e4385a69463b4a75a4625" member_type: VOTER last_known_addr { host: "127.8.190.131" port: 41847 } } peers { permanent_uuid: "a4ebe365ce0d42bbaabf0835e6f77f54" member_type: VOTER last_known_addr { host: "127.8.190.132" port: 37391 } attrs { promote: false } } }
I20260601 13:34:47.188026 11813 catalog_manager.cc:5209] ChangeConfig:REMOVE_PEER RPC for tablet cfcc9baa1a8d4b21b3e14cad3b86cdd3 with cas_config_opid_index 4: ChangeConfig:REMOVE_PEER succeeded (attempt 1)
