I20260601 13:33:29.084203  9184 sys_catalog.cc:455] T 00000000000000000000000000000000 P 43973c6aee574a5680a91cfa453346a8 [sys.catalog]: SysCatalogTable state changed. Reason: Replicated consensus-only round. Latest consensus state: current_term: 1 leader_uuid: "8700d398391a4ce9962275b41b88f3d3" committed_config { opid_index: -1 OBSOLETE_local: false peers { permanent_uuid: "962fe7c3149643e8b3fe8cb7d407a5c8" member_type: VOTER last_known_addr { host: "127.8.190.190" port: 43427 } } peers { permanent_uuid: "43973c6aee574a5680a91cfa453346a8" member_type: VOTER last_known_addr { host: "127.8.190.189" port: 34885 } } peers { permanent_uuid: "8700d398391a4ce9962275b41b88f3d3" member_type: VOTER last_known_addr { host: "127.8.190.188" port: 40411 } } }
I20260601 13:33:29.084311  9184 sys_catalog.cc:458] T 00000000000000000000000000000000 P 43973c6aee574a5680a91cfa453346a8 [sys.catalog]: This master's current role is: FOLLOWER
I20260601 13:33:29.084403  9273 heartbeater.cc:344] Connected to a master server at 127.8.190.189:34885
I20260601 13:33:29.084528  9273 heartbeater.cc:461] Registering TS with master...
I20260601 13:33:29.084419  9276 mvcc.cc:204] Tried to move back new op lower bound from 7292194033954484224 to 7292194033921409024. Current Snapshot: MvccSnapshot[applied={T|T < 7292194033954484224}]
I20260601 13:33:29.084818  9273 heartbeater.cc:507] Master 127.8.190.189:34885 requested a full tablet report, sending...
I20260601 13:33:29.085467  9045 ts_manager.cc:194] Registered new tserver with Master: e04c9b78fc85471793052d362d79406c (127.8.190.129:33087)
I20260601 13:33:29.085913  9289 log_block_manager.cc:4031] Time spent loading block containers with low live blocks: real 0.000s	user 0.000s	sys 0.000s
I20260601 13:33:29.086098  9157 sys_catalog.cc:455] T 00000000000000000000000000000000 P 8700d398391a4ce9962275b41b88f3d3 [sys.catalog]: SysCatalogTable state changed. Reason: Peer health change. Latest consensus state: current_term: 1 leader_uuid: "8700d398391a4ce9962275b41b88f3d3" committed_config { opid_index: -1 OBSOLETE_local: false peers { permanent_uuid: "962fe7c3149643e8b3fe8cb7d407a5c8" member_type: VOTER last_known_addr { host: "127.8.190.190" port: 43427 } } peers { permanent_uuid: "43973c6aee574a5680a91cfa453346a8" member_type: VOTER last_known_addr { host: "127.8.190.189" port: 34885 } } peers { permanent_uuid: "8700d398391a4ce9962275b41b88f3d3" member_type: VOTER last_known_addr { host: "127.8.190.188" port: 40411 } } }
I20260601 13:33:29.086186  9157 sys_catalog.cc:458] T 00000000000000000000000000000000 P 8700d398391a4ce9962275b41b88f3d3 [sys.catalog]: This master's current role is: LEADER
I20260601 13:33:29.086354  8954 fs_manager.cc:730] Time spent opening block manager: real 0.005s	user 0.000s	sys 0.001s
I20260601 13:33:29.086473  8954 fs_manager.cc:647] Opened local filesystem: /tmp/dist-test-taskpJylwi/test-tmp/auto_rebalancer-test.0.AutoRebalancerTest.OnlyLeaderDoesAutoRebalancing.1780320808856641-8954-0/minicluster-data/ts-1-root
uuid: "6ca3da2ec65a49479057598025ca4455"
format_stamp: "Formatted at 2026-06-01 13:33:29 on dist-test-slave-npzl"
I20260601 13:33:29.086596  8954 fs_report.cc:389] FS layout report
--------------------
wal directory: /tmp/dist-test-taskpJylwi/test-tmp/auto_rebalancer-test.0.AutoRebalancerTest.OnlyLeaderDoesAutoRebalancing.1780320808856641-8954-0/minicluster-data/ts-1-root
metadata directory: /tmp/dist-test-taskpJylwi/test-tmp/auto_rebalancer-test.0.AutoRebalancerTest.OnlyLeaderDoesAutoRebalancing.1780320808856641-8954-0/minicluster-data/ts-1-root
1 data directories: /tmp/dist-test-taskpJylwi/test-tmp/auto_rebalancer-test.0.AutoRebalancerTest.OnlyLeaderDoesAutoRebalancing.1780320808856641-8954-0/minicluster-data/ts-1-root/data
Total live blocks: 0
Total live bytes: 0
Total live bytes (after alignment): 0
Total number of LBM containers: 0 (0 full)
Did not check for missing blocks
Did not check for orphaned blocks
Total full LBM containers with extra space: 0 (0 repaired)
Total full LBM container extra space in bytes: 0 (0 repaired)
Total incomplete LBM containers: 0 (0 repaired)
Total LBM partial records: 0 (0 repaired)
Total corrupted LBM metadata records in RocksDB: 0 (0 repaired)
I20260601 13:33:29.086897  9171 sys_catalog.cc:455] T 00000000000000000000000000000000 P 962fe7c3149643e8b3fe8cb7d407a5c8 [sys.catalog]: SysCatalogTable state changed. Reason: Replicated consensus-only round. Latest consensus state: current_term: 1 leader_uuid: "8700d398391a4ce9962275b41b88f3d3" committed_config { opid_index: -1 OBSOLETE_local: false peers { permanent_uuid: "962fe7c3149643e8b3fe8cb7d407a5c8" member_type: VOTER last_known_addr { host: "127.8.190.190" port: 43427 } } peers { permanent_uuid: "43973c6aee574a5680a91cfa453346a8" member_type: VOTER last_known_addr { host: "127.8.190.189" port: 34885 } } peers { permanent_uuid: "8700d398391a4ce9962275b41b88f3d3" member_type: VOTER last_known_addr { host: "127.8.190.188" port: 40411 } } }
I20260601 13:33:29.086984  9171 sys_catalog.cc:458] T 00000000000000000000000000000000 P 962fe7c3149643e8b3fe8cb7d407a5c8 [sys.catalog]: This master's current role is: FOLLOWER
I20260601 13:33:29.087908  9238 catalog_manager.cc:1382] Generated new cluster ID: 67166c0684054cf496ce1d8b086e775d
I20260601 13:33:29.087970  9238 catalog_manager.cc:1530] Initializing Kudu internal certificate authority...
I20260601 13:33:29.105077  8954 rpc_server.cc:225] running with OpenSSL 1.1.1  11 Sep 2018
I20260601 13:33:29.105634  8954 kserver.cc:163] Server-wide thread pool size limit: 3276
I20260601 13:33:29.106001  9238 catalog_manager.cc:1405] Generated new certificate authority record
I20260601 13:33:29.106060  8954 txn_system_client.cc:432] TxnSystemClient initialization is disabled...
I20260601 13:33:29.106655  8954 ts_tablet_manager.cc:585] Loaded tablet metadata (0 total tablets, 0 live tablets)
I20260601 13:33:29.106710  8954 ts_tablet_manager.cc:531] Time spent load tablet metadata: real 0.000s	user 0.000s	sys 0.000s
I20260601 13:33:29.106757  8954 ts_tablet_manager.cc:616] Registered 0 tablets
I20260601 13:33:29.106834  8954 ts_tablet_manager.cc:595] Time spent register tablets: real 0.000s	user 0.000s	sys 0.000s
I20260601 13:33:29.107122  9238 catalog_manager.cc:1539] Loading token signing keys...
I20260601 13:33:29.113936  8954 rpc_server.cc:307] RPC server started. Bound to: 127.8.190.130:33133
I20260601 13:33:29.113965  9358 acceptor_pool.cc:272] collecting diagnostics on the listening RPC socket 127.8.190.130:33133 every 8 connection(s)
I20260601 13:33:29.115199  8954 file_cache.cc:492] Constructed file cache file cache with capacity 419430
W20260601 13:33:29.119434  9365 instance_detector.cc:116] could not retrieve Azure instance metadata: Network error: curl error: HTTP response code said error: The requested URL returned error: 404
W20260601 13:33:29.119969  9364 instance_detector.cc:116] could not retrieve AWS instance metadata: Network error: curl error: HTTP response code said error: The requested URL returned error: 404
I20260601 13:33:29.119988  8954 server_base.cc:1061] running on GCE node
I20260601 13:33:29.121378  9359 heartbeater.cc:344] Connected to a master server at 127.8.190.188:40411
I20260601 13:33:29.121469  9359 heartbeater.cc:461] Registering TS with master...
I20260601 13:33:29.121701  9359 heartbeater.cc:507] Master 127.8.190.188:40411 requested a full tablet report, sending...
I20260601 13:33:29.122362  9116 ts_manager.cc:194] Registered new tserver with Master: 6ca3da2ec65a49479057598025ca4455 (127.8.190.130:33133)
I20260601 13:33:29.124943  9360 heartbeater.cc:344] Connected to a master server at 127.8.190.190:43427
I20260601 13:33:29.125046  9360 heartbeater.cc:461] Registering TS with master...
I20260601 13:33:29.125269  9360 heartbeater.cc:507] Master 127.8.190.190:43427 requested a full tablet report, sending...
I20260601 13:33:29.126008  8984 ts_manager.cc:194] Registered new tserver with Master: 6ca3da2ec65a49479057598025ca4455 (127.8.190.130:33133)
W20260601 13:33:29.126683  9367 instance_detector.cc:116] could not retrieve OpenStack instance metadata: Network error: curl error: HTTP response code said error: The requested URL returned error: 404
I20260601 13:33:29.127060  8954 hybrid_clock.cc:584] initializing the hybrid clock with 'system_unsync' time source
I20260601 13:33:29.127032  9238 catalog_manager.cc:6069] T 00000000000000000000000000000000 P 8700d398391a4ce9962275b41b88f3d3: Generated new TSK 0
W20260601 13:33:29.127166  8954 system_unsync_time.cc:38] NTP support is disabled. Clock error bounds will not be accurate. This configuration is not suitable for distributed clusters.
I20260601 13:33:29.127189  8954 hybrid_clock.cc:648] HybridClock initialized: now 1780320809127189 us; error 0 us; skew 500 ppm
I20260601 13:33:29.128007  9238 catalog_manager.cc:1549] Initializing in-progress tserver states...
I20260601 13:33:29.128116  8954 webserver.cc:533] Webserver started at http://127.8.190.131:43893/ using document root <none> and password file <none>
I20260601 13:33:29.128245  8954 fs_manager.cc:362] Metadata directory not provided
I20260601 13:33:29.128294  8954 fs_manager.cc:368] Using write-ahead log directory (fs_wal_dir) as metadata directory
I20260601 13:33:29.128355  8954 server_base.cc:909] This appears to be a new deployment of Kudu; creating new FS layout
I20260601 13:33:29.128482  9361 heartbeater.cc:344] Connected to a master server at 127.8.190.189:34885
I20260601 13:33:29.128566  9361 heartbeater.cc:461] Registering TS with master...
I20260601 13:33:29.128765  9361 heartbeater.cc:507] Master 127.8.190.189:34885 requested a full tablet report, sending...
I20260601 13:33:29.128798  8954 fs_manager.cc:1068] Generated new instance metadata in path /tmp/dist-test-taskpJylwi/test-tmp/auto_rebalancer-test.0.AutoRebalancerTest.OnlyLeaderDoesAutoRebalancing.1780320808856641-8954-0/minicluster-data/ts-2-root/instance:
uuid: "04bb3b9634bf449ea9846c68849b9462"
format_stamp: "Formatted at 2026-06-01 13:33:29 on dist-test-slave-npzl"
I20260601 13:33:29.129391  9045 ts_manager.cc:194] Registered new tserver with Master: 6ca3da2ec65a49479057598025ca4455 (127.8.190.130:33133)
I20260601 13:33:29.130430  8954 fs_manager.cc:696] Time spent creating directory manager: real 0.001s	user 0.001s	sys 0.000s
I20260601 13:33:29.131445  9374 log_block_manager.cc:4031] Time spent loading block containers with low live blocks: real 0.000s	user 0.000s	sys 0.000s
I20260601 13:33:29.131757  8954 fs_manager.cc:730] Time spent opening block manager: real 0.001s	user 0.001s	sys 0.000s
I20260601 13:33:29.131810  8954 fs_manager.cc:647] Opened local filesystem: /tmp/dist-test-taskpJylwi/test-tmp/auto_rebalancer-test.0.AutoRebalancerTest.OnlyLeaderDoesAutoRebalancing.1780320808856641-8954-0/minicluster-data/ts-2-root
uuid: "04bb3b9634bf449ea9846c68849b9462"
format_stamp: "Formatted at 2026-06-01 13:33:29 on dist-test-slave-npzl"
I20260601 13:33:29.131904  8954 fs_report.cc:389] FS layout report
--------------------
wal directory: /tmp/dist-test-taskpJylwi/test-tmp/auto_rebalancer-test.0.AutoRebalancerTest.OnlyLeaderDoesAutoRebalancing.1780320808856641-8954-0/minicluster-data/ts-2-root
metadata directory: /tmp/dist-test-taskpJylwi/test-tmp/auto_rebalancer-test.0.AutoRebalancerTest.OnlyLeaderDoesAutoRebalancing.1780320808856641-8954-0/minicluster-data/ts-2-root
1 data directories: /tmp/dist-test-taskpJylwi/test-tmp/auto_rebalancer-test.0.AutoRebalancerTest.OnlyLeaderDoesAutoRebalancing.1780320808856641-8954-0/minicluster-data/ts-2-root/data
Total live blocks: 0
Total live bytes: 0
Total live bytes (after alignment): 0
Total number of LBM containers: 0 (0 full)
Did not check for missing blocks
Did not check for orphaned blocks
Total full LBM containers with extra space: 0 (0 repaired)
Total full LBM container extra space in bytes: 0 (0 repaired)
Total incomplete LBM containers: 0 (0 repaired)
Total LBM partial records: 0 (0 repaired)
Total corrupted LBM metadata records in RocksDB: 0 (0 repaired)
I20260601 13:33:29.152420  8954 rpc_server.cc:225] running with OpenSSL 1.1.1  11 Sep 2018
I20260601 13:33:29.152910  8954 kserver.cc:163] Server-wide thread pool size limit: 3276
I20260601 13:33:29.153245  8954 txn_system_client.cc:432] TxnSystemClient initialization is disabled...
I20260601 13:33:29.153838  8954 ts_tablet_manager.cc:585] Loaded tablet metadata (0 total tablets, 0 live tablets)
I20260601 13:33:29.153880  8954 ts_tablet_manager.cc:531] Time spent load tablet metadata: real 0.000s	user 0.000s	sys 0.000s
I20260601 13:33:29.153929  8954 ts_tablet_manager.cc:616] Registered 0 tablets
I20260601 13:33:29.153966  8954 ts_tablet_manager.cc:595] Time spent register tablets: real 0.000s	user 0.000s	sys 0.000s
I20260601 13:33:29.160147  8954 rpc_server.cc:307] RPC server started. Bound to: 127.8.190.131:35409
I20260601 13:33:29.160336  9437 acceptor_pool.cc:272] collecting diagnostics on the listening RPC socket 127.8.190.131:35409 every 8 connection(s)
I20260601 13:33:29.165809  9439 heartbeater.cc:344] Connected to a master server at 127.8.190.190:43427
I20260601 13:33:29.165915  9439 heartbeater.cc:461] Registering TS with master...
I20260601 13:33:29.166175  9439 heartbeater.cc:507] Master 127.8.190.190:43427 requested a full tablet report, sending...
I20260601 13:33:29.167171  8984 ts_manager.cc:194] Registered new tserver with Master: 04bb3b9634bf449ea9846c68849b9462 (127.8.190.131:35409)
I20260601 13:33:29.167982  9438 heartbeater.cc:344] Connected to a master server at 127.8.190.188:40411
I20260601 13:33:29.168072  9438 heartbeater.cc:461] Registering TS with master...
I20260601 13:33:29.168272  9438 heartbeater.cc:507] Master 127.8.190.188:40411 requested a full tablet report, sending...
I20260601 13:33:29.168839  9116 ts_manager.cc:194] Registered new tserver with Master: 04bb3b9634bf449ea9846c68849b9462 (127.8.190.131:35409)
I20260601 13:33:29.169814  9440 heartbeater.cc:344] Connected to a master server at 127.8.190.189:34885
I20260601 13:33:29.169921  9440 heartbeater.cc:461] Registering TS with master...
I20260601 13:33:29.170102  9440 heartbeater.cc:507] Master 127.8.190.189:34885 requested a full tablet report, sending...
I20260601 13:33:29.170290  9116 master_service.cc:502] Signed X509 certificate for tserver {username='slave'} at 127.0.0.1:54498
I20260601 13:33:29.170738  9045 ts_manager.cc:194] Registered new tserver with Master: 04bb3b9634bf449ea9846c68849b9462 (127.8.190.131:35409)
I20260601 13:33:29.171316  8954 internal_mini_cluster.cc:371] 3 TS(s) registered with all masters after 0.010530425s
I20260601 13:33:30.005596  9182 catalog_manager.cc:1294] Loaded cluster ID: 67166c0684054cf496ce1d8b086e775d
I20260601 13:33:30.005985  9182 catalog_manager.cc:1587] T 00000000000000000000000000000000 P 962fe7c3149643e8b3fe8cb7d407a5c8: loading cluster ID for follower catalog manager: success
I20260601 13:33:30.007371  9182 catalog_manager.cc:1609] T 00000000000000000000000000000000 P 962fe7c3149643e8b3fe8cb7d407a5c8: acquiring CA information for follower catalog manager: success
I20260601 13:33:30.007998  9182 catalog_manager.cc:1637] T 00000000000000000000000000000000 P 962fe7c3149643e8b3fe8cb7d407a5c8: importing token verification keys for follower catalog manager: success; most recent TSK sequence number 0
I20260601 13:33:30.023167  9195 catalog_manager.cc:1294] Loaded cluster ID: 67166c0684054cf496ce1d8b086e775d
I20260601 13:33:30.023257  9195 catalog_manager.cc:1587] T 00000000000000000000000000000000 P 43973c6aee574a5680a91cfa453346a8: loading cluster ID for follower catalog manager: success
I20260601 13:33:30.024381  9195 catalog_manager.cc:1609] T 00000000000000000000000000000000 P 43973c6aee574a5680a91cfa453346a8: acquiring CA information for follower catalog manager: success
I20260601 13:33:30.024864  9195 catalog_manager.cc:1637] T 00000000000000000000000000000000 P 43973c6aee574a5680a91cfa453346a8: importing token verification keys for follower catalog manager: success; most recent TSK sequence number 0
I20260601 13:33:30.080025  9116 master_service.cc:502] Signed X509 certificate for tserver {username='slave'} at 127.0.0.1:54478
I20260601 13:33:30.124418  9116 master_service.cc:502] Signed X509 certificate for tserver {username='slave'} at 127.0.0.1:54488
I20260601 13:33:30.171581  9438 heartbeater.cc:499] Master 127.8.190.188:40411 was elected leader, sending a full tablet report...
I20260601 13:33:30.990585  9167 auto_leader_rebalancer.cc:451] All tables' leader rebalancing finished this round
I20260601 13:33:31.081358  9271 heartbeater.cc:499] Master 127.8.190.188:40411 was elected leader, sending a full tablet report...
I20260601 13:33:31.125389  9359 heartbeater.cc:499] Master 127.8.190.188:40411 was elected leader, sending a full tablet report...
I20260601 13:33:31.239297  9116 catalog_manager.cc:2282] Servicing CreateTable request from {username='slave'} at 127.0.0.1:54514:
name: "test-workload"
schema {
  columns {
    name: "key"
    type: INT32
    is_key: true
    is_nullable: false
    encoding: AUTO_ENCODING
    compression: DEFAULT_COMPRESSION
    cfile_block_size: 0
    immutable: false
  }
  columns {
    name: "int_val"
    type: INT32
    is_key: false
    is_nullable: false
    encoding: AUTO_ENCODING
    compression: DEFAULT_COMPRESSION
    cfile_block_size: 0
    immutable: false
  }
  columns {
    name: "string_val"
    type: STRING
    is_key: false
    is_nullable: true
    encoding: AUTO_ENCODING
    compression: DEFAULT_COMPRESSION
    cfile_block_size: 0
    immutable: false
  }
}
num_replicas: 1
split_rows_range_bounds {
  rows: "\004\001\000\377\377\377\037\004\001\000\376\377\377?\004\001\000\375\377\377_""\004\001\000\377\377\377\037\004\001\000\376\377\377?\004\001\000\375\377\377_"
  indirect_data: """"
}
partition_schema {
  range_schema {
    columns {
      name: "key"
    }
  }
}
I20260601 13:33:31.256682  9234 tablet_service.cc:1511] Processing CreateTablet for tablet 443ef06d2cf54e1dbefc3fc5a4ba7d15 (DEFAULT_TABLE table=test-workload [id=825fa23aa6734cfbac4541a43735e159]), partition=RANGE (key) PARTITION 536870911 <= VALUES < 1073741822
I20260601 13:33:31.257171  9234 data_dirs.cc:400] Could only allocate 1 dirs of requested 3 for tablet 443ef06d2cf54e1dbefc3fc5a4ba7d15. 1 dirs total, 0 dirs full, 0 dirs failed
I20260601 13:33:31.257169  9402 tablet_service.cc:1511] Processing CreateTablet for tablet db772381876d414d9a9f37d6c41afeed (DEFAULT_TABLE table=test-workload [id=825fa23aa6734cfbac4541a43735e159]), partition=RANGE (key) PARTITION VALUES < 536870911
I20260601 13:33:31.257464  9402 data_dirs.cc:400] Could only allocate 1 dirs of requested 3 for tablet db772381876d414d9a9f37d6c41afeed. 1 dirs total, 0 dirs full, 0 dirs failed
I20260601 13:33:31.258349  9323 tablet_service.cc:1511] Processing CreateTablet for tablet 4f9861b0e5ad4ab196ece95b0205a014 (DEFAULT_TABLE table=test-workload [id=825fa23aa6734cfbac4541a43735e159]), partition=RANGE (key) PARTITION 1073741822 <= VALUES < 1610612733
I20260601 13:33:31.258642  9323 data_dirs.cc:400] Could only allocate 1 dirs of requested 3 for tablet 4f9861b0e5ad4ab196ece95b0205a014. 1 dirs total, 0 dirs full, 0 dirs failed
I20260601 13:33:31.259827  9475 tablet_bootstrap.cc:492] T db772381876d414d9a9f37d6c41afeed P 04bb3b9634bf449ea9846c68849b9462: Bootstrap starting.
I20260601 13:33:31.256682  9233 tablet_service.cc:1511] Processing CreateTablet for tablet b092b511b67740839ba9a61fe00a5bfa (DEFAULT_TABLE table=test-workload [id=825fa23aa6734cfbac4541a43735e159]), partition=RANGE (key) PARTITION 1610612733 <= VALUES
I20260601 13:33:31.260123  9233 data_dirs.cc:400] Could only allocate 1 dirs of requested 3 for tablet b092b511b67740839ba9a61fe00a5bfa. 1 dirs total, 0 dirs full, 0 dirs failed
I20260601 13:33:31.260484  9476 tablet_bootstrap.cc:492] T 4f9861b0e5ad4ab196ece95b0205a014 P 6ca3da2ec65a49479057598025ca4455: Bootstrap starting.
I20260601 13:33:31.260744  9474 tablet_bootstrap.cc:492] T 443ef06d2cf54e1dbefc3fc5a4ba7d15 P e04c9b78fc85471793052d362d79406c: Bootstrap starting.
I20260601 13:33:31.261070  9475 tablet_bootstrap.cc:654] T db772381876d414d9a9f37d6c41afeed P 04bb3b9634bf449ea9846c68849b9462: Neither blocks nor log segments found. Creating new log.
I20260601 13:33:31.261474  9476 tablet_bootstrap.cc:654] T 4f9861b0e5ad4ab196ece95b0205a014 P 6ca3da2ec65a49479057598025ca4455: Neither blocks nor log segments found. Creating new log.
I20260601 13:33:31.262320  9474 tablet_bootstrap.cc:654] T 443ef06d2cf54e1dbefc3fc5a4ba7d15 P e04c9b78fc85471793052d362d79406c: Neither blocks nor log segments found. Creating new log.
I20260601 13:33:31.262617  9476 tablet_bootstrap.cc:492] T 4f9861b0e5ad4ab196ece95b0205a014 P 6ca3da2ec65a49479057598025ca4455: No bootstrap required, opened a new log
I20260601 13:33:31.262697  9476 ts_tablet_manager.cc:1403] T 4f9861b0e5ad4ab196ece95b0205a014 P 6ca3da2ec65a49479057598025ca4455: Time spent bootstrapping tablet: real 0.002s	user 0.001s	sys 0.001s
I20260601 13:33:31.262946  9475 tablet_bootstrap.cc:492] T db772381876d414d9a9f37d6c41afeed P 04bb3b9634bf449ea9846c68849b9462: No bootstrap required, opened a new log
I20260601 13:33:31.263051  9475 ts_tablet_manager.cc:1403] T db772381876d414d9a9f37d6c41afeed P 04bb3b9634bf449ea9846c68849b9462: Time spent bootstrapping tablet: real 0.003s	user 0.002s	sys 0.000s
I20260601 13:33:31.263180  9476 raft_consensus.cc:359] T 4f9861b0e5ad4ab196ece95b0205a014 P 6ca3da2ec65a49479057598025ca4455 [term 0 FOLLOWER]: Replica starting. Triggering 0 pending ops. Active config: opid_index: -1 OBSOLETE_local: true peers { permanent_uuid: "6ca3da2ec65a49479057598025ca4455" member_type: VOTER last_known_addr { host: "127.8.190.130" port: 33133 } }
I20260601 13:33:31.263304  9476 raft_consensus.cc:385] T 4f9861b0e5ad4ab196ece95b0205a014 P 6ca3da2ec65a49479057598025ca4455 [term 0 FOLLOWER]: Consensus starting up: Expiring failure detector timer to make a prompt election more likely
I20260601 13:33:31.263355  9476 raft_consensus.cc:740] T 4f9861b0e5ad4ab196ece95b0205a014 P 6ca3da2ec65a49479057598025ca4455 [term 0 FOLLOWER]: Becoming Follower/Learner. State: Replica: 6ca3da2ec65a49479057598025ca4455, State: Initialized, Role: FOLLOWER
I20260601 13:33:31.263373  9474 tablet_bootstrap.cc:492] T 443ef06d2cf54e1dbefc3fc5a4ba7d15 P e04c9b78fc85471793052d362d79406c: No bootstrap required, opened a new log
I20260601 13:33:31.263449  9474 ts_tablet_manager.cc:1403] T 443ef06d2cf54e1dbefc3fc5a4ba7d15 P e04c9b78fc85471793052d362d79406c: Time spent bootstrapping tablet: real 0.003s	user 0.001s	sys 0.000s
I20260601 13:33:31.263490  9475 raft_consensus.cc:359] T db772381876d414d9a9f37d6c41afeed P 04bb3b9634bf449ea9846c68849b9462 [term 0 FOLLOWER]: Replica starting. Triggering 0 pending ops. Active config: opid_index: -1 OBSOLETE_local: true peers { permanent_uuid: "04bb3b9634bf449ea9846c68849b9462" member_type: VOTER last_known_addr { host: "127.8.190.131" port: 35409 } }
I20260601 13:33:31.263499  9476 consensus_queue.cc:260] T 4f9861b0e5ad4ab196ece95b0205a014 P 6ca3da2ec65a49479057598025ca4455 [NON_LEADER]: Queue going to NON_LEADER mode. State: All replicated index: 0, Majority replicated index: 0, Committed index: 0, Last appended: 0.0, Last appended by leader: 0, Current term: 0, Majority size: -1, State: 0, Mode: NON_LEADER, active raft config: opid_index: -1 OBSOLETE_local: true peers { permanent_uuid: "6ca3da2ec65a49479057598025ca4455" member_type: VOTER last_known_addr { host: "127.8.190.130" port: 33133 } }
I20260601 13:33:31.263597  9475 raft_consensus.cc:385] T db772381876d414d9a9f37d6c41afeed P 04bb3b9634bf449ea9846c68849b9462 [term 0 FOLLOWER]: Consensus starting up: Expiring failure detector timer to make a prompt election more likely
I20260601 13:33:31.263654  9476 raft_consensus.cc:399] T 4f9861b0e5ad4ab196ece95b0205a014 P 6ca3da2ec65a49479057598025ca4455 [term 0 FOLLOWER]: Only one voter in the Raft config. Triggering election immediately
I20260601 13:33:31.263664  9475 raft_consensus.cc:740] T db772381876d414d9a9f37d6c41afeed P 04bb3b9634bf449ea9846c68849b9462 [term 0 FOLLOWER]: Becoming Follower/Learner. State: Replica: 04bb3b9634bf449ea9846c68849b9462, State: Initialized, Role: FOLLOWER
I20260601 13:33:31.263721  9476 raft_consensus.cc:493] T 4f9861b0e5ad4ab196ece95b0205a014 P 6ca3da2ec65a49479057598025ca4455 [term 0 FOLLOWER]: Starting leader election (initial election of a single-replica configuration)
I20260601 13:33:31.263784  9476 raft_consensus.cc:3060] T 4f9861b0e5ad4ab196ece95b0205a014 P 6ca3da2ec65a49479057598025ca4455 [term 0 FOLLOWER]: Advancing to term 1
I20260601 13:33:31.263796  9475 consensus_queue.cc:260] T db772381876d414d9a9f37d6c41afeed P 04bb3b9634bf449ea9846c68849b9462 [NON_LEADER]: Queue going to NON_LEADER mode. State: All replicated index: 0, Majority replicated index: 0, Committed index: 0, Last appended: 0.0, Last appended by leader: 0, Current term: 0, Majority size: -1, State: 0, Mode: NON_LEADER, active raft config: opid_index: -1 OBSOLETE_local: true peers { permanent_uuid: "04bb3b9634bf449ea9846c68849b9462" member_type: VOTER last_known_addr { host: "127.8.190.131" port: 35409 } }
I20260601 13:33:31.263882  9475 raft_consensus.cc:399] T db772381876d414d9a9f37d6c41afeed P 04bb3b9634bf449ea9846c68849b9462 [term 0 FOLLOWER]: Only one voter in the Raft config. Triggering election immediately
I20260601 13:33:31.263880  9474 raft_consensus.cc:359] T 443ef06d2cf54e1dbefc3fc5a4ba7d15 P e04c9b78fc85471793052d362d79406c [term 0 FOLLOWER]: Replica starting. Triggering 0 pending ops. Active config: opid_index: -1 OBSOLETE_local: true peers { permanent_uuid: "e04c9b78fc85471793052d362d79406c" member_type: VOTER last_known_addr { host: "127.8.190.129" port: 33087 } }
I20260601 13:33:31.263943  9475 raft_consensus.cc:493] T db772381876d414d9a9f37d6c41afeed P 04bb3b9634bf449ea9846c68849b9462 [term 0 FOLLOWER]: Starting leader election (initial election of a single-replica configuration)
I20260601 13:33:31.263996  9474 raft_consensus.cc:385] T 443ef06d2cf54e1dbefc3fc5a4ba7d15 P e04c9b78fc85471793052d362d79406c [term 0 FOLLOWER]: Consensus starting up: Expiring failure detector timer to make a prompt election more likely
I20260601 13:33:31.264019  9475 raft_consensus.cc:3060] T db772381876d414d9a9f37d6c41afeed P 04bb3b9634bf449ea9846c68849b9462 [term 0 FOLLOWER]: Advancing to term 1
I20260601 13:33:31.264040  9474 raft_consensus.cc:740] T 443ef06d2cf54e1dbefc3fc5a4ba7d15 P e04c9b78fc85471793052d362d79406c [term 0 FOLLOWER]: Becoming Follower/Learner. State: Replica: e04c9b78fc85471793052d362d79406c, State: Initialized, Role: FOLLOWER
I20260601 13:33:31.264163  9474 consensus_queue.cc:260] T 443ef06d2cf54e1dbefc3fc5a4ba7d15 P e04c9b78fc85471793052d362d79406c [NON_LEADER]: Queue going to NON_LEADER mode. State: All replicated index: 0, Majority replicated index: 0, Committed index: 0, Last appended: 0.0, Last appended by leader: 0, Current term: 0, Majority size: -1, State: 0, Mode: NON_LEADER, active raft config: opid_index: -1 OBSOLETE_local: true peers { permanent_uuid: "e04c9b78fc85471793052d362d79406c" member_type: VOTER last_known_addr { host: "127.8.190.129" port: 33087 } }
I20260601 13:33:31.264257  9474 raft_consensus.cc:399] T 443ef06d2cf54e1dbefc3fc5a4ba7d15 P e04c9b78fc85471793052d362d79406c [term 0 FOLLOWER]: Only one voter in the Raft config. Triggering election immediately
I20260601 13:33:31.264295  9474 raft_consensus.cc:493] T 443ef06d2cf54e1dbefc3fc5a4ba7d15 P e04c9b78fc85471793052d362d79406c [term 0 FOLLOWER]: Starting leader election (initial election of a single-replica configuration)
I20260601 13:33:31.264341  9474 raft_consensus.cc:3060] T 443ef06d2cf54e1dbefc3fc5a4ba7d15 P e04c9b78fc85471793052d362d79406c [term 0 FOLLOWER]: Advancing to term 1
I20260601 13:33:31.264674  9476 raft_consensus.cc:515] T 4f9861b0e5ad4ab196ece95b0205a014 P 6ca3da2ec65a49479057598025ca4455 [term 1 FOLLOWER]: Starting leader election with config: opid_index: -1 OBSOLETE_local: true peers { permanent_uuid: "6ca3da2ec65a49479057598025ca4455" member_type: VOTER last_known_addr { host: "127.8.190.130" port: 33133 } }
I20260601 13:33:31.264820  9476 leader_election.cc:304] T 4f9861b0e5ad4ab196ece95b0205a014 P 6ca3da2ec65a49479057598025ca4455 [CANDIDATE]: Term 1 election: Election decided. Result: candidate won. Election summary: received 1 responses out of 1 voters: 1 yes votes; 0 no votes. yes voters: 6ca3da2ec65a49479057598025ca4455; no voters: 
I20260601 13:33:31.264889  9475 raft_consensus.cc:515] T db772381876d414d9a9f37d6c41afeed P 04bb3b9634bf449ea9846c68849b9462 [term 1 FOLLOWER]: Starting leader election with config: opid_index: -1 OBSOLETE_local: true peers { permanent_uuid: "04bb3b9634bf449ea9846c68849b9462" member_type: VOTER last_known_addr { host: "127.8.190.131" port: 35409 } }
I20260601 13:33:31.265010  9476 leader_election.cc:290] T 4f9861b0e5ad4ab196ece95b0205a014 P 6ca3da2ec65a49479057598025ca4455 [CANDIDATE]: Term 1 election: Requested vote from peers 
I20260601 13:33:31.265015  9475 leader_election.cc:304] T db772381876d414d9a9f37d6c41afeed P 04bb3b9634bf449ea9846c68849b9462 [CANDIDATE]: Term 1 election: Election decided. Result: candidate won. Election summary: received 1 responses out of 1 voters: 1 yes votes; 0 no votes. yes voters: 04bb3b9634bf449ea9846c68849b9462; no voters: 
I20260601 13:33:31.265168  9474 raft_consensus.cc:515] T 443ef06d2cf54e1dbefc3fc5a4ba7d15 P e04c9b78fc85471793052d362d79406c [term 1 FOLLOWER]: Starting leader election with config: opid_index: -1 OBSOLETE_local: true peers { permanent_uuid: "e04c9b78fc85471793052d362d79406c" member_type: VOTER last_known_addr { host: "127.8.190.129" port: 33087 } }
I20260601 13:33:31.265256  9475 leader_election.cc:290] T db772381876d414d9a9f37d6c41afeed P 04bb3b9634bf449ea9846c68849b9462 [CANDIDATE]: Term 1 election: Requested vote from peers 
I20260601 13:33:31.265300  9474 leader_election.cc:304] T 443ef06d2cf54e1dbefc3fc5a4ba7d15 P e04c9b78fc85471793052d362d79406c [CANDIDATE]: Term 1 election: Election decided. Result: candidate won. Election summary: received 1 responses out of 1 voters: 1 yes votes; 0 no votes. yes voters: e04c9b78fc85471793052d362d79406c; no voters: 
I20260601 13:33:31.265334  9481 raft_consensus.cc:2804] T 4f9861b0e5ad4ab196ece95b0205a014 P 6ca3da2ec65a49479057598025ca4455 [term 1 FOLLOWER]: Leader election won for term 1
I20260601 13:33:31.265372  9476 ts_tablet_manager.cc:1434] T 4f9861b0e5ad4ab196ece95b0205a014 P 6ca3da2ec65a49479057598025ca4455: Time spent starting tablet: real 0.003s	user 0.000s	sys 0.003s
I20260601 13:33:31.265455  9474 leader_election.cc:290] T 443ef06d2cf54e1dbefc3fc5a4ba7d15 P e04c9b78fc85471793052d362d79406c [CANDIDATE]: Term 1 election: Requested vote from peers 
I20260601 13:33:31.265543  9475 ts_tablet_manager.cc:1434] T db772381876d414d9a9f37d6c41afeed P 04bb3b9634bf449ea9846c68849b9462: Time spent starting tablet: real 0.002s	user 0.003s	sys 0.000s
I20260601 13:33:31.265774  9481 raft_consensus.cc:697] T 4f9861b0e5ad4ab196ece95b0205a014 P 6ca3da2ec65a49479057598025ca4455 [term 1 LEADER]: Becoming Leader. State: Replica: 6ca3da2ec65a49479057598025ca4455, State: Running, Role: LEADER
I20260601 13:33:31.265868  9474 ts_tablet_manager.cc:1434] T 443ef06d2cf54e1dbefc3fc5a4ba7d15 P e04c9b78fc85471793052d362d79406c: Time spent starting tablet: real 0.002s	user 0.003s	sys 0.000s
I20260601 13:33:31.266003  9481 consensus_queue.cc:237] T 4f9861b0e5ad4ab196ece95b0205a014 P 6ca3da2ec65a49479057598025ca4455 [LEADER]: Queue going to LEADER mode. State: All replicated index: 0, Majority replicated index: 0, Committed index: 0, Last appended: 0.0, Last appended by leader: 0, Current term: 1, Majority size: 1, State: 0, Mode: LEADER, active raft config: opid_index: -1 OBSOLETE_local: true peers { permanent_uuid: "6ca3da2ec65a49479057598025ca4455" member_type: VOTER last_known_addr { host: "127.8.190.130" port: 33133 } }
I20260601 13:33:31.268245  9115 catalog_manager.cc:5696] T 4f9861b0e5ad4ab196ece95b0205a014 P 6ca3da2ec65a49479057598025ca4455 reported cstate change: term changed from 0 to 1, leader changed from <none> to 6ca3da2ec65a49479057598025ca4455 (127.8.190.130). New cstate: current_term: 1 leader_uuid: "6ca3da2ec65a49479057598025ca4455" committed_config { opid_index: -1 OBSOLETE_local: true peers { permanent_uuid: "6ca3da2ec65a49479057598025ca4455" member_type: VOTER last_known_addr { host: "127.8.190.130" port: 33133 } health_report { overall_health: HEALTHY } } }
I20260601 13:33:31.266077  9474 tablet_bootstrap.cc:492] T b092b511b67740839ba9a61fe00a5bfa P e04c9b78fc85471793052d362d79406c: Bootstrap starting.
I20260601 13:33:31.270656  9484 raft_consensus.cc:2804] T 443ef06d2cf54e1dbefc3fc5a4ba7d15 P e04c9b78fc85471793052d362d79406c [term 1 FOLLOWER]: Leader election won for term 1
I20260601 13:33:31.270826  9484 raft_consensus.cc:697] T 443ef06d2cf54e1dbefc3fc5a4ba7d15 P e04c9b78fc85471793052d362d79406c [term 1 LEADER]: Becoming Leader. State: Replica: e04c9b78fc85471793052d362d79406c, State: Running, Role: LEADER
I20260601 13:33:31.270875  9474 tablet_bootstrap.cc:654] T b092b511b67740839ba9a61fe00a5bfa P e04c9b78fc85471793052d362d79406c: Neither blocks nor log segments found. Creating new log.
I20260601 13:33:31.270941  9484 consensus_queue.cc:237] T 443ef06d2cf54e1dbefc3fc5a4ba7d15 P e04c9b78fc85471793052d362d79406c [LEADER]: Queue going to LEADER mode. State: All replicated index: 0, Majority replicated index: 0, Committed index: 0, Last appended: 0.0, Last appended by leader: 0, Current term: 1, Majority size: 1, State: 0, Mode: LEADER, active raft config: opid_index: -1 OBSOLETE_local: true peers { permanent_uuid: "e04c9b78fc85471793052d362d79406c" member_type: VOTER last_known_addr { host: "127.8.190.129" port: 33087 } }
I20260601 13:33:31.271944  9482 raft_consensus.cc:2804] T db772381876d414d9a9f37d6c41afeed P 04bb3b9634bf449ea9846c68849b9462 [term 1 FOLLOWER]: Leader election won for term 1
I20260601 13:33:31.272125  9482 raft_consensus.cc:697] T db772381876d414d9a9f37d6c41afeed P 04bb3b9634bf449ea9846c68849b9462 [term 1 LEADER]: Becoming Leader. State: Replica: 04bb3b9634bf449ea9846c68849b9462, State: Running, Role: LEADER
I20260601 13:33:31.272236  9482 consensus_queue.cc:237] T db772381876d414d9a9f37d6c41afeed P 04bb3b9634bf449ea9846c68849b9462 [LEADER]: Queue going to LEADER mode. State: All replicated index: 0, Majority replicated index: 0, Committed index: 0, Last appended: 0.0, Last appended by leader: 0, Current term: 1, Majority size: 1, State: 0, Mode: LEADER, active raft config: opid_index: -1 OBSOLETE_local: true peers { permanent_uuid: "04bb3b9634bf449ea9846c68849b9462" member_type: VOTER last_known_addr { host: "127.8.190.131" port: 35409 } }
I20260601 13:33:31.273085  9114 catalog_manager.cc:5696] T 443ef06d2cf54e1dbefc3fc5a4ba7d15 P e04c9b78fc85471793052d362d79406c reported cstate change: term changed from 0 to 1, leader changed from <none> to e04c9b78fc85471793052d362d79406c (127.8.190.129). New cstate: current_term: 1 leader_uuid: "e04c9b78fc85471793052d362d79406c" committed_config { opid_index: -1 OBSOLETE_local: true peers { permanent_uuid: "e04c9b78fc85471793052d362d79406c" member_type: VOTER last_known_addr { host: "127.8.190.129" port: 33087 } health_report { overall_health: HEALTHY } } }
I20260601 13:33:31.274349  9116 catalog_manager.cc:5696] T db772381876d414d9a9f37d6c41afeed P 04bb3b9634bf449ea9846c68849b9462 reported cstate change: term changed from 0 to 1, leader changed from <none> to 04bb3b9634bf449ea9846c68849b9462 (127.8.190.131). New cstate: current_term: 1 leader_uuid: "04bb3b9634bf449ea9846c68849b9462" committed_config { opid_index: -1 OBSOLETE_local: true peers { permanent_uuid: "04bb3b9634bf449ea9846c68849b9462" member_type: VOTER last_known_addr { host: "127.8.190.131" port: 35409 } health_report { overall_health: HEALTHY } } }
I20260601 13:33:31.276767  9474 tablet_bootstrap.cc:492] T b092b511b67740839ba9a61fe00a5bfa P e04c9b78fc85471793052d362d79406c: No bootstrap required, opened a new log
I20260601 13:33:31.276849  9474 ts_tablet_manager.cc:1403] T b092b511b67740839ba9a61fe00a5bfa P e04c9b78fc85471793052d362d79406c: Time spent bootstrapping tablet: real 0.011s	user 0.001s	sys 0.000s
I20260601 13:33:31.277245  9474 raft_consensus.cc:359] T b092b511b67740839ba9a61fe00a5bfa P e04c9b78fc85471793052d362d79406c [term 0 FOLLOWER]: Replica starting. Triggering 0 pending ops. Active config: opid_index: -1 OBSOLETE_local: true peers { permanent_uuid: "e04c9b78fc85471793052d362d79406c" member_type: VOTER last_known_addr { host: "127.8.190.129" port: 33087 } }
I20260601 13:33:31.277333  9474 raft_consensus.cc:385] T b092b511b67740839ba9a61fe00a5bfa P e04c9b78fc85471793052d362d79406c [term 0 FOLLOWER]: Consensus starting up: Expiring failure detector timer to make a prompt election more likely
I20260601 13:33:31.277364  9474 raft_consensus.cc:740] T b092b511b67740839ba9a61fe00a5bfa P e04c9b78fc85471793052d362d79406c [term 0 FOLLOWER]: Becoming Follower/Learner. State: Replica: e04c9b78fc85471793052d362d79406c, State: Initialized, Role: FOLLOWER
I20260601 13:33:31.277463  9474 consensus_queue.cc:260] T b092b511b67740839ba9a61fe00a5bfa P e04c9b78fc85471793052d362d79406c [NON_LEADER]: Queue going to NON_LEADER mode. State: All replicated index: 0, Majority replicated index: 0, Committed index: 0, Last appended: 0.0, Last appended by leader: 0, Current term: 0, Majority size: -1, State: 0, Mode: NON_LEADER, active raft config: opid_index: -1 OBSOLETE_local: true peers { permanent_uuid: "e04c9b78fc85471793052d362d79406c" member_type: VOTER last_known_addr { host: "127.8.190.129" port: 33087 } }
I20260601 13:33:31.277556  9474 raft_consensus.cc:399] T b092b511b67740839ba9a61fe00a5bfa P e04c9b78fc85471793052d362d79406c [term 0 FOLLOWER]: Only one voter in the Raft config. Triggering election immediately
I20260601 13:33:31.277607  9474 raft_consensus.cc:493] T b092b511b67740839ba9a61fe00a5bfa P e04c9b78fc85471793052d362d79406c [term 0 FOLLOWER]: Starting leader election (initial election of a single-replica configuration)
I20260601 13:33:31.277669  9474 raft_consensus.cc:3060] T b092b511b67740839ba9a61fe00a5bfa P e04c9b78fc85471793052d362d79406c [term 0 FOLLOWER]: Advancing to term 1
I20260601 13:33:31.278606  9474 raft_consensus.cc:515] T b092b511b67740839ba9a61fe00a5bfa P e04c9b78fc85471793052d362d79406c [term 1 FOLLOWER]: Starting leader election with config: opid_index: -1 OBSOLETE_local: true peers { permanent_uuid: "e04c9b78fc85471793052d362d79406c" member_type: VOTER last_known_addr { host: "127.8.190.129" port: 33087 } }
I20260601 13:33:31.278748  9474 leader_election.cc:304] T b092b511b67740839ba9a61fe00a5bfa P e04c9b78fc85471793052d362d79406c [CANDIDATE]: Term 1 election: Election decided. Result: candidate won. Election summary: received 1 responses out of 1 voters: 1 yes votes; 0 no votes. yes voters: e04c9b78fc85471793052d362d79406c; no voters: 
I20260601 13:33:31.278834  9474 leader_election.cc:290] T b092b511b67740839ba9a61fe00a5bfa P e04c9b78fc85471793052d362d79406c [CANDIDATE]: Term 1 election: Requested vote from peers 
I20260601 13:33:31.279043  9474 ts_tablet_manager.cc:1434] T b092b511b67740839ba9a61fe00a5bfa P e04c9b78fc85471793052d362d79406c: Time spent starting tablet: real 0.002s	user 0.003s	sys 0.000s
I20260601 13:33:31.280970  9484 raft_consensus.cc:2804] T b092b511b67740839ba9a61fe00a5bfa P e04c9b78fc85471793052d362d79406c [term 1 FOLLOWER]: Leader election won for term 1
I20260601 13:33:31.281051  9484 raft_consensus.cc:697] T b092b511b67740839ba9a61fe00a5bfa P e04c9b78fc85471793052d362d79406c [term 1 LEADER]: Becoming Leader. State: Replica: e04c9b78fc85471793052d362d79406c, State: Running, Role: LEADER
I20260601 13:33:31.281136  9484 consensus_queue.cc:237] T b092b511b67740839ba9a61fe00a5bfa P e04c9b78fc85471793052d362d79406c [LEADER]: Queue going to LEADER mode. State: All replicated index: 0, Majority replicated index: 0, Committed index: 0, Last appended: 0.0, Last appended by leader: 0, Current term: 1, Majority size: 1, State: 0, Mode: LEADER, active raft config: opid_index: -1 OBSOLETE_local: true peers { permanent_uuid: "e04c9b78fc85471793052d362d79406c" member_type: VOTER last_known_addr { host: "127.8.190.129" port: 33087 } }
I20260601 13:33:31.282330  9115 catalog_manager.cc:5696] T b092b511b67740839ba9a61fe00a5bfa P e04c9b78fc85471793052d362d79406c reported cstate change: term changed from 0 to 1, leader changed from <none> to e04c9b78fc85471793052d362d79406c (127.8.190.129). New cstate: current_term: 1 leader_uuid: "e04c9b78fc85471793052d362d79406c" committed_config { opid_index: -1 OBSOLETE_local: true peers { permanent_uuid: "e04c9b78fc85471793052d362d79406c" member_type: VOTER last_known_addr { host: "127.8.190.129" port: 33087 } health_report { overall_health: HEALTHY } } }
I20260601 13:33:31.290162  8954 tablet_server.cc:179] TabletServer@127.8.190.129:0 shutting down...
I20260601 13:33:31.294555  8954 ts_tablet_manager.cc:1507] Shutting down tablet manager...
I20260601 13:33:31.294898  8954 tablet_replica.cc:333] T b092b511b67740839ba9a61fe00a5bfa P e04c9b78fc85471793052d362d79406c: stopping tablet replica
I20260601 13:33:31.295157  8954 raft_consensus.cc:2243] T b092b511b67740839ba9a61fe00a5bfa P e04c9b78fc85471793052d362d79406c [term 1 LEADER]: Raft consensus shutting down.
I20260601 13:33:31.295301  8954 pending_rounds.cc:70] T b092b511b67740839ba9a61fe00a5bfa P e04c9b78fc85471793052d362d79406c: Trying to abort 1 pending ops.
I20260601 13:33:31.295349  8954 pending_rounds.cc:77] T b092b511b67740839ba9a61fe00a5bfa P e04c9b78fc85471793052d362d79406c: Aborting op as it isn't in flight: id { term: 1 index: 1 } timestamp: 7292194043007811584 op_type: NO_OP noop_request { }
I20260601 13:33:31.295442  8954 raft_consensus.cc:2889] T b092b511b67740839ba9a61fe00a5bfa P e04c9b78fc85471793052d362d79406c [term 1 LEADER]: NO_OP replication failed: Aborted: Op aborted
I20260601 13:33:31.295523  8954 raft_consensus.cc:2272] T b092b511b67740839ba9a61fe00a5bfa P e04c9b78fc85471793052d362d79406c [term 1 FOLLOWER]: Raft consensus is shut down!
W20260601 13:33:31.302076  9495 consensus_queue.cc:1175] T b092b511b67740839ba9a61fe00a5bfa P e04c9b78fc85471793052d362d79406c [LEADER]: Queue is closed or peer was untracked, disregarding peer response. Response: responder_uuid: "e04c9b78fc85471793052d362d79406c" status { last_received { term: 1 index: 1 } last_committed_idx: 0 last_received_current_leader { term: 1 index: 1 } }
I20260601 13:33:31.303164  8954 tablet_replica.cc:333] T 443ef06d2cf54e1dbefc3fc5a4ba7d15 P e04c9b78fc85471793052d362d79406c: stopping tablet replica
I20260601 13:33:31.303311  8954 raft_consensus.cc:2243] T 443ef06d2cf54e1dbefc3fc5a4ba7d15 P e04c9b78fc85471793052d362d79406c [term 1 LEADER]: Raft consensus shutting down.
I20260601 13:33:31.303427  8954 raft_consensus.cc:2272] T 443ef06d2cf54e1dbefc3fc5a4ba7d15 P e04c9b78fc85471793052d362d79406c [term 1 FOLLOWER]: Raft consensus is shut down!
I20260601 13:33:31.317267  8954 tablet_server.cc:196] TabletServer@127.8.190.129:0 shutdown complete.
I20260601 13:33:31.321092  8954 tablet_server.cc:179] TabletServer@127.8.190.130:0 shutting down...
I20260601 13:33:31.324381  8954 ts_tablet_manager.cc:1507] Shutting down tablet manager...
I20260601 13:33:31.324630  8954 tablet_replica.cc:333] T 4f9861b0e5ad4ab196ece95b0205a014 P 6ca3da2ec65a49479057598025ca4455: stopping tablet replica
I20260601 13:33:31.324790  8954 raft_consensus.cc:2243] T 4f9861b0e5ad4ab196ece95b0205a014 P 6ca3da2ec65a49479057598025ca4455 [term 1 LEADER]: Raft consensus shutting down.
I20260601 13:33:31.324920  8954 raft_consensus.cc:2272] T 4f9861b0e5ad4ab196ece95b0205a014 P 6ca3da2ec65a49479057598025ca4455 [term 1 FOLLOWER]: Raft consensus is shut down!
I20260601 13:33:31.337831  8954 tablet_server.cc:196] TabletServer@127.8.190.130:0 shutdown complete.
I20260601 13:33:31.339486  8954 tablet_server.cc:179] TabletServer@127.8.190.131:0 shutting down...
I20260601 13:33:31.343256  8954 ts_tablet_manager.cc:1507] Shutting down tablet manager...
I20260601 13:33:31.343530  8954 tablet_replica.cc:333] T db772381876d414d9a9f37d6c41afeed P 04bb3b9634bf449ea9846c68849b9462: stopping tablet replica
I20260601 13:33:31.343645  8954 raft_consensus.cc:2243] T db772381876d414d9a9f37d6c41afeed P 04bb3b9634bf449ea9846c68849b9462 [term 1 LEADER]: Raft consensus shutting down.
I20260601 13:33:31.343781  8954 raft_consensus.cc:2272] T db772381876d414d9a9f37d6c41afeed P 04bb3b9634bf449ea9846c68849b9462 [term 1 FOLLOWER]: Raft consensus is shut down!
I20260601 13:33:31.356796  8954 tablet_server.cc:196] TabletServer@127.8.190.131:0 shutdown complete.
I20260601 13:33:31.358845  8954 master.cc:562] Master@127.8.190.190:43427 shutting down...
I20260601 13:33:31.363407  8954 raft_consensus.cc:2243] T 00000000000000000000000000000000 P 962fe7c3149643e8b3fe8cb7d407a5c8 [term 1 FOLLOWER]: Raft consensus shutting down.
I20260601 13:33:31.363583  8954 raft_consensus.cc:2272] T 00000000000000000000000000000000 P 962fe7c3149643e8b3fe8cb7d407a5c8 [term 1 FOLLOWER]: Raft consensus is shut down!
I20260601 13:33:31.363678  8954 tablet_replica.cc:333] T 00000000000000000000000000000000 P 962fe7c3149643e8b3fe8cb7d407a5c8: stopping tablet replica
I20260601 13:33:31.376839  8954 master.cc:584] Master@127.8.190.190:43427 shutdown complete.
I20260601 13:33:31.379482  8954 master.cc:562] Master@127.8.190.189:34885 shutting down...
I20260601 13:33:31.382448  8954 raft_consensus.cc:2243] T 00000000000000000000000000000000 P 43973c6aee574a5680a91cfa453346a8 [term 1 FOLLOWER]: Raft consensus shutting down.
I20260601 13:33:31.382612  8954 raft_consensus.cc:2272] T 00000000000000000000000000000000 P 43973c6aee574a5680a91cfa453346a8 [term 1 FOLLOWER]: Raft consensus is shut down!
I20260601 13:33:31.382701  8954 tablet_replica.cc:333] T 00000000000000000000000000000000 P 43973c6aee574a5680a91cfa453346a8: stopping tablet replica
I20260601 13:33:31.395717  8954 master.cc:584] Master@127.8.190.189:34885 shutdown complete.
I20260601 13:33:31.397905  8954 master.cc:562] Master@127.8.190.188:40411 shutting down...
I20260601 13:33:31.401314  8954 raft_consensus.cc:2243] T 00000000000000000000000000000000 P 8700d398391a4ce9962275b41b88f3d3 [term 1 LEADER]: Raft consensus shutting down.
I20260601 13:33:31.401605  8954 raft_consensus.cc:2272] T 00000000000000000000000000000000 P 8700d398391a4ce9962275b41b88f3d3 [term 1 FOLLOWER]: Raft consensus is shut down!
I20260601 13:33:31.401667  8954 tablet_replica.cc:333] T 00000000000000000000000000000000 P 8700d398391a4ce9962275b41b88f3d3: stopping tablet replica
I20260601 13:33:31.414659  8954 master.cc:584] Master@127.8.190.188:40411 shutdown complete.
[       OK ] AutoRebalancerTest.OnlyLeaderDoesAutoRebalancing (2556 ms)
[ RUN      ] AutoRebalancerTest.AutoRebalancingTurnOffAndOn
I20260601 13:33:31.422652  8954 internal_mini_cluster.cc:156] Creating distributed mini masters. Addrs: 127.8.190.190:40351
I20260601 13:33:31.422943  8954 file_cache.cc:492] Constructed file cache file cache with capacity 419430
W20260601 13:33:31.424489  9499 instance_detector.cc:116] could not retrieve Azure instance metadata: Network error: curl error: HTTP response code said error: The requested URL returned error: 404
W20260601 13:33:31.424605  9501 instance_detector.cc:116] could not retrieve OpenStack instance metadata: Network error: curl error: HTTP response code said error: The requested URL returned error: 404
I20260601 13:33:31.424686  8954 server_base.cc:1061] running on GCE node
W20260601 13:33:31.424773  9498 instance_detector.cc:116] could not retrieve AWS instance metadata: Network error: curl error: HTTP response code said error: The requested URL returned error: 404
I20260601 13:33:31.424978  8954 hybrid_clock.cc:584] initializing the hybrid clock with 'system_unsync' time source
W20260601 13:33:31.425045  8954 system_unsync_time.cc:38] NTP support is disabled. Clock error bounds will not be accurate. This configuration is not suitable for distributed clusters.
I20260601 13:33:31.425060  8954 hybrid_clock.cc:648] HybridClock initialized: now 1780320811425060 us; error 0 us; skew 500 ppm
I20260601 13:33:31.425930  8954 webserver.cc:533] Webserver started at http://127.8.190.190:44431/ using document root <none> and password file <none>
I20260601 13:33:31.426084  8954 fs_manager.cc:362] Metadata directory not provided
I20260601 13:33:31.426126  8954 fs_manager.cc:368] Using write-ahead log directory (fs_wal_dir) as metadata directory
I20260601 13:33:31.426177  8954 server_base.cc:909] This appears to be a new deployment of Kudu; creating new FS layout
I20260601 13:33:31.426513  8954 fs_manager.cc:1068] Generated new instance metadata in path /tmp/dist-test-taskpJylwi/test-tmp/auto_rebalancer-test.0.AutoRebalancerTest.AutoRebalancingTurnOffAndOn.1780320808856641-8954-0/minicluster-data/master-0-root/instance:
uuid: "341efd44e80d490fb21689ea93b2f570"
format_stamp: "Formatted at 2026-06-01 13:33:31 on dist-test-slave-npzl"
I20260601 13:33:31.427889  8954 fs_manager.cc:696] Time spent creating directory manager: real 0.001s	user 0.002s	sys 0.000s
I20260601 13:33:31.428723  9506 log_block_manager.cc:4031] Time spent loading block containers with low live blocks: real 0.000s	user 0.000s	sys 0.000s
I20260601 13:33:31.428952  8954 fs_manager.cc:730] Time spent opening block manager: real 0.001s	user 0.001s	sys 0.000s
I20260601 13:33:31.429015  8954 fs_manager.cc:647] Opened local filesystem: /tmp/dist-test-taskpJylwi/test-tmp/auto_rebalancer-test.0.AutoRebalancerTest.AutoRebalancingTurnOffAndOn.1780320808856641-8954-0/minicluster-data/master-0-root
uuid: "341efd44e80d490fb21689ea93b2f570"
format_stamp: "Formatted at 2026-06-01 13:33:31 on dist-test-slave-npzl"
I20260601 13:33:31.429117  8954 fs_report.cc:389] FS layout report
--------------------
