I20260601 13:33:30.834733 17893 tablet_bootstrap.cc:492] T 9c00ce7d4494435f85d7717af6837c1f P 9a94cb491a2645aea07602c43a9feb66: No bootstrap required, opened a new log
I20260601 13:33:30.834831 17893 ts_tablet_manager.cc:1403] T 9c00ce7d4494435f85d7717af6837c1f P 9a94cb491a2645aea07602c43a9feb66: Time spent bootstrapping tablet: real 0.002s	user 0.002s	sys 0.000s
I20260601 13:33:30.835074 17901 tablet_bootstrap.cc:654] T c66e02b8a155460d8bfc1607866d9e6e P 1278cf612a52478998c1623a3c32cc63: Neither blocks nor log segments found. Creating new log.
I20260601 13:33:30.835305 17893 raft_consensus.cc:359] T 9c00ce7d4494435f85d7717af6837c1f P 9a94cb491a2645aea07602c43a9feb66 [term 0 FOLLOWER]: Replica starting. Triggering 0 pending ops. Active config: opid_index: -1 OBSOLETE_local: false peers { permanent_uuid: "1278cf612a52478998c1623a3c32cc63" member_type: VOTER last_known_addr { host: "127.16.159.1" port: 40389 } } peers { permanent_uuid: "9a94cb491a2645aea07602c43a9feb66" member_type: VOTER last_known_addr { host: "127.16.159.2" port: 45607 } } peers { permanent_uuid: "a255eadc32ff4784b641ae5b94868702" member_type: VOTER last_known_addr { host: "127.16.159.3" port: 36721 } }
I20260601 13:33:30.835415 17893 raft_consensus.cc:385] T 9c00ce7d4494435f85d7717af6837c1f P 9a94cb491a2645aea07602c43a9feb66 [term 0 FOLLOWER]: Consensus starting up: Expiring failure detector timer to make a prompt election more likely
I20260601 13:33:30.835390 17683 tablet_service.cc:1511] Processing CreateTablet for tablet 73ccf52bfbb94c01a1ab13379335fdca (DEFAULT_TABLE table=test-workload [id=decae3cb70d64c2c9bb28118bda9f945]), partition=RANGE (key) PARTITION 805306365 <= VALUES < 1073741820
I20260601 13:33:30.835457 17893 raft_consensus.cc:740] T 9c00ce7d4494435f85d7717af6837c1f P 9a94cb491a2645aea07602c43a9feb66 [term 0 FOLLOWER]: Becoming Follower/Learner. State: Replica: 9a94cb491a2645aea07602c43a9feb66, State: Initialized, Role: FOLLOWER
I20260601 13:33:30.835590 17893 consensus_queue.cc:260] T 9c00ce7d4494435f85d7717af6837c1f P 9a94cb491a2645aea07602c43a9feb66 [NON_LEADER]: Queue going to NON_LEADER mode. State: All replicated index: 0, Majority replicated index: 0, Committed index: 0, Last appended: 0.0, Last appended by leader: 0, Current term: 0, Majority size: -1, State: 0, Mode: NON_LEADER, active raft config: opid_index: -1 OBSOLETE_local: false peers { permanent_uuid: "1278cf612a52478998c1623a3c32cc63" member_type: VOTER last_known_addr { host: "127.16.159.1" port: 40389 } } peers { permanent_uuid: "9a94cb491a2645aea07602c43a9feb66" member_type: VOTER last_known_addr { host: "127.16.159.2" port: 45607 } } peers { permanent_uuid: "a255eadc32ff4784b641ae5b94868702" member_type: VOTER last_known_addr { host: "127.16.159.3" port: 36721 } }
I20260601 13:33:30.835677 17683 data_dirs.cc:400] Could only allocate 1 dirs of requested 3 for tablet 73ccf52bfbb94c01a1ab13379335fdca. 1 dirs total, 0 dirs full, 0 dirs failed
I20260601 13:33:30.835927 17893 ts_tablet_manager.cc:1434] T 9c00ce7d4494435f85d7717af6837c1f P 9a94cb491a2645aea07602c43a9feb66: Time spent starting tablet: real 0.001s	user 0.001s	sys 0.000s
I20260601 13:33:30.836130 17893 tablet_bootstrap.cc:492] T e0cd1439f7de4a5888a8ac273bb4fb93 P 9a94cb491a2645aea07602c43a9feb66: Bootstrap starting.
I20260601 13:33:30.836325 17901 tablet_bootstrap.cc:492] T c66e02b8a155460d8bfc1607866d9e6e P 1278cf612a52478998c1623a3c32cc63: No bootstrap required, opened a new log
I20260601 13:33:30.836428 17901 ts_tablet_manager.cc:1403] T c66e02b8a155460d8bfc1607866d9e6e P 1278cf612a52478998c1623a3c32cc63: Time spent bootstrapping tablet: real 0.002s	user 0.002s	sys 0.000s
I20260601 13:33:30.836810 17901 raft_consensus.cc:359] T c66e02b8a155460d8bfc1607866d9e6e P 1278cf612a52478998c1623a3c32cc63 [term 0 FOLLOWER]: Replica starting. Triggering 0 pending ops. Active config: opid_index: -1 OBSOLETE_local: false peers { permanent_uuid: "9a94cb491a2645aea07602c43a9feb66" member_type: VOTER last_known_addr { host: "127.16.159.2" port: 45607 } } peers { permanent_uuid: "a255eadc32ff4784b641ae5b94868702" member_type: VOTER last_known_addr { host: "127.16.159.3" port: 36721 } } peers { permanent_uuid: "1278cf612a52478998c1623a3c32cc63" member_type: VOTER last_known_addr { host: "127.16.159.1" port: 40389 } }
I20260601 13:33:30.836918 17901 raft_consensus.cc:385] T c66e02b8a155460d8bfc1607866d9e6e P 1278cf612a52478998c1623a3c32cc63 [term 0 FOLLOWER]: Consensus starting up: Expiring failure detector timer to make a prompt election more likely
I20260601 13:33:30.836970 17901 raft_consensus.cc:740] T c66e02b8a155460d8bfc1607866d9e6e P 1278cf612a52478998c1623a3c32cc63 [term 0 FOLLOWER]: Becoming Follower/Learner. State: Replica: 1278cf612a52478998c1623a3c32cc63, State: Initialized, Role: FOLLOWER
I20260601 13:33:30.837160 17893 tablet_bootstrap.cc:654] T e0cd1439f7de4a5888a8ac273bb4fb93 P 9a94cb491a2645aea07602c43a9feb66: Neither blocks nor log segments found. Creating new log.
I20260601 13:33:30.837119 17901 consensus_queue.cc:260] T c66e02b8a155460d8bfc1607866d9e6e P 1278cf612a52478998c1623a3c32cc63 [NON_LEADER]: Queue going to NON_LEADER mode. State: All replicated index: 0, Majority replicated index: 0, Committed index: 0, Last appended: 0.0, Last appended by leader: 0, Current term: 0, Majority size: -1, State: 0, Mode: NON_LEADER, active raft config: opid_index: -1 OBSOLETE_local: false peers { permanent_uuid: "9a94cb491a2645aea07602c43a9feb66" member_type: VOTER last_known_addr { host: "127.16.159.2" port: 45607 } } peers { permanent_uuid: "a255eadc32ff4784b641ae5b94868702" member_type: VOTER last_known_addr { host: "127.16.159.3" port: 36721 } } peers { permanent_uuid: "1278cf612a52478998c1623a3c32cc63" member_type: VOTER last_known_addr { host: "127.16.159.1" port: 40389 } }
I20260601 13:33:30.837431 17901 ts_tablet_manager.cc:1434] T c66e02b8a155460d8bfc1607866d9e6e P 1278cf612a52478998c1623a3c32cc63: Time spent starting tablet: real 0.001s	user 0.001s	sys 0.000s
I20260601 13:33:30.837584 17901 tablet_bootstrap.cc:492] T 58e78644000f4a55933d081f71ede7f7 P 1278cf612a52478998c1623a3c32cc63: Bootstrap starting.
I20260601 13:33:30.838052 17684 tablet_service.cc:1511] Processing CreateTablet for tablet a4756ebe697648dc8c4ce87f40a0eeb2 (DEFAULT_TABLE table=test-workload [id=decae3cb70d64c2c9bb28118bda9f945]), partition=RANGE (key) PARTITION 536870910 <= VALUES < 805306365
I20260601 13:33:30.838250 17684 data_dirs.cc:400] Could only allocate 1 dirs of requested 3 for tablet a4756ebe697648dc8c4ce87f40a0eeb2. 1 dirs total, 0 dirs full, 0 dirs failed
I20260601 13:33:30.838599 17901 tablet_bootstrap.cc:654] T 58e78644000f4a55933d081f71ede7f7 P 1278cf612a52478998c1623a3c32cc63: Neither blocks nor log segments found. Creating new log.
I20260601 13:33:30.839517 17685 tablet_service.cc:1511] Processing CreateTablet for tablet f2df2ef6baa641a181c6dc5447841934 (DEFAULT_TABLE table=test-workload [id=decae3cb70d64c2c9bb28118bda9f945]), partition=RANGE (key) PARTITION 268435455 <= VALUES < 536870910
I20260601 13:33:30.839736 17901 tablet_bootstrap.cc:492] T 58e78644000f4a55933d081f71ede7f7 P 1278cf612a52478998c1623a3c32cc63: No bootstrap required, opened a new log
I20260601 13:33:30.839795 17685 data_dirs.cc:400] Could only allocate 1 dirs of requested 3 for tablet f2df2ef6baa641a181c6dc5447841934. 1 dirs total, 0 dirs full, 0 dirs failed
I20260601 13:33:30.839816 17901 ts_tablet_manager.cc:1403] T 58e78644000f4a55933d081f71ede7f7 P 1278cf612a52478998c1623a3c32cc63: Time spent bootstrapping tablet: real 0.002s	user 0.001s	sys 0.001s
I20260601 13:33:30.840364 17904 raft_consensus.cc:493] T c66e02b8a155460d8bfc1607866d9e6e P 1278cf612a52478998c1623a3c32cc63 [term 0 FOLLOWER]: Starting pre-election (no leader contacted us within the election timeout)
I20260601 13:33:30.840447 17904 raft_consensus.cc:515] T c66e02b8a155460d8bfc1607866d9e6e P 1278cf612a52478998c1623a3c32cc63 [term 0 FOLLOWER]: Starting pre-election with config: opid_index: -1 OBSOLETE_local: false peers { permanent_uuid: "9a94cb491a2645aea07602c43a9feb66" member_type: VOTER last_known_addr { host: "127.16.159.2" port: 45607 } } peers { permanent_uuid: "a255eadc32ff4784b641ae5b94868702" member_type: VOTER last_known_addr { host: "127.16.159.3" port: 36721 } } peers { permanent_uuid: "1278cf612a52478998c1623a3c32cc63" member_type: VOTER last_known_addr { host: "127.16.159.1" port: 40389 } }
I20260601 13:33:30.840653 17897 raft_consensus.cc:493] T c66e02b8a155460d8bfc1607866d9e6e P a255eadc32ff4784b641ae5b94868702 [term 0 FOLLOWER]: Starting pre-election (no leader contacted us within the election timeout)
I20260601 13:33:30.840294 17901 raft_consensus.cc:359] T 58e78644000f4a55933d081f71ede7f7 P 1278cf612a52478998c1623a3c32cc63 [term 0 FOLLOWER]: Replica starting. Triggering 0 pending ops. Active config: opid_index: -1 OBSOLETE_local: false peers { permanent_uuid: "1278cf612a52478998c1623a3c32cc63" member_type: VOTER last_known_addr { host: "127.16.159.1" port: 40389 } } peers { permanent_uuid: "9a94cb491a2645aea07602c43a9feb66" member_type: VOTER last_known_addr { host: "127.16.159.2" port: 45607 } } peers { permanent_uuid: "a255eadc32ff4784b641ae5b94868702" member_type: VOTER last_known_addr { host: "127.16.159.3" port: 36721 } }
I20260601 13:33:30.840741 17901 raft_consensus.cc:385] T 58e78644000f4a55933d081f71ede7f7 P 1278cf612a52478998c1623a3c32cc63 [term 0 FOLLOWER]: Consensus starting up: Expiring failure detector timer to make a prompt election more likely
I20260601 13:33:30.840785 17901 raft_consensus.cc:740] T 58e78644000f4a55933d081f71ede7f7 P 1278cf612a52478998c1623a3c32cc63 [term 0 FOLLOWER]: Becoming Follower/Learner. State: Replica: 1278cf612a52478998c1623a3c32cc63, State: Initialized, Role: FOLLOWER
I20260601 13:33:30.840727 17897 raft_consensus.cc:515] T c66e02b8a155460d8bfc1607866d9e6e P a255eadc32ff4784b641ae5b94868702 [term 0 FOLLOWER]: Starting pre-election with config: opid_index: -1 OBSOLETE_local: false peers { permanent_uuid: "9a94cb491a2645aea07602c43a9feb66" member_type: VOTER last_known_addr { host: "127.16.159.2" port: 45607 } } peers { permanent_uuid: "a255eadc32ff4784b641ae5b94868702" member_type: VOTER last_known_addr { host: "127.16.159.3" port: 36721 } } peers { permanent_uuid: "1278cf612a52478998c1623a3c32cc63" member_type: VOTER last_known_addr { host: "127.16.159.1" port: 40389 } }
I20260601 13:33:30.840943 17904 leader_election.cc:290] T c66e02b8a155460d8bfc1607866d9e6e P 1278cf612a52478998c1623a3c32cc63 [CANDIDATE]: Term 1 pre-election: Requested pre-vote from peers 9a94cb491a2645aea07602c43a9feb66 (127.16.159.2:45607), a255eadc32ff4784b641ae5b94868702 (127.16.159.3:36721)
I20260601 13:33:30.841233 17897 leader_election.cc:290] T c66e02b8a155460d8bfc1607866d9e6e P a255eadc32ff4784b641ae5b94868702 [CANDIDATE]: Term 1 pre-election: Requested pre-vote from peers 9a94cb491a2645aea07602c43a9feb66 (127.16.159.2:45607), 1278cf612a52478998c1623a3c32cc63 (127.16.159.1:40389)
I20260601 13:33:30.843789 17901 consensus_queue.cc:260] T 58e78644000f4a55933d081f71ede7f7 P 1278cf612a52478998c1623a3c32cc63 [NON_LEADER]: Queue going to NON_LEADER mode. State: All replicated index: 0, Majority replicated index: 0, Committed index: 0, Last appended: 0.0, Last appended by leader: 0, Current term: 0, Majority size: -1, State: 0, Mode: NON_LEADER, active raft config: opid_index: -1 OBSOLETE_local: false peers { permanent_uuid: "1278cf612a52478998c1623a3c32cc63" member_type: VOTER last_known_addr { host: "127.16.159.1" port: 40389 } } peers { permanent_uuid: "9a94cb491a2645aea07602c43a9feb66" member_type: VOTER last_known_addr { host: "127.16.159.2" port: 45607 } } peers { permanent_uuid: "a255eadc32ff4784b641ae5b94868702" member_type: VOTER last_known_addr { host: "127.16.159.3" port: 36721 } }
I20260601 13:33:30.843999 17894 tablet_bootstrap.cc:492] T f2df2ef6baa641a181c6dc5447841934 P a255eadc32ff4784b641ae5b94868702: No bootstrap required, opened a new log
I20260601 13:33:30.844106 17894 ts_tablet_manager.cc:1403] T f2df2ef6baa641a181c6dc5447841934 P a255eadc32ff4784b641ae5b94868702: Time spent bootstrapping tablet: real 0.020s	user 0.002s	sys 0.000s
I20260601 13:33:30.844529 17893 tablet_bootstrap.cc:492] T e0cd1439f7de4a5888a8ac273bb4fb93 P 9a94cb491a2645aea07602c43a9feb66: No bootstrap required, opened a new log
I20260601 13:33:30.844619 17893 ts_tablet_manager.cc:1403] T e0cd1439f7de4a5888a8ac273bb4fb93 P 9a94cb491a2645aea07602c43a9feb66: Time spent bootstrapping tablet: real 0.009s	user 0.002s	sys 0.000s
I20260601 13:33:30.844657 17894 raft_consensus.cc:359] T f2df2ef6baa641a181c6dc5447841934 P a255eadc32ff4784b641ae5b94868702 [term 0 FOLLOWER]: Replica starting. Triggering 0 pending ops. Active config: opid_index: -1 OBSOLETE_local: false peers { permanent_uuid: "1278cf612a52478998c1623a3c32cc63" member_type: VOTER last_known_addr { host: "127.16.159.1" port: 40389 } } peers { permanent_uuid: "9a94cb491a2645aea07602c43a9feb66" member_type: VOTER last_known_addr { host: "127.16.159.2" port: 45607 } } peers { permanent_uuid: "a255eadc32ff4784b641ae5b94868702" member_type: VOTER last_known_addr { host: "127.16.159.3" port: 36721 } }
I20260601 13:33:30.844750 17894 raft_consensus.cc:385] T f2df2ef6baa641a181c6dc5447841934 P a255eadc32ff4784b641ae5b94868702 [term 0 FOLLOWER]: Consensus starting up: Expiring failure detector timer to make a prompt election more likely
I20260601 13:33:30.844798 17894 raft_consensus.cc:740] T f2df2ef6baa641a181c6dc5447841934 P a255eadc32ff4784b641ae5b94868702 [term 0 FOLLOWER]: Becoming Follower/Learner. State: Replica: a255eadc32ff4784b641ae5b94868702, State: Initialized, Role: FOLLOWER
I20260601 13:33:30.844923 17894 consensus_queue.cc:260] T f2df2ef6baa641a181c6dc5447841934 P a255eadc32ff4784b641ae5b94868702 [NON_LEADER]: Queue going to NON_LEADER mode. State: All replicated index: 0, Majority replicated index: 0, Committed index: 0, Last appended: 0.0, Last appended by leader: 0, Current term: 0, Majority size: -1, State: 0, Mode: NON_LEADER, active raft config: opid_index: -1 OBSOLETE_local: false peers { permanent_uuid: "1278cf612a52478998c1623a3c32cc63" member_type: VOTER last_known_addr { host: "127.16.159.1" port: 40389 } } peers { permanent_uuid: "9a94cb491a2645aea07602c43a9feb66" member_type: VOTER last_known_addr { host: "127.16.159.2" port: 45607 } } peers { permanent_uuid: "a255eadc32ff4784b641ae5b94868702" member_type: VOTER last_known_addr { host: "127.16.159.3" port: 36721 } }
I20260601 13:33:30.845105 17893 raft_consensus.cc:359] T e0cd1439f7de4a5888a8ac273bb4fb93 P 9a94cb491a2645aea07602c43a9feb66 [term 0 FOLLOWER]: Replica starting. Triggering 0 pending ops. Active config: opid_index: -1 OBSOLETE_local: false peers { permanent_uuid: "1278cf612a52478998c1623a3c32cc63" member_type: VOTER last_known_addr { host: "127.16.159.1" port: 40389 } } peers { permanent_uuid: "9a94cb491a2645aea07602c43a9feb66" member_type: VOTER last_known_addr { host: "127.16.159.2" port: 45607 } } peers { permanent_uuid: "a255eadc32ff4784b641ae5b94868702" member_type: VOTER last_known_addr { host: "127.16.159.3" port: 36721 } }
I20260601 13:33:30.845209 17894 ts_tablet_manager.cc:1434] T f2df2ef6baa641a181c6dc5447841934 P a255eadc32ff4784b641ae5b94868702: Time spent starting tablet: real 0.001s	user 0.001s	sys 0.000s
I20260601 13:33:30.845220 17893 raft_consensus.cc:385] T e0cd1439f7de4a5888a8ac273bb4fb93 P 9a94cb491a2645aea07602c43a9feb66 [term 0 FOLLOWER]: Consensus starting up: Expiring failure detector timer to make a prompt election more likely
I20260601 13:33:30.845283 17893 raft_consensus.cc:740] T e0cd1439f7de4a5888a8ac273bb4fb93 P 9a94cb491a2645aea07602c43a9feb66 [term 0 FOLLOWER]: Becoming Follower/Learner. State: Replica: 9a94cb491a2645aea07602c43a9feb66, State: Initialized, Role: FOLLOWER
I20260601 13:33:30.845415 17894 tablet_bootstrap.cc:492] T 73ccf52bfbb94c01a1ab13379335fdca P a255eadc32ff4784b641ae5b94868702: Bootstrap starting.
I20260601 13:33:30.845402 17893 consensus_queue.cc:260] T e0cd1439f7de4a5888a8ac273bb4fb93 P 9a94cb491a2645aea07602c43a9feb66 [NON_LEADER]: Queue going to NON_LEADER mode. State: All replicated index: 0, Majority replicated index: 0, Committed index: 0, Last appended: 0.0, Last appended by leader: 0, Current term: 0, Majority size: -1, State: 0, Mode: NON_LEADER, active raft config: opid_index: -1 OBSOLETE_local: false peers { permanent_uuid: "1278cf612a52478998c1623a3c32cc63" member_type: VOTER last_known_addr { host: "127.16.159.1" port: 40389 } } peers { permanent_uuid: "9a94cb491a2645aea07602c43a9feb66" member_type: VOTER last_known_addr { host: "127.16.159.2" port: 45607 } } peers { permanent_uuid: "a255eadc32ff4784b641ae5b94868702" member_type: VOTER last_known_addr { host: "127.16.159.3" port: 36721 } }
I20260601 13:33:30.845515 17901 ts_tablet_manager.cc:1434] T 58e78644000f4a55933d081f71ede7f7 P 1278cf612a52478998c1623a3c32cc63: Time spent starting tablet: real 0.006s	user 0.001s	sys 0.001s
I20260601 13:33:30.846534 17894 tablet_bootstrap.cc:654] T 73ccf52bfbb94c01a1ab13379335fdca P a255eadc32ff4784b641ae5b94868702: Neither blocks nor log segments found. Creating new log.
I20260601 13:33:30.846659 17893 ts_tablet_manager.cc:1434] T e0cd1439f7de4a5888a8ac273bb4fb93 P 9a94cb491a2645aea07602c43a9feb66: Time spent starting tablet: real 0.002s	user 0.001s	sys 0.000s
I20260601 13:33:30.846859 17893 tablet_bootstrap.cc:492] T 58e78644000f4a55933d081f71ede7f7 P 9a94cb491a2645aea07602c43a9feb66: Bootstrap starting.
I20260601 13:33:30.847540 17901 tablet_bootstrap.cc:492] T fea376a8dae549d0983520b06af3e3f6 P 1278cf612a52478998c1623a3c32cc63: Bootstrap starting.
I20260601 13:33:30.848011 17696 tablet_service.cc:1917] Received RequestConsensusVote() RPC: tablet_id: "c66e02b8a155460d8bfc1607866d9e6e" candidate_uuid: "a255eadc32ff4784b641ae5b94868702" candidate_term: 1 candidate_status { last_received { term: 0 index: 0 } } ignore_live_leader: false dest_uuid: "1278cf612a52478998c1623a3c32cc63" is_pre_election: true
I20260601 13:33:30.848147 17696 raft_consensus.cc:2468] T c66e02b8a155460d8bfc1607866d9e6e P 1278cf612a52478998c1623a3c32cc63 [term 0 FOLLOWER]: Leader pre-election vote request: Granting yes vote for candidate a255eadc32ff4784b641ae5b94868702 in term 0.
I20260601 13:33:30.848552 17901 tablet_bootstrap.cc:654] T fea376a8dae549d0983520b06af3e3f6 P 1278cf612a52478998c1623a3c32cc63: Neither blocks nor log segments found. Creating new log.
I20260601 13:33:30.848912 17813 leader_election.cc:304] T c66e02b8a155460d8bfc1607866d9e6e P a255eadc32ff4784b641ae5b94868702 [CANDIDATE]: Term 1 pre-election: Election decided. Result: candidate won. Election summary: received 2 responses out of 3 voters: 2 yes votes; 0 no votes. yes voters: 1278cf612a52478998c1623a3c32cc63, a255eadc32ff4784b641ae5b94868702; no voters: 
I20260601 13:33:30.849098 17897 raft_consensus.cc:2804] T c66e02b8a155460d8bfc1607866d9e6e P a255eadc32ff4784b641ae5b94868702 [term 0 FOLLOWER]: Leader pre-election won for term 1
I20260601 13:33:30.849284 17897 raft_consensus.cc:493] T c66e02b8a155460d8bfc1607866d9e6e P a255eadc32ff4784b641ae5b94868702 [term 0 FOLLOWER]: Starting leader election (no leader contacted us within the election timeout)
I20260601 13:33:30.849344 17897 raft_consensus.cc:3060] T c66e02b8a155460d8bfc1607866d9e6e P a255eadc32ff4784b641ae5b94868702 [term 0 FOLLOWER]: Advancing to term 1
I20260601 13:33:30.850487 17897 raft_consensus.cc:515] T c66e02b8a155460d8bfc1607866d9e6e P a255eadc32ff4784b641ae5b94868702 [term 1 FOLLOWER]: Starting leader election with config: opid_index: -1 OBSOLETE_local: false peers { permanent_uuid: "9a94cb491a2645aea07602c43a9feb66" member_type: VOTER last_known_addr { host: "127.16.159.2" port: 45607 } } peers { permanent_uuid: "a255eadc32ff4784b641ae5b94868702" member_type: VOTER last_known_addr { host: "127.16.159.3" port: 36721 } } peers { permanent_uuid: "1278cf612a52478998c1623a3c32cc63" member_type: VOTER last_known_addr { host: "127.16.159.1" port: 40389 } }
I20260601 13:33:30.850881 17897 leader_election.cc:290] T c66e02b8a155460d8bfc1607866d9e6e P a255eadc32ff4784b641ae5b94868702 [CANDIDATE]: Term 1 election: Requested vote from peers 9a94cb491a2645aea07602c43a9feb66 (127.16.159.2:45607), 1278cf612a52478998c1623a3c32cc63 (127.16.159.1:40389)
I20260601 13:33:30.851778 17696 tablet_service.cc:1917] Received RequestConsensusVote() RPC: tablet_id: "c66e02b8a155460d8bfc1607866d9e6e" candidate_uuid: "a255eadc32ff4784b641ae5b94868702" candidate_term: 1 candidate_status { last_received { term: 0 index: 0 } } ignore_live_leader: false dest_uuid: "1278cf612a52478998c1623a3c32cc63"
I20260601 13:33:30.851893 17696 raft_consensus.cc:3060] T c66e02b8a155460d8bfc1607866d9e6e P 1278cf612a52478998c1623a3c32cc63 [term 0 FOLLOWER]: Advancing to term 1
I20260601 13:33:30.852855 17696 raft_consensus.cc:2468] T c66e02b8a155460d8bfc1607866d9e6e P 1278cf612a52478998c1623a3c32cc63 [term 1 FOLLOWER]: Leader election vote request: Granting yes vote for candidate a255eadc32ff4784b641ae5b94868702 in term 1.
I20260601 13:33:30.853281 17813 leader_election.cc:304] T c66e02b8a155460d8bfc1607866d9e6e P a255eadc32ff4784b641ae5b94868702 [CANDIDATE]: Term 1 election: Election decided. Result: candidate won. Election summary: received 2 responses out of 3 voters: 2 yes votes; 0 no votes. yes voters: 1278cf612a52478998c1623a3c32cc63, a255eadc32ff4784b641ae5b94868702; no voters: 
I20260601 13:33:30.853547 17772 tablet_service.cc:1917] Received RequestConsensusVote() RPC: tablet_id: "c66e02b8a155460d8bfc1607866d9e6e" candidate_uuid: "1278cf612a52478998c1623a3c32cc63" candidate_term: 1 candidate_status { last_received { term: 0 index: 0 } } ignore_live_leader: false dest_uuid: "9a94cb491a2645aea07602c43a9feb66" is_pre_election: true
I20260601 13:33:30.853557 17897 raft_consensus.cc:2804] T c66e02b8a155460d8bfc1607866d9e6e P a255eadc32ff4784b641ae5b94868702 [term 1 FOLLOWER]: Leader election won for term 1
I20260601 13:33:30.853575 17847 tablet_service.cc:1917] Received RequestConsensusVote() RPC: tablet_id: "c66e02b8a155460d8bfc1607866d9e6e" candidate_uuid: "1278cf612a52478998c1623a3c32cc63" candidate_term: 1 candidate_status { last_received { term: 0 index: 0 } } ignore_live_leader: false dest_uuid: "a255eadc32ff4784b641ae5b94868702" is_pre_election: true
I20260601 13:33:30.853705 17772 raft_consensus.cc:2468] T c66e02b8a155460d8bfc1607866d9e6e P 9a94cb491a2645aea07602c43a9feb66 [term 0 FOLLOWER]: Leader pre-election vote request: Granting yes vote for candidate 1278cf612a52478998c1623a3c32cc63 in term 0.
I20260601 13:33:30.853842 17897 raft_consensus.cc:697] T c66e02b8a155460d8bfc1607866d9e6e P a255eadc32ff4784b641ae5b94868702 [term 1 LEADER]: Becoming Leader. State: Replica: a255eadc32ff4784b641ae5b94868702, State: Running, Role: LEADER
I20260601 13:33:30.848001 17893 tablet_bootstrap.cc:654] T 58e78644000f4a55933d081f71ede7f7 P 9a94cb491a2645aea07602c43a9feb66: Neither blocks nor log segments found. Creating new log.
I20260601 13:33:30.853996 17659 leader_election.cc:304] T c66e02b8a155460d8bfc1607866d9e6e P 1278cf612a52478998c1623a3c32cc63 [CANDIDATE]: Term 1 pre-election: Election decided. Result: candidate won. Election summary: received 2 responses out of 3 voters: 2 yes votes; 0 no votes. yes voters: 1278cf612a52478998c1623a3c32cc63, 9a94cb491a2645aea07602c43a9feb66; no voters: 
I20260601 13:33:30.854179 17904 raft_consensus.cc:2764] T c66e02b8a155460d8bfc1607866d9e6e P 1278cf612a52478998c1623a3c32cc63 [term 1 FOLLOWER]: Leader pre-election decision vote started in defunct term 0: won
I20260601 13:33:30.854301 17894 tablet_bootstrap.cc:492] T 73ccf52bfbb94c01a1ab13379335fdca P a255eadc32ff4784b641ae5b94868702: No bootstrap required, opened a new log
I20260601 13:33:30.854328 17772 tablet_service.cc:1917] Received RequestConsensusVote() RPC: tablet_id: "c66e02b8a155460d8bfc1607866d9e6e" candidate_uuid: "a255eadc32ff4784b641ae5b94868702" candidate_term: 1 candidate_status { last_received { term: 0 index: 0 } } ignore_live_leader: false dest_uuid: "9a94cb491a2645aea07602c43a9feb66" is_pre_election: true
I20260601 13:33:30.854383 17771 tablet_service.cc:1917] Received RequestConsensusVote() RPC: tablet_id: "c66e02b8a155460d8bfc1607866d9e6e" candidate_uuid: "a255eadc32ff4784b641ae5b94868702" candidate_term: 1 candidate_status { last_received { term: 0 index: 0 } } ignore_live_leader: false dest_uuid: "9a94cb491a2645aea07602c43a9feb66"
I20260601 13:33:30.854424 17772 raft_consensus.cc:2468] T c66e02b8a155460d8bfc1607866d9e6e P 9a94cb491a2645aea07602c43a9feb66 [term 0 FOLLOWER]: Leader pre-election vote request: Granting yes vote for candidate a255eadc32ff4784b641ae5b94868702 in term 0.
I20260601 13:33:30.854413 17894 ts_tablet_manager.cc:1403] T 73ccf52bfbb94c01a1ab13379335fdca P a255eadc32ff4784b641ae5b94868702: Time spent bootstrapping tablet: real 0.009s	user 0.002s	sys 0.000s
I20260601 13:33:30.853994 17897 consensus_queue.cc:237] T c66e02b8a155460d8bfc1607866d9e6e P a255eadc32ff4784b641ae5b94868702 [LEADER]: Queue going to LEADER mode. State: All replicated index: 0, Majority replicated index: 0, Committed index: 0, Last appended: 0.0, Last appended by leader: 0, Current term: 1, Majority size: 2, State: 0, Mode: LEADER, active raft config: opid_index: -1 OBSOLETE_local: false peers { permanent_uuid: "9a94cb491a2645aea07602c43a9feb66" member_type: VOTER last_known_addr { host: "127.16.159.2" port: 45607 } } peers { permanent_uuid: "a255eadc32ff4784b641ae5b94868702" member_type: VOTER last_known_addr { host: "127.16.159.3" port: 36721 } } peers { permanent_uuid: "1278cf612a52478998c1623a3c32cc63" member_type: VOTER last_known_addr { host: "127.16.159.1" port: 40389 } }
I20260601 13:33:30.854956 17894 raft_consensus.cc:359] T 73ccf52bfbb94c01a1ab13379335fdca P a255eadc32ff4784b641ae5b94868702 [term 0 FOLLOWER]: Replica starting. Triggering 0 pending ops. Active config: opid_index: -1 OBSOLETE_local: false peers { permanent_uuid: "1278cf612a52478998c1623a3c32cc63" member_type: VOTER last_known_addr { host: "127.16.159.1" port: 40389 } } peers { permanent_uuid: "9a94cb491a2645aea07602c43a9feb66" member_type: VOTER last_known_addr { host: "127.16.159.2" port: 45607 } } peers { permanent_uuid: "a255eadc32ff4784b641ae5b94868702" member_type: VOTER last_known_addr { host: "127.16.159.3" port: 36721 } }
I20260601 13:33:30.855053 17894 raft_consensus.cc:385] T 73ccf52bfbb94c01a1ab13379335fdca P a255eadc32ff4784b641ae5b94868702 [term 0 FOLLOWER]: Consensus starting up: Expiring failure detector timer to make a prompt election more likely
I20260601 13:33:30.855096 17894 raft_consensus.cc:740] T 73ccf52bfbb94c01a1ab13379335fdca P a255eadc32ff4784b641ae5b94868702 [term 0 FOLLOWER]: Becoming Follower/Learner. State: Replica: a255eadc32ff4784b641ae5b94868702, State: Initialized, Role: FOLLOWER
I20260601 13:33:30.855237 17894 consensus_queue.cc:260] T 73ccf52bfbb94c01a1ab13379335fdca P a255eadc32ff4784b641ae5b94868702 [NON_LEADER]: Queue going to NON_LEADER mode. State: All replicated index: 0, Majority replicated index: 0, Committed index: 0, Last appended: 0.0, Last appended by leader: 0, Current term: 0, Majority size: -1, State: 0, Mode: NON_LEADER, active raft config: opid_index: -1 OBSOLETE_local: false peers { permanent_uuid: "1278cf612a52478998c1623a3c32cc63" member_type: VOTER last_known_addr { host: "127.16.159.1" port: 40389 } } peers { permanent_uuid: "9a94cb491a2645aea07602c43a9feb66" member_type: VOTER last_known_addr { host: "127.16.159.2" port: 45607 } } peers { permanent_uuid: "a255eadc32ff4784b641ae5b94868702" member_type: VOTER last_known_addr { host: "127.16.159.3" port: 36721 } }
I20260601 13:33:30.855558 17893 tablet_bootstrap.cc:492] T 58e78644000f4a55933d081f71ede7f7 P 9a94cb491a2645aea07602c43a9feb66: No bootstrap required, opened a new log
I20260601 13:33:30.855640 17894 ts_tablet_manager.cc:1434] T 73ccf52bfbb94c01a1ab13379335fdca P a255eadc32ff4784b641ae5b94868702: Time spent starting tablet: real 0.001s	user 0.001s	sys 0.000s
I20260601 13:33:30.855660 17893 ts_tablet_manager.cc:1403] T 58e78644000f4a55933d081f71ede7f7 P 9a94cb491a2645aea07602c43a9feb66: Time spent bootstrapping tablet: real 0.009s	user 0.002s	sys 0.000s
I20260601 13:33:30.855859 17894 tablet_bootstrap.cc:492] T e0cd1439f7de4a5888a8ac273bb4fb93 P a255eadc32ff4784b641ae5b94868702: Bootstrap starting.
I20260601 13:33:30.856226 17893 raft_consensus.cc:359] T 58e78644000f4a55933d081f71ede7f7 P 9a94cb491a2645aea07602c43a9feb66 [term 0 FOLLOWER]: Replica starting. Triggering 0 pending ops. Active config: opid_index: -1 OBSOLETE_local: false peers { permanent_uuid: "1278cf612a52478998c1623a3c32cc63" member_type: VOTER last_known_addr { host: "127.16.159.1" port: 40389 } } peers { permanent_uuid: "9a94cb491a2645aea07602c43a9feb66" member_type: VOTER last_known_addr { host: "127.16.159.2" port: 45607 } } peers { permanent_uuid: "a255eadc32ff4784b641ae5b94868702" member_type: VOTER last_known_addr { host: "127.16.159.3" port: 36721 } }
I20260601 13:33:30.856354 17893 raft_consensus.cc:385] T 58e78644000f4a55933d081f71ede7f7 P 9a94cb491a2645aea07602c43a9feb66 [term 0 FOLLOWER]: Consensus starting up: Expiring failure detector timer to make a prompt election more likely
I20260601 13:33:30.856405 17893 raft_consensus.cc:740] T 58e78644000f4a55933d081f71ede7f7 P 9a94cb491a2645aea07602c43a9feb66 [term 0 FOLLOWER]: Becoming Follower/Learner. State: Replica: 9a94cb491a2645aea07602c43a9feb66, State: Initialized, Role: FOLLOWER
I20260601 13:33:30.856541 17893 consensus_queue.cc:260] T 58e78644000f4a55933d081f71ede7f7 P 9a94cb491a2645aea07602c43a9feb66 [NON_LEADER]: Queue going to NON_LEADER mode. State: All replicated index: 0, Majority replicated index: 0, Committed index: 0, Last appended: 0.0, Last appended by leader: 0, Current term: 0, Majority size: -1, State: 0, Mode: NON_LEADER, active raft config: opid_index: -1 OBSOLETE_local: false peers { permanent_uuid: "1278cf612a52478998c1623a3c32cc63" member_type: VOTER last_known_addr { host: "127.16.159.1" port: 40389 } } peers { permanent_uuid: "9a94cb491a2645aea07602c43a9feb66" member_type: VOTER last_known_addr { host: "127.16.159.2" port: 45607 } } peers { permanent_uuid: "a255eadc32ff4784b641ae5b94868702" member_type: VOTER last_known_addr { host: "127.16.159.3" port: 36721 } }
I20260601 13:33:30.856853 17893 ts_tablet_manager.cc:1434] T 58e78644000f4a55933d081f71ede7f7 P 9a94cb491a2645aea07602c43a9feb66: Time spent starting tablet: real 0.001s	user 0.000s	sys 0.000s
I20260601 13:33:30.856988 17894 tablet_bootstrap.cc:654] T e0cd1439f7de4a5888a8ac273bb4fb93 P a255eadc32ff4784b641ae5b94868702: Neither blocks nor log segments found. Creating new log.
I20260601 13:33:30.857086 17893 tablet_bootstrap.cc:492] T 73ccf52bfbb94c01a1ab13379335fdca P 9a94cb491a2645aea07602c43a9feb66: Bootstrap starting.
I20260601 13:33:30.857668 17591 catalog_manager.cc:5696] T c66e02b8a155460d8bfc1607866d9e6e P a255eadc32ff4784b641ae5b94868702 reported cstate change: term changed from 0 to 1, leader changed from <none> to a255eadc32ff4784b641ae5b94868702 (127.16.159.3). New cstate: current_term: 1 leader_uuid: "a255eadc32ff4784b641ae5b94868702" committed_config { opid_index: -1 OBSOLETE_local: false peers { permanent_uuid: "9a94cb491a2645aea07602c43a9feb66" member_type: VOTER last_known_addr { host: "127.16.159.2" port: 45607 } health_report { overall_health: UNKNOWN } } peers { permanent_uuid: "a255eadc32ff4784b641ae5b94868702" member_type: VOTER last_known_addr { host: "127.16.159.3" port: 36721 } health_report { overall_health: HEALTHY } } peers { permanent_uuid: "1278cf612a52478998c1623a3c32cc63" member_type: VOTER last_known_addr { host: "127.16.159.1" port: 40389 } health_report { overall_health: UNKNOWN } } }
I20260601 13:33:30.858089 17901 tablet_bootstrap.cc:492] T fea376a8dae549d0983520b06af3e3f6 P 1278cf612a52478998c1623a3c32cc63: No bootstrap required, opened a new log
I20260601 13:33:30.858146 17893 tablet_bootstrap.cc:654] T 73ccf52bfbb94c01a1ab13379335fdca P 9a94cb491a2645aea07602c43a9feb66: Neither blocks nor log segments found. Creating new log.
I20260601 13:33:30.858175 17901 ts_tablet_manager.cc:1403] T fea376a8dae549d0983520b06af3e3f6 P 1278cf612a52478998c1623a3c32cc63: Time spent bootstrapping tablet: real 0.011s	user 0.001s	sys 0.001s
I20260601 13:33:30.858600 17901 raft_consensus.cc:359] T fea376a8dae549d0983520b06af3e3f6 P 1278cf612a52478998c1623a3c32cc63 [term 0 FOLLOWER]: Replica starting. Triggering 0 pending ops. Active config: opid_index: -1 OBSOLETE_local: false peers { permanent_uuid: "1278cf612a52478998c1623a3c32cc63" member_type: VOTER last_known_addr { host: "127.16.159.1" port: 40389 } } peers { permanent_uuid: "9a94cb491a2645aea07602c43a9feb66" member_type: VOTER last_known_addr { host: "127.16.159.2" port: 45607 } } peers { permanent_uuid: "a255eadc32ff4784b641ae5b94868702" member_type: VOTER last_known_addr { host: "127.16.159.3" port: 36721 } }
I20260601 13:33:30.858711 17901 raft_consensus.cc:385] T fea376a8dae549d0983520b06af3e3f6 P 1278cf612a52478998c1623a3c32cc63 [term 0 FOLLOWER]: Consensus starting up: Expiring failure detector timer to make a prompt election more likely
I20260601 13:33:30.858762 17901 raft_consensus.cc:740] T fea376a8dae549d0983520b06af3e3f6 P 1278cf612a52478998c1623a3c32cc63 [term 0 FOLLOWER]: Becoming Follower/Learner. State: Replica: 1278cf612a52478998c1623a3c32cc63, State: Initialized, Role: FOLLOWER
I20260601 13:33:30.858888 17901 consensus_queue.cc:260] T fea376a8dae549d0983520b06af3e3f6 P 1278cf612a52478998c1623a3c32cc63 [NON_LEADER]: Queue going to NON_LEADER mode. State: All replicated index: 0, Majority replicated index: 0, Committed index: 0, Last appended: 0.0, Last appended by leader: 0, Current term: 0, Majority size: -1, State: 0, Mode: NON_LEADER, active raft config: opid_index: -1 OBSOLETE_local: false peers { permanent_uuid: "1278cf612a52478998c1623a3c32cc63" member_type: VOTER last_known_addr { host: "127.16.159.1" port: 40389 } } peers { permanent_uuid: "9a94cb491a2645aea07602c43a9feb66" member_type: VOTER last_known_addr { host: "127.16.159.2" port: 45607 } } peers { permanent_uuid: "a255eadc32ff4784b641ae5b94868702" member_type: VOTER last_known_addr { host: "127.16.159.3" port: 36721 } }
I20260601 13:33:30.859236 17901 ts_tablet_manager.cc:1434] T fea376a8dae549d0983520b06af3e3f6 P 1278cf612a52478998c1623a3c32cc63: Time spent starting tablet: real 0.001s	user 0.001s	sys 0.000s
I20260601 13:33:30.859417 17901 tablet_bootstrap.cc:492] T e0cd1439f7de4a5888a8ac273bb4fb93 P 1278cf612a52478998c1623a3c32cc63: Bootstrap starting.
I20260601 13:33:30.860435 17901 tablet_bootstrap.cc:654] T e0cd1439f7de4a5888a8ac273bb4fb93 P 1278cf612a52478998c1623a3c32cc63: Neither blocks nor log segments found. Creating new log.
I20260601 13:33:30.860867 17894 tablet_bootstrap.cc:492] T e0cd1439f7de4a5888a8ac273bb4fb93 P a255eadc32ff4784b641ae5b94868702: No bootstrap required, opened a new log
I20260601 13:33:30.860957 17894 ts_tablet_manager.cc:1403] T e0cd1439f7de4a5888a8ac273bb4fb93 P a255eadc32ff4784b641ae5b94868702: Time spent bootstrapping tablet: real 0.005s	user 0.002s	sys 0.000s
I20260601 13:33:30.861443 17894 raft_consensus.cc:359] T e0cd1439f7de4a5888a8ac273bb4fb93 P a255eadc32ff4784b641ae5b94868702 [term 0 FOLLOWER]: Replica starting. Triggering 0 pending ops. Active config: opid_index: -1 OBSOLETE_local: false peers { permanent_uuid: "1278cf612a52478998c1623a3c32cc63" member_type: VOTER last_known_addr { host: "127.16.159.1" port: 40389 } } peers { permanent_uuid: "9a94cb491a2645aea07602c43a9feb66" member_type: VOTER last_known_addr { host: "127.16.159.2" port: 45607 } } peers { permanent_uuid: "a255eadc32ff4784b641ae5b94868702" member_type: VOTER last_known_addr { host: "127.16.159.3" port: 36721 } }
I20260601 13:33:30.861552 17894 raft_consensus.cc:385] T e0cd1439f7de4a5888a8ac273bb4fb93 P a255eadc32ff4784b641ae5b94868702 [term 0 FOLLOWER]: Consensus starting up: Expiring failure detector timer to make a prompt election more likely
I20260601 13:33:30.861601 17894 raft_consensus.cc:740] T e0cd1439f7de4a5888a8ac273bb4fb93 P a255eadc32ff4784b641ae5b94868702 [term 0 FOLLOWER]: Becoming Follower/Learner. State: Replica: a255eadc32ff4784b641ae5b94868702, State: Initialized, Role: FOLLOWER
I20260601 13:33:30.861636 17893 tablet_bootstrap.cc:492] T 73ccf52bfbb94c01a1ab13379335fdca P 9a94cb491a2645aea07602c43a9feb66: No bootstrap required, opened a new log
I20260601 13:33:30.861717 17893 ts_tablet_manager.cc:1403] T 73ccf52bfbb94c01a1ab13379335fdca P 9a94cb491a2645aea07602c43a9feb66: Time spent bootstrapping tablet: real 0.005s	user 0.002s	sys 0.000s
I20260601 13:33:30.861753 17894 consensus_queue.cc:260] T e0cd1439f7de4a5888a8ac273bb4fb93 P a255eadc32ff4784b641ae5b94868702 [NON_LEADER]: Queue going to NON_LEADER mode. State: All replicated index: 0, Majority replicated index: 0, Committed index: 0, Last appended: 0.0, Last appended by leader: 0, Current term: 0, Majority size: -1, State: 0, Mode: NON_LEADER, active raft config: opid_index: -1 OBSOLETE_local: false peers { permanent_uuid: "1278cf612a52478998c1623a3c32cc63" member_type: VOTER last_known_addr { host: "127.16.159.1" port: 40389 } } peers { permanent_uuid: "9a94cb491a2645aea07602c43a9feb66" member_type: VOTER last_known_addr { host: "127.16.159.2" port: 45607 } } peers { permanent_uuid: "a255eadc32ff4784b641ae5b94868702" member_type: VOTER last_known_addr { host: "127.16.159.3" port: 36721 } }
I20260601 13:33:30.862016 17894 ts_tablet_manager.cc:1434] T e0cd1439f7de4a5888a8ac273bb4fb93 P a255eadc32ff4784b641ae5b94868702: Time spent starting tablet: real 0.001s	user 0.001s	sys 0.000s
I20260601 13:33:30.862154 17893 raft_consensus.cc:359] T 73ccf52bfbb94c01a1ab13379335fdca P 9a94cb491a2645aea07602c43a9feb66 [term 0 FOLLOWER]: Replica starting. Triggering 0 pending ops. Active config: opid_index: -1 OBSOLETE_local: false peers { permanent_uuid: "1278cf612a52478998c1623a3c32cc63" member_type: VOTER last_known_addr { host: "127.16.159.1" port: 40389 } } peers { permanent_uuid: "9a94cb491a2645aea07602c43a9feb66" member_type: VOTER last_known_addr { host: "127.16.159.2" port: 45607 } } peers { permanent_uuid: "a255eadc32ff4784b641ae5b94868702" member_type: VOTER last_known_addr { host: "127.16.159.3" port: 36721 } }
I20260601 13:33:30.862253 17893 raft_consensus.cc:385] T 73ccf52bfbb94c01a1ab13379335fdca P 9a94cb491a2645aea07602c43a9feb66 [term 0 FOLLOWER]: Consensus starting up: Expiring failure detector timer to make a prompt election more likely
I20260601 13:33:30.862300 17893 raft_consensus.cc:740] T 73ccf52bfbb94c01a1ab13379335fdca P 9a94cb491a2645aea07602c43a9feb66 [term 0 FOLLOWER]: Becoming Follower/Learner. State: Replica: 9a94cb491a2645aea07602c43a9feb66, State: Initialized, Role: FOLLOWER
I20260601 13:33:30.862257 17894 tablet_bootstrap.cc:492] T 9c00ce7d4494435f85d7717af6837c1f P a255eadc32ff4784b641ae5b94868702: Bootstrap starting.
I20260601 13:33:30.862437 17893 consensus_queue.cc:260] T 73ccf52bfbb94c01a1ab13379335fdca P 9a94cb491a2645aea07602c43a9feb66 [NON_LEADER]: Queue going to NON_LEADER mode. State: All replicated index: 0, Majority replicated index: 0, Committed index: 0, Last appended: 0.0, Last appended by leader: 0, Current term: 0, Majority size: -1, State: 0, Mode: NON_LEADER, active raft config: opid_index: -1 OBSOLETE_local: false peers { permanent_uuid: "1278cf612a52478998c1623a3c32cc63" member_type: VOTER last_known_addr { host: "127.16.159.1" port: 40389 } } peers { permanent_uuid: "9a94cb491a2645aea07602c43a9feb66" member_type: VOTER last_known_addr { host: "127.16.159.2" port: 45607 } } peers { permanent_uuid: "a255eadc32ff4784b641ae5b94868702" member_type: VOTER last_known_addr { host: "127.16.159.3" port: 36721 } }
I20260601 13:33:30.862710 17893 ts_tablet_manager.cc:1434] T 73ccf52bfbb94c01a1ab13379335fdca P 9a94cb491a2645aea07602c43a9feb66: Time spent starting tablet: real 0.001s	user 0.000s	sys 0.000s
I20260601 13:33:30.862887 17893 tablet_bootstrap.cc:492] T fea376a8dae549d0983520b06af3e3f6 P 9a94cb491a2645aea07602c43a9feb66: Bootstrap starting.
I20260601 13:33:30.863961 17893 tablet_bootstrap.cc:654] T fea376a8dae549d0983520b06af3e3f6 P 9a94cb491a2645aea07602c43a9feb66: Neither blocks nor log segments found. Creating new log.
I20260601 13:33:30.863961 17894 tablet_bootstrap.cc:654] T 9c00ce7d4494435f85d7717af6837c1f P a255eadc32ff4784b641ae5b94868702: Neither blocks nor log segments found. Creating new log.
I20260601 13:33:30.865252 17901 tablet_bootstrap.cc:492] T e0cd1439f7de4a5888a8ac273bb4fb93 P 1278cf612a52478998c1623a3c32cc63: No bootstrap required, opened a new log
I20260601 13:33:30.865339 17901 ts_tablet_manager.cc:1403] T e0cd1439f7de4a5888a8ac273bb4fb93 P 1278cf612a52478998c1623a3c32cc63: Time spent bootstrapping tablet: real 0.006s	user 0.002s	sys 0.000s
I20260601 13:33:30.865407 17893 tablet_bootstrap.cc:492] T fea376a8dae549d0983520b06af3e3f6 P 9a94cb491a2645aea07602c43a9feb66: No bootstrap required, opened a new log
I20260601 13:33:30.865468 17893 ts_tablet_manager.cc:1403] T fea376a8dae549d0983520b06af3e3f6 P 9a94cb491a2645aea07602c43a9feb66: Time spent bootstrapping tablet: real 0.003s	user 0.002s	sys 0.000s
I20260601 13:33:30.865551 17894 tablet_bootstrap.cc:492] T 9c00ce7d4494435f85d7717af6837c1f P a255eadc32ff4784b641ae5b94868702: No bootstrap required, opened a new log
I20260601 13:33:30.865619 17894 ts_tablet_manager.cc:1403] T 9c00ce7d4494435f85d7717af6837c1f P a255eadc32ff4784b641ae5b94868702: Time spent bootstrapping tablet: real 0.003s	user 0.002s	sys 0.000s
I20260601 13:33:30.865787 17893 raft_consensus.cc:359] T fea376a8dae549d0983520b06af3e3f6 P 9a94cb491a2645aea07602c43a9feb66 [term 0 FOLLOWER]: Replica starting. Triggering 0 pending ops. Active config: opid_index: -1 OBSOLETE_local: false peers { permanent_uuid: "1278cf612a52478998c1623a3c32cc63" member_type: VOTER last_known_addr { host: "127.16.159.1" port: 40389 } } peers { permanent_uuid: "9a94cb491a2645aea07602c43a9feb66" member_type: VOTER last_known_addr { host: "127.16.159.2" port: 45607 } } peers { permanent_uuid: "a255eadc32ff4784b641ae5b94868702" member_type: VOTER last_known_addr { host: "127.16.159.3" port: 36721 } }
I20260601 13:33:30.865793 17901 raft_consensus.cc:359] T e0cd1439f7de4a5888a8ac273bb4fb93 P 1278cf612a52478998c1623a3c32cc63 [term 0 FOLLOWER]: Replica starting. Triggering 0 pending ops. Active config: opid_index: -1 OBSOLETE_local: false peers { permanent_uuid: "1278cf612a52478998c1623a3c32cc63" member_type: VOTER last_known_addr { host: "127.16.159.1" port: 40389 } } peers { permanent_uuid: "9a94cb491a2645aea07602c43a9feb66" member_type: VOTER last_known_addr { host: "127.16.159.2" port: 45607 } } peers { permanent_uuid: "a255eadc32ff4784b641ae5b94868702" member_type: VOTER last_known_addr { host: "127.16.159.3" port: 36721 } }
I20260601 13:33:30.865954 17893 raft_consensus.cc:385] T fea376a8dae549d0983520b06af3e3f6 P 9a94cb491a2645aea07602c43a9feb66 [term 0 FOLLOWER]: Consensus starting up: Expiring failure detector timer to make a prompt election more likely
I20260601 13:33:30.865965 17901 raft_consensus.cc:385] T e0cd1439f7de4a5888a8ac273bb4fb93 P 1278cf612a52478998c1623a3c32cc63 [term 0 FOLLOWER]: Consensus starting up: Expiring failure detector timer to make a prompt election more likely
I20260601 13:33:30.865999 17894 raft_consensus.cc:359] T 9c00ce7d4494435f85d7717af6837c1f P a255eadc32ff4784b641ae5b94868702 [term 0 FOLLOWER]: Replica starting. Triggering 0 pending ops. Active config: opid_index: -1 OBSOLETE_local: false peers { permanent_uuid: "1278cf612a52478998c1623a3c32cc63" member_type: VOTER last_known_addr { host: "127.16.159.1" port: 40389 } } peers { permanent_uuid: "9a94cb491a2645aea07602c43a9feb66" member_type: VOTER last_known_addr { host: "127.16.159.2" port: 45607 } } peers { permanent_uuid: "a255eadc32ff4784b641ae5b94868702" member_type: VOTER last_known_addr { host: "127.16.159.3" port: 36721 } }
I20260601 13:33:30.866010 17893 raft_consensus.cc:740] T fea376a8dae549d0983520b06af3e3f6 P 9a94cb491a2645aea07602c43a9feb66 [term 0 FOLLOWER]: Becoming Follower/Learner. State: Replica: 9a94cb491a2645aea07602c43a9feb66, State: Initialized, Role: FOLLOWER
I20260601 13:33:30.866163 17894 raft_consensus.cc:385] T 9c00ce7d4494435f85d7717af6837c1f P a255eadc32ff4784b641ae5b94868702 [term 0 FOLLOWER]: Consensus starting up: Expiring failure detector timer to make a prompt election more likely
I20260601 13:33:30.866019 17901 raft_consensus.cc:740] T e0cd1439f7de4a5888a8ac273bb4fb93 P 1278cf612a52478998c1623a3c32cc63 [term 0 FOLLOWER]: Becoming Follower/Learner. State: Replica: 1278cf612a52478998c1623a3c32cc63, State: Initialized, Role: FOLLOWER
I20260601 13:33:30.866205 17894 raft_consensus.cc:740] T 9c00ce7d4494435f85d7717af6837c1f P a255eadc32ff4784b641ae5b94868702 [term 0 FOLLOWER]: Becoming Follower/Learner. State: Replica: a255eadc32ff4784b641ae5b94868702, State: Initialized, Role: FOLLOWER
I20260601 13:33:30.866307 17893 consensus_queue.cc:260] T fea376a8dae549d0983520b06af3e3f6 P 9a94cb491a2645aea07602c43a9feb66 [NON_LEADER]: Queue going to NON_LEADER mode. State: All replicated index: 0, Majority replicated index: 0, Committed index: 0, Last appended: 0.0, Last appended by leader: 0, Current term: 0, Majority size: -1, State: 0, Mode: NON_LEADER, active raft config: opid_index: -1 OBSOLETE_local: false peers { permanent_uuid: "1278cf612a52478998c1623a3c32cc63" member_type: VOTER last_known_addr { host: "127.16.159.1" port: 40389 } } peers { permanent_uuid: "9a94cb491a2645aea07602c43a9feb66" member_type: VOTER last_known_addr { host: "127.16.159.2" port: 45607 } } peers { permanent_uuid: "a255eadc32ff4784b641ae5b94868702" member_type: VOTER last_known_addr { host: "127.16.159.3" port: 36721 } }
I20260601 13:33:30.866315 17901 consensus_queue.cc:260] T e0cd1439f7de4a5888a8ac273bb4fb93 P 1278cf612a52478998c1623a3c32cc63 [NON_LEADER]: Queue going to NON_LEADER mode. State: All replicated index: 0, Majority replicated index: 0, Committed index: 0, Last appended: 0.0, Last appended by leader: 0, Current term: 0, Majority size: -1, State: 0, Mode: NON_LEADER, active raft config: opid_index: -1 OBSOLETE_local: false peers { permanent_uuid: "1278cf612a52478998c1623a3c32cc63" member_type: VOTER last_known_addr { host: "127.16.159.1" port: 40389 } } peers { permanent_uuid: "9a94cb491a2645aea07602c43a9feb66" member_type: VOTER last_known_addr { host: "127.16.159.2" port: 45607 } } peers { permanent_uuid: "a255eadc32ff4784b641ae5b94868702" member_type: VOTER last_known_addr { host: "127.16.159.3" port: 36721 } }
I20260601 13:33:30.866370 17894 consensus_queue.cc:260] T 9c00ce7d4494435f85d7717af6837c1f P a255eadc32ff4784b641ae5b94868702 [NON_LEADER]: Queue going to NON_LEADER mode. State: All replicated index: 0, Majority replicated index: 0, Committed index: 0, Last appended: 0.0, Last appended by leader: 0, Current term: 0, Majority size: -1, State: 0, Mode: NON_LEADER, active raft config: opid_index: -1 OBSOLETE_local: false peers { permanent_uuid: "1278cf612a52478998c1623a3c32cc63" member_type: VOTER last_known_addr { host: "127.16.159.1" port: 40389 } } peers { permanent_uuid: "9a94cb491a2645aea07602c43a9feb66" member_type: VOTER last_known_addr { host: "127.16.159.2" port: 45607 } } peers { permanent_uuid: "a255eadc32ff4784b641ae5b94868702" member_type: VOTER last_known_addr { host: "127.16.159.3" port: 36721 } }
I20260601 13:33:30.866612 17893 ts_tablet_manager.cc:1434] T fea376a8dae549d0983520b06af3e3f6 P 9a94cb491a2645aea07602c43a9feb66: Time spent starting tablet: real 0.001s	user 0.001s	sys 0.000s
I20260601 13:33:30.866634 17901 ts_tablet_manager.cc:1434] T e0cd1439f7de4a5888a8ac273bb4fb93 P 1278cf612a52478998c1623a3c32cc63: Time spent starting tablet: real 0.001s	user 0.001s	sys 0.000s
I20260601 13:33:30.866808 17901 tablet_bootstrap.cc:492] T 73ccf52bfbb94c01a1ab13379335fdca P 1278cf612a52478998c1623a3c32cc63: Bootstrap starting.
I20260601 13:33:30.867935 17901 tablet_bootstrap.cc:654] T 73ccf52bfbb94c01a1ab13379335fdca P 1278cf612a52478998c1623a3c32cc63: Neither blocks nor log segments found. Creating new log.
I20260601 13:33:30.869046 17894 ts_tablet_manager.cc:1434] T 9c00ce7d4494435f85d7717af6837c1f P a255eadc32ff4784b641ae5b94868702: Time spent starting tablet: real 0.003s	user 0.001s	sys 0.000s
I20260601 13:33:30.869280 17894 tablet_bootstrap.cc:492] T fea376a8dae549d0983520b06af3e3f6 P a255eadc32ff4784b641ae5b94868702: Bootstrap starting.
I20260601 13:33:30.870158 17901 tablet_bootstrap.cc:492] T 73ccf52bfbb94c01a1ab13379335fdca P 1278cf612a52478998c1623a3c32cc63: No bootstrap required, opened a new log
I20260601 13:33:30.870261 17901 ts_tablet_manager.cc:1403] T 73ccf52bfbb94c01a1ab13379335fdca P 1278cf612a52478998c1623a3c32cc63: Time spent bootstrapping tablet: real 0.004s	user 0.002s	sys 0.000s
I20260601 13:33:30.870363 17894 tablet_bootstrap.cc:654] T fea376a8dae549d0983520b06af3e3f6 P a255eadc32ff4784b641ae5b94868702: Neither blocks nor log segments found. Creating new log.
I20260601 13:33:30.870700 17901 raft_consensus.cc:359] T 73ccf52bfbb94c01a1ab13379335fdca P 1278cf612a52478998c1623a3c32cc63 [term 0 FOLLOWER]: Replica starting. Triggering 0 pending ops. Active config: opid_index: -1 OBSOLETE_local: false peers { permanent_uuid: "1278cf612a52478998c1623a3c32cc63" member_type: VOTER last_known_addr { host: "127.16.159.1" port: 40389 } } peers { permanent_uuid: "9a94cb491a2645aea07602c43a9feb66" member_type: VOTER last_known_addr { host: "127.16.159.2" port: 45607 } } peers { permanent_uuid: "a255eadc32ff4784b641ae5b94868702" member_type: VOTER last_known_addr { host: "127.16.159.3" port: 36721 } }
I20260601 13:33:30.870812 17901 raft_consensus.cc:385] T 73ccf52bfbb94c01a1ab13379335fdca P 1278cf612a52478998c1623a3c32cc63 [term 0 FOLLOWER]: Consensus starting up: Expiring failure detector timer to make a prompt election more likely
