I20260601 13:33:29.436017 24165 leader_election.cc:304] T d6b6f5337b544a88b4c39aa166e7d9fc P 50c218a7bc3c4420b04cb17f7d806b63 [CANDIDATE]: Term 1 pre-election: Election decided. Result: candidate won. Election summary: received 2 responses out of 3 voters: 2 yes votes; 0 no votes. yes voters: 50c218a7bc3c4420b04cb17f7d806b63, fc509f9b06004c8fbd2b32d4812e040f; no voters: 
I20260601 13:33:29.437467 24327 raft_consensus.cc:2804] T d6b6f5337b544a88b4c39aa166e7d9fc P 50c218a7bc3c4420b04cb17f7d806b63 [term 0 FOLLOWER]: Leader pre-election won for term 1
I20260601 13:33:29.437512 24322 ts_tablet_manager.cc:1434] T 2e0ed940b3df4acb80a208bdee2c5a06 P 50c218a7bc3c4420b04cb17f7d806b63: Time spent starting tablet: real 0.001s	user 0.000s	sys 0.002s
I20260601 13:33:29.437556 24327 raft_consensus.cc:493] T d6b6f5337b544a88b4c39aa166e7d9fc P 50c218a7bc3c4420b04cb17f7d806b63 [term 0 FOLLOWER]: Starting leader election (no leader contacted us within the election timeout)
I20260601 13:33:29.437701 24327 raft_consensus.cc:3060] T d6b6f5337b544a88b4c39aa166e7d9fc P 50c218a7bc3c4420b04cb17f7d806b63 [term 0 FOLLOWER]: Advancing to term 1
I20260601 13:33:29.437796 24322 tablet_bootstrap.cc:492] T 530f72b9cd764dc0ba98e658cc4615ee P 50c218a7bc3c4420b04cb17f7d806b63: Bootstrap starting.
I20260601 13:33:29.439260 24322 tablet_bootstrap.cc:654] T 530f72b9cd764dc0ba98e658cc4615ee P 50c218a7bc3c4420b04cb17f7d806b63: Neither blocks nor log segments found. Creating new log.
I20260601 13:33:29.439312 24327 raft_consensus.cc:515] T d6b6f5337b544a88b4c39aa166e7d9fc P 50c218a7bc3c4420b04cb17f7d806b63 [term 1 FOLLOWER]: Starting leader election with config: opid_index: -1 OBSOLETE_local: false peers { permanent_uuid: "fc509f9b06004c8fbd2b32d4812e040f" member_type: VOTER last_known_addr { host: "127.22.231.193" port: 38833 } } peers { permanent_uuid: "50c218a7bc3c4420b04cb17f7d806b63" member_type: VOTER last_known_addr { host: "127.22.231.194" port: 44113 } } peers { permanent_uuid: "9664b4bfbcbb4cd1af06680df3fd8999" member_type: VOTER last_known_addr { host: "127.22.231.195" port: 45649 } }
I20260601 13:33:29.439772 24327 leader_election.cc:290] T d6b6f5337b544a88b4c39aa166e7d9fc P 50c218a7bc3c4420b04cb17f7d806b63 [CANDIDATE]: Term 1 election: Requested vote from peers fc509f9b06004c8fbd2b32d4812e040f (127.22.231.193:38833), 9664b4bfbcbb4cd1af06680df3fd8999 (127.22.231.195:45649)
I20260601 13:33:29.440905 24125 tablet_service.cc:1917] Received RequestConsensusVote() RPC: tablet_id: "d6b6f5337b544a88b4c39aa166e7d9fc" candidate_uuid: "50c218a7bc3c4420b04cb17f7d806b63" candidate_term: 1 candidate_status { last_received { term: 0 index: 0 } } ignore_live_leader: false dest_uuid: "fc509f9b06004c8fbd2b32d4812e040f"
I20260601 13:33:29.441035 24125 raft_consensus.cc:3060] T d6b6f5337b544a88b4c39aa166e7d9fc P fc509f9b06004c8fbd2b32d4812e040f [term 0 FOLLOWER]: Advancing to term 1
I20260601 13:33:29.441459 24322 tablet_bootstrap.cc:492] T 530f72b9cd764dc0ba98e658cc4615ee P 50c218a7bc3c4420b04cb17f7d806b63: No bootstrap required, opened a new log
I20260601 13:33:29.441548 24322 ts_tablet_manager.cc:1403] T 530f72b9cd764dc0ba98e658cc4615ee P 50c218a7bc3c4420b04cb17f7d806b63: Time spent bootstrapping tablet: real 0.004s	user 0.003s	sys 0.000s
I20260601 13:33:29.441532 24276 tablet_service.cc:1917] Received RequestConsensusVote() RPC: tablet_id: "d6b6f5337b544a88b4c39aa166e7d9fc" candidate_uuid: "50c218a7bc3c4420b04cb17f7d806b63" candidate_term: 1 candidate_status { last_received { term: 0 index: 0 } } ignore_live_leader: false dest_uuid: "9664b4bfbcbb4cd1af06680df3fd8999" is_pre_election: true
I20260601 13:33:29.441699 24276 raft_consensus.cc:2468] T d6b6f5337b544a88b4c39aa166e7d9fc P 9664b4bfbcbb4cd1af06680df3fd8999 [term 0 FOLLOWER]: Leader pre-election vote request: Granting yes vote for candidate 50c218a7bc3c4420b04cb17f7d806b63 in term 0.
I20260601 13:33:29.441977 24328 tablet_bootstrap.cc:492] T ebcc5d10c660475895238f3d8e926244 P fc509f9b06004c8fbd2b32d4812e040f: No bootstrap required, opened a new log
I20260601 13:33:29.441969 24275 tablet_service.cc:1917] Received RequestConsensusVote() RPC: tablet_id: "d6b6f5337b544a88b4c39aa166e7d9fc" candidate_uuid: "50c218a7bc3c4420b04cb17f7d806b63" candidate_term: 1 candidate_status { last_received { term: 0 index: 0 } } ignore_live_leader: false dest_uuid: "9664b4bfbcbb4cd1af06680df3fd8999"
I20260601 13:33:29.442092 24328 ts_tablet_manager.cc:1403] T ebcc5d10c660475895238f3d8e926244 P fc509f9b06004c8fbd2b32d4812e040f: Time spent bootstrapping tablet: real 0.009s	user 0.002s	sys 0.001s
I20260601 13:33:29.442134 24125 raft_consensus.cc:2468] T d6b6f5337b544a88b4c39aa166e7d9fc P fc509f9b06004c8fbd2b32d4812e040f [term 1 FOLLOWER]: Leader election vote request: Granting yes vote for candidate 50c218a7bc3c4420b04cb17f7d806b63 in term 1.
I20260601 13:33:29.442031 24322 raft_consensus.cc:359] T 530f72b9cd764dc0ba98e658cc4615ee P 50c218a7bc3c4420b04cb17f7d806b63 [term 0 FOLLOWER]: Replica starting. Triggering 0 pending ops. Active config: opid_index: -1 OBSOLETE_local: false peers { permanent_uuid: "fc509f9b06004c8fbd2b32d4812e040f" member_type: VOTER last_known_addr { host: "127.22.231.193" port: 38833 } } peers { permanent_uuid: "50c218a7bc3c4420b04cb17f7d806b63" member_type: VOTER last_known_addr { host: "127.22.231.194" port: 44113 } } peers { permanent_uuid: "9664b4bfbcbb4cd1af06680df3fd8999" member_type: VOTER last_known_addr { host: "127.22.231.195" port: 45649 } }
I20260601 13:33:29.442356 24322 raft_consensus.cc:385] T 530f72b9cd764dc0ba98e658cc4615ee P 50c218a7bc3c4420b04cb17f7d806b63 [term 0 FOLLOWER]: Consensus starting up: Expiring failure detector timer to make a prompt election more likely
I20260601 13:33:29.442409 24322 raft_consensus.cc:740] T 530f72b9cd764dc0ba98e658cc4615ee P 50c218a7bc3c4420b04cb17f7d806b63 [term 0 FOLLOWER]: Becoming Follower/Learner. State: Replica: 50c218a7bc3c4420b04cb17f7d806b63, State: Initialized, Role: FOLLOWER
I20260601 13:33:29.442564 24322 consensus_queue.cc:260] T 530f72b9cd764dc0ba98e658cc4615ee P 50c218a7bc3c4420b04cb17f7d806b63 [NON_LEADER]: Queue going to NON_LEADER mode. State: All replicated index: 0, Majority replicated index: 0, Committed index: 0, Last appended: 0.0, Last appended by leader: 0, Current term: 0, Majority size: -1, State: 0, Mode: NON_LEADER, active raft config: opid_index: -1 OBSOLETE_local: false peers { permanent_uuid: "fc509f9b06004c8fbd2b32d4812e040f" member_type: VOTER last_known_addr { host: "127.22.231.193" port: 38833 } } peers { permanent_uuid: "50c218a7bc3c4420b04cb17f7d806b63" member_type: VOTER last_known_addr { host: "127.22.231.194" port: 44113 } } peers { permanent_uuid: "9664b4bfbcbb4cd1af06680df3fd8999" member_type: VOTER last_known_addr { host: "127.22.231.195" port: 45649 } }
I20260601 13:33:29.442745 24328 raft_consensus.cc:359] T ebcc5d10c660475895238f3d8e926244 P fc509f9b06004c8fbd2b32d4812e040f [term 0 FOLLOWER]: Replica starting. Triggering 0 pending ops. Active config: opid_index: -1 OBSOLETE_local: false peers { permanent_uuid: "fc509f9b06004c8fbd2b32d4812e040f" member_type: VOTER last_known_addr { host: "127.22.231.193" port: 38833 } } peers { permanent_uuid: "50c218a7bc3c4420b04cb17f7d806b63" member_type: VOTER last_known_addr { host: "127.22.231.194" port: 44113 } } peers { permanent_uuid: "9664b4bfbcbb4cd1af06680df3fd8999" member_type: VOTER last_known_addr { host: "127.22.231.195" port: 45649 } }
I20260601 13:33:29.442855 24328 raft_consensus.cc:385] T ebcc5d10c660475895238f3d8e926244 P fc509f9b06004c8fbd2b32d4812e040f [term 0 FOLLOWER]: Consensus starting up: Expiring failure detector timer to make a prompt election more likely
I20260601 13:33:29.442906 24322 ts_tablet_manager.cc:1434] T 530f72b9cd764dc0ba98e658cc4615ee P 50c218a7bc3c4420b04cb17f7d806b63: Time spent starting tablet: real 0.001s	user 0.001s	sys 0.001s
I20260601 13:33:29.442898 24328 raft_consensus.cc:740] T ebcc5d10c660475895238f3d8e926244 P fc509f9b06004c8fbd2b32d4812e040f [term 0 FOLLOWER]: Becoming Follower/Learner. State: Replica: fc509f9b06004c8fbd2b32d4812e040f, State: Initialized, Role: FOLLOWER
I20260601 13:33:29.443007 24165 leader_election.cc:304] T d6b6f5337b544a88b4c39aa166e7d9fc P 50c218a7bc3c4420b04cb17f7d806b63 [CANDIDATE]: Term 1 election: Election decided. Result: candidate won. Election summary: received 2 responses out of 3 voters: 2 yes votes; 0 no votes. yes voters: 50c218a7bc3c4420b04cb17f7d806b63, fc509f9b06004c8fbd2b32d4812e040f; no voters: 
I20260601 13:33:29.443132 24328 consensus_queue.cc:260] T ebcc5d10c660475895238f3d8e926244 P fc509f9b06004c8fbd2b32d4812e040f [NON_LEADER]: Queue going to NON_LEADER mode. State: All replicated index: 0, Majority replicated index: 0, Committed index: 0, Last appended: 0.0, Last appended by leader: 0, Current term: 0, Majority size: -1, State: 0, Mode: NON_LEADER, active raft config: opid_index: -1 OBSOLETE_local: false peers { permanent_uuid: "fc509f9b06004c8fbd2b32d4812e040f" member_type: VOTER last_known_addr { host: "127.22.231.193" port: 38833 } } peers { permanent_uuid: "50c218a7bc3c4420b04cb17f7d806b63" member_type: VOTER last_known_addr { host: "127.22.231.194" port: 44113 } } peers { permanent_uuid: "9664b4bfbcbb4cd1af06680df3fd8999" member_type: VOTER last_known_addr { host: "127.22.231.195" port: 45649 } }
I20260601 13:33:29.443418 24328 ts_tablet_manager.cc:1434] T ebcc5d10c660475895238f3d8e926244 P fc509f9b06004c8fbd2b32d4812e040f: Time spent starting tablet: real 0.001s	user 0.001s	sys 0.000s
I20260601 13:33:29.443580 24328 tablet_bootstrap.cc:492] T acb9660a0696408687f8a5abde1c4842 P fc509f9b06004c8fbd2b32d4812e040f: Bootstrap starting.
I20260601 13:33:29.444873 24328 tablet_bootstrap.cc:654] T acb9660a0696408687f8a5abde1c4842 P fc509f9b06004c8fbd2b32d4812e040f: Neither blocks nor log segments found. Creating new log.
I20260601 13:33:29.445060 24201 tablet_service.cc:1917] Received RequestConsensusVote() RPC: tablet_id: "f2e9898f19f54309b8034b9d4f93be3a" candidate_uuid: "fc509f9b06004c8fbd2b32d4812e040f" candidate_term: 1 candidate_status { last_received { term: 0 index: 0 } } ignore_live_leader: false dest_uuid: "50c218a7bc3c4420b04cb17f7d806b63" is_pre_election: true
I20260601 13:33:29.445164 24201 raft_consensus.cc:2468] T f2e9898f19f54309b8034b9d4f93be3a P 50c218a7bc3c4420b04cb17f7d806b63 [term 0 FOLLOWER]: Leader pre-election vote request: Granting yes vote for candidate fc509f9b06004c8fbd2b32d4812e040f in term 0.
I20260601 13:33:29.442081 24275 raft_consensus.cc:3060] T d6b6f5337b544a88b4c39aa166e7d9fc P 9664b4bfbcbb4cd1af06680df3fd8999 [term 0 FOLLOWER]: Advancing to term 1
I20260601 13:33:29.445698 24276 tablet_service.cc:1917] Received RequestConsensusVote() RPC: tablet_id: "f2e9898f19f54309b8034b9d4f93be3a" candidate_uuid: "fc509f9b06004c8fbd2b32d4812e040f" candidate_term: 1 candidate_status { last_received { term: 0 index: 0 } } ignore_live_leader: false dest_uuid: "9664b4bfbcbb4cd1af06680df3fd8999" is_pre_election: true
I20260601 13:33:29.445815 24276 raft_consensus.cc:2468] T f2e9898f19f54309b8034b9d4f93be3a P 9664b4bfbcbb4cd1af06680df3fd8999 [term 0 FOLLOWER]: Leader pre-election vote request: Granting yes vote for candidate fc509f9b06004c8fbd2b32d4812e040f in term 0.
I20260601 13:33:29.446095 24089 leader_election.cc:304] T f2e9898f19f54309b8034b9d4f93be3a P fc509f9b06004c8fbd2b32d4812e040f [CANDIDATE]: Term 1 pre-election: Election decided. Result: candidate won. Election summary: received 2 responses out of 3 voters: 2 yes votes; 0 no votes. yes voters: 9664b4bfbcbb4cd1af06680df3fd8999, fc509f9b06004c8fbd2b32d4812e040f; no voters: 
I20260601 13:33:29.446346 24275 raft_consensus.cc:2468] T d6b6f5337b544a88b4c39aa166e7d9fc P 9664b4bfbcbb4cd1af06680df3fd8999 [term 1 FOLLOWER]: Leader election vote request: Granting yes vote for candidate 50c218a7bc3c4420b04cb17f7d806b63 in term 1.
I20260601 13:33:29.446555 24335 raft_consensus.cc:2804] T f2e9898f19f54309b8034b9d4f93be3a P fc509f9b06004c8fbd2b32d4812e040f [term 0 FOLLOWER]: Leader pre-election won for term 1
I20260601 13:33:29.446612 24335 raft_consensus.cc:493] T f2e9898f19f54309b8034b9d4f93be3a P fc509f9b06004c8fbd2b32d4812e040f [term 0 FOLLOWER]: Starting leader election (no leader contacted us within the election timeout)
I20260601 13:33:29.446655 24335 raft_consensus.cc:3060] T f2e9898f19f54309b8034b9d4f93be3a P fc509f9b06004c8fbd2b32d4812e040f [term 0 FOLLOWER]: Advancing to term 1
I20260601 13:33:29.447780 24349 raft_consensus.cc:2804] T d6b6f5337b544a88b4c39aa166e7d9fc P 50c218a7bc3c4420b04cb17f7d806b63 [term 1 FOLLOWER]: Leader election won for term 1
I20260601 13:33:29.447934 24349 raft_consensus.cc:697] T d6b6f5337b544a88b4c39aa166e7d9fc P 50c218a7bc3c4420b04cb17f7d806b63 [term 1 LEADER]: Becoming Leader. State: Replica: 50c218a7bc3c4420b04cb17f7d806b63, State: Running, Role: LEADER
I20260601 13:33:29.448089 24335 raft_consensus.cc:515] T f2e9898f19f54309b8034b9d4f93be3a P fc509f9b06004c8fbd2b32d4812e040f [term 1 FOLLOWER]: Starting leader election with config: opid_index: -1 OBSOLETE_local: false peers { permanent_uuid: "fc509f9b06004c8fbd2b32d4812e040f" member_type: VOTER last_known_addr { host: "127.22.231.193" port: 38833 } } peers { permanent_uuid: "50c218a7bc3c4420b04cb17f7d806b63" member_type: VOTER last_known_addr { host: "127.22.231.194" port: 44113 } } peers { permanent_uuid: "9664b4bfbcbb4cd1af06680df3fd8999" member_type: VOTER last_known_addr { host: "127.22.231.195" port: 45649 } }
I20260601 13:33:29.448105 24349 consensus_queue.cc:237] T d6b6f5337b544a88b4c39aa166e7d9fc P 50c218a7bc3c4420b04cb17f7d806b63 [LEADER]: Queue going to LEADER mode. State: All replicated index: 0, Majority replicated index: 0, Committed index: 0, Last appended: 0.0, Last appended by leader: 0, Current term: 1, Majority size: 2, State: 0, Mode: LEADER, active raft config: opid_index: -1 OBSOLETE_local: false peers { permanent_uuid: "fc509f9b06004c8fbd2b32d4812e040f" member_type: VOTER last_known_addr { host: "127.22.231.193" port: 38833 } } peers { permanent_uuid: "50c218a7bc3c4420b04cb17f7d806b63" member_type: VOTER last_known_addr { host: "127.22.231.194" port: 44113 } } peers { permanent_uuid: "9664b4bfbcbb4cd1af06680df3fd8999" member_type: VOTER last_known_addr { host: "127.22.231.195" port: 45649 } }
I20260601 13:33:29.448625 24335 leader_election.cc:290] T f2e9898f19f54309b8034b9d4f93be3a P fc509f9b06004c8fbd2b32d4812e040f [CANDIDATE]: Term 1 election: Requested vote from peers 50c218a7bc3c4420b04cb17f7d806b63 (127.22.231.194:44113), 9664b4bfbcbb4cd1af06680df3fd8999 (127.22.231.195:45649)
I20260601 13:33:29.449363 24275 tablet_service.cc:1917] Received RequestConsensusVote() RPC: tablet_id: "f2e9898f19f54309b8034b9d4f93be3a" candidate_uuid: "fc509f9b06004c8fbd2b32d4812e040f" candidate_term: 1 candidate_status { last_received { term: 0 index: 0 } } ignore_live_leader: false dest_uuid: "9664b4bfbcbb4cd1af06680df3fd8999"
I20260601 13:33:29.449473 24275 raft_consensus.cc:3060] T f2e9898f19f54309b8034b9d4f93be3a P 9664b4bfbcbb4cd1af06680df3fd8999 [term 0 FOLLOWER]: Advancing to term 1
I20260601 13:33:29.449456 24201 tablet_service.cc:1917] Received RequestConsensusVote() RPC: tablet_id: "f2e9898f19f54309b8034b9d4f93be3a" candidate_uuid: "fc509f9b06004c8fbd2b32d4812e040f" candidate_term: 1 candidate_status { last_received { term: 0 index: 0 } } ignore_live_leader: false dest_uuid: "50c218a7bc3c4420b04cb17f7d806b63"
I20260601 13:33:29.449613 24201 raft_consensus.cc:3060] T f2e9898f19f54309b8034b9d4f93be3a P 50c218a7bc3c4420b04cb17f7d806b63 [term 0 FOLLOWER]: Advancing to term 1
I20260601 13:33:29.450487 24201 raft_consensus.cc:2468] T f2e9898f19f54309b8034b9d4f93be3a P 50c218a7bc3c4420b04cb17f7d806b63 [term 1 FOLLOWER]: Leader election vote request: Granting yes vote for candidate fc509f9b06004c8fbd2b32d4812e040f in term 1.
I20260601 13:33:29.450520 24275 raft_consensus.cc:2468] T f2e9898f19f54309b8034b9d4f93be3a P 9664b4bfbcbb4cd1af06680df3fd8999 [term 1 FOLLOWER]: Leader election vote request: Granting yes vote for candidate fc509f9b06004c8fbd2b32d4812e040f in term 1.
I20260601 13:33:29.450861 24088 leader_election.cc:304] T f2e9898f19f54309b8034b9d4f93be3a P fc509f9b06004c8fbd2b32d4812e040f [CANDIDATE]: Term 1 election: Election decided. Result: candidate won. Election summary: received 2 responses out of 3 voters: 2 yes votes; 0 no votes. yes voters: 50c218a7bc3c4420b04cb17f7d806b63, fc509f9b06004c8fbd2b32d4812e040f; no voters: 
I20260601 13:33:29.450995 24335 raft_consensus.cc:2804] T f2e9898f19f54309b8034b9d4f93be3a P fc509f9b06004c8fbd2b32d4812e040f [term 1 FOLLOWER]: Leader election won for term 1
I20260601 13:33:29.451089 24335 raft_consensus.cc:697] T f2e9898f19f54309b8034b9d4f93be3a P fc509f9b06004c8fbd2b32d4812e040f [term 1 LEADER]: Becoming Leader. State: Replica: fc509f9b06004c8fbd2b32d4812e040f, State: Running, Role: LEADER
I20260601 13:33:29.451207 24335 consensus_queue.cc:237] T f2e9898f19f54309b8034b9d4f93be3a P fc509f9b06004c8fbd2b32d4812e040f [LEADER]: Queue going to LEADER mode. State: All replicated index: 0, Majority replicated index: 0, Committed index: 0, Last appended: 0.0, Last appended by leader: 0, Current term: 1, Majority size: 2, State: 0, Mode: LEADER, active raft config: opid_index: -1 OBSOLETE_local: false peers { permanent_uuid: "fc509f9b06004c8fbd2b32d4812e040f" member_type: VOTER last_known_addr { host: "127.22.231.193" port: 38833 } } peers { permanent_uuid: "50c218a7bc3c4420b04cb17f7d806b63" member_type: VOTER last_known_addr { host: "127.22.231.194" port: 44113 } } peers { permanent_uuid: "9664b4bfbcbb4cd1af06680df3fd8999" member_type: VOTER last_known_addr { host: "127.22.231.195" port: 45649 } }
I20260601 13:33:29.451258 24022 catalog_manager.cc:5696] T d6b6f5337b544a88b4c39aa166e7d9fc P 50c218a7bc3c4420b04cb17f7d806b63 reported cstate change: term changed from 0 to 1, leader changed from <none> to 50c218a7bc3c4420b04cb17f7d806b63 (127.22.231.194). New cstate: current_term: 1 leader_uuid: "50c218a7bc3c4420b04cb17f7d806b63" committed_config { opid_index: -1 OBSOLETE_local: false peers { permanent_uuid: "fc509f9b06004c8fbd2b32d4812e040f" member_type: VOTER last_known_addr { host: "127.22.231.193" port: 38833 } health_report { overall_health: UNKNOWN } } peers { permanent_uuid: "50c218a7bc3c4420b04cb17f7d806b63" member_type: VOTER last_known_addr { host: "127.22.231.194" port: 44113 } health_report { overall_health: HEALTHY } } peers { permanent_uuid: "9664b4bfbcbb4cd1af06680df3fd8999" member_type: VOTER last_known_addr { host: "127.22.231.195" port: 45649 } health_report { overall_health: UNKNOWN } } }
I20260601 13:33:29.451009 24328 tablet_bootstrap.cc:492] T acb9660a0696408687f8a5abde1c4842 P fc509f9b06004c8fbd2b32d4812e040f: No bootstrap required, opened a new log
I20260601 13:33:29.451908 24328 ts_tablet_manager.cc:1403] T acb9660a0696408687f8a5abde1c4842 P fc509f9b06004c8fbd2b32d4812e040f: Time spent bootstrapping tablet: real 0.008s	user 0.002s	sys 0.000s
I20260601 13:33:29.452368 24328 raft_consensus.cc:359] T acb9660a0696408687f8a5abde1c4842 P fc509f9b06004c8fbd2b32d4812e040f [term 0 FOLLOWER]: Replica starting. Triggering 0 pending ops. Active config: opid_index: -1 OBSOLETE_local: false peers { permanent_uuid: "fc509f9b06004c8fbd2b32d4812e040f" member_type: VOTER last_known_addr { host: "127.22.231.193" port: 38833 } } peers { permanent_uuid: "50c218a7bc3c4420b04cb17f7d806b63" member_type: VOTER last_known_addr { host: "127.22.231.194" port: 44113 } } peers { permanent_uuid: "9664b4bfbcbb4cd1af06680df3fd8999" member_type: VOTER last_known_addr { host: "127.22.231.195" port: 45649 } }
I20260601 13:33:29.452508 24328 raft_consensus.cc:385] T acb9660a0696408687f8a5abde1c4842 P fc509f9b06004c8fbd2b32d4812e040f [term 0 FOLLOWER]: Consensus starting up: Expiring failure detector timer to make a prompt election more likely
I20260601 13:33:29.452589 24328 raft_consensus.cc:740] T acb9660a0696408687f8a5abde1c4842 P fc509f9b06004c8fbd2b32d4812e040f [term 0 FOLLOWER]: Becoming Follower/Learner. State: Replica: fc509f9b06004c8fbd2b32d4812e040f, State: Initialized, Role: FOLLOWER
I20260601 13:33:29.452764 24328 consensus_queue.cc:260] T acb9660a0696408687f8a5abde1c4842 P fc509f9b06004c8fbd2b32d4812e040f [NON_LEADER]: Queue going to NON_LEADER mode. State: All replicated index: 0, Majority replicated index: 0, Committed index: 0, Last appended: 0.0, Last appended by leader: 0, Current term: 0, Majority size: -1, State: 0, Mode: NON_LEADER, active raft config: opid_index: -1 OBSOLETE_local: false peers { permanent_uuid: "fc509f9b06004c8fbd2b32d4812e040f" member_type: VOTER last_known_addr { host: "127.22.231.193" port: 38833 } } peers { permanent_uuid: "50c218a7bc3c4420b04cb17f7d806b63" member_type: VOTER last_known_addr { host: "127.22.231.194" port: 44113 } } peers { permanent_uuid: "9664b4bfbcbb4cd1af06680df3fd8999" member_type: VOTER last_known_addr { host: "127.22.231.195" port: 45649 } }
I20260601 13:33:29.453135 24328 ts_tablet_manager.cc:1434] T acb9660a0696408687f8a5abde1c4842 P fc509f9b06004c8fbd2b32d4812e040f: Time spent starting tablet: real 0.001s	user 0.001s	sys 0.000s
I20260601 13:33:29.453058 24021 catalog_manager.cc:5696] T f2e9898f19f54309b8034b9d4f93be3a P fc509f9b06004c8fbd2b32d4812e040f reported cstate change: term changed from 0 to 1, leader changed from <none> to fc509f9b06004c8fbd2b32d4812e040f (127.22.231.193). New cstate: current_term: 1 leader_uuid: "fc509f9b06004c8fbd2b32d4812e040f" committed_config { opid_index: -1 OBSOLETE_local: false peers { permanent_uuid: "fc509f9b06004c8fbd2b32d4812e040f" member_type: VOTER last_known_addr { host: "127.22.231.193" port: 38833 } health_report { overall_health: HEALTHY } } peers { permanent_uuid: "50c218a7bc3c4420b04cb17f7d806b63" member_type: VOTER last_known_addr { host: "127.22.231.194" port: 44113 } health_report { overall_health: UNKNOWN } } peers { permanent_uuid: "9664b4bfbcbb4cd1af06680df3fd8999" member_type: VOTER last_known_addr { host: "127.22.231.195" port: 45649 } health_report { overall_health: UNKNOWN } } }
I20260601 13:33:29.480304 24349 raft_consensus.cc:493] T 99ec937224584b0a897897317b008559 P 50c218a7bc3c4420b04cb17f7d806b63 [term 0 FOLLOWER]: Starting pre-election (no leader contacted us within the election timeout)
I20260601 13:33:29.480507 24349 raft_consensus.cc:515] T 99ec937224584b0a897897317b008559 P 50c218a7bc3c4420b04cb17f7d806b63 [term 0 FOLLOWER]: Starting pre-election with config: opid_index: -1 OBSOLETE_local: false peers { permanent_uuid: "fc509f9b06004c8fbd2b32d4812e040f" member_type: VOTER last_known_addr { host: "127.22.231.193" port: 38833 } } peers { permanent_uuid: "50c218a7bc3c4420b04cb17f7d806b63" member_type: VOTER last_known_addr { host: "127.22.231.194" port: 44113 } } peers { permanent_uuid: "9664b4bfbcbb4cd1af06680df3fd8999" member_type: VOTER last_known_addr { host: "127.22.231.195" port: 45649 } }
I20260601 13:33:29.480762 24327 raft_consensus.cc:493] T 6ef04a2702bb4485a149fd33dd1f67f2 P 50c218a7bc3c4420b04cb17f7d806b63 [term 0 FOLLOWER]: Starting pre-election (no leader contacted us within the election timeout)
I20260601 13:33:29.480870 24327 raft_consensus.cc:515] T 6ef04a2702bb4485a149fd33dd1f67f2 P 50c218a7bc3c4420b04cb17f7d806b63 [term 0 FOLLOWER]: Starting pre-election with config: opid_index: -1 OBSOLETE_local: false peers { permanent_uuid: "50c218a7bc3c4420b04cb17f7d806b63" member_type: VOTER last_known_addr { host: "127.22.231.194" port: 44113 } } peers { permanent_uuid: "9664b4bfbcbb4cd1af06680df3fd8999" member_type: VOTER last_known_addr { host: "127.22.231.195" port: 45649 } } peers { permanent_uuid: "fc509f9b06004c8fbd2b32d4812e040f" member_type: VOTER last_known_addr { host: "127.22.231.193" port: 38833 } }
I20260601 13:33:29.481156 24349 leader_election.cc:290] T 99ec937224584b0a897897317b008559 P 50c218a7bc3c4420b04cb17f7d806b63 [CANDIDATE]: Term 1 pre-election: Requested pre-vote from peers fc509f9b06004c8fbd2b32d4812e040f (127.22.231.193:38833), 9664b4bfbcbb4cd1af06680df3fd8999 (127.22.231.195:45649)
I20260601 13:33:29.481308 24327 leader_election.cc:290] T 6ef04a2702bb4485a149fd33dd1f67f2 P 50c218a7bc3c4420b04cb17f7d806b63 [CANDIDATE]: Term 1 pre-election: Requested pre-vote from peers 9664b4bfbcbb4cd1af06680df3fd8999 (127.22.231.195:45649), fc509f9b06004c8fbd2b32d4812e040f (127.22.231.193:38833)
I20260601 13:33:29.481663 24276 tablet_service.cc:1917] Received RequestConsensusVote() RPC: tablet_id: "6ef04a2702bb4485a149fd33dd1f67f2" candidate_uuid: "50c218a7bc3c4420b04cb17f7d806b63" candidate_term: 1 candidate_status { last_received { term: 0 index: 0 } } ignore_live_leader: false dest_uuid: "9664b4bfbcbb4cd1af06680df3fd8999" is_pre_election: true
I20260601 13:33:29.481621 24125 tablet_service.cc:1917] Received RequestConsensusVote() RPC: tablet_id: "99ec937224584b0a897897317b008559" candidate_uuid: "50c218a7bc3c4420b04cb17f7d806b63" candidate_term: 1 candidate_status { last_received { term: 0 index: 0 } } ignore_live_leader: false dest_uuid: "fc509f9b06004c8fbd2b32d4812e040f" is_pre_election: true
I20260601 13:33:29.481695 24124 tablet_service.cc:1917] Received RequestConsensusVote() RPC: tablet_id: "6ef04a2702bb4485a149fd33dd1f67f2" candidate_uuid: "50c218a7bc3c4420b04cb17f7d806b63" candidate_term: 1 candidate_status { last_received { term: 0 index: 0 } } ignore_live_leader: false dest_uuid: "fc509f9b06004c8fbd2b32d4812e040f" is_pre_election: true
I20260601 13:33:29.481837 24276 raft_consensus.cc:2468] T 6ef04a2702bb4485a149fd33dd1f67f2 P 9664b4bfbcbb4cd1af06680df3fd8999 [term 0 FOLLOWER]: Leader pre-election vote request: Granting yes vote for candidate 50c218a7bc3c4420b04cb17f7d806b63 in term 0.
I20260601 13:33:29.481621 24275 tablet_service.cc:1917] Received RequestConsensusVote() RPC: tablet_id: "99ec937224584b0a897897317b008559" candidate_uuid: "50c218a7bc3c4420b04cb17f7d806b63" candidate_term: 1 candidate_status { last_received { term: 0 index: 0 } } ignore_live_leader: false dest_uuid: "9664b4bfbcbb4cd1af06680df3fd8999" is_pre_election: true
I20260601 13:33:29.481886 24125 raft_consensus.cc:2468] T 99ec937224584b0a897897317b008559 P fc509f9b06004c8fbd2b32d4812e040f [term 0 FOLLOWER]: Leader pre-election vote request: Granting yes vote for candidate 50c218a7bc3c4420b04cb17f7d806b63 in term 0.
I20260601 13:33:29.481941 24275 raft_consensus.cc:2468] T 99ec937224584b0a897897317b008559 P 9664b4bfbcbb4cd1af06680df3fd8999 [term 0 FOLLOWER]: Leader pre-election vote request: Granting yes vote for candidate 50c218a7bc3c4420b04cb17f7d806b63 in term 0.
I20260601 13:33:29.481874 24124 raft_consensus.cc:2468] T 6ef04a2702bb4485a149fd33dd1f67f2 P fc509f9b06004c8fbd2b32d4812e040f [term 0 FOLLOWER]: Leader pre-election vote request: Granting yes vote for candidate 50c218a7bc3c4420b04cb17f7d806b63 in term 0.
I20260601 13:33:29.482179 24165 leader_election.cc:304] T 99ec937224584b0a897897317b008559 P 50c218a7bc3c4420b04cb17f7d806b63 [CANDIDATE]: Term 1 pre-election: Election decided. Result: candidate won. Election summary: received 2 responses out of 3 voters: 2 yes votes; 0 no votes. yes voters: 50c218a7bc3c4420b04cb17f7d806b63, fc509f9b06004c8fbd2b32d4812e040f; no voters: 
I20260601 13:33:29.482380 24327 raft_consensus.cc:2804] T 99ec937224584b0a897897317b008559 P 50c218a7bc3c4420b04cb17f7d806b63 [term 0 FOLLOWER]: Leader pre-election won for term 1
I20260601 13:33:29.482379 24165 leader_election.cc:304] T 6ef04a2702bb4485a149fd33dd1f67f2 P 50c218a7bc3c4420b04cb17f7d806b63 [CANDIDATE]: Term 1 pre-election: Election decided. Result: candidate won. Election summary: received 2 responses out of 3 voters: 2 yes votes; 0 no votes. yes voters: 50c218a7bc3c4420b04cb17f7d806b63, 9664b4bfbcbb4cd1af06680df3fd8999; no voters: 
I20260601 13:33:29.482474 24327 raft_consensus.cc:493] T 99ec937224584b0a897897317b008559 P 50c218a7bc3c4420b04cb17f7d806b63 [term 0 FOLLOWER]: Starting leader election (no leader contacted us within the election timeout)
I20260601 13:33:29.482533 24327 raft_consensus.cc:3060] T 99ec937224584b0a897897317b008559 P 50c218a7bc3c4420b04cb17f7d806b63 [term 0 FOLLOWER]: Advancing to term 1
I20260601 13:33:29.482762 24349 raft_consensus.cc:2804] T 6ef04a2702bb4485a149fd33dd1f67f2 P 50c218a7bc3c4420b04cb17f7d806b63 [term 0 FOLLOWER]: Leader pre-election won for term 1
I20260601 13:33:29.482812 24349 raft_consensus.cc:493] T 6ef04a2702bb4485a149fd33dd1f67f2 P 50c218a7bc3c4420b04cb17f7d806b63 [term 0 FOLLOWER]: Starting leader election (no leader contacted us within the election timeout)
I20260601 13:33:29.482839 24349 raft_consensus.cc:3060] T 6ef04a2702bb4485a149fd33dd1f67f2 P 50c218a7bc3c4420b04cb17f7d806b63 [term 0 FOLLOWER]: Advancing to term 1
I20260601 13:33:29.483523 24327 raft_consensus.cc:515] T 99ec937224584b0a897897317b008559 P 50c218a7bc3c4420b04cb17f7d806b63 [term 1 FOLLOWER]: Starting leader election with config: opid_index: -1 OBSOLETE_local: false peers { permanent_uuid: "fc509f9b06004c8fbd2b32d4812e040f" member_type: VOTER last_known_addr { host: "127.22.231.193" port: 38833 } } peers { permanent_uuid: "50c218a7bc3c4420b04cb17f7d806b63" member_type: VOTER last_known_addr { host: "127.22.231.194" port: 44113 } } peers { permanent_uuid: "9664b4bfbcbb4cd1af06680df3fd8999" member_type: VOTER last_known_addr { host: "127.22.231.195" port: 45649 } }
I20260601 13:33:29.483628 24349 raft_consensus.cc:515] T 6ef04a2702bb4485a149fd33dd1f67f2 P 50c218a7bc3c4420b04cb17f7d806b63 [term 1 FOLLOWER]: Starting leader election with config: opid_index: -1 OBSOLETE_local: false peers { permanent_uuid: "50c218a7bc3c4420b04cb17f7d806b63" member_type: VOTER last_known_addr { host: "127.22.231.194" port: 44113 } } peers { permanent_uuid: "9664b4bfbcbb4cd1af06680df3fd8999" member_type: VOTER last_known_addr { host: "127.22.231.195" port: 45649 } } peers { permanent_uuid: "fc509f9b06004c8fbd2b32d4812e040f" member_type: VOTER last_known_addr { host: "127.22.231.193" port: 38833 } }
I20260601 13:33:29.483955 24327 leader_election.cc:290] T 99ec937224584b0a897897317b008559 P 50c218a7bc3c4420b04cb17f7d806b63 [CANDIDATE]: Term 1 election: Requested vote from peers fc509f9b06004c8fbd2b32d4812e040f (127.22.231.193:38833), 9664b4bfbcbb4cd1af06680df3fd8999 (127.22.231.195:45649)
I20260601 13:33:29.484052 24349 leader_election.cc:290] T 6ef04a2702bb4485a149fd33dd1f67f2 P 50c218a7bc3c4420b04cb17f7d806b63 [CANDIDATE]: Term 1 election: Requested vote from peers 9664b4bfbcbb4cd1af06680df3fd8999 (127.22.231.195:45649), fc509f9b06004c8fbd2b32d4812e040f (127.22.231.193:38833)
I20260601 13:33:29.484395 24124 tablet_service.cc:1917] Received RequestConsensusVote() RPC: tablet_id: "99ec937224584b0a897897317b008559" candidate_uuid: "50c218a7bc3c4420b04cb17f7d806b63" candidate_term: 1 candidate_status { last_received { term: 0 index: 0 } } ignore_live_leader: false dest_uuid: "fc509f9b06004c8fbd2b32d4812e040f"
I20260601 13:33:29.484407 24275 tablet_service.cc:1917] Received RequestConsensusVote() RPC: tablet_id: "99ec937224584b0a897897317b008559" candidate_uuid: "50c218a7bc3c4420b04cb17f7d806b63" candidate_term: 1 candidate_status { last_received { term: 0 index: 0 } } ignore_live_leader: false dest_uuid: "9664b4bfbcbb4cd1af06680df3fd8999"
I20260601 13:33:29.484464 24125 tablet_service.cc:1917] Received RequestConsensusVote() RPC: tablet_id: "6ef04a2702bb4485a149fd33dd1f67f2" candidate_uuid: "50c218a7bc3c4420b04cb17f7d806b63" candidate_term: 1 candidate_status { last_received { term: 0 index: 0 } } ignore_live_leader: false dest_uuid: "fc509f9b06004c8fbd2b32d4812e040f"
I20260601 13:33:29.484483 24276 tablet_service.cc:1917] Received RequestConsensusVote() RPC: tablet_id: "6ef04a2702bb4485a149fd33dd1f67f2" candidate_uuid: "50c218a7bc3c4420b04cb17f7d806b63" candidate_term: 1 candidate_status { last_received { term: 0 index: 0 } } ignore_live_leader: false dest_uuid: "9664b4bfbcbb4cd1af06680df3fd8999"
I20260601 13:33:29.484514 24124 raft_consensus.cc:3060] T 99ec937224584b0a897897317b008559 P fc509f9b06004c8fbd2b32d4812e040f [term 0 FOLLOWER]: Advancing to term 1
I20260601 13:33:29.484534 24275 raft_consensus.cc:3060] T 99ec937224584b0a897897317b008559 P 9664b4bfbcbb4cd1af06680df3fd8999 [term 0 FOLLOWER]: Advancing to term 1
I20260601 13:33:29.484553 24276 raft_consensus.cc:3060] T 6ef04a2702bb4485a149fd33dd1f67f2 P 9664b4bfbcbb4cd1af06680df3fd8999 [term 0 FOLLOWER]: Advancing to term 1
I20260601 13:33:29.484541 24125 raft_consensus.cc:3060] T 6ef04a2702bb4485a149fd33dd1f67f2 P fc509f9b06004c8fbd2b32d4812e040f [term 0 FOLLOWER]: Advancing to term 1
I20260601 13:33:29.485524 24275 raft_consensus.cc:2468] T 99ec937224584b0a897897317b008559 P 9664b4bfbcbb4cd1af06680df3fd8999 [term 1 FOLLOWER]: Leader election vote request: Granting yes vote for candidate 50c218a7bc3c4420b04cb17f7d806b63 in term 1.
I20260601 13:33:29.485523 24125 raft_consensus.cc:2468] T 6ef04a2702bb4485a149fd33dd1f67f2 P fc509f9b06004c8fbd2b32d4812e040f [term 1 FOLLOWER]: Leader election vote request: Granting yes vote for candidate 50c218a7bc3c4420b04cb17f7d806b63 in term 1.
I20260601 13:33:29.485587 24124 raft_consensus.cc:2468] T 99ec937224584b0a897897317b008559 P fc509f9b06004c8fbd2b32d4812e040f [term 1 FOLLOWER]: Leader election vote request: Granting yes vote for candidate 50c218a7bc3c4420b04cb17f7d806b63 in term 1.
I20260601 13:33:29.485592 24276 raft_consensus.cc:2468] T 6ef04a2702bb4485a149fd33dd1f67f2 P 9664b4bfbcbb4cd1af06680df3fd8999 [term 1 FOLLOWER]: Leader election vote request: Granting yes vote for candidate 50c218a7bc3c4420b04cb17f7d806b63 in term 1.
I20260601 13:33:29.485921 24165 leader_election.cc:304] T 99ec937224584b0a897897317b008559 P 50c218a7bc3c4420b04cb17f7d806b63 [CANDIDATE]: Term 1 election: Election decided. Result: candidate won. Election summary: received 2 responses out of 3 voters: 2 yes votes; 0 no votes. yes voters: 50c218a7bc3c4420b04cb17f7d806b63, 9664b4bfbcbb4cd1af06680df3fd8999; no voters: 
I20260601 13:33:29.486073 24349 raft_consensus.cc:2804] T 99ec937224584b0a897897317b008559 P 50c218a7bc3c4420b04cb17f7d806b63 [term 1 FOLLOWER]: Leader election won for term 1
I20260601 13:33:29.486099 24165 leader_election.cc:304] T 6ef04a2702bb4485a149fd33dd1f67f2 P 50c218a7bc3c4420b04cb17f7d806b63 [CANDIDATE]: Term 1 election: Election decided. Result: candidate won. Election summary: received 2 responses out of 3 voters: 2 yes votes; 0 no votes. yes voters: 50c218a7bc3c4420b04cb17f7d806b63, fc509f9b06004c8fbd2b32d4812e040f; no voters: 
I20260601 13:33:29.486243 24327 raft_consensus.cc:2804] T 6ef04a2702bb4485a149fd33dd1f67f2 P 50c218a7bc3c4420b04cb17f7d806b63 [term 1 FOLLOWER]: Leader election won for term 1
I20260601 13:33:29.486346 24327 raft_consensus.cc:697] T 6ef04a2702bb4485a149fd33dd1f67f2 P 50c218a7bc3c4420b04cb17f7d806b63 [term 1 LEADER]: Becoming Leader. State: Replica: 50c218a7bc3c4420b04cb17f7d806b63, State: Running, Role: LEADER
I20260601 13:33:29.486464 24327 consensus_queue.cc:237] T 6ef04a2702bb4485a149fd33dd1f67f2 P 50c218a7bc3c4420b04cb17f7d806b63 [LEADER]: Queue going to LEADER mode. State: All replicated index: 0, Majority replicated index: 0, Committed index: 0, Last appended: 0.0, Last appended by leader: 0, Current term: 1, Majority size: 2, State: 0, Mode: LEADER, active raft config: opid_index: -1 OBSOLETE_local: false peers { permanent_uuid: "50c218a7bc3c4420b04cb17f7d806b63" member_type: VOTER last_known_addr { host: "127.22.231.194" port: 44113 } } peers { permanent_uuid: "9664b4bfbcbb4cd1af06680df3fd8999" member_type: VOTER last_known_addr { host: "127.22.231.195" port: 45649 } } peers { permanent_uuid: "fc509f9b06004c8fbd2b32d4812e040f" member_type: VOTER last_known_addr { host: "127.22.231.193" port: 38833 } }
I20260601 13:33:29.487143 24349 raft_consensus.cc:697] T 99ec937224584b0a897897317b008559 P 50c218a7bc3c4420b04cb17f7d806b63 [term 1 LEADER]: Becoming Leader. State: Replica: 50c218a7bc3c4420b04cb17f7d806b63, State: Running, Role: LEADER
I20260601 13:33:29.487295 24349 consensus_queue.cc:237] T 99ec937224584b0a897897317b008559 P 50c218a7bc3c4420b04cb17f7d806b63 [LEADER]: Queue going to LEADER mode. State: All replicated index: 0, Majority replicated index: 0, Committed index: 0, Last appended: 0.0, Last appended by leader: 0, Current term: 1, Majority size: 2, State: 0, Mode: LEADER, active raft config: opid_index: -1 OBSOLETE_local: false peers { permanent_uuid: "fc509f9b06004c8fbd2b32d4812e040f" member_type: VOTER last_known_addr { host: "127.22.231.193" port: 38833 } } peers { permanent_uuid: "50c218a7bc3c4420b04cb17f7d806b63" member_type: VOTER last_known_addr { host: "127.22.231.194" port: 44113 } } peers { permanent_uuid: "9664b4bfbcbb4cd1af06680df3fd8999" member_type: VOTER last_known_addr { host: "127.22.231.195" port: 45649 } }
I20260601 13:33:29.489082 24021 catalog_manager.cc:5696] T 99ec937224584b0a897897317b008559 P 50c218a7bc3c4420b04cb17f7d806b63 reported cstate change: term changed from 0 to 1, leader changed from <none> to 50c218a7bc3c4420b04cb17f7d806b63 (127.22.231.194). New cstate: current_term: 1 leader_uuid: "50c218a7bc3c4420b04cb17f7d806b63" committed_config { opid_index: -1 OBSOLETE_local: false peers { permanent_uuid: "fc509f9b06004c8fbd2b32d4812e040f" member_type: VOTER last_known_addr { host: "127.22.231.193" port: 38833 } health_report { overall_health: UNKNOWN } } peers { permanent_uuid: "50c218a7bc3c4420b04cb17f7d806b63" member_type: VOTER last_known_addr { host: "127.22.231.194" port: 44113 } health_report { overall_health: HEALTHY } } peers { permanent_uuid: "9664b4bfbcbb4cd1af06680df3fd8999" member_type: VOTER last_known_addr { host: "127.22.231.195" port: 45649 } health_report { overall_health: UNKNOWN } } }
I20260601 13:33:29.492509 24021 catalog_manager.cc:5696] T 6ef04a2702bb4485a149fd33dd1f67f2 P 50c218a7bc3c4420b04cb17f7d806b63 reported cstate change: term changed from 0 to 1, leader changed from <none> to 50c218a7bc3c4420b04cb17f7d806b63 (127.22.231.194). New cstate: current_term: 1 leader_uuid: "50c218a7bc3c4420b04cb17f7d806b63" committed_config { opid_index: -1 OBSOLETE_local: false peers { permanent_uuid: "50c218a7bc3c4420b04cb17f7d806b63" member_type: VOTER last_known_addr { host: "127.22.231.194" port: 44113 } health_report { overall_health: HEALTHY } } peers { permanent_uuid: "9664b4bfbcbb4cd1af06680df3fd8999" member_type: VOTER last_known_addr { host: "127.22.231.195" port: 45649 } health_report { overall_health: UNKNOWN } } peers { permanent_uuid: "fc509f9b06004c8fbd2b32d4812e040f" member_type: VOTER last_known_addr { host: "127.22.231.193" port: 38833 } health_report { overall_health: UNKNOWN } } }
W20260601 13:33:29.506382 24152 tablet.cc:2404] T 2e0ed940b3df4acb80a208bdee2c5a06 P fc509f9b06004c8fbd2b32d4812e040f: Can't schedule compaction. Clean time has not been advanced past its initial value.
I20260601 13:33:29.524340 24326 raft_consensus.cc:493] T ebcc5d10c660475895238f3d8e926244 P 9664b4bfbcbb4cd1af06680df3fd8999 [term 0 FOLLOWER]: Starting pre-election (no leader contacted us within the election timeout)
I20260601 13:33:29.524501 24326 raft_consensus.cc:515] T ebcc5d10c660475895238f3d8e926244 P 9664b4bfbcbb4cd1af06680df3fd8999 [term 0 FOLLOWER]: Starting pre-election with config: opid_index: -1 OBSOLETE_local: false peers { permanent_uuid: "fc509f9b06004c8fbd2b32d4812e040f" member_type: VOTER last_known_addr { host: "127.22.231.193" port: 38833 } } peers { permanent_uuid: "50c218a7bc3c4420b04cb17f7d806b63" member_type: VOTER last_known_addr { host: "127.22.231.194" port: 44113 } } peers { permanent_uuid: "9664b4bfbcbb4cd1af06680df3fd8999" member_type: VOTER last_known_addr { host: "127.22.231.195" port: 45649 } }
I20260601 13:33:29.525169 24326 leader_election.cc:290] T ebcc5d10c660475895238f3d8e926244 P 9664b4bfbcbb4cd1af06680df3fd8999 [CANDIDATE]: Term 1 pre-election: Requested pre-vote from peers fc509f9b06004c8fbd2b32d4812e040f (127.22.231.193:38833), 50c218a7bc3c4420b04cb17f7d806b63 (127.22.231.194:44113)
I20260601 13:33:29.530133 24201 tablet_service.cc:1917] Received RequestConsensusVote() RPC: tablet_id: "ebcc5d10c660475895238f3d8e926244" candidate_uuid: "9664b4bfbcbb4cd1af06680df3fd8999" candidate_term: 1 candidate_status { last_received { term: 0 index: 0 } } ignore_live_leader: false dest_uuid: "50c218a7bc3c4420b04cb17f7d806b63" is_pre_election: true
I20260601 13:33:29.530136 24125 tablet_service.cc:1917] Received RequestConsensusVote() RPC: tablet_id: "ebcc5d10c660475895238f3d8e926244" candidate_uuid: "9664b4bfbcbb4cd1af06680df3fd8999" candidate_term: 1 candidate_status { last_received { term: 0 index: 0 } } ignore_live_leader: false dest_uuid: "fc509f9b06004c8fbd2b32d4812e040f" is_pre_election: true
I20260601 13:33:29.530333 24201 raft_consensus.cc:2468] T ebcc5d10c660475895238f3d8e926244 P 50c218a7bc3c4420b04cb17f7d806b63 [term 0 FOLLOWER]: Leader pre-election vote request: Granting yes vote for candidate 9664b4bfbcbb4cd1af06680df3fd8999 in term 0.
I20260601 13:33:29.530448 24125 raft_consensus.cc:2468] T ebcc5d10c660475895238f3d8e926244 P fc509f9b06004c8fbd2b32d4812e040f [term 0 FOLLOWER]: Leader pre-election vote request: Granting yes vote for candidate 9664b4bfbcbb4cd1af06680df3fd8999 in term 0.
I20260601 13:33:29.530748 24239 leader_election.cc:304] T ebcc5d10c660475895238f3d8e926244 P 9664b4bfbcbb4cd1af06680df3fd8999 [CANDIDATE]: Term 1 pre-election: Election decided. Result: candidate won. Election summary: received 2 responses out of 3 voters: 2 yes votes; 0 no votes. yes voters: 50c218a7bc3c4420b04cb17f7d806b63, 9664b4bfbcbb4cd1af06680df3fd8999; no voters: 
I20260601 13:33:29.530926 24326 raft_consensus.cc:2804] T ebcc5d10c660475895238f3d8e926244 P 9664b4bfbcbb4cd1af06680df3fd8999 [term 0 FOLLOWER]: Leader pre-election won for term 1
I20260601 13:33:29.530992 24326 raft_consensus.cc:493] T ebcc5d10c660475895238f3d8e926244 P 9664b4bfbcbb4cd1af06680df3fd8999 [term 0 FOLLOWER]: Starting leader election (no leader contacted us within the election timeout)
I20260601 13:33:29.531077 24326 raft_consensus.cc:3060] T ebcc5d10c660475895238f3d8e926244 P 9664b4bfbcbb4cd1af06680df3fd8999 [term 0 FOLLOWER]: Advancing to term 1
I20260601 13:33:29.531962 24326 raft_consensus.cc:515] T ebcc5d10c660475895238f3d8e926244 P 9664b4bfbcbb4cd1af06680df3fd8999 [term 1 FOLLOWER]: Starting leader election with config: opid_index: -1 OBSOLETE_local: false peers { permanent_uuid: "fc509f9b06004c8fbd2b32d4812e040f" member_type: VOTER last_known_addr { host: "127.22.231.193" port: 38833 } } peers { permanent_uuid: "50c218a7bc3c4420b04cb17f7d806b63" member_type: VOTER last_known_addr { host: "127.22.231.194" port: 44113 } } peers { permanent_uuid: "9664b4bfbcbb4cd1af06680df3fd8999" member_type: VOTER last_known_addr { host: "127.22.231.195" port: 45649 } }
I20260601 13:33:29.532354 24326 leader_election.cc:290] T ebcc5d10c660475895238f3d8e926244 P 9664b4bfbcbb4cd1af06680df3fd8999 [CANDIDATE]: Term 1 election: Requested vote from peers fc509f9b06004c8fbd2b32d4812e040f (127.22.231.193:38833), 50c218a7bc3c4420b04cb17f7d806b63 (127.22.231.194:44113)
I20260601 13:33:29.532636 24125 tablet_service.cc:1917] Received RequestConsensusVote() RPC: tablet_id: "ebcc5d10c660475895238f3d8e926244" candidate_uuid: "9664b4bfbcbb4cd1af06680df3fd8999" candidate_term: 1 candidate_status { last_received { term: 0 index: 0 } } ignore_live_leader: false dest_uuid: "fc509f9b06004c8fbd2b32d4812e040f"
I20260601 13:33:29.532696 24201 tablet_service.cc:1917] Received RequestConsensusVote() RPC: tablet_id: "ebcc5d10c660475895238f3d8e926244" candidate_uuid: "9664b4bfbcbb4cd1af06680df3fd8999" candidate_term: 1 candidate_status { last_received { term: 0 index: 0 } } ignore_live_leader: false dest_uuid: "50c218a7bc3c4420b04cb17f7d806b63"
I20260601 13:33:29.532758 24125 raft_consensus.cc:3060] T ebcc5d10c660475895238f3d8e926244 P fc509f9b06004c8fbd2b32d4812e040f [term 0 FOLLOWER]: Advancing to term 1
I20260601 13:33:29.532771 24201 raft_consensus.cc:3060] T ebcc5d10c660475895238f3d8e926244 P 50c218a7bc3c4420b04cb17f7d806b63 [term 0 FOLLOWER]: Advancing to term 1
I20260601 13:33:29.533495 24201 raft_consensus.cc:2468] T ebcc5d10c660475895238f3d8e926244 P 50c218a7bc3c4420b04cb17f7d806b63 [term 1 FOLLOWER]: Leader election vote request: Granting yes vote for candidate 9664b4bfbcbb4cd1af06680df3fd8999 in term 1.
I20260601 13:33:29.533497 24125 raft_consensus.cc:2468] T ebcc5d10c660475895238f3d8e926244 P fc509f9b06004c8fbd2b32d4812e040f [term 1 FOLLOWER]: Leader election vote request: Granting yes vote for candidate 9664b4bfbcbb4cd1af06680df3fd8999 in term 1.
I20260601 13:33:29.533756 24239 leader_election.cc:304] T ebcc5d10c660475895238f3d8e926244 P 9664b4bfbcbb4cd1af06680df3fd8999 [CANDIDATE]: Term 1 election: Election decided. Result: candidate won. Election summary: received 2 responses out of 3 voters: 2 yes votes; 0 no votes. yes voters: 50c218a7bc3c4420b04cb17f7d806b63, 9664b4bfbcbb4cd1af06680df3fd8999; no voters: 
I20260601 13:33:29.533907 24326 raft_consensus.cc:2804] T ebcc5d10c660475895238f3d8e926244 P 9664b4bfbcbb4cd1af06680df3fd8999 [term 1 FOLLOWER]: Leader election won for term 1
I20260601 13:33:29.534107 24326 raft_consensus.cc:697] T ebcc5d10c660475895238f3d8e926244 P 9664b4bfbcbb4cd1af06680df3fd8999 [term 1 LEADER]: Becoming Leader. State: Replica: 9664b4bfbcbb4cd1af06680df3fd8999, State: Running, Role: LEADER
I20260601 13:33:29.534307 24326 consensus_queue.cc:237] T ebcc5d10c660475895238f3d8e926244 P 9664b4bfbcbb4cd1af06680df3fd8999 [LEADER]: Queue going to LEADER mode. State: All replicated index: 0, Majority replicated index: 0, Committed index: 0, Last appended: 0.0, Last appended by leader: 0, Current term: 1, Majority size: 2, State: 0, Mode: LEADER, active raft config: opid_index: -1 OBSOLETE_local: false peers { permanent_uuid: "fc509f9b06004c8fbd2b32d4812e040f" member_type: VOTER last_known_addr { host: "127.22.231.193" port: 38833 } } peers { permanent_uuid: "50c218a7bc3c4420b04cb17f7d806b63" member_type: VOTER last_known_addr { host: "127.22.231.194" port: 44113 } } peers { permanent_uuid: "9664b4bfbcbb4cd1af06680df3fd8999" member_type: VOTER last_known_addr { host: "127.22.231.195" port: 45649 } }
I20260601 13:33:29.535887 24021 catalog_manager.cc:5696] T ebcc5d10c660475895238f3d8e926244 P 9664b4bfbcbb4cd1af06680df3fd8999 reported cstate change: term changed from 0 to 1, leader changed from <none> to 9664b4bfbcbb4cd1af06680df3fd8999 (127.22.231.195). New cstate: current_term: 1 leader_uuid: "9664b4bfbcbb4cd1af06680df3fd8999" committed_config { opid_index: -1 OBSOLETE_local: false peers { permanent_uuid: "fc509f9b06004c8fbd2b32d4812e040f" member_type: VOTER last_known_addr { host: "127.22.231.193" port: 38833 } health_report { overall_health: UNKNOWN } } peers { permanent_uuid: "50c218a7bc3c4420b04cb17f7d806b63" member_type: VOTER last_known_addr { host: "127.22.231.194" port: 44113 } health_report { overall_health: UNKNOWN } } peers { permanent_uuid: "9664b4bfbcbb4cd1af06680df3fd8999" member_type: VOTER last_known_addr { host: "127.22.231.195" port: 45649 } health_report { overall_health: HEALTHY } } }
I20260601 13:33:29.550896 24335 raft_consensus.cc:493] T 530f72b9cd764dc0ba98e658cc4615ee P fc509f9b06004c8fbd2b32d4812e040f [term 0 FOLLOWER]: Starting pre-election (no leader contacted us within the election timeout)
I20260601 13:33:29.551067 24335 raft_consensus.cc:515] T 530f72b9cd764dc0ba98e658cc4615ee P fc509f9b06004c8fbd2b32d4812e040f [term 0 FOLLOWER]: Starting pre-election with config: opid_index: -1 OBSOLETE_local: false peers { permanent_uuid: "fc509f9b06004c8fbd2b32d4812e040f" member_type: VOTER last_known_addr { host: "127.22.231.193" port: 38833 } } peers { permanent_uuid: "50c218a7bc3c4420b04cb17f7d806b63" member_type: VOTER last_known_addr { host: "127.22.231.194" port: 44113 } } peers { permanent_uuid: "9664b4bfbcbb4cd1af06680df3fd8999" member_type: VOTER last_known_addr { host: "127.22.231.195" port: 45649 } }
I20260601 13:33:29.551899 24335 leader_election.cc:290] T 530f72b9cd764dc0ba98e658cc4615ee P fc509f9b06004c8fbd2b32d4812e040f [CANDIDATE]: Term 1 pre-election: Requested pre-vote from peers 50c218a7bc3c4420b04cb17f7d806b63 (127.22.231.194:44113), 9664b4bfbcbb4cd1af06680df3fd8999 (127.22.231.195:45649)
I20260601 13:33:29.552441 24201 tablet_service.cc:1917] Received RequestConsensusVote() RPC: tablet_id: "530f72b9cd764dc0ba98e658cc4615ee" candidate_uuid: "fc509f9b06004c8fbd2b32d4812e040f" candidate_term: 1 candidate_status { last_received { term: 0 index: 0 } } ignore_live_leader: false dest_uuid: "50c218a7bc3c4420b04cb17f7d806b63" is_pre_election: true
I20260601 13:33:29.552441 24276 tablet_service.cc:1917] Received RequestConsensusVote() RPC: tablet_id: "530f72b9cd764dc0ba98e658cc4615ee" candidate_uuid: "fc509f9b06004c8fbd2b32d4812e040f" candidate_term: 1 candidate_status { last_received { term: 0 index: 0 } } ignore_live_leader: false dest_uuid: "9664b4bfbcbb4cd1af06680df3fd8999" is_pre_election: true
I20260601 13:33:29.552626 24201 raft_consensus.cc:2468] T 530f72b9cd764dc0ba98e658cc4615ee P 50c218a7bc3c4420b04cb17f7d806b63 [term 0 FOLLOWER]: Leader pre-election vote request: Granting yes vote for candidate fc509f9b06004c8fbd2b32d4812e040f in term 0.
I20260601 13:33:29.552626 24276 raft_consensus.cc:2468] T 530f72b9cd764dc0ba98e658cc4615ee P 9664b4bfbcbb4cd1af06680df3fd8999 [term 0 FOLLOWER]: Leader pre-election vote request: Granting yes vote for candidate fc509f9b06004c8fbd2b32d4812e040f in term 0.
I20260601 13:33:29.552960 24089 leader_election.cc:304] T 530f72b9cd764dc0ba98e658cc4615ee P fc509f9b06004c8fbd2b32d4812e040f [CANDIDATE]: Term 1 pre-election: Election decided. Result: candidate won. Election summary: received 2 responses out of 3 voters: 2 yes votes; 0 no votes. yes voters: 9664b4bfbcbb4cd1af06680df3fd8999, fc509f9b06004c8fbd2b32d4812e040f; no voters: 
I20260601 13:33:29.553167 24335 raft_consensus.cc:2804] T 530f72b9cd764dc0ba98e658cc4615ee P fc509f9b06004c8fbd2b32d4812e040f [term 0 FOLLOWER]: Leader pre-election won for term 1
