1 data directories: /tmp/dist-test-taskkJEoT7/test-tmp/auto_rebalancer-test.0.AutoRebalancerTest.AutoRebalancingTurnOffAndOn.1780320805577953-23455-0/minicluster-data/master-0-root/data
Total live blocks: 0
Total live bytes: 0
Total live bytes (after alignment): 0
Total number of LBM containers: 0 (0 full)
Did not check for missing blocks
Did not check for orphaned blocks
Total full LBM containers with extra space: 0 (0 repaired)
Total full LBM container extra space in bytes: 0 (0 repaired)
Total incomplete LBM containers: 0 (0 repaired)
Total LBM partial records: 0 (0 repaired)
Total corrupted LBM metadata records in RocksDB: 0 (0 repaired)
I20260601 13:33:28.180085 23455 rpc_server.cc:225] running with OpenSSL 1.1.1  11 Sep 2018
I20260601 13:33:28.180497 23455 kserver.cc:163] Server-wide thread pool size limit: 3276
I20260601 13:33:28.185034 23455 rpc_server.cc:307] RPC server started. Bound to: 127.22.231.254:36483
I20260601 13:33:28.186173 24057 acceptor_pool.cc:272] collecting diagnostics on the listening RPC socket 127.22.231.254:36483 every 8 connection(s)
I20260601 13:33:28.188823 24058 data_dirs.cc:400] Could only allocate 1 dirs of requested 3 for tablet 00000000000000000000000000000000. 1 dirs total, 0 dirs full, 0 dirs failed
I20260601 13:33:28.190502 24058 tablet_bootstrap.cc:492] T 00000000000000000000000000000000 P a5e582e4e61a4002a316c5f5d7d41953: Bootstrap starting.
I20260601 13:33:28.191242 24058 tablet_bootstrap.cc:654] T 00000000000000000000000000000000 P a5e582e4e61a4002a316c5f5d7d41953: Neither blocks nor log segments found. Creating new log.
I20260601 13:33:28.192211 24058 tablet_bootstrap.cc:492] T 00000000000000000000000000000000 P a5e582e4e61a4002a316c5f5d7d41953: No bootstrap required, opened a new log
I20260601 13:33:28.192531 24058 raft_consensus.cc:359] T 00000000000000000000000000000000 P a5e582e4e61a4002a316c5f5d7d41953 [term 0 FOLLOWER]: Replica starting. Triggering 0 pending ops. Active config: opid_index: -1 OBSOLETE_local: true peers { permanent_uuid: "a5e582e4e61a4002a316c5f5d7d41953" member_type: VOTER }
I20260601 13:33:28.192611 24058 raft_consensus.cc:385] T 00000000000000000000000000000000 P a5e582e4e61a4002a316c5f5d7d41953 [term 0 FOLLOWER]: Consensus starting up: Expiring failure detector timer to make a prompt election more likely
I20260601 13:33:28.192684 24058 raft_consensus.cc:740] T 00000000000000000000000000000000 P a5e582e4e61a4002a316c5f5d7d41953 [term 0 FOLLOWER]: Becoming Follower/Learner. State: Replica: a5e582e4e61a4002a316c5f5d7d41953, State: Initialized, Role: FOLLOWER
I20260601 13:33:28.192819 24058 consensus_queue.cc:260] T 00000000000000000000000000000000 P a5e582e4e61a4002a316c5f5d7d41953 [NON_LEADER]: Queue going to NON_LEADER mode. State: All replicated index: 0, Majority replicated index: 0, Committed index: 0, Last appended: 0.0, Last appended by leader: 0, Current term: 0, Majority size: -1, State: 0, Mode: NON_LEADER, active raft config: opid_index: -1 OBSOLETE_local: true peers { permanent_uuid: "a5e582e4e61a4002a316c5f5d7d41953" member_type: VOTER }
I20260601 13:33:28.192910 24058 raft_consensus.cc:399] T 00000000000000000000000000000000 P a5e582e4e61a4002a316c5f5d7d41953 [term 0 FOLLOWER]: Only one voter in the Raft config. Triggering election immediately
I20260601 13:33:28.192934 24058 raft_consensus.cc:493] T 00000000000000000000000000000000 P a5e582e4e61a4002a316c5f5d7d41953 [term 0 FOLLOWER]: Starting leader election (initial election of a single-replica configuration)
I20260601 13:33:28.192966 24058 raft_consensus.cc:3060] T 00000000000000000000000000000000 P a5e582e4e61a4002a316c5f5d7d41953 [term 0 FOLLOWER]: Advancing to term 1
I20260601 13:33:28.193564 24058 raft_consensus.cc:515] T 00000000000000000000000000000000 P a5e582e4e61a4002a316c5f5d7d41953 [term 1 FOLLOWER]: Starting leader election with config: opid_index: -1 OBSOLETE_local: true peers { permanent_uuid: "a5e582e4e61a4002a316c5f5d7d41953" member_type: VOTER }
I20260601 13:33:28.193681 24058 leader_election.cc:304] T 00000000000000000000000000000000 P a5e582e4e61a4002a316c5f5d7d41953 [CANDIDATE]: Term 1 election: Election decided. Result: candidate won. Election summary: received 1 responses out of 1 voters: 1 yes votes; 0 no votes. yes voters: a5e582e4e61a4002a316c5f5d7d41953; no voters: 
I20260601 13:33:28.193849 24058 leader_election.cc:290] T 00000000000000000000000000000000 P a5e582e4e61a4002a316c5f5d7d41953 [CANDIDATE]: Term 1 election: Requested vote from peers 
I20260601 13:33:28.193935 24061 raft_consensus.cc:2804] T 00000000000000000000000000000000 P a5e582e4e61a4002a316c5f5d7d41953 [term 1 FOLLOWER]: Leader election won for term 1
I20260601 13:33:28.194101 24061 raft_consensus.cc:697] T 00000000000000000000000000000000 P a5e582e4e61a4002a316c5f5d7d41953 [term 1 LEADER]: Becoming Leader. State: Replica: a5e582e4e61a4002a316c5f5d7d41953, State: Running, Role: LEADER
I20260601 13:33:28.194307 24058 sys_catalog.cc:565] T 00000000000000000000000000000000 P a5e582e4e61a4002a316c5f5d7d41953 [sys.catalog]: configured and running, proceeding with master startup.
I20260601 13:33:28.194285 24061 consensus_queue.cc:237] T 00000000000000000000000000000000 P a5e582e4e61a4002a316c5f5d7d41953 [LEADER]: Queue going to LEADER mode. State: All replicated index: 0, Majority replicated index: 0, Committed index: 0, Last appended: 0.0, Last appended by leader: 0, Current term: 1, Majority size: 1, State: 0, Mode: LEADER, active raft config: opid_index: -1 OBSOLETE_local: true peers { permanent_uuid: "a5e582e4e61a4002a316c5f5d7d41953" member_type: VOTER }
I20260601 13:33:28.194736 24062 sys_catalog.cc:455] T 00000000000000000000000000000000 P a5e582e4e61a4002a316c5f5d7d41953 [sys.catalog]: SysCatalogTable state changed. Reason: RaftConsensus started. Latest consensus state: current_term: 1 leader_uuid: "a5e582e4e61a4002a316c5f5d7d41953" committed_config { opid_index: -1 OBSOLETE_local: true peers { permanent_uuid: "a5e582e4e61a4002a316c5f5d7d41953" member_type: VOTER } }
I20260601 13:33:28.194787 24063 sys_catalog.cc:455] T 00000000000000000000000000000000 P a5e582e4e61a4002a316c5f5d7d41953 [sys.catalog]: SysCatalogTable state changed. Reason: New leader a5e582e4e61a4002a316c5f5d7d41953. Latest consensus state: current_term: 1 leader_uuid: "a5e582e4e61a4002a316c5f5d7d41953" committed_config { opid_index: -1 OBSOLETE_local: true peers { permanent_uuid: "a5e582e4e61a4002a316c5f5d7d41953" member_type: VOTER } }
I20260601 13:33:28.194891 24062 sys_catalog.cc:458] T 00000000000000000000000000000000 P a5e582e4e61a4002a316c5f5d7d41953 [sys.catalog]: This master's current role is: LEADER
I20260601 13:33:28.194983 24063 sys_catalog.cc:458] T 00000000000000000000000000000000 P a5e582e4e61a4002a316c5f5d7d41953 [sys.catalog]: This master's current role is: LEADER
I20260601 13:33:28.195489 24068 catalog_manager.cc:1510] Loading table and tablet metadata into memory...
I20260601 13:33:28.196267 24068 catalog_manager.cc:1519] Initializing Kudu cluster ID...
I20260601 13:33:28.196467 23455 internal_mini_cluster.cc:184] Waiting to initialize catalog manager on master 0
I20260601 13:33:28.198100 24068 catalog_manager.cc:1382] Generated new cluster ID: ce00493fa98b469299fbf8b665b389f1
I20260601 13:33:28.198159 24068 catalog_manager.cc:1530] Initializing Kudu internal certificate authority...
I20260601 13:33:28.212985 24068 catalog_manager.cc:1405] Generated new certificate authority record
I20260601 13:33:28.213542 24068 catalog_manager.cc:1539] Loading token signing keys...
I20260601 13:33:28.219441 24068 catalog_manager.cc:6069] T 00000000000000000000000000000000 P a5e582e4e61a4002a316c5f5d7d41953: Generated new TSK 0
I20260601 13:33:28.219624 24068 catalog_manager.cc:1549] Initializing in-progress tserver states...
I20260601 13:33:28.228976 23455 file_cache.cc:492] Constructed file cache file cache with capacity 419430
W20260601 13:33:28.231199 24080 instance_detector.cc:116] could not retrieve Azure instance metadata: Network error: curl error: HTTP response code said error: The requested URL returned error: 404
W20260601 13:33:28.231277 24082 instance_detector.cc:116] could not retrieve OpenStack instance metadata: Network error: curl error: HTTP response code said error: The requested URL returned error: 404
I20260601 13:33:28.231298 23455 server_base.cc:1061] running on GCE node
W20260601 13:33:28.231218 24079 instance_detector.cc:116] could not retrieve AWS instance metadata: Network error: curl error: HTTP response code said error: The requested URL returned error: 404
I20260601 13:33:28.231781 23455 hybrid_clock.cc:584] initializing the hybrid clock with 'system_unsync' time source
W20260601 13:33:28.231838 23455 system_unsync_time.cc:38] NTP support is disabled. Clock error bounds will not be accurate. This configuration is not suitable for distributed clusters.
I20260601 13:33:28.231855 23455 hybrid_clock.cc:648] HybridClock initialized: now 1780320808231856 us; error 0 us; skew 500 ppm
I20260601 13:33:28.232749 23455 webserver.cc:533] Webserver started at http://127.22.231.193:41655/ using document root <none> and password file <none>
I20260601 13:33:28.232887 23455 fs_manager.cc:362] Metadata directory not provided
I20260601 13:33:28.232931 23455 fs_manager.cc:368] Using write-ahead log directory (fs_wal_dir) as metadata directory
I20260601 13:33:28.232988 23455 server_base.cc:909] This appears to be a new deployment of Kudu; creating new FS layout
I20260601 13:33:28.233495 23455 fs_manager.cc:1068] Generated new instance metadata in path /tmp/dist-test-taskkJEoT7/test-tmp/auto_rebalancer-test.0.AutoRebalancerTest.AutoRebalancingTurnOffAndOn.1780320805577953-23455-0/minicluster-data/ts-0-root/instance:
uuid: "fc509f9b06004c8fbd2b32d4812e040f"
format_stamp: "Formatted at 2026-06-01 13:33:28 on dist-test-slave-z46l"
I20260601 13:33:28.235123 23455 fs_manager.cc:696] Time spent creating directory manager: real 0.001s	user 0.002s	sys 0.000s
I20260601 13:33:28.236281 24087 log_block_manager.cc:4031] Time spent loading block containers with low live blocks: real 0.000s	user 0.000s	sys 0.000s
I20260601 13:33:28.236606 23455 fs_manager.cc:730] Time spent opening block manager: real 0.001s	user 0.000s	sys 0.000s
I20260601 13:33:28.236713 23455 fs_manager.cc:647] Opened local filesystem: /tmp/dist-test-taskkJEoT7/test-tmp/auto_rebalancer-test.0.AutoRebalancerTest.AutoRebalancingTurnOffAndOn.1780320805577953-23455-0/minicluster-data/ts-0-root
uuid: "fc509f9b06004c8fbd2b32d4812e040f"
format_stamp: "Formatted at 2026-06-01 13:33:28 on dist-test-slave-z46l"
I20260601 13:33:28.236804 23455 fs_report.cc:389] FS layout report
--------------------
wal directory: /tmp/dist-test-taskkJEoT7/test-tmp/auto_rebalancer-test.0.AutoRebalancerTest.AutoRebalancingTurnOffAndOn.1780320805577953-23455-0/minicluster-data/ts-0-root
metadata directory: /tmp/dist-test-taskkJEoT7/test-tmp/auto_rebalancer-test.0.AutoRebalancerTest.AutoRebalancingTurnOffAndOn.1780320805577953-23455-0/minicluster-data/ts-0-root
1 data directories: /tmp/dist-test-taskkJEoT7/test-tmp/auto_rebalancer-test.0.AutoRebalancerTest.AutoRebalancingTurnOffAndOn.1780320805577953-23455-0/minicluster-data/ts-0-root/data
Total live blocks: 0
Total live bytes: 0
Total live bytes (after alignment): 0
Total number of LBM containers: 0 (0 full)
Did not check for missing blocks
Did not check for orphaned blocks
Total full LBM containers with extra space: 0 (0 repaired)
Total full LBM container extra space in bytes: 0 (0 repaired)
Total incomplete LBM containers: 0 (0 repaired)
Total LBM partial records: 0 (0 repaired)
Total corrupted LBM metadata records in RocksDB: 0 (0 repaired)
I20260601 13:33:28.248117 23455 rpc_server.cc:225] running with OpenSSL 1.1.1  11 Sep 2018
I20260601 13:33:28.248556 23455 kserver.cc:163] Server-wide thread pool size limit: 3276
I20260601 13:33:28.248893 23455 txn_system_client.cc:432] TxnSystemClient initialization is disabled...
I20260601 13:33:28.249366 23455 ts_tablet_manager.cc:585] Loaded tablet metadata (0 total tablets, 0 live tablets)
I20260601 13:33:28.249428 23455 ts_tablet_manager.cc:531] Time spent load tablet metadata: real 0.000s	user 0.000s	sys 0.000s
I20260601 13:33:28.249486 23455 ts_tablet_manager.cc:616] Registered 0 tablets
I20260601 13:33:28.249536 23455 ts_tablet_manager.cc:595] Time spent register tablets: real 0.000s	user 0.000s	sys 0.000s
I20260601 13:33:28.254281 23455 rpc_server.cc:307] RPC server started. Bound to: 127.22.231.193:38833
I20260601 13:33:28.254335 24150 acceptor_pool.cc:272] collecting diagnostics on the listening RPC socket 127.22.231.193:38833 every 8 connection(s)
I20260601 13:33:28.255339 23455 file_cache.cc:492] Constructed file cache file cache with capacity 419430
W20260601 13:33:28.257473 24155 instance_detector.cc:116] could not retrieve AWS instance metadata: Network error: curl error: HTTP response code said error: The requested URL returned error: 404
W20260601 13:33:28.257607 24156 instance_detector.cc:116] could not retrieve Azure instance metadata: Network error: curl error: HTTP response code said error: The requested URL returned error: 404
W20260601 13:33:28.257473 24158 instance_detector.cc:116] could not retrieve OpenStack instance metadata: Network error: curl error: HTTP response code said error: The requested URL returned error: 404
I20260601 13:33:28.258006 23455 server_base.cc:1061] running on GCE node
I20260601 13:33:28.258234 23455 hybrid_clock.cc:584] initializing the hybrid clock with 'system_unsync' time source
W20260601 13:33:28.258280 23455 system_unsync_time.cc:38] NTP support is disabled. Clock error bounds will not be accurate. This configuration is not suitable for distributed clusters.
I20260601 13:33:28.258296 23455 hybrid_clock.cc:648] HybridClock initialized: now 1780320808258296 us; error 0 us; skew 500 ppm
I20260601 13:33:28.259284 23455 webserver.cc:533] Webserver started at http://127.22.231.194:43671/ using document root <none> and password file <none>
I20260601 13:33:28.259450 23455 fs_manager.cc:362] Metadata directory not provided
I20260601 13:33:28.259508 23455 fs_manager.cc:368] Using write-ahead log directory (fs_wal_dir) as metadata directory
I20260601 13:33:28.259584 23455 server_base.cc:909] This appears to be a new deployment of Kudu; creating new FS layout
I20260601 13:33:28.260026 24151 heartbeater.cc:344] Connected to a master server at 127.22.231.254:36483
I20260601 13:33:28.260128 24151 heartbeater.cc:461] Registering TS with master...
I20260601 13:33:28.260102 23455 fs_manager.cc:1068] Generated new instance metadata in path /tmp/dist-test-taskkJEoT7/test-tmp/auto_rebalancer-test.0.AutoRebalancerTest.AutoRebalancingTurnOffAndOn.1780320805577953-23455-0/minicluster-data/ts-1-root/instance:
uuid: "50c218a7bc3c4420b04cb17f7d806b63"
format_stamp: "Formatted at 2026-06-01 13:33:28 on dist-test-slave-z46l"
I20260601 13:33:28.260303 24151 heartbeater.cc:507] Master 127.22.231.254:36483 requested a full tablet report, sending...
I20260601 13:33:28.260906 24022 ts_manager.cc:194] Registered new tserver with Master: fc509f9b06004c8fbd2b32d4812e040f (127.22.231.193:38833)
I20260601 13:33:28.261663 23455 fs_manager.cc:696] Time spent creating directory manager: real 0.001s	user 0.000s	sys 0.002s
I20260601 13:33:28.261690 24022 master_service.cc:502] Signed X509 certificate for tserver {username='slave'} at 127.0.0.1:34964
I20260601 13:33:28.262777 24163 log_block_manager.cc:4031] Time spent loading block containers with low live blocks: real 0.000s	user 0.000s	sys 0.000s
I20260601 13:33:28.263085 23455 fs_manager.cc:730] Time spent opening block manager: real 0.001s	user 0.000s	sys 0.001s
I20260601 13:33:28.263149 23455 fs_manager.cc:647] Opened local filesystem: /tmp/dist-test-taskkJEoT7/test-tmp/auto_rebalancer-test.0.AutoRebalancerTest.AutoRebalancingTurnOffAndOn.1780320805577953-23455-0/minicluster-data/ts-1-root
uuid: "50c218a7bc3c4420b04cb17f7d806b63"
format_stamp: "Formatted at 2026-06-01 13:33:28 on dist-test-slave-z46l"
I20260601 13:33:28.263243 23455 fs_report.cc:389] FS layout report
--------------------
wal directory: /tmp/dist-test-taskkJEoT7/test-tmp/auto_rebalancer-test.0.AutoRebalancerTest.AutoRebalancingTurnOffAndOn.1780320805577953-23455-0/minicluster-data/ts-1-root
metadata directory: /tmp/dist-test-taskkJEoT7/test-tmp/auto_rebalancer-test.0.AutoRebalancerTest.AutoRebalancingTurnOffAndOn.1780320805577953-23455-0/minicluster-data/ts-1-root
1 data directories: /tmp/dist-test-taskkJEoT7/test-tmp/auto_rebalancer-test.0.AutoRebalancerTest.AutoRebalancingTurnOffAndOn.1780320805577953-23455-0/minicluster-data/ts-1-root/data
Total live blocks: 0
Total live bytes: 0
Total live bytes (after alignment): 0
Total number of LBM containers: 0 (0 full)
Did not check for missing blocks
Did not check for orphaned blocks
Total full LBM containers with extra space: 0 (0 repaired)
Total full LBM container extra space in bytes: 0 (0 repaired)
Total incomplete LBM containers: 0 (0 repaired)
Total LBM partial records: 0 (0 repaired)
Total corrupted LBM metadata records in RocksDB: 0 (0 repaired)
I20260601 13:33:28.274565 23455 rpc_server.cc:225] running with OpenSSL 1.1.1  11 Sep 2018
I20260601 13:33:28.274991 23455 kserver.cc:163] Server-wide thread pool size limit: 3276
I20260601 13:33:28.275300 23455 txn_system_client.cc:432] TxnSystemClient initialization is disabled...
I20260601 13:33:28.275861 23455 ts_tablet_manager.cc:585] Loaded tablet metadata (0 total tablets, 0 live tablets)
I20260601 13:33:28.275923 23455 ts_tablet_manager.cc:531] Time spent load tablet metadata: real 0.000s	user 0.000s	sys 0.000s
I20260601 13:33:28.275976 23455 ts_tablet_manager.cc:616] Registered 0 tablets
I20260601 13:33:28.276026 23455 ts_tablet_manager.cc:595] Time spent register tablets: real 0.000s	user 0.000s	sys 0.000s
I20260601 13:33:28.280460 23455 rpc_server.cc:307] RPC server started. Bound to: 127.22.231.194:44113
I20260601 13:33:28.280496 24226 acceptor_pool.cc:272] collecting diagnostics on the listening RPC socket 127.22.231.194:44113 every 8 connection(s)
I20260601 13:33:28.281275 23455 file_cache.cc:492] Constructed file cache file cache with capacity 419430
W20260601 13:33:28.283428 24231 instance_detector.cc:116] could not retrieve Azure instance metadata: Network error: curl error: HTTP response code said error: The requested URL returned error: 404
W20260601 13:33:28.283427 24233 instance_detector.cc:116] could not retrieve OpenStack instance metadata: Network error: curl error: HTTP response code said error: The requested URL returned error: 404
W20260601 13:33:28.283516 24230 instance_detector.cc:116] could not retrieve AWS instance metadata: Network error: curl error: HTTP response code said error: The requested URL returned error: 404
I20260601 13:33:28.284200 23455 server_base.cc:1061] running on GCE node
I20260601 13:33:28.284464 23455 hybrid_clock.cc:584] initializing the hybrid clock with 'system_unsync' time source
W20260601 13:33:28.284523 23455 system_unsync_time.cc:38] NTP support is disabled. Clock error bounds will not be accurate. This configuration is not suitable for distributed clusters.
I20260601 13:33:28.284549 23455 hybrid_clock.cc:648] HybridClock initialized: now 1780320808284548 us; error 0 us; skew 500 ppm
I20260601 13:33:28.285452 23455 webserver.cc:533] Webserver started at http://127.22.231.195:41395/ using document root <none> and password file <none>
I20260601 13:33:28.285637 23455 fs_manager.cc:362] Metadata directory not provided
I20260601 13:33:28.285717 23455 fs_manager.cc:368] Using write-ahead log directory (fs_wal_dir) as metadata directory
I20260601 13:33:28.285799 23455 server_base.cc:909] This appears to be a new deployment of Kudu; creating new FS layout
I20260601 13:33:28.286001 24227 heartbeater.cc:344] Connected to a master server at 127.22.231.254:36483
I20260601 13:33:28.286111 24227 heartbeater.cc:461] Registering TS with master...
I20260601 13:33:28.286268 23455 fs_manager.cc:1068] Generated new instance metadata in path /tmp/dist-test-taskkJEoT7/test-tmp/auto_rebalancer-test.0.AutoRebalancerTest.AutoRebalancingTurnOffAndOn.1780320805577953-23455-0/minicluster-data/ts-2-root/instance:
uuid: "9664b4bfbcbb4cd1af06680df3fd8999"
format_stamp: "Formatted at 2026-06-01 13:33:28 on dist-test-slave-z46l"
I20260601 13:33:28.286368 24227 heartbeater.cc:507] Master 127.22.231.254:36483 requested a full tablet report, sending...
I20260601 13:33:28.286970 24022 ts_manager.cc:194] Registered new tserver with Master: 50c218a7bc3c4420b04cb17f7d806b63 (127.22.231.194:44113)
I20260601 13:33:28.287498 24022 master_service.cc:502] Signed X509 certificate for tserver {username='slave'} at 127.0.0.1:34972
I20260601 13:33:28.287946 23455 fs_manager.cc:696] Time spent creating directory manager: real 0.001s	user 0.002s	sys 0.000s
I20260601 13:33:28.288951 24238 log_block_manager.cc:4031] Time spent loading block containers with low live blocks: real 0.000s	user 0.000s	sys 0.000s
I20260601 13:33:28.289357 23455 fs_manager.cc:730] Time spent opening block manager: real 0.001s	user 0.001s	sys 0.000s
I20260601 13:33:28.289431 23455 fs_manager.cc:647] Opened local filesystem: /tmp/dist-test-taskkJEoT7/test-tmp/auto_rebalancer-test.0.AutoRebalancerTest.AutoRebalancingTurnOffAndOn.1780320805577953-23455-0/minicluster-data/ts-2-root
uuid: "9664b4bfbcbb4cd1af06680df3fd8999"
format_stamp: "Formatted at 2026-06-01 13:33:28 on dist-test-slave-z46l"
I20260601 13:33:28.289489 23455 fs_report.cc:389] FS layout report
--------------------
wal directory: /tmp/dist-test-taskkJEoT7/test-tmp/auto_rebalancer-test.0.AutoRebalancerTest.AutoRebalancingTurnOffAndOn.1780320805577953-23455-0/minicluster-data/ts-2-root
metadata directory: /tmp/dist-test-taskkJEoT7/test-tmp/auto_rebalancer-test.0.AutoRebalancerTest.AutoRebalancingTurnOffAndOn.1780320805577953-23455-0/minicluster-data/ts-2-root
1 data directories: /tmp/dist-test-taskkJEoT7/test-tmp/auto_rebalancer-test.0.AutoRebalancerTest.AutoRebalancingTurnOffAndOn.1780320805577953-23455-0/minicluster-data/ts-2-root/data
Total live blocks: 0
Total live bytes: 0
Total live bytes (after alignment): 0
Total number of LBM containers: 0 (0 full)
Did not check for missing blocks
Did not check for orphaned blocks
Total full LBM containers with extra space: 0 (0 repaired)
Total full LBM container extra space in bytes: 0 (0 repaired)
Total incomplete LBM containers: 0 (0 repaired)
Total LBM partial records: 0 (0 repaired)
Total corrupted LBM metadata records in RocksDB: 0 (0 repaired)
I20260601 13:33:28.309356 23455 rpc_server.cc:225] running with OpenSSL 1.1.1  11 Sep 2018
I20260601 13:33:28.309842 23455 kserver.cc:163] Server-wide thread pool size limit: 3276
I20260601 13:33:28.310137 23455 txn_system_client.cc:432] TxnSystemClient initialization is disabled...
I20260601 13:33:28.310678 23455 ts_tablet_manager.cc:585] Loaded tablet metadata (0 total tablets, 0 live tablets)
I20260601 13:33:28.310719 23455 ts_tablet_manager.cc:531] Time spent load tablet metadata: real 0.000s	user 0.000s	sys 0.000s
I20260601 13:33:28.310786 23455 ts_tablet_manager.cc:616] Registered 0 tablets
I20260601 13:33:28.310828 23455 ts_tablet_manager.cc:595] Time spent register tablets: real 0.000s	user 0.000s	sys 0.000s
I20260601 13:33:28.316257 23455 rpc_server.cc:307] RPC server started. Bound to: 127.22.231.195:45649
I20260601 13:33:28.316327 24301 acceptor_pool.cc:272] collecting diagnostics on the listening RPC socket 127.22.231.195:45649 every 8 connection(s)
I20260601 13:33:28.324229 24302 heartbeater.cc:344] Connected to a master server at 127.22.231.254:36483
I20260601 13:33:28.324352 24302 heartbeater.cc:461] Registering TS with master...
I20260601 13:33:28.324620 24302 heartbeater.cc:507] Master 127.22.231.254:36483 requested a full tablet report, sending...
I20260601 13:33:28.325358 24022 ts_manager.cc:194] Registered new tserver with Master: 9664b4bfbcbb4cd1af06680df3fd8999 (127.22.231.195:45649)
I20260601 13:33:28.325783 23455 internal_mini_cluster.cc:371] 3 TS(s) registered with all masters after 0.009052908s
I20260601 13:33:28.326000 24022 master_service.cc:502] Signed X509 certificate for tserver {username='slave'} at 127.0.0.1:34978
I20260601 13:33:29.262720 24151 heartbeater.cc:499] Master 127.22.231.254:36483 was elected leader, sending a full tablet report...
I20260601 13:33:29.288447 24227 heartbeater.cc:499] Master 127.22.231.254:36483 was elected leader, sending a full tablet report...
I20260601 13:33:29.327085 24302 heartbeater.cc:499] Master 127.22.231.254:36483 was elected leader, sending a full tablet report...
I20260601 13:33:29.361903 24022 catalog_manager.cc:2282] Servicing CreateTable request from {username='slave'} at 127.0.0.1:34994:
name: "test-workload"
schema {
  columns {
    name: "key"
    type: INT32
    is_key: true
    is_nullable: false
    encoding: AUTO_ENCODING
    compression: DEFAULT_COMPRESSION
    cfile_block_size: 0
    immutable: false
  }
  columns {
    name: "int_val"
    type: INT32
    is_key: false
    is_nullable: false
    encoding: AUTO_ENCODING
    compression: DEFAULT_COMPRESSION
    cfile_block_size: 0
    immutable: false
  }
  columns {
    name: "string_val"
    type: STRING
    is_key: false
    is_nullable: true
    encoding: AUTO_ENCODING
    compression: DEFAULT_COMPRESSION
    cfile_block_size: 0
    immutable: false
  }
}
num_replicas: 3
split_rows_range_bounds {
  rows: "\004\001\000\377\377\377\017\004\001\000\376\377\377\037\004\001\000\375\377\377/\004\001\000\374\377\377?\004\001\000\373\377\377O\004\001\000\372\377\377_\004\001\000\371\377\377o""\004\001\000\377\377\377\017\004\001\000\376\377\377\037\004\001\000\375\377\377/\004\001\000\374\377\377?\004\001\000\373\377\377O\004\001\000\372\377\377_\004\001\000\371\377\377o"
  indirect_data: """"
}
partition_schema {
  range_schema {
    columns {
      name: "key"
    }
  }
}
W20260601 13:33:29.362547 24022 catalog_manager.cc:7076] The number of live tablet servers is not enough to re-replicate a tablet replica of the newly created table test-workload in case of a server failure: 4 tablet servers would be needed, 3 are available. Consider bringing up more tablet servers.
I20260601 13:33:29.376338 24191 tablet_service.cc:1511] Processing CreateTablet for tablet 6ef04a2702bb4485a149fd33dd1f67f2 (DEFAULT_TABLE table=test-workload [id=7aa2c3f84a644dbcae19e56094aac6db]), partition=RANGE (key) PARTITION VALUES < 268435455
I20260601 13:33:29.376713 24191 data_dirs.cc:400] Could only allocate 1 dirs of requested 3 for tablet 6ef04a2702bb4485a149fd33dd1f67f2. 1 dirs total, 0 dirs full, 0 dirs failed
I20260601 13:33:29.376675 24187 tablet_service.cc:1511] Processing CreateTablet for tablet ebcc5d10c660475895238f3d8e926244 (DEFAULT_TABLE table=test-workload [id=7aa2c3f84a644dbcae19e56094aac6db]), partition=RANGE (key) PARTITION 1073741820 <= VALUES < 1342177275
I20260601 13:33:29.376952 24187 data_dirs.cc:400] Could only allocate 1 dirs of requested 3 for tablet ebcc5d10c660475895238f3d8e926244. 1 dirs total, 0 dirs full, 0 dirs failed
I20260601 13:33:29.377195 24266 tablet_service.cc:1511] Processing CreateTablet for tablet 6ef04a2702bb4485a149fd33dd1f67f2 (DEFAULT_TABLE table=test-workload [id=7aa2c3f84a644dbcae19e56094aac6db]), partition=RANGE (key) PARTITION VALUES < 268435455
I20260601 13:33:29.377440 24266 data_dirs.cc:400] Could only allocate 1 dirs of requested 3 for tablet 6ef04a2702bb4485a149fd33dd1f67f2. 1 dirs total, 0 dirs full, 0 dirs failed
I20260601 13:33:29.378000 24261 tablet_service.cc:1511] Processing CreateTablet for tablet acb9660a0696408687f8a5abde1c4842 (DEFAULT_TABLE table=test-workload [id=7aa2c3f84a644dbcae19e56094aac6db]), partition=RANGE (key) PARTITION 1342177275 <= VALUES < 1610612730
I20260601 13:33:29.378216 24261 data_dirs.cc:400] Could only allocate 1 dirs of requested 3 for tablet acb9660a0696408687f8a5abde1c4842. 1 dirs total, 0 dirs full, 0 dirs failed
I20260601 13:33:29.379089 24188 tablet_service.cc:1511] Processing CreateTablet for tablet d6b6f5337b544a88b4c39aa166e7d9fc (DEFAULT_TABLE table=test-workload [id=7aa2c3f84a644dbcae19e56094aac6db]), partition=RANGE (key) PARTITION 805306365 <= VALUES < 1073741820
I20260601 13:33:29.379350 24188 data_dirs.cc:400] Could only allocate 1 dirs of requested 3 for tablet d6b6f5337b544a88b4c39aa166e7d9fc. 1 dirs total, 0 dirs full, 0 dirs failed
I20260601 13:33:29.379463 24186 tablet_service.cc:1511] Processing CreateTablet for tablet acb9660a0696408687f8a5abde1c4842 (DEFAULT_TABLE table=test-workload [id=7aa2c3f84a644dbcae19e56094aac6db]), partition=RANGE (key) PARTITION 1342177275 <= VALUES < 1610612730
I20260601 13:33:29.379675 24186 data_dirs.cc:400] Could only allocate 1 dirs of requested 3 for tablet acb9660a0696408687f8a5abde1c4842. 1 dirs total, 0 dirs full, 0 dirs failed
I20260601 13:33:29.379916 24265 tablet_service.cc:1511] Processing CreateTablet for tablet 2e0ed940b3df4acb80a208bdee2c5a06 (DEFAULT_TABLE table=test-workload [id=7aa2c3f84a644dbcae19e56094aac6db]), partition=RANGE (key) PARTITION 268435455 <= VALUES < 536870910
I20260601 13:33:29.380151 24265 data_dirs.cc:400] Could only allocate 1 dirs of requested 3 for tablet 2e0ed940b3df4acb80a208bdee2c5a06. 1 dirs total, 0 dirs full, 0 dirs failed
I20260601 13:33:29.381417 24189 tablet_service.cc:1511] Processing CreateTablet for tablet f2e9898f19f54309b8034b9d4f93be3a (DEFAULT_TABLE table=test-workload [id=7aa2c3f84a644dbcae19e56094aac6db]), partition=RANGE (key) PARTITION 536870910 <= VALUES < 805306365
I20260601 13:33:29.381670 24189 data_dirs.cc:400] Could only allocate 1 dirs of requested 3 for tablet f2e9898f19f54309b8034b9d4f93be3a. 1 dirs total, 0 dirs full, 0 dirs failed
I20260601 13:33:29.381807 24261 tablet_service.cc:1511] Processing CreateTablet for tablet 99ec937224584b0a897897317b008559 (DEFAULT_TABLE table=test-workload [id=7aa2c3f84a644dbcae19e56094aac6db]), partition=RANGE (key) PARTITION 1610612730 <= VALUES < 1879048185
I20260601 13:33:29.382030 24261 data_dirs.cc:400] Could only allocate 1 dirs of requested 3 for tablet 99ec937224584b0a897897317b008559. 1 dirs total, 0 dirs full, 0 dirs failed
I20260601 13:33:29.382279 24186 tablet_service.cc:1511] Processing CreateTablet for tablet 99ec937224584b0a897897317b008559 (DEFAULT_TABLE table=test-workload [id=7aa2c3f84a644dbcae19e56094aac6db]), partition=RANGE (key) PARTITION 1610612730 <= VALUES < 1879048185
I20260601 13:33:29.382324 24264 tablet_service.cc:1511] Processing CreateTablet for tablet f2e9898f19f54309b8034b9d4f93be3a (DEFAULT_TABLE table=test-workload [id=7aa2c3f84a644dbcae19e56094aac6db]), partition=RANGE (key) PARTITION 536870910 <= VALUES < 805306365
I20260601 13:33:29.382491 24186 data_dirs.cc:400] Could only allocate 1 dirs of requested 3 for tablet 99ec937224584b0a897897317b008559. 1 dirs total, 0 dirs full, 0 dirs failed
I20260601 13:33:29.382544 24264 data_dirs.cc:400] Could only allocate 1 dirs of requested 3 for tablet f2e9898f19f54309b8034b9d4f93be3a. 1 dirs total, 0 dirs full, 0 dirs failed
I20260601 13:33:29.383778 24190 tablet_service.cc:1511] Processing CreateTablet for tablet 2e0ed940b3df4acb80a208bdee2c5a06 (DEFAULT_TABLE table=test-workload [id=7aa2c3f84a644dbcae19e56094aac6db]), partition=RANGE (key) PARTITION 268435455 <= VALUES < 536870910
I20260601 13:33:29.384022 24190 data_dirs.cc:400] Could only allocate 1 dirs of requested 3 for tablet 2e0ed940b3df4acb80a208bdee2c5a06. 1 dirs total, 0 dirs full, 0 dirs failed
I20260601 13:33:29.383980 24263 tablet_service.cc:1511] Processing CreateTablet for tablet d6b6f5337b544a88b4c39aa166e7d9fc (DEFAULT_TABLE table=test-workload [id=7aa2c3f84a644dbcae19e56094aac6db]), partition=RANGE (key) PARTITION 805306365 <= VALUES < 1073741820
I20260601 13:33:29.384222 24263 data_dirs.cc:400] Could only allocate 1 dirs of requested 3 for tablet d6b6f5337b544a88b4c39aa166e7d9fc. 1 dirs total, 0 dirs full, 0 dirs failed
I20260601 13:33:29.385298 24187 tablet_service.cc:1511] Processing CreateTablet for tablet 530f72b9cd764dc0ba98e658cc4615ee (DEFAULT_TABLE table=test-workload [id=7aa2c3f84a644dbcae19e56094aac6db]), partition=RANGE (key) PARTITION 1879048185 <= VALUES
I20260601 13:33:29.385406 24261 tablet_service.cc:1511] Processing CreateTablet for tablet 530f72b9cd764dc0ba98e658cc4615ee (DEFAULT_TABLE table=test-workload [id=7aa2c3f84a644dbcae19e56094aac6db]), partition=RANGE (key) PARTITION 1879048185 <= VALUES
I20260601 13:33:29.385543 24187 data_dirs.cc:400] Could only allocate 1 dirs of requested 3 for tablet 530f72b9cd764dc0ba98e658cc4615ee. 1 dirs total, 0 dirs full, 0 dirs failed
I20260601 13:33:29.385617 24261 data_dirs.cc:400] Could only allocate 1 dirs of requested 3 for tablet 530f72b9cd764dc0ba98e658cc4615ee. 1 dirs total, 0 dirs full, 0 dirs failed
I20260601 13:33:29.386446 24262 tablet_service.cc:1511] Processing CreateTablet for tablet ebcc5d10c660475895238f3d8e926244 (DEFAULT_TABLE table=test-workload [id=7aa2c3f84a644dbcae19e56094aac6db]), partition=RANGE (key) PARTITION 1073741820 <= VALUES < 1342177275
I20260601 13:33:29.386677 24262 data_dirs.cc:400] Could only allocate 1 dirs of requested 3 for tablet ebcc5d10c660475895238f3d8e926244. 1 dirs total, 0 dirs full, 0 dirs failed
I20260601 13:33:29.388089 24323 tablet_bootstrap.cc:492] T 6ef04a2702bb4485a149fd33dd1f67f2 P 9664b4bfbcbb4cd1af06680df3fd8999: Bootstrap starting.
I20260601 13:33:29.388687 24322 tablet_bootstrap.cc:492] T 6ef04a2702bb4485a149fd33dd1f67f2 P 50c218a7bc3c4420b04cb17f7d806b63: Bootstrap starting.
I20260601 13:33:29.389273 24323 tablet_bootstrap.cc:654] T 6ef04a2702bb4485a149fd33dd1f67f2 P 9664b4bfbcbb4cd1af06680df3fd8999: Neither blocks nor log segments found. Creating new log.
I20260601 13:33:29.389727 24322 tablet_bootstrap.cc:654] T 6ef04a2702bb4485a149fd33dd1f67f2 P 50c218a7bc3c4420b04cb17f7d806b63: Neither blocks nor log segments found. Creating new log.
I20260601 13:33:29.389986 24115 tablet_service.cc:1511] Processing CreateTablet for tablet 6ef04a2702bb4485a149fd33dd1f67f2 (DEFAULT_TABLE table=test-workload [id=7aa2c3f84a644dbcae19e56094aac6db]), partition=RANGE (key) PARTITION VALUES < 268435455
I20260601 13:33:29.390265 24115 data_dirs.cc:400] Could only allocate 1 dirs of requested 3 for tablet 6ef04a2702bb4485a149fd33dd1f67f2. 1 dirs total, 0 dirs full, 0 dirs failed
I20260601 13:33:29.390385 24114 tablet_service.cc:1511] Processing CreateTablet for tablet 2e0ed940b3df4acb80a208bdee2c5a06 (DEFAULT_TABLE table=test-workload [id=7aa2c3f84a644dbcae19e56094aac6db]), partition=RANGE (key) PARTITION 268435455 <= VALUES < 536870910
I20260601 13:33:29.390565 24323 tablet_bootstrap.cc:492] T 6ef04a2702bb4485a149fd33dd1f67f2 P 9664b4bfbcbb4cd1af06680df3fd8999: No bootstrap required, opened a new log
I20260601 13:33:29.390620 24114 data_dirs.cc:400] Could only allocate 1 dirs of requested 3 for tablet 2e0ed940b3df4acb80a208bdee2c5a06. 1 dirs total, 0 dirs full, 0 dirs failed
I20260601 13:33:29.390704 24323 ts_tablet_manager.cc:1403] T 6ef04a2702bb4485a149fd33dd1f67f2 P 9664b4bfbcbb4cd1af06680df3fd8999: Time spent bootstrapping tablet: real 0.003s	user 0.002s	sys 0.000s
I20260601 13:33:29.391070 24322 tablet_bootstrap.cc:492] T 6ef04a2702bb4485a149fd33dd1f67f2 P 50c218a7bc3c4420b04cb17f7d806b63: No bootstrap required, opened a new log
I20260601 13:33:29.391139 24322 ts_tablet_manager.cc:1403] T 6ef04a2702bb4485a149fd33dd1f67f2 P 50c218a7bc3c4420b04cb17f7d806b63: Time spent bootstrapping tablet: real 0.003s	user 0.002s	sys 0.000s
I20260601 13:33:29.391198 24323 raft_consensus.cc:359] T 6ef04a2702bb4485a149fd33dd1f67f2 P 9664b4bfbcbb4cd1af06680df3fd8999 [term 0 FOLLOWER]: Replica starting. Triggering 0 pending ops. Active config: opid_index: -1 OBSOLETE_local: false peers { permanent_uuid: "50c218a7bc3c4420b04cb17f7d806b63" member_type: VOTER last_known_addr { host: "127.22.231.194" port: 44113 } } peers { permanent_uuid: "9664b4bfbcbb4cd1af06680df3fd8999" member_type: VOTER last_known_addr { host: "127.22.231.195" port: 45649 } } peers { permanent_uuid: "fc509f9b06004c8fbd2b32d4812e040f" member_type: VOTER last_known_addr { host: "127.22.231.193" port: 38833 } }
I20260601 13:33:29.391311 24323 raft_consensus.cc:385] T 6ef04a2702bb4485a149fd33dd1f67f2 P 9664b4bfbcbb4cd1af06680df3fd8999 [term 0 FOLLOWER]: Consensus starting up: Expiring failure detector timer to make a prompt election more likely
I20260601 13:33:29.391343 24323 raft_consensus.cc:740] T 6ef04a2702bb4485a149fd33dd1f67f2 P 9664b4bfbcbb4cd1af06680df3fd8999 [term 0 FOLLOWER]: Becoming Follower/Learner. State: Replica: 9664b4bfbcbb4cd1af06680df3fd8999, State: Initialized, Role: FOLLOWER
I20260601 13:33:29.391453 24323 consensus_queue.cc:260] T 6ef04a2702bb4485a149fd33dd1f67f2 P 9664b4bfbcbb4cd1af06680df3fd8999 [NON_LEADER]: Queue going to NON_LEADER mode. State: All replicated index: 0, Majority replicated index: 0, Committed index: 0, Last appended: 0.0, Last appended by leader: 0, Current term: 0, Majority size: -1, State: 0, Mode: NON_LEADER, active raft config: opid_index: -1 OBSOLETE_local: false peers { permanent_uuid: "50c218a7bc3c4420b04cb17f7d806b63" member_type: VOTER last_known_addr { host: "127.22.231.194" port: 44113 } } peers { permanent_uuid: "9664b4bfbcbb4cd1af06680df3fd8999" member_type: VOTER last_known_addr { host: "127.22.231.195" port: 45649 } } peers { permanent_uuid: "fc509f9b06004c8fbd2b32d4812e040f" member_type: VOTER last_known_addr { host: "127.22.231.193" port: 38833 } }
I20260601 13:33:29.391539 24322 raft_consensus.cc:359] T 6ef04a2702bb4485a149fd33dd1f67f2 P 50c218a7bc3c4420b04cb17f7d806b63 [term 0 FOLLOWER]: Replica starting. Triggering 0 pending ops. Active config: opid_index: -1 OBSOLETE_local: false peers { permanent_uuid: "50c218a7bc3c4420b04cb17f7d806b63" member_type: VOTER last_known_addr { host: "127.22.231.194" port: 44113 } } peers { permanent_uuid: "9664b4bfbcbb4cd1af06680df3fd8999" member_type: VOTER last_known_addr { host: "127.22.231.195" port: 45649 } } peers { permanent_uuid: "fc509f9b06004c8fbd2b32d4812e040f" member_type: VOTER last_known_addr { host: "127.22.231.193" port: 38833 } }
I20260601 13:33:29.391623 24322 raft_consensus.cc:385] T 6ef04a2702bb4485a149fd33dd1f67f2 P 50c218a7bc3c4420b04cb17f7d806b63 [term 0 FOLLOWER]: Consensus starting up: Expiring failure detector timer to make a prompt election more likely
I20260601 13:33:29.391656 24322 raft_consensus.cc:740] T 6ef04a2702bb4485a149fd33dd1f67f2 P 50c218a7bc3c4420b04cb17f7d806b63 [term 0 FOLLOWER]: Becoming Follower/Learner. State: Replica: 50c218a7bc3c4420b04cb17f7d806b63, State: Initialized, Role: FOLLOWER
I20260601 13:33:29.391835 24323 ts_tablet_manager.cc:1434] T 6ef04a2702bb4485a149fd33dd1f67f2 P 9664b4bfbcbb4cd1af06680df3fd8999: Time spent starting tablet: real 0.001s	user 0.001s	sys 0.000s
I20260601 13:33:29.391799 24322 consensus_queue.cc:260] T 6ef04a2702bb4485a149fd33dd1f67f2 P 50c218a7bc3c4420b04cb17f7d806b63 [NON_LEADER]: Queue going to NON_LEADER mode. State: All replicated index: 0, Majority replicated index: 0, Committed index: 0, Last appended: 0.0, Last appended by leader: 0, Current term: 0, Majority size: -1, State: 0, Mode: NON_LEADER, active raft config: opid_index: -1 OBSOLETE_local: false peers { permanent_uuid: "50c218a7bc3c4420b04cb17f7d806b63" member_type: VOTER last_known_addr { host: "127.22.231.194" port: 44113 } } peers { permanent_uuid: "9664b4bfbcbb4cd1af06680df3fd8999" member_type: VOTER last_known_addr { host: "127.22.231.195" port: 45649 } } peers { permanent_uuid: "fc509f9b06004c8fbd2b32d4812e040f" member_type: VOTER last_known_addr { host: "127.22.231.193" port: 38833 } }
I20260601 13:33:29.392033 24323 tablet_bootstrap.cc:492] T acb9660a0696408687f8a5abde1c4842 P 9664b4bfbcbb4cd1af06680df3fd8999: Bootstrap starting.
I20260601 13:33:29.392153 24322 ts_tablet_manager.cc:1434] T 6ef04a2702bb4485a149fd33dd1f67f2 P 50c218a7bc3c4420b04cb17f7d806b63: Time spent starting tablet: real 0.001s	user 0.000s	sys 0.001s
I20260601 13:33:29.392311 24322 tablet_bootstrap.cc:492] T d6b6f5337b544a88b4c39aa166e7d9fc P 50c218a7bc3c4420b04cb17f7d806b63: Bootstrap starting.
I20260601 13:33:29.392906 24113 tablet_service.cc:1511] Processing CreateTablet for tablet f2e9898f19f54309b8034b9d4f93be3a (DEFAULT_TABLE table=test-workload [id=7aa2c3f84a644dbcae19e56094aac6db]), partition=RANGE (key) PARTITION 536870910 <= VALUES < 805306365
I20260601 13:33:29.393049 24323 tablet_bootstrap.cc:654] T acb9660a0696408687f8a5abde1c4842 P 9664b4bfbcbb4cd1af06680df3fd8999: Neither blocks nor log segments found. Creating new log.
I20260601 13:33:29.393195 24113 data_dirs.cc:400] Could only allocate 1 dirs of requested 3 for tablet f2e9898f19f54309b8034b9d4f93be3a. 1 dirs total, 0 dirs full, 0 dirs failed
I20260601 13:33:29.393263 24322 tablet_bootstrap.cc:654] T d6b6f5337b544a88b4c39aa166e7d9fc P 50c218a7bc3c4420b04cb17f7d806b63: Neither blocks nor log segments found. Creating new log.
I20260601 13:33:29.393759 24108 tablet_service.cc:1511] Processing CreateTablet for tablet 530f72b9cd764dc0ba98e658cc4615ee (DEFAULT_TABLE table=test-workload [id=7aa2c3f84a644dbcae19e56094aac6db]), partition=RANGE (key) PARTITION 1879048185 <= VALUES
I20260601 13:33:29.393997 24108 data_dirs.cc:400] Could only allocate 1 dirs of requested 3 for tablet 530f72b9cd764dc0ba98e658cc4615ee. 1 dirs total, 0 dirs full, 0 dirs failed
I20260601 13:33:29.394775 24328 tablet_bootstrap.cc:492] T 6ef04a2702bb4485a149fd33dd1f67f2 P fc509f9b06004c8fbd2b32d4812e040f: Bootstrap starting.
I20260601 13:33:29.396144 24109 tablet_service.cc:1511] Processing CreateTablet for tablet 99ec937224584b0a897897317b008559 (DEFAULT_TABLE table=test-workload [id=7aa2c3f84a644dbcae19e56094aac6db]), partition=RANGE (key) PARTITION 1610612730 <= VALUES < 1879048185
I20260601 13:33:29.396317 24323 tablet_bootstrap.cc:492] T acb9660a0696408687f8a5abde1c4842 P 9664b4bfbcbb4cd1af06680df3fd8999: No bootstrap required, opened a new log
I20260601 13:33:29.396392 24323 ts_tablet_manager.cc:1403] T acb9660a0696408687f8a5abde1c4842 P 9664b4bfbcbb4cd1af06680df3fd8999: Time spent bootstrapping tablet: real 0.004s	user 0.002s	sys 0.000s
I20260601 13:33:29.396409 24109 data_dirs.cc:400] Could only allocate 1 dirs of requested 3 for tablet 99ec937224584b0a897897317b008559. 1 dirs total, 0 dirs full, 0 dirs failed
I20260601 13:33:29.396423 24322 tablet_bootstrap.cc:492] T d6b6f5337b544a88b4c39aa166e7d9fc P 50c218a7bc3c4420b04cb17f7d806b63: No bootstrap required, opened a new log
I20260601 13:33:29.396485 24322 ts_tablet_manager.cc:1403] T d6b6f5337b544a88b4c39aa166e7d9fc P 50c218a7bc3c4420b04cb17f7d806b63: Time spent bootstrapping tablet: real 0.004s	user 0.000s	sys 0.002s
I20260601 13:33:29.396840 24323 raft_consensus.cc:359] T acb9660a0696408687f8a5abde1c4842 P 9664b4bfbcbb4cd1af06680df3fd8999 [term 0 FOLLOWER]: Replica starting. Triggering 0 pending ops. Active config: opid_index: -1 OBSOLETE_local: false peers { permanent_uuid: "fc509f9b06004c8fbd2b32d4812e040f" member_type: VOTER last_known_addr { host: "127.22.231.193" port: 38833 } } peers { permanent_uuid: "50c218a7bc3c4420b04cb17f7d806b63" member_type: VOTER last_known_addr { host: "127.22.231.194" port: 44113 } } peers { permanent_uuid: "9664b4bfbcbb4cd1af06680df3fd8999" member_type: VOTER last_known_addr { host: "127.22.231.195" port: 45649 } }
I20260601 13:33:29.396941 24323 raft_consensus.cc:385] T acb9660a0696408687f8a5abde1c4842 P 9664b4bfbcbb4cd1af06680df3fd8999 [term 0 FOLLOWER]: Consensus starting up: Expiring failure detector timer to make a prompt election more likely
I20260601 13:33:29.396975 24323 raft_consensus.cc:740] T acb9660a0696408687f8a5abde1c4842 P 9664b4bfbcbb4cd1af06680df3fd8999 [term 0 FOLLOWER]: Becoming Follower/Learner. State: Replica: 9664b4bfbcbb4cd1af06680df3fd8999, State: Initialized, Role: FOLLOWER
I20260601 13:33:29.397078 24323 consensus_queue.cc:260] T acb9660a0696408687f8a5abde1c4842 P 9664b4bfbcbb4cd1af06680df3fd8999 [NON_LEADER]: Queue going to NON_LEADER mode. State: All replicated index: 0, Majority replicated index: 0, Committed index: 0, Last appended: 0.0, Last appended by leader: 0, Current term: 0, Majority size: -1, State: 0, Mode: NON_LEADER, active raft config: opid_index: -1 OBSOLETE_local: false peers { permanent_uuid: "fc509f9b06004c8fbd2b32d4812e040f" member_type: VOTER last_known_addr { host: "127.22.231.193" port: 38833 } } peers { permanent_uuid: "50c218a7bc3c4420b04cb17f7d806b63" member_type: VOTER last_known_addr { host: "127.22.231.194" port: 44113 } } peers { permanent_uuid: "9664b4bfbcbb4cd1af06680df3fd8999" member_type: VOTER last_known_addr { host: "127.22.231.195" port: 45649 } }
I20260601 13:33:29.397301 24322 raft_consensus.cc:359] T d6b6f5337b544a88b4c39aa166e7d9fc P 50c218a7bc3c4420b04cb17f7d806b63 [term 0 FOLLOWER]: Replica starting. Triggering 0 pending ops. Active config: opid_index: -1 OBSOLETE_local: false peers { permanent_uuid: "fc509f9b06004c8fbd2b32d4812e040f" member_type: VOTER last_known_addr { host: "127.22.231.193" port: 38833 } } peers { permanent_uuid: "50c218a7bc3c4420b04cb17f7d806b63" member_type: VOTER last_known_addr { host: "127.22.231.194" port: 44113 } } peers { permanent_uuid: "9664b4bfbcbb4cd1af06680df3fd8999" member_type: VOTER last_known_addr { host: "127.22.231.195" port: 45649 } }
I20260601 13:33:29.397356 24323 ts_tablet_manager.cc:1434] T acb9660a0696408687f8a5abde1c4842 P 9664b4bfbcbb4cd1af06680df3fd8999: Time spent starting tablet: real 0.001s	user 0.001s	sys 0.000s
I20260601 13:33:29.397408 24322 raft_consensus.cc:385] T d6b6f5337b544a88b4c39aa166e7d9fc P 50c218a7bc3c4420b04cb17f7d806b63 [term 0 FOLLOWER]: Consensus starting up: Expiring failure detector timer to make a prompt election more likely
I20260601 13:33:29.397444 24322 raft_consensus.cc:740] T d6b6f5337b544a88b4c39aa166e7d9fc P 50c218a7bc3c4420b04cb17f7d806b63 [term 0 FOLLOWER]: Becoming Follower/Learner. State: Replica: 50c218a7bc3c4420b04cb17f7d806b63, State: Initialized, Role: FOLLOWER
I20260601 13:33:29.397563 24323 tablet_bootstrap.cc:492] T 2e0ed940b3df4acb80a208bdee2c5a06 P 9664b4bfbcbb4cd1af06680df3fd8999: Bootstrap starting.
I20260601 13:33:29.397583 24322 consensus_queue.cc:260] T d6b6f5337b544a88b4c39aa166e7d9fc P 50c218a7bc3c4420b04cb17f7d806b63 [NON_LEADER]: Queue going to NON_LEADER mode. State: All replicated index: 0, Majority replicated index: 0, Committed index: 0, Last appended: 0.0, Last appended by leader: 0, Current term: 0, Majority size: -1, State: 0, Mode: NON_LEADER, active raft config: opid_index: -1 OBSOLETE_local: false peers { permanent_uuid: "fc509f9b06004c8fbd2b32d4812e040f" member_type: VOTER last_known_addr { host: "127.22.231.193" port: 38833 } } peers { permanent_uuid: "50c218a7bc3c4420b04cb17f7d806b63" member_type: VOTER last_known_addr { host: "127.22.231.194" port: 44113 } } peers { permanent_uuid: "9664b4bfbcbb4cd1af06680df3fd8999" member_type: VOTER last_known_addr { host: "127.22.231.195" port: 45649 } }
I20260601 13:33:29.397842 24322 ts_tablet_manager.cc:1434] T d6b6f5337b544a88b4c39aa166e7d9fc P 50c218a7bc3c4420b04cb17f7d806b63: Time spent starting tablet: real 0.001s	user 0.000s	sys 0.001s
I20260601 13:33:29.398000 24322 tablet_bootstrap.cc:492] T acb9660a0696408687f8a5abde1c4842 P 50c218a7bc3c4420b04cb17f7d806b63: Bootstrap starting.
I20260601 13:33:29.398540 24323 tablet_bootstrap.cc:654] T 2e0ed940b3df4acb80a208bdee2c5a06 P 9664b4bfbcbb4cd1af06680df3fd8999: Neither blocks nor log segments found. Creating new log.
I20260601 13:33:29.398603 24110 tablet_service.cc:1511] Processing CreateTablet for tablet acb9660a0696408687f8a5abde1c4842 (DEFAULT_TABLE table=test-workload [id=7aa2c3f84a644dbcae19e56094aac6db]), partition=RANGE (key) PARTITION 1342177275 <= VALUES < 1610612730
I20260601 13:33:29.398862 24110 data_dirs.cc:400] Could only allocate 1 dirs of requested 3 for tablet acb9660a0696408687f8a5abde1c4842. 1 dirs total, 0 dirs full, 0 dirs failed
I20260601 13:33:29.398958 24322 tablet_bootstrap.cc:654] T acb9660a0696408687f8a5abde1c4842 P 50c218a7bc3c4420b04cb17f7d806b63: Neither blocks nor log segments found. Creating new log.
I20260601 13:33:29.399241 24328 tablet_bootstrap.cc:654] T 6ef04a2702bb4485a149fd33dd1f67f2 P fc509f9b06004c8fbd2b32d4812e040f: Neither blocks nor log segments found. Creating new log.
I20260601 13:33:29.400307 24112 tablet_service.cc:1511] Processing CreateTablet for tablet d6b6f5337b544a88b4c39aa166e7d9fc (DEFAULT_TABLE table=test-workload [id=7aa2c3f84a644dbcae19e56094aac6db]), partition=RANGE (key) PARTITION 805306365 <= VALUES < 1073741820
I20260601 13:33:29.400564 24112 data_dirs.cc:400] Could only allocate 1 dirs of requested 3 for tablet d6b6f5337b544a88b4c39aa166e7d9fc. 1 dirs total, 0 dirs full, 0 dirs failed
I20260601 13:33:29.401254 24323 tablet_bootstrap.cc:492] T 2e0ed940b3df4acb80a208bdee2c5a06 P 9664b4bfbcbb4cd1af06680df3fd8999: No bootstrap required, opened a new log
I20260601 13:33:29.401331 24323 ts_tablet_manager.cc:1403] T 2e0ed940b3df4acb80a208bdee2c5a06 P 9664b4bfbcbb4cd1af06680df3fd8999: Time spent bootstrapping tablet: real 0.004s	user 0.002s	sys 0.000s
I20260601 13:33:29.401690 24323 raft_consensus.cc:359] T 2e0ed940b3df4acb80a208bdee2c5a06 P 9664b4bfbcbb4cd1af06680df3fd8999 [term 0 FOLLOWER]: Replica starting. Triggering 0 pending ops. Active config: opid_index: -1 OBSOLETE_local: false peers { permanent_uuid: "fc509f9b06004c8fbd2b32d4812e040f" member_type: VOTER last_known_addr { host: "127.22.231.193" port: 38833 } } peers { permanent_uuid: "50c218a7bc3c4420b04cb17f7d806b63" member_type: VOTER last_known_addr { host: "127.22.231.194" port: 44113 } } peers { permanent_uuid: "9664b4bfbcbb4cd1af06680df3fd8999" member_type: VOTER last_known_addr { host: "127.22.231.195" port: 45649 } }
I20260601 13:33:29.401815 24323 raft_consensus.cc:385] T 2e0ed940b3df4acb80a208bdee2c5a06 P 9664b4bfbcbb4cd1af06680df3fd8999 [term 0 FOLLOWER]: Consensus starting up: Expiring failure detector timer to make a prompt election more likely
