I20260601 13:21:30.483747  3569 raft_consensus.cc:515] T c0734b862c9a4848a74d02f6ba457247 P 5d3197e945304e809c6431e5b203512f [term 1 FOLLOWER]: Starting leader election with config: opid_index: -1 OBSOLETE_local: false peers { permanent_uuid: "f8c4e2dc1cb74c0990f6fc7eeb249c35" member_type: VOTER last_known_addr { host: "127.1.150.193" port: 39909 } } peers { permanent_uuid: "e99d2511e42243c3a0f38f6c71eddd40" member_type: VOTER last_known_addr { host: "127.1.150.194" port: 42575 } } peers { permanent_uuid: "5d3197e945304e809c6431e5b203512f" member_type: VOTER last_known_addr { host: "127.1.150.195" port: 33543 } }
I20260601 13:21:30.484315  3569 leader_election.cc:290] T c0734b862c9a4848a74d02f6ba457247 P 5d3197e945304e809c6431e5b203512f [CANDIDATE]: Term 1 election: Requested vote from peers f8c4e2dc1cb74c0990f6fc7eeb249c35 (127.1.150.193:39909), e99d2511e42243c3a0f38f6c71eddd40 (127.1.150.194:42575)
I20260601 13:21:30.484805  3363 tablet_service.cc:1917] Received RequestConsensusVote() RPC: tablet_id: "c0734b862c9a4848a74d02f6ba457247" candidate_uuid: "5d3197e945304e809c6431e5b203512f" candidate_term: 1 candidate_status { last_received { term: 0 index: 0 } } ignore_live_leader: false dest_uuid: "f8c4e2dc1cb74c0990f6fc7eeb249c35"
I20260601 13:21:30.484831  3439 tablet_service.cc:1917] Received RequestConsensusVote() RPC: tablet_id: "c0734b862c9a4848a74d02f6ba457247" candidate_uuid: "5d3197e945304e809c6431e5b203512f" candidate_term: 1 candidate_status { last_received { term: 0 index: 0 } } ignore_live_leader: false dest_uuid: "e99d2511e42243c3a0f38f6c71eddd40"
I20260601 13:21:30.484944  3363 raft_consensus.cc:3060] T c0734b862c9a4848a74d02f6ba457247 P f8c4e2dc1cb74c0990f6fc7eeb249c35 [term 0 FOLLOWER]: Advancing to term 1
I20260601 13:21:30.484995  3439 raft_consensus.cc:3060] T c0734b862c9a4848a74d02f6ba457247 P e99d2511e42243c3a0f38f6c71eddd40 [term 0 FOLLOWER]: Advancing to term 1
I20260601 13:21:30.485865  3363 raft_consensus.cc:2468] T c0734b862c9a4848a74d02f6ba457247 P f8c4e2dc1cb74c0990f6fc7eeb249c35 [term 1 FOLLOWER]: Leader election vote request: Granting yes vote for candidate 5d3197e945304e809c6431e5b203512f in term 1.
I20260601 13:21:30.486210  3479 leader_election.cc:304] T c0734b862c9a4848a74d02f6ba457247 P 5d3197e945304e809c6431e5b203512f [CANDIDATE]: Term 1 election: Election decided. Result: candidate won. Election summary: received 2 responses out of 3 voters: 2 yes votes; 0 no votes. yes voters: 5d3197e945304e809c6431e5b203512f, f8c4e2dc1cb74c0990f6fc7eeb249c35; no voters: 
I20260601 13:21:30.486304  3439 raft_consensus.cc:2468] T c0734b862c9a4848a74d02f6ba457247 P e99d2511e42243c3a0f38f6c71eddd40 [term 1 FOLLOWER]: Leader election vote request: Granting yes vote for candidate 5d3197e945304e809c6431e5b203512f in term 1.
I20260601 13:21:30.486474  3569 raft_consensus.cc:2804] T c0734b862c9a4848a74d02f6ba457247 P 5d3197e945304e809c6431e5b203512f [term 1 FOLLOWER]: Leader election won for term 1
I20260601 13:21:30.486718  3569 raft_consensus.cc:697] T c0734b862c9a4848a74d02f6ba457247 P 5d3197e945304e809c6431e5b203512f [term 1 LEADER]: Becoming Leader. State: Replica: 5d3197e945304e809c6431e5b203512f, State: Running, Role: LEADER
I20260601 13:21:30.486893  3569 consensus_queue.cc:237] T c0734b862c9a4848a74d02f6ba457247 P 5d3197e945304e809c6431e5b203512f [LEADER]: Queue going to LEADER mode. State: All replicated index: 0, Majority replicated index: 0, Committed index: 0, Last appended: 0.0, Last appended by leader: 0, Current term: 1, Majority size: 2, State: 0, Mode: LEADER, active raft config: opid_index: -1 OBSOLETE_local: false peers { permanent_uuid: "f8c4e2dc1cb74c0990f6fc7eeb249c35" member_type: VOTER last_known_addr { host: "127.1.150.193" port: 39909 } } peers { permanent_uuid: "e99d2511e42243c3a0f38f6c71eddd40" member_type: VOTER last_known_addr { host: "127.1.150.194" port: 42575 } } peers { permanent_uuid: "5d3197e945304e809c6431e5b203512f" member_type: VOTER last_known_addr { host: "127.1.150.195" port: 33543 } }
I20260601 13:21:30.488569  3258 catalog_manager.cc:5696] T c0734b862c9a4848a74d02f6ba457247 P 5d3197e945304e809c6431e5b203512f reported cstate change: term changed from 0 to 1, leader changed from <none> to 5d3197e945304e809c6431e5b203512f (127.1.150.195). New cstate: current_term: 1 leader_uuid: "5d3197e945304e809c6431e5b203512f" committed_config { opid_index: -1 OBSOLETE_local: false peers { permanent_uuid: "f8c4e2dc1cb74c0990f6fc7eeb249c35" member_type: VOTER last_known_addr { host: "127.1.150.193" port: 39909 } health_report { overall_health: UNKNOWN } } peers { permanent_uuid: "e99d2511e42243c3a0f38f6c71eddd40" member_type: VOTER last_known_addr { host: "127.1.150.194" port: 42575 } health_report { overall_health: UNKNOWN } } peers { permanent_uuid: "5d3197e945304e809c6431e5b203512f" member_type: VOTER last_known_addr { host: "127.1.150.195" port: 33543 } health_report { overall_health: HEALTHY } } }
I20260601 13:21:30.584091  3563 raft_consensus.cc:493] T a6880006d66e44aea7f8d6d08a023d08 P e99d2511e42243c3a0f38f6c71eddd40 [term 0 FOLLOWER]: Starting pre-election (no leader contacted us within the election timeout)
I20260601 13:21:30.584246  3563 raft_consensus.cc:515] T a6880006d66e44aea7f8d6d08a023d08 P e99d2511e42243c3a0f38f6c71eddd40 [term 0 FOLLOWER]: Starting pre-election with config: opid_index: -1 OBSOLETE_local: false peers { permanent_uuid: "f8c4e2dc1cb74c0990f6fc7eeb249c35" member_type: VOTER last_known_addr { host: "127.1.150.193" port: 39909 } } peers { permanent_uuid: "e99d2511e42243c3a0f38f6c71eddd40" member_type: VOTER last_known_addr { host: "127.1.150.194" port: 42575 } } peers { permanent_uuid: "5d3197e945304e809c6431e5b203512f" member_type: VOTER last_known_addr { host: "127.1.150.195" port: 33543 } }
I20260601 13:21:30.584934  3563 leader_election.cc:290] T a6880006d66e44aea7f8d6d08a023d08 P e99d2511e42243c3a0f38f6c71eddd40 [CANDIDATE]: Term 1 pre-election: Requested pre-vote from peers f8c4e2dc1cb74c0990f6fc7eeb249c35 (127.1.150.193:39909), 5d3197e945304e809c6431e5b203512f (127.1.150.195:33543)
I20260601 13:21:30.588941  3363 tablet_service.cc:1917] Received RequestConsensusVote() RPC: tablet_id: "a6880006d66e44aea7f8d6d08a023d08" candidate_uuid: "e99d2511e42243c3a0f38f6c71eddd40" candidate_term: 1 candidate_status { last_received { term: 0 index: 0 } } ignore_live_leader: false dest_uuid: "f8c4e2dc1cb74c0990f6fc7eeb249c35" is_pre_election: true
I20260601 13:21:30.588953  3514 tablet_service.cc:1917] Received RequestConsensusVote() RPC: tablet_id: "a6880006d66e44aea7f8d6d08a023d08" candidate_uuid: "e99d2511e42243c3a0f38f6c71eddd40" candidate_term: 1 candidate_status { last_received { term: 0 index: 0 } } ignore_live_leader: false dest_uuid: "5d3197e945304e809c6431e5b203512f" is_pre_election: true
I20260601 13:21:30.589094  3363 raft_consensus.cc:2468] T a6880006d66e44aea7f8d6d08a023d08 P f8c4e2dc1cb74c0990f6fc7eeb249c35 [term 0 FOLLOWER]: Leader pre-election vote request: Granting yes vote for candidate e99d2511e42243c3a0f38f6c71eddd40 in term 0.
I20260601 13:21:30.589172  3514 raft_consensus.cc:2468] T a6880006d66e44aea7f8d6d08a023d08 P 5d3197e945304e809c6431e5b203512f [term 0 FOLLOWER]: Leader pre-election vote request: Granting yes vote for candidate e99d2511e42243c3a0f38f6c71eddd40 in term 0.
I20260601 13:21:30.589449  3404 leader_election.cc:304] T a6880006d66e44aea7f8d6d08a023d08 P e99d2511e42243c3a0f38f6c71eddd40 [CANDIDATE]: Term 1 pre-election: Election decided. Result: candidate won. Election summary: received 2 responses out of 3 voters: 2 yes votes; 0 no votes. yes voters: e99d2511e42243c3a0f38f6c71eddd40, f8c4e2dc1cb74c0990f6fc7eeb249c35; no voters: 
I20260601 13:21:30.589646  3563 raft_consensus.cc:2804] T a6880006d66e44aea7f8d6d08a023d08 P e99d2511e42243c3a0f38f6c71eddd40 [term 0 FOLLOWER]: Leader pre-election won for term 1
I20260601 13:21:30.589726  3563 raft_consensus.cc:493] T a6880006d66e44aea7f8d6d08a023d08 P e99d2511e42243c3a0f38f6c71eddd40 [term 0 FOLLOWER]: Starting leader election (no leader contacted us within the election timeout)
I20260601 13:21:30.589783  3563 raft_consensus.cc:3060] T a6880006d66e44aea7f8d6d08a023d08 P e99d2511e42243c3a0f38f6c71eddd40 [term 0 FOLLOWER]: Advancing to term 1
I20260601 13:21:30.679389  3563 raft_consensus.cc:515] T a6880006d66e44aea7f8d6d08a023d08 P e99d2511e42243c3a0f38f6c71eddd40 [term 1 FOLLOWER]: Starting leader election with config: opid_index: -1 OBSOLETE_local: false peers { permanent_uuid: "f8c4e2dc1cb74c0990f6fc7eeb249c35" member_type: VOTER last_known_addr { host: "127.1.150.193" port: 39909 } } peers { permanent_uuid: "e99d2511e42243c3a0f38f6c71eddd40" member_type: VOTER last_known_addr { host: "127.1.150.194" port: 42575 } } peers { permanent_uuid: "5d3197e945304e809c6431e5b203512f" member_type: VOTER last_known_addr { host: "127.1.150.195" port: 33543 } }
I20260601 13:21:30.680107  3563 leader_election.cc:290] T a6880006d66e44aea7f8d6d08a023d08 P e99d2511e42243c3a0f38f6c71eddd40 [CANDIDATE]: Term 1 election: Requested vote from peers f8c4e2dc1cb74c0990f6fc7eeb249c35 (127.1.150.193:39909), 5d3197e945304e809c6431e5b203512f (127.1.150.195:33543)
I20260601 13:21:30.680596  3363 tablet_service.cc:1917] Received RequestConsensusVote() RPC: tablet_id: "a6880006d66e44aea7f8d6d08a023d08" candidate_uuid: "e99d2511e42243c3a0f38f6c71eddd40" candidate_term: 1 candidate_status { last_received { term: 0 index: 0 } } ignore_live_leader: false dest_uuid: "f8c4e2dc1cb74c0990f6fc7eeb249c35"
I20260601 13:21:30.680647  3514 tablet_service.cc:1917] Received RequestConsensusVote() RPC: tablet_id: "a6880006d66e44aea7f8d6d08a023d08" candidate_uuid: "e99d2511e42243c3a0f38f6c71eddd40" candidate_term: 1 candidate_status { last_received { term: 0 index: 0 } } ignore_live_leader: false dest_uuid: "5d3197e945304e809c6431e5b203512f"
I20260601 13:21:30.680760  3363 raft_consensus.cc:3060] T a6880006d66e44aea7f8d6d08a023d08 P f8c4e2dc1cb74c0990f6fc7eeb249c35 [term 0 FOLLOWER]: Advancing to term 1
I20260601 13:21:30.680814  3514 raft_consensus.cc:3060] T a6880006d66e44aea7f8d6d08a023d08 P 5d3197e945304e809c6431e5b203512f [term 0 FOLLOWER]: Advancing to term 1
I20260601 13:21:30.681663  3363 raft_consensus.cc:2468] T a6880006d66e44aea7f8d6d08a023d08 P f8c4e2dc1cb74c0990f6fc7eeb249c35 [term 1 FOLLOWER]: Leader election vote request: Granting yes vote for candidate e99d2511e42243c3a0f38f6c71eddd40 in term 1.
I20260601 13:21:30.682019  3404 leader_election.cc:304] T a6880006d66e44aea7f8d6d08a023d08 P e99d2511e42243c3a0f38f6c71eddd40 [CANDIDATE]: Term 1 election: Election decided. Result: candidate won. Election summary: received 2 responses out of 3 voters: 2 yes votes; 0 no votes. yes voters: e99d2511e42243c3a0f38f6c71eddd40, f8c4e2dc1cb74c0990f6fc7eeb249c35; no voters: 
I20260601 13:21:30.682240  3563 raft_consensus.cc:2804] T a6880006d66e44aea7f8d6d08a023d08 P e99d2511e42243c3a0f38f6c71eddd40 [term 1 FOLLOWER]: Leader election won for term 1
I20260601 13:21:30.682488  3563 raft_consensus.cc:697] T a6880006d66e44aea7f8d6d08a023d08 P e99d2511e42243c3a0f38f6c71eddd40 [term 1 LEADER]: Becoming Leader. State: Replica: e99d2511e42243c3a0f38f6c71eddd40, State: Running, Role: LEADER
I20260601 13:21:30.682653  3563 consensus_queue.cc:237] T a6880006d66e44aea7f8d6d08a023d08 P e99d2511e42243c3a0f38f6c71eddd40 [LEADER]: Queue going to LEADER mode. State: All replicated index: 0, Majority replicated index: 0, Committed index: 0, Last appended: 0.0, Last appended by leader: 0, Current term: 1, Majority size: 2, State: 0, Mode: LEADER, active raft config: opid_index: -1 OBSOLETE_local: false peers { permanent_uuid: "f8c4e2dc1cb74c0990f6fc7eeb249c35" member_type: VOTER last_known_addr { host: "127.1.150.193" port: 39909 } } peers { permanent_uuid: "e99d2511e42243c3a0f38f6c71eddd40" member_type: VOTER last_known_addr { host: "127.1.150.194" port: 42575 } } peers { permanent_uuid: "5d3197e945304e809c6431e5b203512f" member_type: VOTER last_known_addr { host: "127.1.150.195" port: 33543 } }
I20260601 13:21:30.683002  3514 raft_consensus.cc:2468] T a6880006d66e44aea7f8d6d08a023d08 P 5d3197e945304e809c6431e5b203512f [term 1 FOLLOWER]: Leader election vote request: Granting yes vote for candidate e99d2511e42243c3a0f38f6c71eddd40 in term 1.
I20260601 13:21:30.684576  3258 catalog_manager.cc:5696] T a6880006d66e44aea7f8d6d08a023d08 P e99d2511e42243c3a0f38f6c71eddd40 reported cstate change: term changed from 0 to 1, leader changed from <none> to e99d2511e42243c3a0f38f6c71eddd40 (127.1.150.194). New cstate: current_term: 1 leader_uuid: "e99d2511e42243c3a0f38f6c71eddd40" committed_config { opid_index: -1 OBSOLETE_local: false peers { permanent_uuid: "f8c4e2dc1cb74c0990f6fc7eeb249c35" member_type: VOTER last_known_addr { host: "127.1.150.193" port: 39909 } health_report { overall_health: UNKNOWN } } peers { permanent_uuid: "e99d2511e42243c3a0f38f6c71eddd40" member_type: VOTER last_known_addr { host: "127.1.150.194" port: 42575 } health_report { overall_health: HEALTHY } } peers { permanent_uuid: "5d3197e945304e809c6431e5b203512f" member_type: VOTER last_known_addr { host: "127.1.150.195" port: 33543 } health_report { overall_health: UNKNOWN } } }
I20260601 13:21:31.006377  3580 consensus_queue.cc:1048] T c0734b862c9a4848a74d02f6ba457247 P 5d3197e945304e809c6431e5b203512f [LEADER]: Connected to new peer: Peer: permanent_uuid: "f8c4e2dc1cb74c0990f6fc7eeb249c35" member_type: VOTER last_known_addr { host: "127.1.150.193" port: 39909 }, Status: LMP_MISMATCH, Last received: 0.0, Next index: 1, Last known committed idx: 0, Time since last communication: 0.000s
I20260601 13:21:31.008086  3580 consensus_queue.cc:1048] T c0734b862c9a4848a74d02f6ba457247 P 5d3197e945304e809c6431e5b203512f [LEADER]: Connected to new peer: Peer: permanent_uuid: "e99d2511e42243c3a0f38f6c71eddd40" member_type: VOTER last_known_addr { host: "127.1.150.194" port: 42575 }, Status: LMP_MISMATCH, Last received: 0.0, Next index: 1, Last known committed idx: 0, Time since last communication: 0.000s
I20260601 13:21:31.186751  3563 consensus_queue.cc:1048] T a6880006d66e44aea7f8d6d08a023d08 P e99d2511e42243c3a0f38f6c71eddd40 [LEADER]: Connected to new peer: Peer: permanent_uuid: "5d3197e945304e809c6431e5b203512f" member_type: VOTER last_known_addr { host: "127.1.150.195" port: 33543 }, Status: LMP_MISMATCH, Last received: 0.0, Next index: 1, Last known committed idx: 0, Time since last communication: 0.000s
I20260601 13:21:31.190474  3590 consensus_queue.cc:1048] T a6880006d66e44aea7f8d6d08a023d08 P e99d2511e42243c3a0f38f6c71eddd40 [LEADER]: Connected to new peer: Peer: permanent_uuid: "f8c4e2dc1cb74c0990f6fc7eeb249c35" member_type: VOTER last_known_addr { host: "127.1.150.193" port: 39909 }, Status: LMP_MISMATCH, Last received: 0.0, Next index: 1, Last known committed idx: 0, Time since last communication: 0.000s
I20260601 13:21:31.211498  3314 auto_leader_rebalancer.cc:140] leader rebalance for table test-workload
I20260601 13:21:31.211920  3314 auto_leader_rebalancer.cc:388] table: test-workload, leader rebalance finish, leader transfer count: 0
I20260601 13:21:31.211993  3314 auto_leader_rebalancer.cc:451] All tables' leader rebalancing finished this round
I20260601 13:21:33.212363  3314 auto_leader_rebalancer.cc:140] leader rebalance for table test-workload
I20260601 13:21:33.212883  3314 auto_leader_rebalancer.cc:388] table: test-workload, leader rebalance finish, leader transfer count: 0
I20260601 13:21:33.212961  3314 auto_leader_rebalancer.cc:451] All tables' leader rebalancing finished this round
I20260601 13:21:35.213248  3314 auto_leader_rebalancer.cc:140] leader rebalance for table test-workload
I20260601 13:21:35.213732  3314 auto_leader_rebalancer.cc:388] table: test-workload, leader rebalance finish, leader transfer count: 0
I20260601 13:21:35.213804  3314 auto_leader_rebalancer.cc:451] All tables' leader rebalancing finished this round
I20260601 13:21:37.214098  3314 auto_leader_rebalancer.cc:140] leader rebalance for table test-workload
I20260601 13:21:37.214593  3314 auto_leader_rebalancer.cc:388] table: test-workload, leader rebalance finish, leader transfer count: 0
I20260601 13:21:37.214664  3314 auto_leader_rebalancer.cc:451] All tables' leader rebalancing finished this round
I20260601 13:21:39.214968  3314 auto_leader_rebalancer.cc:140] leader rebalance for table test-workload
I20260601 13:21:39.215415  3314 auto_leader_rebalancer.cc:388] table: test-workload, leader rebalance finish, leader transfer count: 0
I20260601 13:21:39.215480  3314 auto_leader_rebalancer.cc:451] All tables' leader rebalancing finished this round
I20260601 13:21:41.215739  3314 auto_leader_rebalancer.cc:140] leader rebalance for table test-workload
I20260601 13:21:41.216203  3314 auto_leader_rebalancer.cc:388] table: test-workload, leader rebalance finish, leader transfer count: 0
I20260601 13:21:41.216279  3314 auto_leader_rebalancer.cc:451] All tables' leader rebalancing finished this round
I20260601 13:21:41.787879  1627 file_cache.cc:492] Constructed file cache file cache with capacity 419430
I20260601 13:21:41.790066  1627 server_base.cc:1061] running on GCE node
W20260601 13:21:41.790047  3597 instance_detector.cc:116] could not retrieve Azure instance metadata: Network error: curl error: HTTP response code said error: The requested URL returned error: 404
W20260601 13:21:41.790124  3599 instance_detector.cc:116] could not retrieve OpenStack instance metadata: Network error: curl error: HTTP response code said error: The requested URL returned error: 404
W20260601 13:21:41.790124  3596 instance_detector.cc:116] could not retrieve AWS instance metadata: Network error: curl error: HTTP response code said error: The requested URL returned error: 404
I20260601 13:21:41.790514  1627 hybrid_clock.cc:584] initializing the hybrid clock with 'system_unsync' time source
W20260601 13:21:41.790601  1627 system_unsync_time.cc:38] NTP support is disabled. Clock error bounds will not be accurate. This configuration is not suitable for distributed clusters.
I20260601 13:21:41.790635  1627 hybrid_clock.cc:648] HybridClock initialized: now 1780320101790634 us; error 0 us; skew 500 ppm
I20260601 13:21:41.791641  1627 webserver.cc:533] Webserver started at http://127.1.150.196:46389/ using document root <none> and password file <none>
I20260601 13:21:41.791824  1627 fs_manager.cc:362] Metadata directory not provided
I20260601 13:21:41.791894  1627 fs_manager.cc:368] Using write-ahead log directory (fs_wal_dir) as metadata directory
I20260601 13:21:41.791976  1627 server_base.cc:909] This appears to be a new deployment of Kudu; creating new FS layout
I20260601 13:21:41.792459  1627 fs_manager.cc:1068] Generated new instance metadata in path /tmp/dist-test-taskvl0J7g/test-tmp/auto_rebalancer-test.0.AutoRebalancerTest.MovesScheduledIfAddTserver.1780320073118186-1627-0/minicluster-data/ts-3-root/instance:
uuid: "904e027346d947b0809a1422b8ec0ad1"
format_stamp: "Formatted at 2026-06-01 13:21:41 on dist-test-slave-g03g"
I20260601 13:21:41.793910  1627 fs_manager.cc:696] Time spent creating directory manager: real 0.001s	user 0.002s	sys 0.000s
I20260601 13:21:41.794878  3604 log_block_manager.cc:4031] Time spent loading block containers with low live blocks: real 0.000s	user 0.000s	sys 0.000s
I20260601 13:21:41.795140  1627 fs_manager.cc:730] Time spent opening block manager: real 0.001s	user 0.001s	sys 0.000s
I20260601 13:21:41.795202  1627 fs_manager.cc:647] Opened local filesystem: /tmp/dist-test-taskvl0J7g/test-tmp/auto_rebalancer-test.0.AutoRebalancerTest.MovesScheduledIfAddTserver.1780320073118186-1627-0/minicluster-data/ts-3-root
uuid: "904e027346d947b0809a1422b8ec0ad1"
format_stamp: "Formatted at 2026-06-01 13:21:41 on dist-test-slave-g03g"
I20260601 13:21:41.795317  1627 fs_report.cc:389] FS layout report
--------------------
wal directory: /tmp/dist-test-taskvl0J7g/test-tmp/auto_rebalancer-test.0.AutoRebalancerTest.MovesScheduledIfAddTserver.1780320073118186-1627-0/minicluster-data/ts-3-root
metadata directory: /tmp/dist-test-taskvl0J7g/test-tmp/auto_rebalancer-test.0.AutoRebalancerTest.MovesScheduledIfAddTserver.1780320073118186-1627-0/minicluster-data/ts-3-root
1 data directories: /tmp/dist-test-taskvl0J7g/test-tmp/auto_rebalancer-test.0.AutoRebalancerTest.MovesScheduledIfAddTserver.1780320073118186-1627-0/minicluster-data/ts-3-root/data
Total live blocks: 0
Total live bytes: 0
Total live bytes (after alignment): 0
Total number of LBM containers: 0 (0 full)
Did not check for missing blocks
Did not check for orphaned blocks
Total full LBM containers with extra space: 0 (0 repaired)
Total full LBM container extra space in bytes: 0 (0 repaired)
Total incomplete LBM containers: 0 (0 repaired)
Total LBM partial records: 0 (0 repaired)
Total corrupted LBM metadata records in RocksDB: 0 (0 repaired)
I20260601 13:21:41.810693  1627 rpc_server.cc:225] running with OpenSSL 1.1.1  11 Sep 2018
I20260601 13:21:41.811120  1627 kserver.cc:163] Server-wide thread pool size limit: 3276
I20260601 13:21:41.811506  1627 txn_system_client.cc:432] TxnSystemClient initialization is disabled...
I20260601 13:21:41.812016  1627 ts_tablet_manager.cc:585] Loaded tablet metadata (0 total tablets, 0 live tablets)
I20260601 13:21:41.812080  1627 ts_tablet_manager.cc:531] Time spent load tablet metadata: real 0.000s	user 0.000s	sys 0.000s
I20260601 13:21:41.812135  1627 ts_tablet_manager.cc:616] Registered 0 tablets
I20260601 13:21:41.812193  1627 ts_tablet_manager.cc:595] Time spent register tablets: real 0.000s	user 0.000s	sys 0.000s
I20260601 13:21:41.817013  1627 rpc_server.cc:307] RPC server started. Bound to: 127.1.150.196:43009
I20260601 13:21:41.817041  3667 acceptor_pool.cc:272] collecting diagnostics on the listening RPC socket 127.1.150.196:43009 every 8 connection(s)
I20260601 13:21:41.822081  3668 heartbeater.cc:344] Connected to a master server at 127.1.150.254:33359
I20260601 13:21:41.822182  3668 heartbeater.cc:461] Registering TS with master...
I20260601 13:21:41.822369  3668 heartbeater.cc:507] Master 127.1.150.254:33359 requested a full tablet report, sending...
I20260601 13:21:41.822978  3258 ts_manager.cc:194] Registered new tserver with Master: 904e027346d947b0809a1422b8ec0ad1 (127.1.150.196:43009)
I20260601 13:21:41.823567  3258 master_service.cc:502] Signed X509 certificate for tserver {username='slave'} at 127.0.0.1:43136
I20260601 13:21:42.226761  3514 consensus_queue.cc:237] T c0734b862c9a4848a74d02f6ba457247 P 5d3197e945304e809c6431e5b203512f [LEADER]: Queue going to LEADER mode. State: All replicated index: 0, Majority replicated index: 1, Committed index: 1, Last appended: 1.1, Last appended by leader: 0, Current term: 1, Majority size: 2, State: 0, Mode: LEADER, active raft config: opid_index: 2 OBSOLETE_local: false peers { permanent_uuid: "f8c4e2dc1cb74c0990f6fc7eeb249c35" member_type: VOTER last_known_addr { host: "127.1.150.193" port: 39909 } } peers { permanent_uuid: "e99d2511e42243c3a0f38f6c71eddd40" member_type: VOTER last_known_addr { host: "127.1.150.194" port: 42575 } attrs { replace: true } } peers { permanent_uuid: "5d3197e945304e809c6431e5b203512f" member_type: VOTER last_known_addr { host: "127.1.150.195" port: 33543 } } peers { permanent_uuid: "904e027346d947b0809a1422b8ec0ad1" member_type: NON_VOTER last_known_addr { host: "127.1.150.196" port: 43009 } attrs { promote: true } }
I20260601 13:21:42.228678  3362 raft_consensus.cc:1275] T c0734b862c9a4848a74d02f6ba457247 P f8c4e2dc1cb74c0990f6fc7eeb249c35 [term 1 FOLLOWER]: Refusing update from remote peer 5d3197e945304e809c6431e5b203512f: Log matching property violated. Preceding OpId in replica: term: 1 index: 1. Preceding OpId from leader: term: 1 index: 2. (index mismatch)
I20260601 13:21:42.228698  3439 raft_consensus.cc:1275] T c0734b862c9a4848a74d02f6ba457247 P e99d2511e42243c3a0f38f6c71eddd40 [term 1 FOLLOWER]: Refusing update from remote peer 5d3197e945304e809c6431e5b203512f: Log matching property violated. Preceding OpId in replica: term: 1 index: 1. Preceding OpId from leader: term: 1 index: 2. (index mismatch)
I20260601 13:21:42.229127  3676 consensus_queue.cc:1048] T c0734b862c9a4848a74d02f6ba457247 P 5d3197e945304e809c6431e5b203512f [LEADER]: Connected to new peer: Peer: permanent_uuid: "e99d2511e42243c3a0f38f6c71eddd40" member_type: VOTER last_known_addr { host: "127.1.150.194" port: 42575 } attrs { replace: true }, Status: LMP_MISMATCH, Last received: 0.0, Next index: 2, Last known committed idx: 1, Time since last communication: 0.000s
I20260601 13:21:42.229324  3593 consensus_queue.cc:1048] T c0734b862c9a4848a74d02f6ba457247 P 5d3197e945304e809c6431e5b203512f [LEADER]: Connected to new peer: Peer: permanent_uuid: "f8c4e2dc1cb74c0990f6fc7eeb249c35" member_type: VOTER last_known_addr { host: "127.1.150.193" port: 39909 }, Status: LMP_MISMATCH, Last received: 0.0, Next index: 2, Last known committed idx: 1, Time since last communication: 0.000s
I20260601 13:21:42.231055  3593 raft_consensus.cc:2955] T c0734b862c9a4848a74d02f6ba457247 P 5d3197e945304e809c6431e5b203512f [term 1 LEADER]: Committing config change with OpId 1.2: config changed from index -1 to 2, NON_VOTER 904e027346d947b0809a1422b8ec0ad1 (127.1.150.196) added. New config: { opid_index: 2 OBSOLETE_local: false peers { permanent_uuid: "f8c4e2dc1cb74c0990f6fc7eeb249c35" member_type: VOTER last_known_addr { host: "127.1.150.193" port: 39909 } } peers { permanent_uuid: "e99d2511e42243c3a0f38f6c71eddd40" member_type: VOTER last_known_addr { host: "127.1.150.194" port: 42575 } attrs { replace: true } } peers { permanent_uuid: "5d3197e945304e809c6431e5b203512f" member_type: VOTER last_known_addr { host: "127.1.150.195" port: 33543 } } peers { permanent_uuid: "904e027346d947b0809a1422b8ec0ad1" member_type: NON_VOTER last_known_addr { host: "127.1.150.196" port: 43009 } attrs { promote: true } } }
I20260601 13:21:42.231751  3362 raft_consensus.cc:2955] T c0734b862c9a4848a74d02f6ba457247 P f8c4e2dc1cb74c0990f6fc7eeb249c35 [term 1 FOLLOWER]: Committing config change with OpId 1.2: config changed from index -1 to 2, NON_VOTER 904e027346d947b0809a1422b8ec0ad1 (127.1.150.196) added. New config: { opid_index: 2 OBSOLETE_local: false peers { permanent_uuid: "f8c4e2dc1cb74c0990f6fc7eeb249c35" member_type: VOTER last_known_addr { host: "127.1.150.193" port: 39909 } } peers { permanent_uuid: "e99d2511e42243c3a0f38f6c71eddd40" member_type: VOTER last_known_addr { host: "127.1.150.194" port: 42575 } attrs { replace: true } } peers { permanent_uuid: "5d3197e945304e809c6431e5b203512f" member_type: VOTER last_known_addr { host: "127.1.150.195" port: 33543 } } peers { permanent_uuid: "904e027346d947b0809a1422b8ec0ad1" member_type: NON_VOTER last_known_addr { host: "127.1.150.196" port: 43009 } attrs { promote: true } } }
I20260601 13:21:42.234057  3260 catalog_manager.cc:5696] T c0734b862c9a4848a74d02f6ba457247 P f8c4e2dc1cb74c0990f6fc7eeb249c35 reported cstate change: config changed from index -1 to 2, NON_VOTER 904e027346d947b0809a1422b8ec0ad1 (127.1.150.196) added. New cstate: current_term: 1 leader_uuid: "5d3197e945304e809c6431e5b203512f" committed_config { opid_index: 2 OBSOLETE_local: false peers { permanent_uuid: "f8c4e2dc1cb74c0990f6fc7eeb249c35" member_type: VOTER last_known_addr { host: "127.1.150.193" port: 39909 } } peers { permanent_uuid: "e99d2511e42243c3a0f38f6c71eddd40" member_type: VOTER last_known_addr { host: "127.1.150.194" port: 42575 } attrs { replace: true } } peers { permanent_uuid: "5d3197e945304e809c6431e5b203512f" member_type: VOTER last_known_addr { host: "127.1.150.195" port: 33543 } } peers { permanent_uuid: "904e027346d947b0809a1422b8ec0ad1" member_type: NON_VOTER last_known_addr { host: "127.1.150.196" port: 43009 } attrs { promote: true } } }
I20260601 13:21:42.234252  3439 raft_consensus.cc:2955] T c0734b862c9a4848a74d02f6ba457247 P e99d2511e42243c3a0f38f6c71eddd40 [term 1 FOLLOWER]: Committing config change with OpId 1.2: config changed from index -1 to 2, NON_VOTER 904e027346d947b0809a1422b8ec0ad1 (127.1.150.196) added. New config: { opid_index: 2 OBSOLETE_local: false peers { permanent_uuid: "f8c4e2dc1cb74c0990f6fc7eeb249c35" member_type: VOTER last_known_addr { host: "127.1.150.193" port: 39909 } } peers { permanent_uuid: "e99d2511e42243c3a0f38f6c71eddd40" member_type: VOTER last_known_addr { host: "127.1.150.194" port: 42575 } attrs { replace: true } } peers { permanent_uuid: "5d3197e945304e809c6431e5b203512f" member_type: VOTER last_known_addr { host: "127.1.150.195" port: 33543 } } peers { permanent_uuid: "904e027346d947b0809a1422b8ec0ad1" member_type: NON_VOTER last_known_addr { host: "127.1.150.196" port: 43009 } attrs { promote: true } } }
W20260601 13:21:42.236660  3479 consensus_peers.cc:597] T c0734b862c9a4848a74d02f6ba457247 P 5d3197e945304e809c6431e5b203512f -> Peer 904e027346d947b0809a1422b8ec0ad1 (127.1.150.196:43009): Couldn't send request to peer 904e027346d947b0809a1422b8ec0ad1. Error code: TABLET_NOT_FOUND (6). Status: Not found: Tablet not found: c0734b862c9a4848a74d02f6ba457247. This is attempt 1: this message will repeat every 5th retry.
I20260601 13:21:42.680130  3686 ts_tablet_manager.cc:933] T c0734b862c9a4848a74d02f6ba457247 P 904e027346d947b0809a1422b8ec0ad1: Initiating tablet copy from peer 5d3197e945304e809c6431e5b203512f (127.1.150.195:33543)
I20260601 13:21:42.680840  3686 tablet_copy_client.cc:323] T c0734b862c9a4848a74d02f6ba457247 P 904e027346d947b0809a1422b8ec0ad1: tablet copy: Beginning tablet copy session from remote peer at address 127.1.150.195:33543
I20260601 13:21:42.684612  3524 tablet_copy_service.cc:140] P 5d3197e945304e809c6431e5b203512f: Received BeginTabletCopySession request for tablet c0734b862c9a4848a74d02f6ba457247 from peer 904e027346d947b0809a1422b8ec0ad1 ({username='slave'} at 127.0.0.1:34078)
I20260601 13:21:42.684722  3524 tablet_copy_service.cc:161] P 5d3197e945304e809c6431e5b203512f: Beginning new tablet copy session on tablet c0734b862c9a4848a74d02f6ba457247 from peer 904e027346d947b0809a1422b8ec0ad1 at {username='slave'} at 127.0.0.1:34078: session id = 904e027346d947b0809a1422b8ec0ad1-c0734b862c9a4848a74d02f6ba457247
I20260601 13:21:42.685847  3524 tablet_copy_source_session.cc:215] T c0734b862c9a4848a74d02f6ba457247 P 5d3197e945304e809c6431e5b203512f: Tablet Copy: opened 0 blocks and 1 log segments
I20260601 13:21:42.687033  3686 data_dirs.cc:400] Could only allocate 1 dirs of requested 3 for tablet c0734b862c9a4848a74d02f6ba457247. 1 dirs total, 0 dirs full, 0 dirs failed
I20260601 13:21:42.688920  3686 tablet_copy_client.cc:806] T c0734b862c9a4848a74d02f6ba457247 P 904e027346d947b0809a1422b8ec0ad1: tablet copy: Starting download of 0 data blocks...
I20260601 13:21:42.689123  3686 tablet_copy_client.cc:670] T c0734b862c9a4848a74d02f6ba457247 P 904e027346d947b0809a1422b8ec0ad1: tablet copy: Starting download of 1 WAL segments...
I20260601 13:21:42.690696  3686 tablet_copy_client.cc:538] T c0734b862c9a4848a74d02f6ba457247 P 904e027346d947b0809a1422b8ec0ad1: tablet copy: Tablet Copy complete. Replacing tablet superblock.
I20260601 13:21:42.692283  3686 tablet_bootstrap.cc:492] T c0734b862c9a4848a74d02f6ba457247 P 904e027346d947b0809a1422b8ec0ad1: Bootstrap starting.
I20260601 13:21:42.696295  3686 tablet_bootstrap.cc:492] T c0734b862c9a4848a74d02f6ba457247 P 904e027346d947b0809a1422b8ec0ad1: Bootstrap replayed 1/1 log segments. Stats: ops{read=2 overwritten=0 applied=2 ignored=0} inserts{seen=0 ignored=0} mutations{seen=0 ignored=0} orphaned_commits=0. Pending: 0 replicates
I20260601 13:21:42.696587  3686 tablet_bootstrap.cc:492] T c0734b862c9a4848a74d02f6ba457247 P 904e027346d947b0809a1422b8ec0ad1: Bootstrap complete.
I20260601 13:21:42.696766  3686 ts_tablet_manager.cc:1403] T c0734b862c9a4848a74d02f6ba457247 P 904e027346d947b0809a1422b8ec0ad1: Time spent bootstrapping tablet: real 0.005s	user 0.002s	sys 0.002s
I20260601 13:21:42.697193  3686 raft_consensus.cc:359] T c0734b862c9a4848a74d02f6ba457247 P 904e027346d947b0809a1422b8ec0ad1 [term 1 LEARNER]: Replica starting. Triggering 0 pending ops. Active config: opid_index: 2 OBSOLETE_local: false peers { permanent_uuid: "f8c4e2dc1cb74c0990f6fc7eeb249c35" member_type: VOTER last_known_addr { host: "127.1.150.193" port: 39909 } } peers { permanent_uuid: "e99d2511e42243c3a0f38f6c71eddd40" member_type: VOTER last_known_addr { host: "127.1.150.194" port: 42575 } attrs { replace: true } } peers { permanent_uuid: "5d3197e945304e809c6431e5b203512f" member_type: VOTER last_known_addr { host: "127.1.150.195" port: 33543 } } peers { permanent_uuid: "904e027346d947b0809a1422b8ec0ad1" member_type: NON_VOTER last_known_addr { host: "127.1.150.196" port: 43009 } attrs { promote: true } }
I20260601 13:21:42.697320  3686 raft_consensus.cc:740] T c0734b862c9a4848a74d02f6ba457247 P 904e027346d947b0809a1422b8ec0ad1 [term 1 LEARNER]: Becoming Follower/Learner. State: Replica: 904e027346d947b0809a1422b8ec0ad1, State: Initialized, Role: LEARNER
I20260601 13:21:42.697427  3686 consensus_queue.cc:260] T c0734b862c9a4848a74d02f6ba457247 P 904e027346d947b0809a1422b8ec0ad1 [NON_LEADER]: Queue going to NON_LEADER mode. State: All replicated index: 0, Majority replicated index: 0, Committed index: 2, Last appended: 1.2, Last appended by leader: 2, Current term: 0, Majority size: -1, State: 0, Mode: NON_LEADER, active raft config: opid_index: 2 OBSOLETE_local: false peers { permanent_uuid: "f8c4e2dc1cb74c0990f6fc7eeb249c35" member_type: VOTER last_known_addr { host: "127.1.150.193" port: 39909 } } peers { permanent_uuid: "e99d2511e42243c3a0f38f6c71eddd40" member_type: VOTER last_known_addr { host: "127.1.150.194" port: 42575 } attrs { replace: true } } peers { permanent_uuid: "5d3197e945304e809c6431e5b203512f" member_type: VOTER last_known_addr { host: "127.1.150.195" port: 33543 } } peers { permanent_uuid: "904e027346d947b0809a1422b8ec0ad1" member_type: NON_VOTER last_known_addr { host: "127.1.150.196" port: 43009 } attrs { promote: true } }
I20260601 13:21:42.697829  3686 ts_tablet_manager.cc:1434] T c0734b862c9a4848a74d02f6ba457247 P 904e027346d947b0809a1422b8ec0ad1: Time spent starting tablet: real 0.001s	user 0.000s	sys 0.002s
I20260601 13:21:42.697858  3668 heartbeater.cc:499] Master 127.1.150.254:33359 was elected leader, sending a full tablet report...
I20260601 13:21:42.698402  3524 tablet_copy_service.cc:342] P 5d3197e945304e809c6431e5b203512f: Request end of tablet copy session 904e027346d947b0809a1422b8ec0ad1-c0734b862c9a4848a74d02f6ba457247 received from {username='slave'} at 127.0.0.1:34078
I20260601 13:21:42.698515  3524 tablet_copy_service.cc:434] P 5d3197e945304e809c6431e5b203512f: ending tablet copy session 904e027346d947b0809a1422b8ec0ad1-c0734b862c9a4848a74d02f6ba457247 on tablet c0734b862c9a4848a74d02f6ba457247 with peer 904e027346d947b0809a1422b8ec0ad1
I20260601 13:21:43.216543  3314 auto_leader_rebalancer.cc:140] leader rebalance for table test-workload
I20260601 13:21:43.217010  3314 auto_leader_rebalancer.cc:388] table: test-workload, leader rebalance finish, leader transfer count: 0
I20260601 13:21:43.217088  3314 auto_leader_rebalancer.cc:451] All tables' leader rebalancing finished this round
I20260601 13:21:43.252277  3642 raft_consensus.cc:1217] T c0734b862c9a4848a74d02f6ba457247 P 904e027346d947b0809a1422b8ec0ad1 [term 1 LEARNER]: Deduplicated request from leader. Original: 1.1->[1.2-1.2]   Dedup: 1.2->[]
I20260601 13:21:43.859418  3694 raft_consensus.cc:1064] T c0734b862c9a4848a74d02f6ba457247 P 5d3197e945304e809c6431e5b203512f: attempting to promote NON_VOTER 904e027346d947b0809a1422b8ec0ad1 to VOTER
I20260601 13:21:43.859926  3694 consensus_queue.cc:237] T c0734b862c9a4848a74d02f6ba457247 P 5d3197e945304e809c6431e5b203512f [LEADER]: Queue going to LEADER mode. State: All replicated index: 0, Majority replicated index: 2, Committed index: 2, Last appended: 1.2, Last appended by leader: 0, Current term: 1, Majority size: 3, State: 0, Mode: LEADER, active raft config: opid_index: 3 OBSOLETE_local: false peers { permanent_uuid: "f8c4e2dc1cb74c0990f6fc7eeb249c35" member_type: VOTER last_known_addr { host: "127.1.150.193" port: 39909 } } peers { permanent_uuid: "e99d2511e42243c3a0f38f6c71eddd40" member_type: VOTER last_known_addr { host: "127.1.150.194" port: 42575 } attrs { replace: true } } peers { permanent_uuid: "5d3197e945304e809c6431e5b203512f" member_type: VOTER last_known_addr { host: "127.1.150.195" port: 33543 } } peers { permanent_uuid: "904e027346d947b0809a1422b8ec0ad1" member_type: VOTER last_known_addr { host: "127.1.150.196" port: 43009 } attrs { promote: false } }
I20260601 13:21:43.861445  3642 raft_consensus.cc:1275] T c0734b862c9a4848a74d02f6ba457247 P 904e027346d947b0809a1422b8ec0ad1 [term 1 LEARNER]: Refusing update from remote peer 5d3197e945304e809c6431e5b203512f: Log matching property violated. Preceding OpId in replica: term: 1 index: 2. Preceding OpId from leader: term: 1 index: 3. (index mismatch)
I20260601 13:21:43.861445  3439 raft_consensus.cc:1275] T c0734b862c9a4848a74d02f6ba457247 P e99d2511e42243c3a0f38f6c71eddd40 [term 1 FOLLOWER]: Refusing update from remote peer 5d3197e945304e809c6431e5b203512f: Log matching property violated. Preceding OpId in replica: term: 1 index: 2. Preceding OpId from leader: term: 1 index: 3. (index mismatch)
I20260601 13:21:43.861503  3362 raft_consensus.cc:1275] T c0734b862c9a4848a74d02f6ba457247 P f8c4e2dc1cb74c0990f6fc7eeb249c35 [term 1 FOLLOWER]: Refusing update from remote peer 5d3197e945304e809c6431e5b203512f: Log matching property violated. Preceding OpId in replica: term: 1 index: 2. Preceding OpId from leader: term: 1 index: 3. (index mismatch)
I20260601 13:21:43.861959  3697 consensus_queue.cc:1048] T c0734b862c9a4848a74d02f6ba457247 P 5d3197e945304e809c6431e5b203512f [LEADER]: Connected to new peer: Peer: permanent_uuid: "904e027346d947b0809a1422b8ec0ad1" member_type: VOTER last_known_addr { host: "127.1.150.196" port: 43009 } attrs { promote: false }, Status: LMP_MISMATCH, Last received: 0.0, Next index: 3, Last known committed idx: 2, Time since last communication: 0.000s
I20260601 13:21:43.862185  3696 consensus_queue.cc:1048] T c0734b862c9a4848a74d02f6ba457247 P 5d3197e945304e809c6431e5b203512f [LEADER]: Connected to new peer: Peer: permanent_uuid: "e99d2511e42243c3a0f38f6c71eddd40" member_type: VOTER last_known_addr { host: "127.1.150.194" port: 42575 } attrs { replace: true }, Status: LMP_MISMATCH, Last received: 0.0, Next index: 3, Last known committed idx: 2, Time since last communication: 0.000s
I20260601 13:21:43.862393  3691 consensus_queue.cc:1048] T c0734b862c9a4848a74d02f6ba457247 P 5d3197e945304e809c6431e5b203512f [LEADER]: Connected to new peer: Peer: permanent_uuid: "f8c4e2dc1cb74c0990f6fc7eeb249c35" member_type: VOTER last_known_addr { host: "127.1.150.193" port: 39909 }, Status: LMP_MISMATCH, Last received: 0.0, Next index: 3, Last known committed idx: 2, Time since last communication: 0.000s
I20260601 13:21:43.864638  3691 raft_consensus.cc:2955] T c0734b862c9a4848a74d02f6ba457247 P 5d3197e945304e809c6431e5b203512f [term 1 LEADER]: Committing config change with OpId 1.3: config changed from index 2 to 3, 904e027346d947b0809a1422b8ec0ad1 (127.1.150.196) changed from NON_VOTER to VOTER. New config: { opid_index: 3 OBSOLETE_local: false peers { permanent_uuid: "f8c4e2dc1cb74c0990f6fc7eeb249c35" member_type: VOTER last_known_addr { host: "127.1.150.193" port: 39909 } } peers { permanent_uuid: "e99d2511e42243c3a0f38f6c71eddd40" member_type: VOTER last_known_addr { host: "127.1.150.194" port: 42575 } attrs { replace: true } } peers { permanent_uuid: "5d3197e945304e809c6431e5b203512f" member_type: VOTER last_known_addr { host: "127.1.150.195" port: 33543 } } peers { permanent_uuid: "904e027346d947b0809a1422b8ec0ad1" member_type: VOTER last_known_addr { host: "127.1.150.196" port: 43009 } attrs { promote: false } } }
I20260601 13:21:43.865099  3439 raft_consensus.cc:2955] T c0734b862c9a4848a74d02f6ba457247 P e99d2511e42243c3a0f38f6c71eddd40 [term 1 FOLLOWER]: Committing config change with OpId 1.3: config changed from index 2 to 3, 904e027346d947b0809a1422b8ec0ad1 (127.1.150.196) changed from NON_VOTER to VOTER. New config: { opid_index: 3 OBSOLETE_local: false peers { permanent_uuid: "f8c4e2dc1cb74c0990f6fc7eeb249c35" member_type: VOTER last_known_addr { host: "127.1.150.193" port: 39909 } } peers { permanent_uuid: "e99d2511e42243c3a0f38f6c71eddd40" member_type: VOTER last_known_addr { host: "127.1.150.194" port: 42575 } attrs { replace: true } } peers { permanent_uuid: "5d3197e945304e809c6431e5b203512f" member_type: VOTER last_known_addr { host: "127.1.150.195" port: 33543 } } peers { permanent_uuid: "904e027346d947b0809a1422b8ec0ad1" member_type: VOTER last_known_addr { host: "127.1.150.196" port: 43009 } attrs { promote: false } } }
I20260601 13:21:43.867496  3642 raft_consensus.cc:2955] T c0734b862c9a4848a74d02f6ba457247 P 904e027346d947b0809a1422b8ec0ad1 [term 1 FOLLOWER]: Committing config change with OpId 1.3: config changed from index 2 to 3, 904e027346d947b0809a1422b8ec0ad1 (127.1.150.196) changed from NON_VOTER to VOTER. New config: { opid_index: 3 OBSOLETE_local: false peers { permanent_uuid: "f8c4e2dc1cb74c0990f6fc7eeb249c35" member_type: VOTER last_known_addr { host: "127.1.150.193" port: 39909 } } peers { permanent_uuid: "e99d2511e42243c3a0f38f6c71eddd40" member_type: VOTER last_known_addr { host: "127.1.150.194" port: 42575 } attrs { replace: true } } peers { permanent_uuid: "5d3197e945304e809c6431e5b203512f" member_type: VOTER last_known_addr { host: "127.1.150.195" port: 33543 } } peers { permanent_uuid: "904e027346d947b0809a1422b8ec0ad1" member_type: VOTER last_known_addr { host: "127.1.150.196" port: 43009 } attrs { promote: false } } }
I20260601 13:21:43.867837  3259 catalog_manager.cc:5696] T c0734b862c9a4848a74d02f6ba457247 P 5d3197e945304e809c6431e5b203512f reported cstate change: config changed from index 2 to 3, 904e027346d947b0809a1422b8ec0ad1 (127.1.150.196) changed from NON_VOTER to VOTER. New cstate: current_term: 1 leader_uuid: "5d3197e945304e809c6431e5b203512f" committed_config { opid_index: 3 OBSOLETE_local: false peers { permanent_uuid: "f8c4e2dc1cb74c0990f6fc7eeb249c35" member_type: VOTER last_known_addr { host: "127.1.150.193" port: 39909 } health_report { overall_health: UNKNOWN } } peers { permanent_uuid: "e99d2511e42243c3a0f38f6c71eddd40" member_type: VOTER last_known_addr { host: "127.1.150.194" port: 42575 } attrs { replace: true } health_report { overall_health: HEALTHY } } peers { permanent_uuid: "5d3197e945304e809c6431e5b203512f" member_type: VOTER last_known_addr { host: "127.1.150.195" port: 33543 } health_report { overall_health: HEALTHY } } peers { permanent_uuid: "904e027346d947b0809a1422b8ec0ad1" member_type: VOTER last_known_addr { host: "127.1.150.196" port: 43009 } attrs { promote: false } health_report { overall_health: HEALTHY } } }
I20260601 13:21:43.869575  3362 raft_consensus.cc:2955] T c0734b862c9a4848a74d02f6ba457247 P f8c4e2dc1cb74c0990f6fc7eeb249c35 [term 1 FOLLOWER]: Committing config change with OpId 1.3: config changed from index 2 to 3, 904e027346d947b0809a1422b8ec0ad1 (127.1.150.196) changed from NON_VOTER to VOTER. New config: { opid_index: 3 OBSOLETE_local: false peers { permanent_uuid: "f8c4e2dc1cb74c0990f6fc7eeb249c35" member_type: VOTER last_known_addr { host: "127.1.150.193" port: 39909 } } peers { permanent_uuid: "e99d2511e42243c3a0f38f6c71eddd40" member_type: VOTER last_known_addr { host: "127.1.150.194" port: 42575 } attrs { replace: true } } peers { permanent_uuid: "5d3197e945304e809c6431e5b203512f" member_type: VOTER last_known_addr { host: "127.1.150.195" port: 33543 } } peers { permanent_uuid: "904e027346d947b0809a1422b8ec0ad1" member_type: VOTER last_known_addr { host: "127.1.150.196" port: 43009 } attrs { promote: false } } }
I20260601 13:21:43.875983  3514 consensus_queue.cc:237] T c0734b862c9a4848a74d02f6ba457247 P 5d3197e945304e809c6431e5b203512f [LEADER]: Queue going to LEADER mode. State: All replicated index: 0, Majority replicated index: 3, Committed index: 3, Last appended: 1.3, Last appended by leader: 0, Current term: 1, Majority size: 2, State: 0, Mode: LEADER, active raft config: opid_index: 4 OBSOLETE_local: false peers { permanent_uuid: "f8c4e2dc1cb74c0990f6fc7eeb249c35" member_type: VOTER last_known_addr { host: "127.1.150.193" port: 39909 } } peers { permanent_uuid: "5d3197e945304e809c6431e5b203512f" member_type: VOTER last_known_addr { host: "127.1.150.195" port: 33543 } } peers { permanent_uuid: "904e027346d947b0809a1422b8ec0ad1" member_type: VOTER last_known_addr { host: "127.1.150.196" port: 43009 } attrs { promote: false } }
I20260601 13:21:43.877202  3642 raft_consensus.cc:1275] T c0734b862c9a4848a74d02f6ba457247 P 904e027346d947b0809a1422b8ec0ad1 [term 1 FOLLOWER]: Refusing update from remote peer 5d3197e945304e809c6431e5b203512f: Log matching property violated. Preceding OpId in replica: term: 1 index: 3. Preceding OpId from leader: term: 1 index: 4. (index mismatch)
I20260601 13:21:43.877301  3362 raft_consensus.cc:1275] T c0734b862c9a4848a74d02f6ba457247 P f8c4e2dc1cb74c0990f6fc7eeb249c35 [term 1 FOLLOWER]: Refusing update from remote peer 5d3197e945304e809c6431e5b203512f: Log matching property violated. Preceding OpId in replica: term: 1 index: 3. Preceding OpId from leader: term: 1 index: 4. (index mismatch)
I20260601 13:21:43.877609  3697 consensus_queue.cc:1048] T c0734b862c9a4848a74d02f6ba457247 P 5d3197e945304e809c6431e5b203512f [LEADER]: Connected to new peer: Peer: permanent_uuid: "904e027346d947b0809a1422b8ec0ad1" member_type: VOTER last_known_addr { host: "127.1.150.196" port: 43009 } attrs { promote: false }, Status: LMP_MISMATCH, Last received: 0.0, Next index: 4, Last known committed idx: 3, Time since last communication: 0.000s
I20260601 13:21:43.877826  3696 consensus_queue.cc:1048] T c0734b862c9a4848a74d02f6ba457247 P 5d3197e945304e809c6431e5b203512f [LEADER]: Connected to new peer: Peer: permanent_uuid: "f8c4e2dc1cb74c0990f6fc7eeb249c35" member_type: VOTER last_known_addr { host: "127.1.150.193" port: 39909 }, Status: LMP_MISMATCH, Last received: 0.0, Next index: 4, Last known committed idx: 3, Time since last communication: 0.000s
I20260601 13:21:43.879211  3697 raft_consensus.cc:2955] T c0734b862c9a4848a74d02f6ba457247 P 5d3197e945304e809c6431e5b203512f [term 1 LEADER]: Committing config change with OpId 1.4: config changed from index 3 to 4, VOTER e99d2511e42243c3a0f38f6c71eddd40 (127.1.150.194) evicted. New config: { opid_index: 4 OBSOLETE_local: false peers { permanent_uuid: "f8c4e2dc1cb74c0990f6fc7eeb249c35" member_type: VOTER last_known_addr { host: "127.1.150.193" port: 39909 } } peers { permanent_uuid: "5d3197e945304e809c6431e5b203512f" member_type: VOTER last_known_addr { host: "127.1.150.195" port: 33543 } } peers { permanent_uuid: "904e027346d947b0809a1422b8ec0ad1" member_type: VOTER last_known_addr { host: "127.1.150.196" port: 43009 } attrs { promote: false } } }
I20260601 13:21:43.879792  3362 raft_consensus.cc:2955] T c0734b862c9a4848a74d02f6ba457247 P f8c4e2dc1cb74c0990f6fc7eeb249c35 [term 1 FOLLOWER]: Committing config change with OpId 1.4: config changed from index 3 to 4, VOTER e99d2511e42243c3a0f38f6c71eddd40 (127.1.150.194) evicted. New config: { opid_index: 4 OBSOLETE_local: false peers { permanent_uuid: "f8c4e2dc1cb74c0990f6fc7eeb249c35" member_type: VOTER last_known_addr { host: "127.1.150.193" port: 39909 } } peers { permanent_uuid: "5d3197e945304e809c6431e5b203512f" member_type: VOTER last_known_addr { host: "127.1.150.195" port: 33543 } } peers { permanent_uuid: "904e027346d947b0809a1422b8ec0ad1" member_type: VOTER last_known_addr { host: "127.1.150.196" port: 43009 } attrs { promote: false } } }
I20260601 13:21:43.879854  3642 raft_consensus.cc:2955] T c0734b862c9a4848a74d02f6ba457247 P 904e027346d947b0809a1422b8ec0ad1 [term 1 FOLLOWER]: Committing config change with OpId 1.4: config changed from index 3 to 4, VOTER e99d2511e42243c3a0f38f6c71eddd40 (127.1.150.194) evicted. New config: { opid_index: 4 OBSOLETE_local: false peers { permanent_uuid: "f8c4e2dc1cb74c0990f6fc7eeb249c35" member_type: VOTER last_known_addr { host: "127.1.150.193" port: 39909 } } peers { permanent_uuid: "5d3197e945304e809c6431e5b203512f" member_type: VOTER last_known_addr { host: "127.1.150.195" port: 33543 } } peers { permanent_uuid: "904e027346d947b0809a1422b8ec0ad1" member_type: VOTER last_known_addr { host: "127.1.150.196" port: 43009 } attrs { promote: false } } }
I20260601 13:21:43.882119  3257 catalog_manager.cc:5696] T c0734b862c9a4848a74d02f6ba457247 P 904e027346d947b0809a1422b8ec0ad1 reported cstate change: config changed from index 3 to 4, VOTER e99d2511e42243c3a0f38f6c71eddd40 (127.1.150.194) evicted. New cstate: current_term: 1 leader_uuid: "5d3197e945304e809c6431e5b203512f" committed_config { opid_index: 4 OBSOLETE_local: false peers { permanent_uuid: "f8c4e2dc1cb74c0990f6fc7eeb249c35" member_type: VOTER last_known_addr { host: "127.1.150.193" port: 39909 } } peers { permanent_uuid: "5d3197e945304e809c6431e5b203512f" member_type: VOTER last_known_addr { host: "127.1.150.195" port: 33543 } } peers { permanent_uuid: "904e027346d947b0809a1422b8ec0ad1" member_type: VOTER last_known_addr { host: "127.1.150.196" port: 43009 } attrs { promote: false } } }
I20260601 13:21:43.882767  3246 catalog_manager.cc:5209] ChangeConfig:REMOVE_PEER RPC for tablet c0734b862c9a4848a74d02f6ba457247 with cas_config_opid_index 3: ChangeConfig:REMOVE_PEER succeeded (attempt 1)
I20260601 13:21:43.884797  3428 tablet_service.cc:1558] Processing DeleteTablet for tablet c0734b862c9a4848a74d02f6ba457247 with delete_type TABLET_DATA_TOMBSTONED (TS e99d2511e42243c3a0f38f6c71eddd40 not found in new config with opid_index 4) from {username='slave'} at 127.0.0.1:43954
I20260601 13:21:43.885317  3707 tablet_replica.cc:333] T c0734b862c9a4848a74d02f6ba457247 P e99d2511e42243c3a0f38f6c71eddd40: stopping tablet replica
