I20260601 13:35:07.394160 15284 consensus_queue.cc:260] T a0ae72e305bc424783361f8c75bb8d6d P 88181c20844e4741aa413120f0f8cb80 [NON_LEADER]: Queue going to NON_LEADER mode. State: All replicated index: 0, Majority replicated index: 0, Committed index: 0, Last appended: 0.0, Last appended by leader: 0, Current term: 0, Majority size: -1, State: 0, Mode: NON_LEADER, active raft config: opid_index: -1 OBSOLETE_local: false peers { permanent_uuid: "ab55e624ac2b40278cf45d88aa5e0436" member_type: VOTER last_known_addr { host: "127.10.113.129" port: 46095 } } peers { permanent_uuid: "88181c20844e4741aa413120f0f8cb80" member_type: VOTER last_known_addr { host: "127.10.113.130" port: 42429 } } peers { permanent_uuid: "8d52277452d54596b0f49387f36c61c6" member_type: VOTER last_known_addr { host: "127.10.113.131" port: 32841 } }
I20260601 13:35:07.394555 15297 ts_tablet_manager.cc:1434] T e9723d6429444a14aa16f011f2ddd5c4 P ab55e624ac2b40278cf45d88aa5e0436: Time spent starting tablet: real 0.001s	user 0.001s	sys 0.000s
I20260601 13:35:07.394764 15297 tablet_bootstrap.cc:492] T c5e428167836499d815231bd4ce5e73b P ab55e624ac2b40278cf45d88aa5e0436: Bootstrap starting.
I20260601 13:35:07.395295 15284 ts_tablet_manager.cc:1434] T a0ae72e305bc424783361f8c75bb8d6d P 88181c20844e4741aa413120f0f8cb80: Time spent starting tablet: real 0.002s	user 0.000s	sys 0.001s
I20260601 13:35:07.395867 15297 tablet_bootstrap.cc:654] T c5e428167836499d815231bd4ce5e73b P ab55e624ac2b40278cf45d88aa5e0436: Neither blocks nor log segments found. Creating new log.
I20260601 13:35:07.397014 15297 tablet_bootstrap.cc:492] T c5e428167836499d815231bd4ce5e73b P ab55e624ac2b40278cf45d88aa5e0436: No bootstrap required, opened a new log
I20260601 13:35:07.397140 15297 ts_tablet_manager.cc:1403] T c5e428167836499d815231bd4ce5e73b P ab55e624ac2b40278cf45d88aa5e0436: Time spent bootstrapping tablet: real 0.002s	user 0.002s	sys 0.000s
I20260601 13:35:07.397559 15297 raft_consensus.cc:359] T c5e428167836499d815231bd4ce5e73b P ab55e624ac2b40278cf45d88aa5e0436 [term 0 FOLLOWER]: Replica starting. Triggering 0 pending ops. Active config: opid_index: -1 OBSOLETE_local: false peers { permanent_uuid: "ab55e624ac2b40278cf45d88aa5e0436" member_type: VOTER last_known_addr { host: "127.10.113.129" port: 46095 } } peers { permanent_uuid: "88181c20844e4741aa413120f0f8cb80" member_type: VOTER last_known_addr { host: "127.10.113.130" port: 42429 } } peers { permanent_uuid: "8d52277452d54596b0f49387f36c61c6" member_type: VOTER last_known_addr { host: "127.10.113.131" port: 32841 } }
I20260601 13:35:07.397689 15297 raft_consensus.cc:385] T c5e428167836499d815231bd4ce5e73b P ab55e624ac2b40278cf45d88aa5e0436 [term 0 FOLLOWER]: Consensus starting up: Expiring failure detector timer to make a prompt election more likely
I20260601 13:35:07.397737 15297 raft_consensus.cc:740] T c5e428167836499d815231bd4ce5e73b P ab55e624ac2b40278cf45d88aa5e0436 [term 0 FOLLOWER]: Becoming Follower/Learner. State: Replica: ab55e624ac2b40278cf45d88aa5e0436, State: Initialized, Role: FOLLOWER
I20260601 13:35:07.397876 15297 consensus_queue.cc:260] T c5e428167836499d815231bd4ce5e73b P ab55e624ac2b40278cf45d88aa5e0436 [NON_LEADER]: Queue going to NON_LEADER mode. State: All replicated index: 0, Majority replicated index: 0, Committed index: 0, Last appended: 0.0, Last appended by leader: 0, Current term: 0, Majority size: -1, State: 0, Mode: NON_LEADER, active raft config: opid_index: -1 OBSOLETE_local: false peers { permanent_uuid: "ab55e624ac2b40278cf45d88aa5e0436" member_type: VOTER last_known_addr { host: "127.10.113.129" port: 46095 } } peers { permanent_uuid: "88181c20844e4741aa413120f0f8cb80" member_type: VOTER last_known_addr { host: "127.10.113.130" port: 42429 } } peers { permanent_uuid: "8d52277452d54596b0f49387f36c61c6" member_type: VOTER last_known_addr { host: "127.10.113.131" port: 32841 } }
I20260601 13:35:07.398195 15297 ts_tablet_manager.cc:1434] T c5e428167836499d815231bd4ce5e73b P ab55e624ac2b40278cf45d88aa5e0436: Time spent starting tablet: real 0.001s	user 0.000s	sys 0.000s
I20260601 13:35:07.398378 15297 tablet_bootstrap.cc:492] T 1374222ba5e44eea9b593f7e2b375518 P ab55e624ac2b40278cf45d88aa5e0436: Bootstrap starting.
I20260601 13:35:07.399299 15297 tablet_bootstrap.cc:654] T 1374222ba5e44eea9b593f7e2b375518 P ab55e624ac2b40278cf45d88aa5e0436: Neither blocks nor log segments found. Creating new log.
I20260601 13:35:07.400521 15297 tablet_bootstrap.cc:492] T 1374222ba5e44eea9b593f7e2b375518 P ab55e624ac2b40278cf45d88aa5e0436: No bootstrap required, opened a new log
I20260601 13:35:07.400615 15297 ts_tablet_manager.cc:1403] T 1374222ba5e44eea9b593f7e2b375518 P ab55e624ac2b40278cf45d88aa5e0436: Time spent bootstrapping tablet: real 0.002s	user 0.001s	sys 0.000s
I20260601 13:35:07.401049 15297 raft_consensus.cc:359] T 1374222ba5e44eea9b593f7e2b375518 P ab55e624ac2b40278cf45d88aa5e0436 [term 0 FOLLOWER]: Replica starting. Triggering 0 pending ops. Active config: opid_index: -1 OBSOLETE_local: false peers { permanent_uuid: "ab55e624ac2b40278cf45d88aa5e0436" member_type: VOTER last_known_addr { host: "127.10.113.129" port: 46095 } } peers { permanent_uuid: "88181c20844e4741aa413120f0f8cb80" member_type: VOTER last_known_addr { host: "127.10.113.130" port: 42429 } } peers { permanent_uuid: "8d52277452d54596b0f49387f36c61c6" member_type: VOTER last_known_addr { host: "127.10.113.131" port: 32841 } }
I20260601 13:35:07.401147 15297 raft_consensus.cc:385] T 1374222ba5e44eea9b593f7e2b375518 P ab55e624ac2b40278cf45d88aa5e0436 [term 0 FOLLOWER]: Consensus starting up: Expiring failure detector timer to make a prompt election more likely
I20260601 13:35:07.401170 15297 raft_consensus.cc:740] T 1374222ba5e44eea9b593f7e2b375518 P ab55e624ac2b40278cf45d88aa5e0436 [term 0 FOLLOWER]: Becoming Follower/Learner. State: Replica: ab55e624ac2b40278cf45d88aa5e0436, State: Initialized, Role: FOLLOWER
I20260601 13:35:07.401299 15297 consensus_queue.cc:260] T 1374222ba5e44eea9b593f7e2b375518 P ab55e624ac2b40278cf45d88aa5e0436 [NON_LEADER]: Queue going to NON_LEADER mode. State: All replicated index: 0, Majority replicated index: 0, Committed index: 0, Last appended: 0.0, Last appended by leader: 0, Current term: 0, Majority size: -1, State: 0, Mode: NON_LEADER, active raft config: opid_index: -1 OBSOLETE_local: false peers { permanent_uuid: "ab55e624ac2b40278cf45d88aa5e0436" member_type: VOTER last_known_addr { host: "127.10.113.129" port: 46095 } } peers { permanent_uuid: "88181c20844e4741aa413120f0f8cb80" member_type: VOTER last_known_addr { host: "127.10.113.130" port: 42429 } } peers { permanent_uuid: "8d52277452d54596b0f49387f36c61c6" member_type: VOTER last_known_addr { host: "127.10.113.131" port: 32841 } }
I20260601 13:35:07.401590 15297 ts_tablet_manager.cc:1434] T 1374222ba5e44eea9b593f7e2b375518 P ab55e624ac2b40278cf45d88aa5e0436: Time spent starting tablet: real 0.001s	user 0.001s	sys 0.000s
I20260601 13:35:07.401780 15297 tablet_bootstrap.cc:492] T 50447abffd42481b93695523fcf107a0 P ab55e624ac2b40278cf45d88aa5e0436: Bootstrap starting.
I20260601 13:35:07.402710 15297 tablet_bootstrap.cc:654] T 50447abffd42481b93695523fcf107a0 P ab55e624ac2b40278cf45d88aa5e0436: Neither blocks nor log segments found. Creating new log.
I20260601 13:35:07.403982 15297 tablet_bootstrap.cc:492] T 50447abffd42481b93695523fcf107a0 P ab55e624ac2b40278cf45d88aa5e0436: No bootstrap required, opened a new log
I20260601 13:35:07.404083 15297 ts_tablet_manager.cc:1403] T 50447abffd42481b93695523fcf107a0 P ab55e624ac2b40278cf45d88aa5e0436: Time spent bootstrapping tablet: real 0.002s	user 0.002s	sys 0.000s
I20260601 13:35:07.404497 15297 raft_consensus.cc:359] T 50447abffd42481b93695523fcf107a0 P ab55e624ac2b40278cf45d88aa5e0436 [term 0 FOLLOWER]: Replica starting. Triggering 0 pending ops. Active config: opid_index: -1 OBSOLETE_local: false peers { permanent_uuid: "ab55e624ac2b40278cf45d88aa5e0436" member_type: VOTER last_known_addr { host: "127.10.113.129" port: 46095 } } peers { permanent_uuid: "88181c20844e4741aa413120f0f8cb80" member_type: VOTER last_known_addr { host: "127.10.113.130" port: 42429 } } peers { permanent_uuid: "8d52277452d54596b0f49387f36c61c6" member_type: VOTER last_known_addr { host: "127.10.113.131" port: 32841 } }
I20260601 13:35:07.404618 15297 raft_consensus.cc:385] T 50447abffd42481b93695523fcf107a0 P ab55e624ac2b40278cf45d88aa5e0436 [term 0 FOLLOWER]: Consensus starting up: Expiring failure detector timer to make a prompt election more likely
I20260601 13:35:07.404661 15297 raft_consensus.cc:740] T 50447abffd42481b93695523fcf107a0 P ab55e624ac2b40278cf45d88aa5e0436 [term 0 FOLLOWER]: Becoming Follower/Learner. State: Replica: ab55e624ac2b40278cf45d88aa5e0436, State: Initialized, Role: FOLLOWER
I20260601 13:35:07.404814 15297 consensus_queue.cc:260] T 50447abffd42481b93695523fcf107a0 P ab55e624ac2b40278cf45d88aa5e0436 [NON_LEADER]: Queue going to NON_LEADER mode. State: All replicated index: 0, Majority replicated index: 0, Committed index: 0, Last appended: 0.0, Last appended by leader: 0, Current term: 0, Majority size: -1, State: 0, Mode: NON_LEADER, active raft config: opid_index: -1 OBSOLETE_local: false peers { permanent_uuid: "ab55e624ac2b40278cf45d88aa5e0436" member_type: VOTER last_known_addr { host: "127.10.113.129" port: 46095 } } peers { permanent_uuid: "88181c20844e4741aa413120f0f8cb80" member_type: VOTER last_known_addr { host: "127.10.113.130" port: 42429 } } peers { permanent_uuid: "8d52277452d54596b0f49387f36c61c6" member_type: VOTER last_known_addr { host: "127.10.113.131" port: 32841 } }
I20260601 13:35:07.405102 15297 ts_tablet_manager.cc:1434] T 50447abffd42481b93695523fcf107a0 P ab55e624ac2b40278cf45d88aa5e0436: Time spent starting tablet: real 0.001s	user 0.001s	sys 0.000s
I20260601 13:35:07.405377 15297 tablet_bootstrap.cc:492] T 1a70d76787324e47b12b055f4ada6c37 P ab55e624ac2b40278cf45d88aa5e0436: Bootstrap starting.
I20260601 13:35:07.406587 15297 tablet_bootstrap.cc:654] T 1a70d76787324e47b12b055f4ada6c37 P ab55e624ac2b40278cf45d88aa5e0436: Neither blocks nor log segments found. Creating new log.
I20260601 13:35:07.407845 15297 tablet_bootstrap.cc:492] T 1a70d76787324e47b12b055f4ada6c37 P ab55e624ac2b40278cf45d88aa5e0436: No bootstrap required, opened a new log
I20260601 13:35:07.407936 15297 ts_tablet_manager.cc:1403] T 1a70d76787324e47b12b055f4ada6c37 P ab55e624ac2b40278cf45d88aa5e0436: Time spent bootstrapping tablet: real 0.003s	user 0.002s	sys 0.000s
I20260601 13:35:07.408313 15297 raft_consensus.cc:359] T 1a70d76787324e47b12b055f4ada6c37 P ab55e624ac2b40278cf45d88aa5e0436 [term 0 FOLLOWER]: Replica starting. Triggering 0 pending ops. Active config: opid_index: -1 OBSOLETE_local: false peers { permanent_uuid: "ab55e624ac2b40278cf45d88aa5e0436" member_type: VOTER last_known_addr { host: "127.10.113.129" port: 46095 } } peers { permanent_uuid: "88181c20844e4741aa413120f0f8cb80" member_type: VOTER last_known_addr { host: "127.10.113.130" port: 42429 } } peers { permanent_uuid: "8d52277452d54596b0f49387f36c61c6" member_type: VOTER last_known_addr { host: "127.10.113.131" port: 32841 } }
I20260601 13:35:07.408407 15297 raft_consensus.cc:385] T 1a70d76787324e47b12b055f4ada6c37 P ab55e624ac2b40278cf45d88aa5e0436 [term 0 FOLLOWER]: Consensus starting up: Expiring failure detector timer to make a prompt election more likely
I20260601 13:35:07.408429 15297 raft_consensus.cc:740] T 1a70d76787324e47b12b055f4ada6c37 P ab55e624ac2b40278cf45d88aa5e0436 [term 0 FOLLOWER]: Becoming Follower/Learner. State: Replica: ab55e624ac2b40278cf45d88aa5e0436, State: Initialized, Role: FOLLOWER
I20260601 13:35:07.408574 15297 consensus_queue.cc:260] T 1a70d76787324e47b12b055f4ada6c37 P ab55e624ac2b40278cf45d88aa5e0436 [NON_LEADER]: Queue going to NON_LEADER mode. State: All replicated index: 0, Majority replicated index: 0, Committed index: 0, Last appended: 0.0, Last appended by leader: 0, Current term: 0, Majority size: -1, State: 0, Mode: NON_LEADER, active raft config: opid_index: -1 OBSOLETE_local: false peers { permanent_uuid: "ab55e624ac2b40278cf45d88aa5e0436" member_type: VOTER last_known_addr { host: "127.10.113.129" port: 46095 } } peers { permanent_uuid: "88181c20844e4741aa413120f0f8cb80" member_type: VOTER last_known_addr { host: "127.10.113.130" port: 42429 } } peers { permanent_uuid: "8d52277452d54596b0f49387f36c61c6" member_type: VOTER last_known_addr { host: "127.10.113.131" port: 32841 } }
I20260601 13:35:07.408911 15297 ts_tablet_manager.cc:1434] T 1a70d76787324e47b12b055f4ada6c37 P ab55e624ac2b40278cf45d88aa5e0436: Time spent starting tablet: real 0.001s	user 0.001s	sys 0.000s
I20260601 13:35:07.417919 15288 raft_consensus.cc:493] T 1374222ba5e44eea9b593f7e2b375518 P 8d52277452d54596b0f49387f36c61c6 [term 0 FOLLOWER]: Starting pre-election (no leader contacted us within the election timeout)
I20260601 13:35:07.418131 15288 raft_consensus.cc:515] T 1374222ba5e44eea9b593f7e2b375518 P 8d52277452d54596b0f49387f36c61c6 [term 0 FOLLOWER]: Starting pre-election with config: opid_index: -1 OBSOLETE_local: false peers { permanent_uuid: "ab55e624ac2b40278cf45d88aa5e0436" member_type: VOTER last_known_addr { host: "127.10.113.129" port: 46095 } } peers { permanent_uuid: "88181c20844e4741aa413120f0f8cb80" member_type: VOTER last_known_addr { host: "127.10.113.130" port: 42429 } } peers { permanent_uuid: "8d52277452d54596b0f49387f36c61c6" member_type: VOTER last_known_addr { host: "127.10.113.131" port: 32841 } }
I20260601 13:35:07.418574 15288 leader_election.cc:290] T 1374222ba5e44eea9b593f7e2b375518 P 8d52277452d54596b0f49387f36c61c6 [CANDIDATE]: Term 1 pre-election: Requested pre-vote from peers ab55e624ac2b40278cf45d88aa5e0436 (127.10.113.129:46095), 88181c20844e4741aa413120f0f8cb80 (127.10.113.130:42429)
I20260601 13:35:07.418874 15086 tablet_service.cc:1917] Received RequestConsensusVote() RPC: tablet_id: "1374222ba5e44eea9b593f7e2b375518" candidate_uuid: "8d52277452d54596b0f49387f36c61c6" candidate_term: 1 candidate_status { last_received { term: 0 index: 0 } } ignore_live_leader: false dest_uuid: "ab55e624ac2b40278cf45d88aa5e0436" is_pre_election: true
I20260601 13:35:07.418918 15162 tablet_service.cc:1917] Received RequestConsensusVote() RPC: tablet_id: "1374222ba5e44eea9b593f7e2b375518" candidate_uuid: "8d52277452d54596b0f49387f36c61c6" candidate_term: 1 candidate_status { last_received { term: 0 index: 0 } } ignore_live_leader: false dest_uuid: "88181c20844e4741aa413120f0f8cb80" is_pre_election: true
I20260601 13:35:07.419027 15162 raft_consensus.cc:2468] T 1374222ba5e44eea9b593f7e2b375518 P 88181c20844e4741aa413120f0f8cb80 [term 0 FOLLOWER]: Leader pre-election vote request: Granting yes vote for candidate 8d52277452d54596b0f49387f36c61c6 in term 0.
I20260601 13:35:07.419027 15086 raft_consensus.cc:2468] T 1374222ba5e44eea9b593f7e2b375518 P ab55e624ac2b40278cf45d88aa5e0436 [term 0 FOLLOWER]: Leader pre-election vote request: Granting yes vote for candidate 8d52277452d54596b0f49387f36c61c6 in term 0.
I20260601 13:35:07.419356 15202 leader_election.cc:304] T 1374222ba5e44eea9b593f7e2b375518 P 8d52277452d54596b0f49387f36c61c6 [CANDIDATE]: Term 1 pre-election: Election decided. Result: candidate won. Election summary: received 2 responses out of 3 voters: 2 yes votes; 0 no votes. yes voters: 8d52277452d54596b0f49387f36c61c6, ab55e624ac2b40278cf45d88aa5e0436; no voters: 
I20260601 13:35:07.419555 15288 raft_consensus.cc:2804] T 1374222ba5e44eea9b593f7e2b375518 P 8d52277452d54596b0f49387f36c61c6 [term 0 FOLLOWER]: Leader pre-election won for term 1
I20260601 13:35:07.419625 15288 raft_consensus.cc:493] T 1374222ba5e44eea9b593f7e2b375518 P 8d52277452d54596b0f49387f36c61c6 [term 0 FOLLOWER]: Starting leader election (no leader contacted us within the election timeout)
I20260601 13:35:07.419691 15288 raft_consensus.cc:3060] T 1374222ba5e44eea9b593f7e2b375518 P 8d52277452d54596b0f49387f36c61c6 [term 0 FOLLOWER]: Advancing to term 1
I20260601 13:35:07.420567 15288 raft_consensus.cc:515] T 1374222ba5e44eea9b593f7e2b375518 P 8d52277452d54596b0f49387f36c61c6 [term 1 FOLLOWER]: Starting leader election with config: opid_index: -1 OBSOLETE_local: false peers { permanent_uuid: "ab55e624ac2b40278cf45d88aa5e0436" member_type: VOTER last_known_addr { host: "127.10.113.129" port: 46095 } } peers { permanent_uuid: "88181c20844e4741aa413120f0f8cb80" member_type: VOTER last_known_addr { host: "127.10.113.130" port: 42429 } } peers { permanent_uuid: "8d52277452d54596b0f49387f36c61c6" member_type: VOTER last_known_addr { host: "127.10.113.131" port: 32841 } }
I20260601 13:35:07.420985 15288 leader_election.cc:290] T 1374222ba5e44eea9b593f7e2b375518 P 8d52277452d54596b0f49387f36c61c6 [CANDIDATE]: Term 1 election: Requested vote from peers ab55e624ac2b40278cf45d88aa5e0436 (127.10.113.129:46095), 88181c20844e4741aa413120f0f8cb80 (127.10.113.130:42429)
I20260601 13:35:07.421324 15086 tablet_service.cc:1917] Received RequestConsensusVote() RPC: tablet_id: "1374222ba5e44eea9b593f7e2b375518" candidate_uuid: "8d52277452d54596b0f49387f36c61c6" candidate_term: 1 candidate_status { last_received { term: 0 index: 0 } } ignore_live_leader: false dest_uuid: "ab55e624ac2b40278cf45d88aa5e0436"
I20260601 13:35:07.421324 15162 tablet_service.cc:1917] Received RequestConsensusVote() RPC: tablet_id: "1374222ba5e44eea9b593f7e2b375518" candidate_uuid: "8d52277452d54596b0f49387f36c61c6" candidate_term: 1 candidate_status { last_received { term: 0 index: 0 } } ignore_live_leader: false dest_uuid: "88181c20844e4741aa413120f0f8cb80"
I20260601 13:35:07.421470 15086 raft_consensus.cc:3060] T 1374222ba5e44eea9b593f7e2b375518 P ab55e624ac2b40278cf45d88aa5e0436 [term 0 FOLLOWER]: Advancing to term 1
I20260601 13:35:07.421470 15162 raft_consensus.cc:3060] T 1374222ba5e44eea9b593f7e2b375518 P 88181c20844e4741aa413120f0f8cb80 [term 0 FOLLOWER]: Advancing to term 1
W20260601 13:35:07.421967 15114 tablet.cc:2404] T 10fafd179f414357a52c049da63d2c99 P ab55e624ac2b40278cf45d88aa5e0436: Can't schedule compaction. Clean time has not been advanced past its initial value.
I20260601 13:35:07.422436 15162 raft_consensus.cc:2468] T 1374222ba5e44eea9b593f7e2b375518 P 88181c20844e4741aa413120f0f8cb80 [term 1 FOLLOWER]: Leader election vote request: Granting yes vote for candidate 8d52277452d54596b0f49387f36c61c6 in term 1.
I20260601 13:35:07.422436 15086 raft_consensus.cc:2468] T 1374222ba5e44eea9b593f7e2b375518 P ab55e624ac2b40278cf45d88aa5e0436 [term 1 FOLLOWER]: Leader election vote request: Granting yes vote for candidate 8d52277452d54596b0f49387f36c61c6 in term 1.
I20260601 13:35:07.422755 15204 leader_election.cc:304] T 1374222ba5e44eea9b593f7e2b375518 P 8d52277452d54596b0f49387f36c61c6 [CANDIDATE]: Term 1 election: Election decided. Result: candidate won. Election summary: received 2 responses out of 3 voters: 2 yes votes; 0 no votes. yes voters: 88181c20844e4741aa413120f0f8cb80, 8d52277452d54596b0f49387f36c61c6; no voters: 
I20260601 13:35:07.422921 15288 raft_consensus.cc:2804] T 1374222ba5e44eea9b593f7e2b375518 P 8d52277452d54596b0f49387f36c61c6 [term 1 FOLLOWER]: Leader election won for term 1
I20260601 13:35:07.423012 15288 raft_consensus.cc:697] T 1374222ba5e44eea9b593f7e2b375518 P 8d52277452d54596b0f49387f36c61c6 [term 1 LEADER]: Becoming Leader. State: Replica: 8d52277452d54596b0f49387f36c61c6, State: Running, Role: LEADER
I20260601 13:35:07.423162 15288 consensus_queue.cc:237] T 1374222ba5e44eea9b593f7e2b375518 P 8d52277452d54596b0f49387f36c61c6 [LEADER]: Queue going to LEADER mode. State: All replicated index: 0, Majority replicated index: 0, Committed index: 0, Last appended: 0.0, Last appended by leader: 0, Current term: 1, Majority size: 2, State: 0, Mode: LEADER, active raft config: opid_index: -1 OBSOLETE_local: false peers { permanent_uuid: "ab55e624ac2b40278cf45d88aa5e0436" member_type: VOTER last_known_addr { host: "127.10.113.129" port: 46095 } } peers { permanent_uuid: "88181c20844e4741aa413120f0f8cb80" member_type: VOTER last_known_addr { host: "127.10.113.130" port: 42429 } } peers { permanent_uuid: "8d52277452d54596b0f49387f36c61c6" member_type: VOTER last_known_addr { host: "127.10.113.131" port: 32841 } }
I20260601 13:35:07.425091 14984 catalog_manager.cc:5696] T 1374222ba5e44eea9b593f7e2b375518 P 8d52277452d54596b0f49387f36c61c6 reported cstate change: term changed from 0 to 1, leader changed from <none> to 8d52277452d54596b0f49387f36c61c6 (127.10.113.131). New cstate: current_term: 1 leader_uuid: "8d52277452d54596b0f49387f36c61c6" committed_config { opid_index: -1 OBSOLETE_local: false peers { permanent_uuid: "ab55e624ac2b40278cf45d88aa5e0436" member_type: VOTER last_known_addr { host: "127.10.113.129" port: 46095 } health_report { overall_health: UNKNOWN } } peers { permanent_uuid: "88181c20844e4741aa413120f0f8cb80" member_type: VOTER last_known_addr { host: "127.10.113.130" port: 42429 } health_report { overall_health: UNKNOWN } } peers { permanent_uuid: "8d52277452d54596b0f49387f36c61c6" member_type: VOTER last_known_addr { host: "127.10.113.131" port: 32841 } health_report { overall_health: HEALTHY } } }
I20260601 13:35:07.522944 15288 raft_consensus.cc:493] T 2f3186bc8b044ca5a95a66312f073bca P 8d52277452d54596b0f49387f36c61c6 [term 0 FOLLOWER]: Starting pre-election (no leader contacted us within the election timeout)
I20260601 13:35:07.523124 15288 raft_consensus.cc:515] T 2f3186bc8b044ca5a95a66312f073bca P 8d52277452d54596b0f49387f36c61c6 [term 0 FOLLOWER]: Starting pre-election with config: opid_index: -1 OBSOLETE_local: false peers { permanent_uuid: "ab55e624ac2b40278cf45d88aa5e0436" member_type: VOTER last_known_addr { host: "127.10.113.129" port: 46095 } } peers { permanent_uuid: "88181c20844e4741aa413120f0f8cb80" member_type: VOTER last_known_addr { host: "127.10.113.130" port: 42429 } } peers { permanent_uuid: "8d52277452d54596b0f49387f36c61c6" member_type: VOTER last_known_addr { host: "127.10.113.131" port: 32841 } }
I20260601 13:35:07.523800 15288 leader_election.cc:290] T 2f3186bc8b044ca5a95a66312f073bca P 8d52277452d54596b0f49387f36c61c6 [CANDIDATE]: Term 1 pre-election: Requested pre-vote from peers ab55e624ac2b40278cf45d88aa5e0436 (127.10.113.129:46095), 88181c20844e4741aa413120f0f8cb80 (127.10.113.130:42429)
I20260601 13:35:07.524343 15086 tablet_service.cc:1917] Received RequestConsensusVote() RPC: tablet_id: "2f3186bc8b044ca5a95a66312f073bca" candidate_uuid: "8d52277452d54596b0f49387f36c61c6" candidate_term: 1 candidate_status { last_received { term: 0 index: 0 } } ignore_live_leader: false dest_uuid: "ab55e624ac2b40278cf45d88aa5e0436" is_pre_election: true
I20260601 13:35:07.524350 15162 tablet_service.cc:1917] Received RequestConsensusVote() RPC: tablet_id: "2f3186bc8b044ca5a95a66312f073bca" candidate_uuid: "8d52277452d54596b0f49387f36c61c6" candidate_term: 1 candidate_status { last_received { term: 0 index: 0 } } ignore_live_leader: false dest_uuid: "88181c20844e4741aa413120f0f8cb80" is_pre_election: true
I20260601 13:35:07.524528 15086 raft_consensus.cc:2468] T 2f3186bc8b044ca5a95a66312f073bca P ab55e624ac2b40278cf45d88aa5e0436 [term 0 FOLLOWER]: Leader pre-election vote request: Granting yes vote for candidate 8d52277452d54596b0f49387f36c61c6 in term 0.
I20260601 13:35:07.524565 15162 raft_consensus.cc:2468] T 2f3186bc8b044ca5a95a66312f073bca P 88181c20844e4741aa413120f0f8cb80 [term 0 FOLLOWER]: Leader pre-election vote request: Granting yes vote for candidate 8d52277452d54596b0f49387f36c61c6 in term 0.
I20260601 13:35:07.524916 15202 leader_election.cc:304] T 2f3186bc8b044ca5a95a66312f073bca P 8d52277452d54596b0f49387f36c61c6 [CANDIDATE]: Term 1 pre-election: Election decided. Result: candidate won. Election summary: received 2 responses out of 3 voters: 2 yes votes; 0 no votes. yes voters: 8d52277452d54596b0f49387f36c61c6, ab55e624ac2b40278cf45d88aa5e0436; no voters: 
I20260601 13:35:07.525121 15288 raft_consensus.cc:2804] T 2f3186bc8b044ca5a95a66312f073bca P 8d52277452d54596b0f49387f36c61c6 [term 0 FOLLOWER]: Leader pre-election won for term 1
I20260601 13:35:07.525189 15288 raft_consensus.cc:493] T 2f3186bc8b044ca5a95a66312f073bca P 8d52277452d54596b0f49387f36c61c6 [term 0 FOLLOWER]: Starting leader election (no leader contacted us within the election timeout)
I20260601 13:35:07.525223 15288 raft_consensus.cc:3060] T 2f3186bc8b044ca5a95a66312f073bca P 8d52277452d54596b0f49387f36c61c6 [term 0 FOLLOWER]: Advancing to term 1
I20260601 13:35:07.526181 15288 raft_consensus.cc:515] T 2f3186bc8b044ca5a95a66312f073bca P 8d52277452d54596b0f49387f36c61c6 [term 1 FOLLOWER]: Starting leader election with config: opid_index: -1 OBSOLETE_local: false peers { permanent_uuid: "ab55e624ac2b40278cf45d88aa5e0436" member_type: VOTER last_known_addr { host: "127.10.113.129" port: 46095 } } peers { permanent_uuid: "88181c20844e4741aa413120f0f8cb80" member_type: VOTER last_known_addr { host: "127.10.113.130" port: 42429 } } peers { permanent_uuid: "8d52277452d54596b0f49387f36c61c6" member_type: VOTER last_known_addr { host: "127.10.113.131" port: 32841 } }
I20260601 13:35:07.526638 15288 leader_election.cc:290] T 2f3186bc8b044ca5a95a66312f073bca P 8d52277452d54596b0f49387f36c61c6 [CANDIDATE]: Term 1 election: Requested vote from peers ab55e624ac2b40278cf45d88aa5e0436 (127.10.113.129:46095), 88181c20844e4741aa413120f0f8cb80 (127.10.113.130:42429)
I20260601 13:35:07.527051 15162 tablet_service.cc:1917] Received RequestConsensusVote() RPC: tablet_id: "2f3186bc8b044ca5a95a66312f073bca" candidate_uuid: "8d52277452d54596b0f49387f36c61c6" candidate_term: 1 candidate_status { last_received { term: 0 index: 0 } } ignore_live_leader: false dest_uuid: "88181c20844e4741aa413120f0f8cb80"
I20260601 13:35:07.527051 15086 tablet_service.cc:1917] Received RequestConsensusVote() RPC: tablet_id: "2f3186bc8b044ca5a95a66312f073bca" candidate_uuid: "8d52277452d54596b0f49387f36c61c6" candidate_term: 1 candidate_status { last_received { term: 0 index: 0 } } ignore_live_leader: false dest_uuid: "ab55e624ac2b40278cf45d88aa5e0436"
I20260601 13:35:07.527236 15162 raft_consensus.cc:3060] T 2f3186bc8b044ca5a95a66312f073bca P 88181c20844e4741aa413120f0f8cb80 [term 0 FOLLOWER]: Advancing to term 1
I20260601 13:35:07.527248 15086 raft_consensus.cc:3060] T 2f3186bc8b044ca5a95a66312f073bca P ab55e624ac2b40278cf45d88aa5e0436 [term 0 FOLLOWER]: Advancing to term 1
I20260601 13:35:07.528259 15162 raft_consensus.cc:2468] T 2f3186bc8b044ca5a95a66312f073bca P 88181c20844e4741aa413120f0f8cb80 [term 1 FOLLOWER]: Leader election vote request: Granting yes vote for candidate 8d52277452d54596b0f49387f36c61c6 in term 1.
I20260601 13:35:07.528259 15086 raft_consensus.cc:2468] T 2f3186bc8b044ca5a95a66312f073bca P ab55e624ac2b40278cf45d88aa5e0436 [term 1 FOLLOWER]: Leader election vote request: Granting yes vote for candidate 8d52277452d54596b0f49387f36c61c6 in term 1.
I20260601 13:35:07.528631 15204 leader_election.cc:304] T 2f3186bc8b044ca5a95a66312f073bca P 8d52277452d54596b0f49387f36c61c6 [CANDIDATE]: Term 1 election: Election decided. Result: candidate won. Election summary: received 2 responses out of 3 voters: 2 yes votes; 0 no votes. yes voters: 88181c20844e4741aa413120f0f8cb80, 8d52277452d54596b0f49387f36c61c6; no voters: 
I20260601 13:35:07.528920 15288 raft_consensus.cc:2804] T 2f3186bc8b044ca5a95a66312f073bca P 8d52277452d54596b0f49387f36c61c6 [term 1 FOLLOWER]: Leader election won for term 1
I20260601 13:35:07.529036 15288 raft_consensus.cc:697] T 2f3186bc8b044ca5a95a66312f073bca P 8d52277452d54596b0f49387f36c61c6 [term 1 LEADER]: Becoming Leader. State: Replica: 8d52277452d54596b0f49387f36c61c6, State: Running, Role: LEADER
I20260601 13:35:07.529198 15288 consensus_queue.cc:237] T 2f3186bc8b044ca5a95a66312f073bca P 8d52277452d54596b0f49387f36c61c6 [LEADER]: Queue going to LEADER mode. State: All replicated index: 0, Majority replicated index: 0, Committed index: 0, Last appended: 0.0, Last appended by leader: 0, Current term: 1, Majority size: 2, State: 0, Mode: LEADER, active raft config: opid_index: -1 OBSOLETE_local: false peers { permanent_uuid: "ab55e624ac2b40278cf45d88aa5e0436" member_type: VOTER last_known_addr { host: "127.10.113.129" port: 46095 } } peers { permanent_uuid: "88181c20844e4741aa413120f0f8cb80" member_type: VOTER last_known_addr { host: "127.10.113.130" port: 42429 } } peers { permanent_uuid: "8d52277452d54596b0f49387f36c61c6" member_type: VOTER last_known_addr { host: "127.10.113.131" port: 32841 } }
I20260601 13:35:07.530961 14983 catalog_manager.cc:5696] T 2f3186bc8b044ca5a95a66312f073bca P 8d52277452d54596b0f49387f36c61c6 reported cstate change: term changed from 0 to 1, leader changed from <none> to 8d52277452d54596b0f49387f36c61c6 (127.10.113.131). New cstate: current_term: 1 leader_uuid: "8d52277452d54596b0f49387f36c61c6" committed_config { opid_index: -1 OBSOLETE_local: false peers { permanent_uuid: "ab55e624ac2b40278cf45d88aa5e0436" member_type: VOTER last_known_addr { host: "127.10.113.129" port: 46095 } health_report { overall_health: UNKNOWN } } peers { permanent_uuid: "88181c20844e4741aa413120f0f8cb80" member_type: VOTER last_known_addr { host: "127.10.113.130" port: 42429 } health_report { overall_health: UNKNOWN } } peers { permanent_uuid: "8d52277452d54596b0f49387f36c61c6" member_type: VOTER last_known_addr { host: "127.10.113.131" port: 32841 } health_report { overall_health: HEALTHY } } }
I20260601 13:35:07.562984 15324 raft_consensus.cc:493] T ace43ae9b92444bc9b4bfa621cef07f8 P ab55e624ac2b40278cf45d88aa5e0436 [term 0 FOLLOWER]: Starting pre-election (no leader contacted us within the election timeout)
I20260601 13:35:07.563191 15324 raft_consensus.cc:515] T ace43ae9b92444bc9b4bfa621cef07f8 P ab55e624ac2b40278cf45d88aa5e0436 [term 0 FOLLOWER]: Starting pre-election with config: opid_index: -1 OBSOLETE_local: false peers { permanent_uuid: "ab55e624ac2b40278cf45d88aa5e0436" member_type: VOTER last_known_addr { host: "127.10.113.129" port: 46095 } } peers { permanent_uuid: "88181c20844e4741aa413120f0f8cb80" member_type: VOTER last_known_addr { host: "127.10.113.130" port: 42429 } } peers { permanent_uuid: "8d52277452d54596b0f49387f36c61c6" member_type: VOTER last_known_addr { host: "127.10.113.131" port: 32841 } }
I20260601 13:35:07.563720 15324 leader_election.cc:290] T ace43ae9b92444bc9b4bfa621cef07f8 P ab55e624ac2b40278cf45d88aa5e0436 [CANDIDATE]: Term 1 pre-election: Requested pre-vote from peers 88181c20844e4741aa413120f0f8cb80 (127.10.113.130:42429), 8d52277452d54596b0f49387f36c61c6 (127.10.113.131:32841)
I20260601 13:35:07.564232 15162 tablet_service.cc:1917] Received RequestConsensusVote() RPC: tablet_id: "ace43ae9b92444bc9b4bfa621cef07f8" candidate_uuid: "ab55e624ac2b40278cf45d88aa5e0436" candidate_term: 1 candidate_status { last_received { term: 0 index: 0 } } ignore_live_leader: false dest_uuid: "88181c20844e4741aa413120f0f8cb80" is_pre_election: true
I20260601 13:35:07.564227 15237 tablet_service.cc:1917] Received RequestConsensusVote() RPC: tablet_id: "ace43ae9b92444bc9b4bfa621cef07f8" candidate_uuid: "ab55e624ac2b40278cf45d88aa5e0436" candidate_term: 1 candidate_status { last_received { term: 0 index: 0 } } ignore_live_leader: false dest_uuid: "8d52277452d54596b0f49387f36c61c6" is_pre_election: true
I20260601 13:35:07.564388 15162 raft_consensus.cc:2468] T ace43ae9b92444bc9b4bfa621cef07f8 P 88181c20844e4741aa413120f0f8cb80 [term 0 FOLLOWER]: Leader pre-election vote request: Granting yes vote for candidate ab55e624ac2b40278cf45d88aa5e0436 in term 0.
I20260601 13:35:07.564448 15237 raft_consensus.cc:2468] T ace43ae9b92444bc9b4bfa621cef07f8 P 8d52277452d54596b0f49387f36c61c6 [term 0 FOLLOWER]: Leader pre-election vote request: Granting yes vote for candidate ab55e624ac2b40278cf45d88aa5e0436 in term 0.
I20260601 13:35:07.564729 15053 leader_election.cc:304] T ace43ae9b92444bc9b4bfa621cef07f8 P ab55e624ac2b40278cf45d88aa5e0436 [CANDIDATE]: Term 1 pre-election: Election decided. Result: candidate won. Election summary: received 2 responses out of 3 voters: 2 yes votes; 0 no votes. yes voters: 88181c20844e4741aa413120f0f8cb80, ab55e624ac2b40278cf45d88aa5e0436; no voters: 
I20260601 13:35:07.564747 15318 raft_consensus.cc:493] T 50447abffd42481b93695523fcf107a0 P 88181c20844e4741aa413120f0f8cb80 [term 0 FOLLOWER]: Starting pre-election (no leader contacted us within the election timeout)
I20260601 13:35:07.564949 15324 raft_consensus.cc:2804] T ace43ae9b92444bc9b4bfa621cef07f8 P ab55e624ac2b40278cf45d88aa5e0436 [term 0 FOLLOWER]: Leader pre-election won for term 1
I20260601 13:35:07.564921 15318 raft_consensus.cc:515] T 50447abffd42481b93695523fcf107a0 P 88181c20844e4741aa413120f0f8cb80 [term 0 FOLLOWER]: Starting pre-election with config: opid_index: -1 OBSOLETE_local: false peers { permanent_uuid: "ab55e624ac2b40278cf45d88aa5e0436" member_type: VOTER last_known_addr { host: "127.10.113.129" port: 46095 } } peers { permanent_uuid: "88181c20844e4741aa413120f0f8cb80" member_type: VOTER last_known_addr { host: "127.10.113.130" port: 42429 } } peers { permanent_uuid: "8d52277452d54596b0f49387f36c61c6" member_type: VOTER last_known_addr { host: "127.10.113.131" port: 32841 } }
I20260601 13:35:07.564998 15324 raft_consensus.cc:493] T ace43ae9b92444bc9b4bfa621cef07f8 P ab55e624ac2b40278cf45d88aa5e0436 [term 0 FOLLOWER]: Starting leader election (no leader contacted us within the election timeout)
I20260601 13:35:07.565035 15324 raft_consensus.cc:3060] T ace43ae9b92444bc9b4bfa621cef07f8 P ab55e624ac2b40278cf45d88aa5e0436 [term 0 FOLLOWER]: Advancing to term 1
I20260601 13:35:07.565330 15318 leader_election.cc:290] T 50447abffd42481b93695523fcf107a0 P 88181c20844e4741aa413120f0f8cb80 [CANDIDATE]: Term 1 pre-election: Requested pre-vote from peers ab55e624ac2b40278cf45d88aa5e0436 (127.10.113.129:46095), 8d52277452d54596b0f49387f36c61c6 (127.10.113.131:32841)
I20260601 13:35:07.565725 15086 tablet_service.cc:1917] Received RequestConsensusVote() RPC: tablet_id: "50447abffd42481b93695523fcf107a0" candidate_uuid: "88181c20844e4741aa413120f0f8cb80" candidate_term: 1 candidate_status { last_received { term: 0 index: 0 } } ignore_live_leader: false dest_uuid: "ab55e624ac2b40278cf45d88aa5e0436" is_pre_election: true
I20260601 13:35:07.565723 15237 tablet_service.cc:1917] Received RequestConsensusVote() RPC: tablet_id: "50447abffd42481b93695523fcf107a0" candidate_uuid: "88181c20844e4741aa413120f0f8cb80" candidate_term: 1 candidate_status { last_received { term: 0 index: 0 } } ignore_live_leader: false dest_uuid: "8d52277452d54596b0f49387f36c61c6" is_pre_election: true
I20260601 13:35:07.565886 15086 raft_consensus.cc:2468] T 50447abffd42481b93695523fcf107a0 P ab55e624ac2b40278cf45d88aa5e0436 [term 0 FOLLOWER]: Leader pre-election vote request: Granting yes vote for candidate 88181c20844e4741aa413120f0f8cb80 in term 0.
I20260601 13:35:07.565900 15237 raft_consensus.cc:2468] T 50447abffd42481b93695523fcf107a0 P 8d52277452d54596b0f49387f36c61c6 [term 0 FOLLOWER]: Leader pre-election vote request: Granting yes vote for candidate 88181c20844e4741aa413120f0f8cb80 in term 0.
I20260601 13:35:07.566183 15127 leader_election.cc:304] T 50447abffd42481b93695523fcf107a0 P 88181c20844e4741aa413120f0f8cb80 [CANDIDATE]: Term 1 pre-election: Election decided. Result: candidate won. Election summary: received 2 responses out of 3 voters: 2 yes votes; 0 no votes. yes voters: 88181c20844e4741aa413120f0f8cb80, 8d52277452d54596b0f49387f36c61c6; no voters: 
I20260601 13:35:07.566282 15324 raft_consensus.cc:515] T ace43ae9b92444bc9b4bfa621cef07f8 P ab55e624ac2b40278cf45d88aa5e0436 [term 1 FOLLOWER]: Starting leader election with config: opid_index: -1 OBSOLETE_local: false peers { permanent_uuid: "ab55e624ac2b40278cf45d88aa5e0436" member_type: VOTER last_known_addr { host: "127.10.113.129" port: 46095 } } peers { permanent_uuid: "88181c20844e4741aa413120f0f8cb80" member_type: VOTER last_known_addr { host: "127.10.113.130" port: 42429 } } peers { permanent_uuid: "8d52277452d54596b0f49387f36c61c6" member_type: VOTER last_known_addr { host: "127.10.113.131" port: 32841 } }
I20260601 13:35:07.566352 15318 raft_consensus.cc:2804] T 50447abffd42481b93695523fcf107a0 P 88181c20844e4741aa413120f0f8cb80 [term 0 FOLLOWER]: Leader pre-election won for term 1
I20260601 13:35:07.566424 15318 raft_consensus.cc:493] T 50447abffd42481b93695523fcf107a0 P 88181c20844e4741aa413120f0f8cb80 [term 0 FOLLOWER]: Starting leader election (no leader contacted us within the election timeout)
I20260601 13:35:07.566479 15318 raft_consensus.cc:3060] T 50447abffd42481b93695523fcf107a0 P 88181c20844e4741aa413120f0f8cb80 [term 0 FOLLOWER]: Advancing to term 1
I20260601 13:35:07.566702 15324 leader_election.cc:290] T ace43ae9b92444bc9b4bfa621cef07f8 P ab55e624ac2b40278cf45d88aa5e0436 [CANDIDATE]: Term 1 election: Requested vote from peers 88181c20844e4741aa413120f0f8cb80 (127.10.113.130:42429), 8d52277452d54596b0f49387f36c61c6 (127.10.113.131:32841)
I20260601 13:35:07.566962 15162 tablet_service.cc:1917] Received RequestConsensusVote() RPC: tablet_id: "ace43ae9b92444bc9b4bfa621cef07f8" candidate_uuid: "ab55e624ac2b40278cf45d88aa5e0436" candidate_term: 1 candidate_status { last_received { term: 0 index: 0 } } ignore_live_leader: false dest_uuid: "88181c20844e4741aa413120f0f8cb80"
I20260601 13:35:07.566979 15237 tablet_service.cc:1917] Received RequestConsensusVote() RPC: tablet_id: "ace43ae9b92444bc9b4bfa621cef07f8" candidate_uuid: "ab55e624ac2b40278cf45d88aa5e0436" candidate_term: 1 candidate_status { last_received { term: 0 index: 0 } } ignore_live_leader: false dest_uuid: "8d52277452d54596b0f49387f36c61c6"
I20260601 13:35:07.567122 15237 raft_consensus.cc:3060] T ace43ae9b92444bc9b4bfa621cef07f8 P 8d52277452d54596b0f49387f36c61c6 [term 0 FOLLOWER]: Advancing to term 1
I20260601 13:35:07.567107 15162 raft_consensus.cc:3060] T ace43ae9b92444bc9b4bfa621cef07f8 P 88181c20844e4741aa413120f0f8cb80 [term 0 FOLLOWER]: Advancing to term 1
I20260601 13:35:07.567569 15318 raft_consensus.cc:515] T 50447abffd42481b93695523fcf107a0 P 88181c20844e4741aa413120f0f8cb80 [term 1 FOLLOWER]: Starting leader election with config: opid_index: -1 OBSOLETE_local: false peers { permanent_uuid: "ab55e624ac2b40278cf45d88aa5e0436" member_type: VOTER last_known_addr { host: "127.10.113.129" port: 46095 } } peers { permanent_uuid: "88181c20844e4741aa413120f0f8cb80" member_type: VOTER last_known_addr { host: "127.10.113.130" port: 42429 } } peers { permanent_uuid: "8d52277452d54596b0f49387f36c61c6" member_type: VOTER last_known_addr { host: "127.10.113.131" port: 32841 } }
I20260601 13:35:07.567895 15318 leader_election.cc:290] T 50447abffd42481b93695523fcf107a0 P 88181c20844e4741aa413120f0f8cb80 [CANDIDATE]: Term 1 election: Requested vote from peers ab55e624ac2b40278cf45d88aa5e0436 (127.10.113.129:46095), 8d52277452d54596b0f49387f36c61c6 (127.10.113.131:32841)
I20260601 13:35:07.567952 15237 raft_consensus.cc:2468] T ace43ae9b92444bc9b4bfa621cef07f8 P 8d52277452d54596b0f49387f36c61c6 [term 1 FOLLOWER]: Leader election vote request: Granting yes vote for candidate ab55e624ac2b40278cf45d88aa5e0436 in term 1.
I20260601 13:35:07.568130 15162 raft_consensus.cc:2468] T ace43ae9b92444bc9b4bfa621cef07f8 P 88181c20844e4741aa413120f0f8cb80 [term 1 FOLLOWER]: Leader election vote request: Granting yes vote for candidate ab55e624ac2b40278cf45d88aa5e0436 in term 1.
I20260601 13:35:07.568224 15051 leader_election.cc:304] T ace43ae9b92444bc9b4bfa621cef07f8 P ab55e624ac2b40278cf45d88aa5e0436 [CANDIDATE]: Term 1 election: Election decided. Result: candidate won. Election summary: received 2 responses out of 3 voters: 2 yes votes; 0 no votes. yes voters: 8d52277452d54596b0f49387f36c61c6, ab55e624ac2b40278cf45d88aa5e0436; no voters: 
I20260601 13:35:07.568333 15086 tablet_service.cc:1917] Received RequestConsensusVote() RPC: tablet_id: "50447abffd42481b93695523fcf107a0" candidate_uuid: "88181c20844e4741aa413120f0f8cb80" candidate_term: 1 candidate_status { last_received { term: 0 index: 0 } } ignore_live_leader: false dest_uuid: "ab55e624ac2b40278cf45d88aa5e0436"
I20260601 13:35:07.568420 15324 raft_consensus.cc:2804] T ace43ae9b92444bc9b4bfa621cef07f8 P ab55e624ac2b40278cf45d88aa5e0436 [term 1 FOLLOWER]: Leader election won for term 1
I20260601 13:35:07.568445 15086 raft_consensus.cc:3060] T 50447abffd42481b93695523fcf107a0 P ab55e624ac2b40278cf45d88aa5e0436 [term 0 FOLLOWER]: Advancing to term 1
I20260601 13:35:07.568454 15237 tablet_service.cc:1917] Received RequestConsensusVote() RPC: tablet_id: "50447abffd42481b93695523fcf107a0" candidate_uuid: "88181c20844e4741aa413120f0f8cb80" candidate_term: 1 candidate_status { last_received { term: 0 index: 0 } } ignore_live_leader: false dest_uuid: "8d52277452d54596b0f49387f36c61c6"
I20260601 13:35:07.568511 15324 raft_consensus.cc:697] T ace43ae9b92444bc9b4bfa621cef07f8 P ab55e624ac2b40278cf45d88aa5e0436 [term 1 LEADER]: Becoming Leader. State: Replica: ab55e624ac2b40278cf45d88aa5e0436, State: Running, Role: LEADER
I20260601 13:35:07.568567 15237 raft_consensus.cc:3060] T 50447abffd42481b93695523fcf107a0 P 8d52277452d54596b0f49387f36c61c6 [term 0 FOLLOWER]: Advancing to term 1
I20260601 13:35:07.568640 15324 consensus_queue.cc:237] T ace43ae9b92444bc9b4bfa621cef07f8 P ab55e624ac2b40278cf45d88aa5e0436 [LEADER]: Queue going to LEADER mode. State: All replicated index: 0, Majority replicated index: 0, Committed index: 0, Last appended: 0.0, Last appended by leader: 0, Current term: 1, Majority size: 2, State: 0, Mode: LEADER, active raft config: opid_index: -1 OBSOLETE_local: false peers { permanent_uuid: "ab55e624ac2b40278cf45d88aa5e0436" member_type: VOTER last_known_addr { host: "127.10.113.129" port: 46095 } } peers { permanent_uuid: "88181c20844e4741aa413120f0f8cb80" member_type: VOTER last_known_addr { host: "127.10.113.130" port: 42429 } } peers { permanent_uuid: "8d52277452d54596b0f49387f36c61c6" member_type: VOTER last_known_addr { host: "127.10.113.131" port: 32841 } }
I20260601 13:35:07.569294 15086 raft_consensus.cc:2468] T 50447abffd42481b93695523fcf107a0 P ab55e624ac2b40278cf45d88aa5e0436 [term 1 FOLLOWER]: Leader election vote request: Granting yes vote for candidate 88181c20844e4741aa413120f0f8cb80 in term 1.
I20260601 13:35:07.569415 15237 raft_consensus.cc:2468] T 50447abffd42481b93695523fcf107a0 P 8d52277452d54596b0f49387f36c61c6 [term 1 FOLLOWER]: Leader election vote request: Granting yes vote for candidate 88181c20844e4741aa413120f0f8cb80 in term 1.
I20260601 13:35:07.569614 15127 leader_election.cc:304] T 50447abffd42481b93695523fcf107a0 P 88181c20844e4741aa413120f0f8cb80 [CANDIDATE]: Term 1 election: Election decided. Result: candidate won. Election summary: received 2 responses out of 3 voters: 2 yes votes; 0 no votes. yes voters: 88181c20844e4741aa413120f0f8cb80, ab55e624ac2b40278cf45d88aa5e0436; no voters: 
I20260601 13:35:07.569944 15318 raft_consensus.cc:2804] T 50447abffd42481b93695523fcf107a0 P 88181c20844e4741aa413120f0f8cb80 [term 1 FOLLOWER]: Leader election won for term 1
I20260601 13:35:07.570041 15318 raft_consensus.cc:697] T 50447abffd42481b93695523fcf107a0 P 88181c20844e4741aa413120f0f8cb80 [term 1 LEADER]: Becoming Leader. State: Replica: 88181c20844e4741aa413120f0f8cb80, State: Running, Role: LEADER
I20260601 13:35:07.570158 15318 consensus_queue.cc:237] T 50447abffd42481b93695523fcf107a0 P 88181c20844e4741aa413120f0f8cb80 [LEADER]: Queue going to LEADER mode. State: All replicated index: 0, Majority replicated index: 0, Committed index: 0, Last appended: 0.0, Last appended by leader: 0, Current term: 1, Majority size: 2, State: 0, Mode: LEADER, active raft config: opid_index: -1 OBSOLETE_local: false peers { permanent_uuid: "ab55e624ac2b40278cf45d88aa5e0436" member_type: VOTER last_known_addr { host: "127.10.113.129" port: 46095 } } peers { permanent_uuid: "88181c20844e4741aa413120f0f8cb80" member_type: VOTER last_known_addr { host: "127.10.113.130" port: 42429 } } peers { permanent_uuid: "8d52277452d54596b0f49387f36c61c6" member_type: VOTER last_known_addr { host: "127.10.113.131" port: 32841 } }
I20260601 13:35:07.570802 14983 catalog_manager.cc:5696] T ace43ae9b92444bc9b4bfa621cef07f8 P ab55e624ac2b40278cf45d88aa5e0436 reported cstate change: term changed from 0 to 1, leader changed from <none> to ab55e624ac2b40278cf45d88aa5e0436 (127.10.113.129). New cstate: current_term: 1 leader_uuid: "ab55e624ac2b40278cf45d88aa5e0436" committed_config { opid_index: -1 OBSOLETE_local: false peers { permanent_uuid: "ab55e624ac2b40278cf45d88aa5e0436" member_type: VOTER last_known_addr { host: "127.10.113.129" port: 46095 } health_report { overall_health: HEALTHY } } peers { permanent_uuid: "88181c20844e4741aa413120f0f8cb80" member_type: VOTER last_known_addr { host: "127.10.113.130" port: 42429 } health_report { overall_health: UNKNOWN } } peers { permanent_uuid: "8d52277452d54596b0f49387f36c61c6" member_type: VOTER last_known_addr { host: "127.10.113.131" port: 32841 } health_report { overall_health: UNKNOWN } } }
I20260601 13:35:07.571676 14984 catalog_manager.cc:5696] T 50447abffd42481b93695523fcf107a0 P 88181c20844e4741aa413120f0f8cb80 reported cstate change: term changed from 0 to 1, leader changed from <none> to 88181c20844e4741aa413120f0f8cb80 (127.10.113.130). New cstate: current_term: 1 leader_uuid: "88181c20844e4741aa413120f0f8cb80" committed_config { opid_index: -1 OBSOLETE_local: false peers { permanent_uuid: "ab55e624ac2b40278cf45d88aa5e0436" member_type: VOTER last_known_addr { host: "127.10.113.129" port: 46095 } health_report { overall_health: UNKNOWN } } peers { permanent_uuid: "88181c20844e4741aa413120f0f8cb80" member_type: VOTER last_known_addr { host: "127.10.113.130" port: 42429 } health_report { overall_health: HEALTHY } } peers { permanent_uuid: "8d52277452d54596b0f49387f36c61c6" member_type: VOTER last_known_addr { host: "127.10.113.131" port: 32841 } health_report { overall_health: UNKNOWN } } }
I20260601 13:35:07.586328 15324 raft_consensus.cc:493] T 1a70d76787324e47b12b055f4ada6c37 P ab55e624ac2b40278cf45d88aa5e0436 [term 0 FOLLOWER]: Starting pre-election (no leader contacted us within the election timeout)
I20260601 13:35:07.586516 15324 raft_consensus.cc:515] T 1a70d76787324e47b12b055f4ada6c37 P ab55e624ac2b40278cf45d88aa5e0436 [term 0 FOLLOWER]: Starting pre-election with config: opid_index: -1 OBSOLETE_local: false peers { permanent_uuid: "ab55e624ac2b40278cf45d88aa5e0436" member_type: VOTER last_known_addr { host: "127.10.113.129" port: 46095 } } peers { permanent_uuid: "88181c20844e4741aa413120f0f8cb80" member_type: VOTER last_known_addr { host: "127.10.113.130" port: 42429 } } peers { permanent_uuid: "8d52277452d54596b0f49387f36c61c6" member_type: VOTER last_known_addr { host: "127.10.113.131" port: 32841 } }
I20260601 13:35:07.587037 15324 leader_election.cc:290] T 1a70d76787324e47b12b055f4ada6c37 P ab55e624ac2b40278cf45d88aa5e0436 [CANDIDATE]: Term 1 pre-election: Requested pre-vote from peers 88181c20844e4741aa413120f0f8cb80 (127.10.113.130:42429), 8d52277452d54596b0f49387f36c61c6 (127.10.113.131:32841)
I20260601 13:35:07.587267 15162 tablet_service.cc:1917] Received RequestConsensusVote() RPC: tablet_id: "1a70d76787324e47b12b055f4ada6c37" candidate_uuid: "ab55e624ac2b40278cf45d88aa5e0436" candidate_term: 1 candidate_status { last_received { term: 0 index: 0 } } ignore_live_leader: false dest_uuid: "88181c20844e4741aa413120f0f8cb80" is_pre_election: true
I20260601 13:35:07.587407 15162 raft_consensus.cc:2468] T 1a70d76787324e47b12b055f4ada6c37 P 88181c20844e4741aa413120f0f8cb80 [term 0 FOLLOWER]: Leader pre-election vote request: Granting yes vote for candidate ab55e624ac2b40278cf45d88aa5e0436 in term 0.
I20260601 13:35:07.587412 15237 tablet_service.cc:1917] Received RequestConsensusVote() RPC: tablet_id: "1a70d76787324e47b12b055f4ada6c37" candidate_uuid: "ab55e624ac2b40278cf45d88aa5e0436" candidate_term: 1 candidate_status { last_received { term: 0 index: 0 } } ignore_live_leader: false dest_uuid: "8d52277452d54596b0f49387f36c61c6" is_pre_election: true
I20260601 13:35:07.587625 15237 raft_consensus.cc:2468] T 1a70d76787324e47b12b055f4ada6c37 P 8d52277452d54596b0f49387f36c61c6 [term 0 FOLLOWER]: Leader pre-election vote request: Granting yes vote for candidate ab55e624ac2b40278cf45d88aa5e0436 in term 0.
I20260601 13:35:07.587745 15053 leader_election.cc:304] T 1a70d76787324e47b12b055f4ada6c37 P ab55e624ac2b40278cf45d88aa5e0436 [CANDIDATE]: Term 1 pre-election: Election decided. Result: candidate won. Election summary: received 2 responses out of 3 voters: 2 yes votes; 0 no votes. yes voters: 88181c20844e4741aa413120f0f8cb80, ab55e624ac2b40278cf45d88aa5e0436; no voters: 
I20260601 13:35:07.587922 15324 raft_consensus.cc:2804] T 1a70d76787324e47b12b055f4ada6c37 P ab55e624ac2b40278cf45d88aa5e0436 [term 0 FOLLOWER]: Leader pre-election won for term 1
I20260601 13:35:07.588006 15324 raft_consensus.cc:493] T 1a70d76787324e47b12b055f4ada6c37 P ab55e624ac2b40278cf45d88aa5e0436 [term 0 FOLLOWER]: Starting leader election (no leader contacted us within the election timeout)
I20260601 13:35:07.588063 15324 raft_consensus.cc:3060] T 1a70d76787324e47b12b055f4ada6c37 P ab55e624ac2b40278cf45d88aa5e0436 [term 0 FOLLOWER]: Advancing to term 1
I20260601 13:35:07.589026 15324 raft_consensus.cc:515] T 1a70d76787324e47b12b055f4ada6c37 P ab55e624ac2b40278cf45d88aa5e0436 [term 1 FOLLOWER]: Starting leader election with config: opid_index: -1 OBSOLETE_local: false peers { permanent_uuid: "ab55e624ac2b40278cf45d88aa5e0436" member_type: VOTER last_known_addr { host: "127.10.113.129" port: 46095 } } peers { permanent_uuid: "88181c20844e4741aa413120f0f8cb80" member_type: VOTER last_known_addr { host: "127.10.113.130" port: 42429 } } peers { permanent_uuid: "8d52277452d54596b0f49387f36c61c6" member_type: VOTER last_known_addr { host: "127.10.113.131" port: 32841 } }
