I20260601 13:33:25.676661 16502 raft_consensus.cc:359] T 595694ca8601476784381da32572c4cb P 01716063480a442195fe9bc2c4bd7c7d [term 0 FOLLOWER]: Replica starting. Triggering 0 pending ops. Active config: opid_index: -1 OBSOLETE_local: false peers { permanent_uuid: "01716063480a442195fe9bc2c4bd7c7d" member_type: VOTER last_known_addr { host: "127.15.67.193" port: 39813 } } peers { permanent_uuid: "7c01b3df72cb4b8c93b35b10e7e7c4bd" member_type: VOTER last_known_addr { host: "127.15.67.194" port: 45025 } } peers { permanent_uuid: "31981eceb3f04e05ab9c008fed4a62ae" member_type: VOTER last_known_addr { host: "127.15.67.195" port: 35233 } }
I20260601 13:33:25.676765 16502 raft_consensus.cc:385] T 595694ca8601476784381da32572c4cb P 01716063480a442195fe9bc2c4bd7c7d [term 0 FOLLOWER]: Consensus starting up: Expiring failure detector timer to make a prompt election more likely
I20260601 13:33:25.676913 16502 raft_consensus.cc:740] T 595694ca8601476784381da32572c4cb P 01716063480a442195fe9bc2c4bd7c7d [term 0 FOLLOWER]: Becoming Follower/Learner. State: Replica: 01716063480a442195fe9bc2c4bd7c7d, State: Initialized, Role: FOLLOWER
I20260601 13:33:25.677093 16502 consensus_queue.cc:260] T 595694ca8601476784381da32572c4cb P 01716063480a442195fe9bc2c4bd7c7d [NON_LEADER]: Queue going to NON_LEADER mode. State: All replicated index: 0, Majority replicated index: 0, Committed index: 0, Last appended: 0.0, Last appended by leader: 0, Current term: 0, Majority size: -1, State: 0, Mode: NON_LEADER, active raft config: opid_index: -1 OBSOLETE_local: false peers { permanent_uuid: "01716063480a442195fe9bc2c4bd7c7d" member_type: VOTER last_known_addr { host: "127.15.67.193" port: 39813 } } peers { permanent_uuid: "7c01b3df72cb4b8c93b35b10e7e7c4bd" member_type: VOTER last_known_addr { host: "127.15.67.194" port: 45025 } } peers { permanent_uuid: "31981eceb3f04e05ab9c008fed4a62ae" member_type: VOTER last_known_addr { host: "127.15.67.195" port: 35233 } }
I20260601 13:33:25.677467 16502 ts_tablet_manager.cc:1434] T 595694ca8601476784381da32572c4cb P 01716063480a442195fe9bc2c4bd7c7d: Time spent starting tablet: real 0.001s	user 0.000s	sys 0.001s
I20260601 13:33:25.677639 16503 tablet_bootstrap.cc:492] T 13735f59a80e4a3b92b46ec738a553c1 P 7c01b3df72cb4b8c93b35b10e7e7c4bd: No bootstrap required, opened a new log
I20260601 13:33:25.677650 16502 tablet_bootstrap.cc:492] T 13735f59a80e4a3b92b46ec738a553c1 P 01716063480a442195fe9bc2c4bd7c7d: Bootstrap starting.
I20260601 13:33:25.677759 16503 ts_tablet_manager.cc:1403] T 13735f59a80e4a3b92b46ec738a553c1 P 7c01b3df72cb4b8c93b35b10e7e7c4bd: Time spent bootstrapping tablet: real 0.003s	user 0.002s	sys 0.000s
I20260601 13:33:25.678144 16503 raft_consensus.cc:359] T 13735f59a80e4a3b92b46ec738a553c1 P 7c01b3df72cb4b8c93b35b10e7e7c4bd [term 0 FOLLOWER]: Replica starting. Triggering 0 pending ops. Active config: opid_index: -1 OBSOLETE_local: false peers { permanent_uuid: "01716063480a442195fe9bc2c4bd7c7d" member_type: VOTER last_known_addr { host: "127.15.67.193" port: 39813 } } peers { permanent_uuid: "7c01b3df72cb4b8c93b35b10e7e7c4bd" member_type: VOTER last_known_addr { host: "127.15.67.194" port: 45025 } } peers { permanent_uuid: "31981eceb3f04e05ab9c008fed4a62ae" member_type: VOTER last_known_addr { host: "127.15.67.195" port: 35233 } }
I20260601 13:33:25.678308 16503 raft_consensus.cc:385] T 13735f59a80e4a3b92b46ec738a553c1 P 7c01b3df72cb4b8c93b35b10e7e7c4bd [term 0 FOLLOWER]: Consensus starting up: Expiring failure detector timer to make a prompt election more likely
I20260601 13:33:25.678351 16503 raft_consensus.cc:740] T 13735f59a80e4a3b92b46ec738a553c1 P 7c01b3df72cb4b8c93b35b10e7e7c4bd [term 0 FOLLOWER]: Becoming Follower/Learner. State: Replica: 7c01b3df72cb4b8c93b35b10e7e7c4bd, State: Initialized, Role: FOLLOWER
I20260601 13:33:25.678467 16503 consensus_queue.cc:260] T 13735f59a80e4a3b92b46ec738a553c1 P 7c01b3df72cb4b8c93b35b10e7e7c4bd [NON_LEADER]: Queue going to NON_LEADER mode. State: All replicated index: 0, Majority replicated index: 0, Committed index: 0, Last appended: 0.0, Last appended by leader: 0, Current term: 0, Majority size: -1, State: 0, Mode: NON_LEADER, active raft config: opid_index: -1 OBSOLETE_local: false peers { permanent_uuid: "01716063480a442195fe9bc2c4bd7c7d" member_type: VOTER last_known_addr { host: "127.15.67.193" port: 39813 } } peers { permanent_uuid: "7c01b3df72cb4b8c93b35b10e7e7c4bd" member_type: VOTER last_known_addr { host: "127.15.67.194" port: 45025 } } peers { permanent_uuid: "31981eceb3f04e05ab9c008fed4a62ae" member_type: VOTER last_known_addr { host: "127.15.67.195" port: 35233 } }
I20260601 13:33:25.678771 16503 ts_tablet_manager.cc:1434] T 13735f59a80e4a3b92b46ec738a553c1 P 7c01b3df72cb4b8c93b35b10e7e7c4bd: Time spent starting tablet: real 0.001s	user 0.001s	sys 0.000s
I20260601 13:33:25.678824 16502 tablet_bootstrap.cc:654] T 13735f59a80e4a3b92b46ec738a553c1 P 01716063480a442195fe9bc2c4bd7c7d: Neither blocks nor log segments found. Creating new log.
I20260601 13:33:25.678956 16503 tablet_bootstrap.cc:492] T e19aaa9e60ea441d9345a8e5f79a8ef0 P 7c01b3df72cb4b8c93b35b10e7e7c4bd: Bootstrap starting.
I20260601 13:33:25.680090 16503 tablet_bootstrap.cc:654] T e19aaa9e60ea441d9345a8e5f79a8ef0 P 7c01b3df72cb4b8c93b35b10e7e7c4bd: Neither blocks nor log segments found. Creating new log.
I20260601 13:33:25.680132 16501 tablet_bootstrap.cc:492] T a1989bbfbf4c4e08890862a1979c59fa P 31981eceb3f04e05ab9c008fed4a62ae: No bootstrap required, opened a new log
I20260601 13:33:25.680238 16501 ts_tablet_manager.cc:1403] T a1989bbfbf4c4e08890862a1979c59fa P 31981eceb3f04e05ab9c008fed4a62ae: Time spent bootstrapping tablet: real 0.006s	user 0.002s	sys 0.000s
I20260601 13:33:25.680737 16501 raft_consensus.cc:359] T a1989bbfbf4c4e08890862a1979c59fa P 31981eceb3f04e05ab9c008fed4a62ae [term 0 FOLLOWER]: Replica starting. Triggering 0 pending ops. Active config: opid_index: -1 OBSOLETE_local: false peers { permanent_uuid: "01716063480a442195fe9bc2c4bd7c7d" member_type: VOTER last_known_addr { host: "127.15.67.193" port: 39813 } } peers { permanent_uuid: "7c01b3df72cb4b8c93b35b10e7e7c4bd" member_type: VOTER last_known_addr { host: "127.15.67.194" port: 45025 } } peers { permanent_uuid: "31981eceb3f04e05ab9c008fed4a62ae" member_type: VOTER last_known_addr { host: "127.15.67.195" port: 35233 } }
I20260601 13:33:25.680845 16501 raft_consensus.cc:385] T a1989bbfbf4c4e08890862a1979c59fa P 31981eceb3f04e05ab9c008fed4a62ae [term 0 FOLLOWER]: Consensus starting up: Expiring failure detector timer to make a prompt election more likely
I20260601 13:33:25.680886 16501 raft_consensus.cc:740] T a1989bbfbf4c4e08890862a1979c59fa P 31981eceb3f04e05ab9c008fed4a62ae [term 0 FOLLOWER]: Becoming Follower/Learner. State: Replica: 31981eceb3f04e05ab9c008fed4a62ae, State: Initialized, Role: FOLLOWER
I20260601 13:33:25.680984 16502 tablet_bootstrap.cc:492] T 13735f59a80e4a3b92b46ec738a553c1 P 01716063480a442195fe9bc2c4bd7c7d: No bootstrap required, opened a new log
I20260601 13:33:25.681010 16501 consensus_queue.cc:260] T a1989bbfbf4c4e08890862a1979c59fa P 31981eceb3f04e05ab9c008fed4a62ae [NON_LEADER]: Queue going to NON_LEADER mode. State: All replicated index: 0, Majority replicated index: 0, Committed index: 0, Last appended: 0.0, Last appended by leader: 0, Current term: 0, Majority size: -1, State: 0, Mode: NON_LEADER, active raft config: opid_index: -1 OBSOLETE_local: false peers { permanent_uuid: "01716063480a442195fe9bc2c4bd7c7d" member_type: VOTER last_known_addr { host: "127.15.67.193" port: 39813 } } peers { permanent_uuid: "7c01b3df72cb4b8c93b35b10e7e7c4bd" member_type: VOTER last_known_addr { host: "127.15.67.194" port: 45025 } } peers { permanent_uuid: "31981eceb3f04e05ab9c008fed4a62ae" member_type: VOTER last_known_addr { host: "127.15.67.195" port: 35233 } }
I20260601 13:33:25.681061 16502 ts_tablet_manager.cc:1403] T 13735f59a80e4a3b92b46ec738a553c1 P 01716063480a442195fe9bc2c4bd7c7d: Time spent bootstrapping tablet: real 0.003s	user 0.001s	sys 0.001s
I20260601 13:33:25.681264 16503 tablet_bootstrap.cc:492] T e19aaa9e60ea441d9345a8e5f79a8ef0 P 7c01b3df72cb4b8c93b35b10e7e7c4bd: No bootstrap required, opened a new log
I20260601 13:33:25.681330 16501 ts_tablet_manager.cc:1434] T a1989bbfbf4c4e08890862a1979c59fa P 31981eceb3f04e05ab9c008fed4a62ae: Time spent starting tablet: real 0.001s	user 0.001s	sys 0.000s
I20260601 13:33:25.681348 16503 ts_tablet_manager.cc:1403] T e19aaa9e60ea441d9345a8e5f79a8ef0 P 7c01b3df72cb4b8c93b35b10e7e7c4bd: Time spent bootstrapping tablet: real 0.002s	user 0.002s	sys 0.000s
I20260601 13:33:25.681495 16501 tablet_bootstrap.cc:492] T 27c35eff441042f3938c7d823fd24451 P 31981eceb3f04e05ab9c008fed4a62ae: Bootstrap starting.
I20260601 13:33:25.681495 16502 raft_consensus.cc:359] T 13735f59a80e4a3b92b46ec738a553c1 P 01716063480a442195fe9bc2c4bd7c7d [term 0 FOLLOWER]: Replica starting. Triggering 0 pending ops. Active config: opid_index: -1 OBSOLETE_local: false peers { permanent_uuid: "01716063480a442195fe9bc2c4bd7c7d" member_type: VOTER last_known_addr { host: "127.15.67.193" port: 39813 } } peers { permanent_uuid: "7c01b3df72cb4b8c93b35b10e7e7c4bd" member_type: VOTER last_known_addr { host: "127.15.67.194" port: 45025 } } peers { permanent_uuid: "31981eceb3f04e05ab9c008fed4a62ae" member_type: VOTER last_known_addr { host: "127.15.67.195" port: 35233 } }
I20260601 13:33:25.681627 16502 raft_consensus.cc:385] T 13735f59a80e4a3b92b46ec738a553c1 P 01716063480a442195fe9bc2c4bd7c7d [term 0 FOLLOWER]: Consensus starting up: Expiring failure detector timer to make a prompt election more likely
I20260601 13:33:25.681658 16502 raft_consensus.cc:740] T 13735f59a80e4a3b92b46ec738a553c1 P 01716063480a442195fe9bc2c4bd7c7d [term 0 FOLLOWER]: Becoming Follower/Learner. State: Replica: 01716063480a442195fe9bc2c4bd7c7d, State: Initialized, Role: FOLLOWER
I20260601 13:33:25.681794 16502 consensus_queue.cc:260] T 13735f59a80e4a3b92b46ec738a553c1 P 01716063480a442195fe9bc2c4bd7c7d [NON_LEADER]: Queue going to NON_LEADER mode. State: All replicated index: 0, Majority replicated index: 0, Committed index: 0, Last appended: 0.0, Last appended by leader: 0, Current term: 0, Majority size: -1, State: 0, Mode: NON_LEADER, active raft config: opid_index: -1 OBSOLETE_local: false peers { permanent_uuid: "01716063480a442195fe9bc2c4bd7c7d" member_type: VOTER last_known_addr { host: "127.15.67.193" port: 39813 } } peers { permanent_uuid: "7c01b3df72cb4b8c93b35b10e7e7c4bd" member_type: VOTER last_known_addr { host: "127.15.67.194" port: 45025 } } peers { permanent_uuid: "31981eceb3f04e05ab9c008fed4a62ae" member_type: VOTER last_known_addr { host: "127.15.67.195" port: 35233 } }
I20260601 13:33:25.681818 16503 raft_consensus.cc:359] T e19aaa9e60ea441d9345a8e5f79a8ef0 P 7c01b3df72cb4b8c93b35b10e7e7c4bd [term 0 FOLLOWER]: Replica starting. Triggering 0 pending ops. Active config: opid_index: -1 OBSOLETE_local: false peers { permanent_uuid: "01716063480a442195fe9bc2c4bd7c7d" member_type: VOTER last_known_addr { host: "127.15.67.193" port: 39813 } } peers { permanent_uuid: "7c01b3df72cb4b8c93b35b10e7e7c4bd" member_type: VOTER last_known_addr { host: "127.15.67.194" port: 45025 } } peers { permanent_uuid: "31981eceb3f04e05ab9c008fed4a62ae" member_type: VOTER last_known_addr { host: "127.15.67.195" port: 35233 } }
I20260601 13:33:25.681924 16503 raft_consensus.cc:385] T e19aaa9e60ea441d9345a8e5f79a8ef0 P 7c01b3df72cb4b8c93b35b10e7e7c4bd [term 0 FOLLOWER]: Consensus starting up: Expiring failure detector timer to make a prompt election more likely
I20260601 13:33:25.681962 16503 raft_consensus.cc:740] T e19aaa9e60ea441d9345a8e5f79a8ef0 P 7c01b3df72cb4b8c93b35b10e7e7c4bd [term 0 FOLLOWER]: Becoming Follower/Learner. State: Replica: 7c01b3df72cb4b8c93b35b10e7e7c4bd, State: Initialized, Role: FOLLOWER
I20260601 13:33:25.682090 16503 consensus_queue.cc:260] T e19aaa9e60ea441d9345a8e5f79a8ef0 P 7c01b3df72cb4b8c93b35b10e7e7c4bd [NON_LEADER]: Queue going to NON_LEADER mode. State: All replicated index: 0, Majority replicated index: 0, Committed index: 0, Last appended: 0.0, Last appended by leader: 0, Current term: 0, Majority size: -1, State: 0, Mode: NON_LEADER, active raft config: opid_index: -1 OBSOLETE_local: false peers { permanent_uuid: "01716063480a442195fe9bc2c4bd7c7d" member_type: VOTER last_known_addr { host: "127.15.67.193" port: 39813 } } peers { permanent_uuid: "7c01b3df72cb4b8c93b35b10e7e7c4bd" member_type: VOTER last_known_addr { host: "127.15.67.194" port: 45025 } } peers { permanent_uuid: "31981eceb3f04e05ab9c008fed4a62ae" member_type: VOTER last_known_addr { host: "127.15.67.195" port: 35233 } }
I20260601 13:33:25.682371 16503 ts_tablet_manager.cc:1434] T e19aaa9e60ea441d9345a8e5f79a8ef0 P 7c01b3df72cb4b8c93b35b10e7e7c4bd: Time spent starting tablet: real 0.001s	user 0.001s	sys 0.000s
I20260601 13:33:25.682545 16503 tablet_bootstrap.cc:492] T 595694ca8601476784381da32572c4cb P 7c01b3df72cb4b8c93b35b10e7e7c4bd: Bootstrap starting.
I20260601 13:33:25.682582 16501 tablet_bootstrap.cc:654] T 27c35eff441042f3938c7d823fd24451 P 31981eceb3f04e05ab9c008fed4a62ae: Neither blocks nor log segments found. Creating new log.
I20260601 13:33:25.683360 16502 ts_tablet_manager.cc:1434] T 13735f59a80e4a3b92b46ec738a553c1 P 01716063480a442195fe9bc2c4bd7c7d: Time spent starting tablet: real 0.002s	user 0.000s	sys 0.000s
I20260601 13:33:25.683534 16503 tablet_bootstrap.cc:654] T 595694ca8601476784381da32572c4cb P 7c01b3df72cb4b8c93b35b10e7e7c4bd: Neither blocks nor log segments found. Creating new log.
I20260601 13:33:25.683539 16502 tablet_bootstrap.cc:492] T a1989bbfbf4c4e08890862a1979c59fa P 01716063480a442195fe9bc2c4bd7c7d: Bootstrap starting.
I20260601 13:33:25.683921 16501 tablet_bootstrap.cc:492] T 27c35eff441042f3938c7d823fd24451 P 31981eceb3f04e05ab9c008fed4a62ae: No bootstrap required, opened a new log
I20260601 13:33:25.683995 16501 ts_tablet_manager.cc:1403] T 27c35eff441042f3938c7d823fd24451 P 31981eceb3f04e05ab9c008fed4a62ae: Time spent bootstrapping tablet: real 0.003s	user 0.000s	sys 0.002s
I20260601 13:33:25.684348 16501 raft_consensus.cc:359] T 27c35eff441042f3938c7d823fd24451 P 31981eceb3f04e05ab9c008fed4a62ae [term 0 FOLLOWER]: Replica starting. Triggering 0 pending ops. Active config: opid_index: -1 OBSOLETE_local: false peers { permanent_uuid: "01716063480a442195fe9bc2c4bd7c7d" member_type: VOTER last_known_addr { host: "127.15.67.193" port: 39813 } } peers { permanent_uuid: "7c01b3df72cb4b8c93b35b10e7e7c4bd" member_type: VOTER last_known_addr { host: "127.15.67.194" port: 45025 } } peers { permanent_uuid: "31981eceb3f04e05ab9c008fed4a62ae" member_type: VOTER last_known_addr { host: "127.15.67.195" port: 35233 } }
I20260601 13:33:25.684423 16501 raft_consensus.cc:385] T 27c35eff441042f3938c7d823fd24451 P 31981eceb3f04e05ab9c008fed4a62ae [term 0 FOLLOWER]: Consensus starting up: Expiring failure detector timer to make a prompt election more likely
I20260601 13:33:25.684443 16501 raft_consensus.cc:740] T 27c35eff441042f3938c7d823fd24451 P 31981eceb3f04e05ab9c008fed4a62ae [term 0 FOLLOWER]: Becoming Follower/Learner. State: Replica: 31981eceb3f04e05ab9c008fed4a62ae, State: Initialized, Role: FOLLOWER
I20260601 13:33:25.684572 16501 consensus_queue.cc:260] T 27c35eff441042f3938c7d823fd24451 P 31981eceb3f04e05ab9c008fed4a62ae [NON_LEADER]: Queue going to NON_LEADER mode. State: All replicated index: 0, Majority replicated index: 0, Committed index: 0, Last appended: 0.0, Last appended by leader: 0, Current term: 0, Majority size: -1, State: 0, Mode: NON_LEADER, active raft config: opid_index: -1 OBSOLETE_local: false peers { permanent_uuid: "01716063480a442195fe9bc2c4bd7c7d" member_type: VOTER last_known_addr { host: "127.15.67.193" port: 39813 } } peers { permanent_uuid: "7c01b3df72cb4b8c93b35b10e7e7c4bd" member_type: VOTER last_known_addr { host: "127.15.67.194" port: 45025 } } peers { permanent_uuid: "31981eceb3f04e05ab9c008fed4a62ae" member_type: VOTER last_known_addr { host: "127.15.67.195" port: 35233 } }
I20260601 13:33:25.684619 16502 tablet_bootstrap.cc:654] T a1989bbfbf4c4e08890862a1979c59fa P 01716063480a442195fe9bc2c4bd7c7d: Neither blocks nor log segments found. Creating new log.
I20260601 13:33:25.684818 16501 ts_tablet_manager.cc:1434] T 27c35eff441042f3938c7d823fd24451 P 31981eceb3f04e05ab9c008fed4a62ae: Time spent starting tablet: real 0.001s	user 0.000s	sys 0.001s
I20260601 13:33:25.684943 16501 tablet_bootstrap.cc:492] T 13735f59a80e4a3b92b46ec738a553c1 P 31981eceb3f04e05ab9c008fed4a62ae: Bootstrap starting.
I20260601 13:33:25.685806 16502 tablet_bootstrap.cc:492] T a1989bbfbf4c4e08890862a1979c59fa P 01716063480a442195fe9bc2c4bd7c7d: No bootstrap required, opened a new log
I20260601 13:33:25.685864 16501 tablet_bootstrap.cc:654] T 13735f59a80e4a3b92b46ec738a553c1 P 31981eceb3f04e05ab9c008fed4a62ae: Neither blocks nor log segments found. Creating new log.
I20260601 13:33:25.685905 16502 ts_tablet_manager.cc:1403] T a1989bbfbf4c4e08890862a1979c59fa P 01716063480a442195fe9bc2c4bd7c7d: Time spent bootstrapping tablet: real 0.002s	user 0.001s	sys 0.001s
I20260601 13:33:25.686414 16502 raft_consensus.cc:359] T a1989bbfbf4c4e08890862a1979c59fa P 01716063480a442195fe9bc2c4bd7c7d [term 0 FOLLOWER]: Replica starting. Triggering 0 pending ops. Active config: opid_index: -1 OBSOLETE_local: false peers { permanent_uuid: "01716063480a442195fe9bc2c4bd7c7d" member_type: VOTER last_known_addr { host: "127.15.67.193" port: 39813 } } peers { permanent_uuid: "7c01b3df72cb4b8c93b35b10e7e7c4bd" member_type: VOTER last_known_addr { host: "127.15.67.194" port: 45025 } } peers { permanent_uuid: "31981eceb3f04e05ab9c008fed4a62ae" member_type: VOTER last_known_addr { host: "127.15.67.195" port: 35233 } }
I20260601 13:33:25.686546 16502 raft_consensus.cc:385] T a1989bbfbf4c4e08890862a1979c59fa P 01716063480a442195fe9bc2c4bd7c7d [term 0 FOLLOWER]: Consensus starting up: Expiring failure detector timer to make a prompt election more likely
I20260601 13:33:25.686601 16502 raft_consensus.cc:740] T a1989bbfbf4c4e08890862a1979c59fa P 01716063480a442195fe9bc2c4bd7c7d [term 0 FOLLOWER]: Becoming Follower/Learner. State: Replica: 01716063480a442195fe9bc2c4bd7c7d, State: Initialized, Role: FOLLOWER
I20260601 13:33:25.686748 16502 consensus_queue.cc:260] T a1989bbfbf4c4e08890862a1979c59fa P 01716063480a442195fe9bc2c4bd7c7d [NON_LEADER]: Queue going to NON_LEADER mode. State: All replicated index: 0, Majority replicated index: 0, Committed index: 0, Last appended: 0.0, Last appended by leader: 0, Current term: 0, Majority size: -1, State: 0, Mode: NON_LEADER, active raft config: opid_index: -1 OBSOLETE_local: false peers { permanent_uuid: "01716063480a442195fe9bc2c4bd7c7d" member_type: VOTER last_known_addr { host: "127.15.67.193" port: 39813 } } peers { permanent_uuid: "7c01b3df72cb4b8c93b35b10e7e7c4bd" member_type: VOTER last_known_addr { host: "127.15.67.194" port: 45025 } } peers { permanent_uuid: "31981eceb3f04e05ab9c008fed4a62ae" member_type: VOTER last_known_addr { host: "127.15.67.195" port: 35233 } }
I20260601 13:33:25.686896 16507 raft_consensus.cc:493] T ddc5074ef01143c29b42ac1af68c0e0d P 01716063480a442195fe9bc2c4bd7c7d [term 0 FOLLOWER]: Starting pre-election (no leader contacted us within the election timeout)
I20260601 13:33:25.686964 16507 raft_consensus.cc:515] T ddc5074ef01143c29b42ac1af68c0e0d P 01716063480a442195fe9bc2c4bd7c7d [term 0 FOLLOWER]: Starting pre-election with config: opid_index: -1 OBSOLETE_local: false peers { permanent_uuid: "31981eceb3f04e05ab9c008fed4a62ae" member_type: VOTER last_known_addr { host: "127.15.67.195" port: 35233 } } peers { permanent_uuid: "01716063480a442195fe9bc2c4bd7c7d" member_type: VOTER last_known_addr { host: "127.15.67.193" port: 39813 } } peers { permanent_uuid: "7c01b3df72cb4b8c93b35b10e7e7c4bd" member_type: VOTER last_known_addr { host: "127.15.67.194" port: 45025 } }
I20260601 13:33:25.687340 16502 ts_tablet_manager.cc:1434] T a1989bbfbf4c4e08890862a1979c59fa P 01716063480a442195fe9bc2c4bd7c7d: Time spent starting tablet: real 0.001s	user 0.002s	sys 0.000s
I20260601 13:33:25.687484 16507 leader_election.cc:290] T ddc5074ef01143c29b42ac1af68c0e0d P 01716063480a442195fe9bc2c4bd7c7d [CANDIDATE]: Term 1 pre-election: Requested pre-vote from peers 31981eceb3f04e05ab9c008fed4a62ae (127.15.67.195:35233), 7c01b3df72cb4b8c93b35b10e7e7c4bd (127.15.67.194:45025)
I20260601 13:33:25.687525 16502 tablet_bootstrap.cc:492] T e19aaa9e60ea441d9345a8e5f79a8ef0 P 01716063480a442195fe9bc2c4bd7c7d: Bootstrap starting.
I20260601 13:33:25.688500 16501 tablet_bootstrap.cc:492] T 13735f59a80e4a3b92b46ec738a553c1 P 31981eceb3f04e05ab9c008fed4a62ae: No bootstrap required, opened a new log
I20260601 13:33:25.688649 16501 ts_tablet_manager.cc:1403] T 13735f59a80e4a3b92b46ec738a553c1 P 31981eceb3f04e05ab9c008fed4a62ae: Time spent bootstrapping tablet: real 0.004s	user 0.002s	sys 0.000s
I20260601 13:33:25.688701 16502 tablet_bootstrap.cc:654] T e19aaa9e60ea441d9345a8e5f79a8ef0 P 01716063480a442195fe9bc2c4bd7c7d: Neither blocks nor log segments found. Creating new log.
I20260601 13:33:25.689146 16501 raft_consensus.cc:359] T 13735f59a80e4a3b92b46ec738a553c1 P 31981eceb3f04e05ab9c008fed4a62ae [term 0 FOLLOWER]: Replica starting. Triggering 0 pending ops. Active config: opid_index: -1 OBSOLETE_local: false peers { permanent_uuid: "01716063480a442195fe9bc2c4bd7c7d" member_type: VOTER last_known_addr { host: "127.15.67.193" port: 39813 } } peers { permanent_uuid: "7c01b3df72cb4b8c93b35b10e7e7c4bd" member_type: VOTER last_known_addr { host: "127.15.67.194" port: 45025 } } peers { permanent_uuid: "31981eceb3f04e05ab9c008fed4a62ae" member_type: VOTER last_known_addr { host: "127.15.67.195" port: 35233 } }
I20260601 13:33:25.689260 16501 raft_consensus.cc:385] T 13735f59a80e4a3b92b46ec738a553c1 P 31981eceb3f04e05ab9c008fed4a62ae [term 0 FOLLOWER]: Consensus starting up: Expiring failure detector timer to make a prompt election more likely
I20260601 13:33:25.689286 16501 raft_consensus.cc:740] T 13735f59a80e4a3b92b46ec738a553c1 P 31981eceb3f04e05ab9c008fed4a62ae [term 0 FOLLOWER]: Becoming Follower/Learner. State: Replica: 31981eceb3f04e05ab9c008fed4a62ae, State: Initialized, Role: FOLLOWER
I20260601 13:33:25.689416 16501 consensus_queue.cc:260] T 13735f59a80e4a3b92b46ec738a553c1 P 31981eceb3f04e05ab9c008fed4a62ae [NON_LEADER]: Queue going to NON_LEADER mode. State: All replicated index: 0, Majority replicated index: 0, Committed index: 0, Last appended: 0.0, Last appended by leader: 0, Current term: 0, Majority size: -1, State: 0, Mode: NON_LEADER, active raft config: opid_index: -1 OBSOLETE_local: false peers { permanent_uuid: "01716063480a442195fe9bc2c4bd7c7d" member_type: VOTER last_known_addr { host: "127.15.67.193" port: 39813 } } peers { permanent_uuid: "7c01b3df72cb4b8c93b35b10e7e7c4bd" member_type: VOTER last_known_addr { host: "127.15.67.194" port: 45025 } } peers { permanent_uuid: "31981eceb3f04e05ab9c008fed4a62ae" member_type: VOTER last_known_addr { host: "127.15.67.195" port: 35233 } }
I20260601 13:33:25.689674 16501 ts_tablet_manager.cc:1434] T 13735f59a80e4a3b92b46ec738a553c1 P 31981eceb3f04e05ab9c008fed4a62ae: Time spent starting tablet: real 0.001s	user 0.000s	sys 0.000s
I20260601 13:33:25.689803 16501 tablet_bootstrap.cc:492] T 41aca056b2a94d4190821e4ea228fda3 P 31981eceb3f04e05ab9c008fed4a62ae: Bootstrap starting.
I20260601 13:33:25.690735 16501 tablet_bootstrap.cc:654] T 41aca056b2a94d4190821e4ea228fda3 P 31981eceb3f04e05ab9c008fed4a62ae: Neither blocks nor log segments found. Creating new log.
I20260601 13:33:25.690888 16503 tablet_bootstrap.cc:492] T 595694ca8601476784381da32572c4cb P 7c01b3df72cb4b8c93b35b10e7e7c4bd: No bootstrap required, opened a new log
I20260601 13:33:25.690968 16503 ts_tablet_manager.cc:1403] T 595694ca8601476784381da32572c4cb P 7c01b3df72cb4b8c93b35b10e7e7c4bd: Time spent bootstrapping tablet: real 0.008s	user 0.002s	sys 0.000s
I20260601 13:33:25.691412 16503 raft_consensus.cc:359] T 595694ca8601476784381da32572c4cb P 7c01b3df72cb4b8c93b35b10e7e7c4bd [term 0 FOLLOWER]: Replica starting. Triggering 0 pending ops. Active config: opid_index: -1 OBSOLETE_local: false peers { permanent_uuid: "01716063480a442195fe9bc2c4bd7c7d" member_type: VOTER last_known_addr { host: "127.15.67.193" port: 39813 } } peers { permanent_uuid: "7c01b3df72cb4b8c93b35b10e7e7c4bd" member_type: VOTER last_known_addr { host: "127.15.67.194" port: 45025 } } peers { permanent_uuid: "31981eceb3f04e05ab9c008fed4a62ae" member_type: VOTER last_known_addr { host: "127.15.67.195" port: 35233 } }
I20260601 13:33:25.691520 16503 raft_consensus.cc:385] T 595694ca8601476784381da32572c4cb P 7c01b3df72cb4b8c93b35b10e7e7c4bd [term 0 FOLLOWER]: Consensus starting up: Expiring failure detector timer to make a prompt election more likely
I20260601 13:33:25.691553 16503 raft_consensus.cc:740] T 595694ca8601476784381da32572c4cb P 7c01b3df72cb4b8c93b35b10e7e7c4bd [term 0 FOLLOWER]: Becoming Follower/Learner. State: Replica: 7c01b3df72cb4b8c93b35b10e7e7c4bd, State: Initialized, Role: FOLLOWER
I20260601 13:33:25.691692 16503 consensus_queue.cc:260] T 595694ca8601476784381da32572c4cb P 7c01b3df72cb4b8c93b35b10e7e7c4bd [NON_LEADER]: Queue going to NON_LEADER mode. State: All replicated index: 0, Majority replicated index: 0, Committed index: 0, Last appended: 0.0, Last appended by leader: 0, Current term: 0, Majority size: -1, State: 0, Mode: NON_LEADER, active raft config: opid_index: -1 OBSOLETE_local: false peers { permanent_uuid: "01716063480a442195fe9bc2c4bd7c7d" member_type: VOTER last_known_addr { host: "127.15.67.193" port: 39813 } } peers { permanent_uuid: "7c01b3df72cb4b8c93b35b10e7e7c4bd" member_type: VOTER last_known_addr { host: "127.15.67.194" port: 45025 } } peers { permanent_uuid: "31981eceb3f04e05ab9c008fed4a62ae" member_type: VOTER last_known_addr { host: "127.15.67.195" port: 35233 } }
I20260601 13:33:25.691799 16501 tablet_bootstrap.cc:492] T 41aca056b2a94d4190821e4ea228fda3 P 31981eceb3f04e05ab9c008fed4a62ae: No bootstrap required, opened a new log
I20260601 13:33:25.691865 16501 ts_tablet_manager.cc:1403] T 41aca056b2a94d4190821e4ea228fda3 P 31981eceb3f04e05ab9c008fed4a62ae: Time spent bootstrapping tablet: real 0.002s	user 0.002s	sys 0.000s
I20260601 13:33:25.691951 16503 ts_tablet_manager.cc:1434] T 595694ca8601476784381da32572c4cb P 7c01b3df72cb4b8c93b35b10e7e7c4bd: Time spent starting tablet: real 0.001s	user 0.001s	sys 0.000s
I20260601 13:33:25.692113 16503 tablet_bootstrap.cc:492] T 27c35eff441042f3938c7d823fd24451 P 7c01b3df72cb4b8c93b35b10e7e7c4bd: Bootstrap starting.
I20260601 13:33:25.692258 16501 raft_consensus.cc:359] T 41aca056b2a94d4190821e4ea228fda3 P 31981eceb3f04e05ab9c008fed4a62ae [term 0 FOLLOWER]: Replica starting. Triggering 0 pending ops. Active config: opid_index: -1 OBSOLETE_local: false peers { permanent_uuid: "01716063480a442195fe9bc2c4bd7c7d" member_type: VOTER last_known_addr { host: "127.15.67.193" port: 39813 } } peers { permanent_uuid: "7c01b3df72cb4b8c93b35b10e7e7c4bd" member_type: VOTER last_known_addr { host: "127.15.67.194" port: 45025 } } peers { permanent_uuid: "31981eceb3f04e05ab9c008fed4a62ae" member_type: VOTER last_known_addr { host: "127.15.67.195" port: 35233 } }
I20260601 13:33:25.692348 16501 raft_consensus.cc:385] T 41aca056b2a94d4190821e4ea228fda3 P 31981eceb3f04e05ab9c008fed4a62ae [term 0 FOLLOWER]: Consensus starting up: Expiring failure detector timer to make a prompt election more likely
I20260601 13:33:25.692379 16501 raft_consensus.cc:740] T 41aca056b2a94d4190821e4ea228fda3 P 31981eceb3f04e05ab9c008fed4a62ae [term 0 FOLLOWER]: Becoming Follower/Learner. State: Replica: 31981eceb3f04e05ab9c008fed4a62ae, State: Initialized, Role: FOLLOWER
I20260601 13:33:25.692480 16501 consensus_queue.cc:260] T 41aca056b2a94d4190821e4ea228fda3 P 31981eceb3f04e05ab9c008fed4a62ae [NON_LEADER]: Queue going to NON_LEADER mode. State: All replicated index: 0, Majority replicated index: 0, Committed index: 0, Last appended: 0.0, Last appended by leader: 0, Current term: 0, Majority size: -1, State: 0, Mode: NON_LEADER, active raft config: opid_index: -1 OBSOLETE_local: false peers { permanent_uuid: "01716063480a442195fe9bc2c4bd7c7d" member_type: VOTER last_known_addr { host: "127.15.67.193" port: 39813 } } peers { permanent_uuid: "7c01b3df72cb4b8c93b35b10e7e7c4bd" member_type: VOTER last_known_addr { host: "127.15.67.194" port: 45025 } } peers { permanent_uuid: "31981eceb3f04e05ab9c008fed4a62ae" member_type: VOTER last_known_addr { host: "127.15.67.195" port: 35233 } }
I20260601 13:33:25.692752 16501 ts_tablet_manager.cc:1434] T 41aca056b2a94d4190821e4ea228fda3 P 31981eceb3f04e05ab9c008fed4a62ae: Time spent starting tablet: real 0.001s	user 0.001s	sys 0.000s
I20260601 13:33:25.692903 16501 tablet_bootstrap.cc:492] T e19aaa9e60ea441d9345a8e5f79a8ef0 P 31981eceb3f04e05ab9c008fed4a62ae: Bootstrap starting.
I20260601 13:33:25.693120 16503 tablet_bootstrap.cc:654] T 27c35eff441042f3938c7d823fd24451 P 7c01b3df72cb4b8c93b35b10e7e7c4bd: Neither blocks nor log segments found. Creating new log.
I20260601 13:33:25.693992 16501 tablet_bootstrap.cc:654] T e19aaa9e60ea441d9345a8e5f79a8ef0 P 31981eceb3f04e05ab9c008fed4a62ae: Neither blocks nor log segments found. Creating new log.
I20260601 13:33:25.694540 16502 tablet_bootstrap.cc:492] T e19aaa9e60ea441d9345a8e5f79a8ef0 P 01716063480a442195fe9bc2c4bd7c7d: No bootstrap required, opened a new log
I20260601 13:33:25.694633 16502 ts_tablet_manager.cc:1403] T e19aaa9e60ea441d9345a8e5f79a8ef0 P 01716063480a442195fe9bc2c4bd7c7d: Time spent bootstrapping tablet: real 0.007s	user 0.002s	sys 0.000s
I20260601 13:33:25.695086 16502 raft_consensus.cc:359] T e19aaa9e60ea441d9345a8e5f79a8ef0 P 01716063480a442195fe9bc2c4bd7c7d [term 0 FOLLOWER]: Replica starting. Triggering 0 pending ops. Active config: opid_index: -1 OBSOLETE_local: false peers { permanent_uuid: "01716063480a442195fe9bc2c4bd7c7d" member_type: VOTER last_known_addr { host: "127.15.67.193" port: 39813 } } peers { permanent_uuid: "7c01b3df72cb4b8c93b35b10e7e7c4bd" member_type: VOTER last_known_addr { host: "127.15.67.194" port: 45025 } } peers { permanent_uuid: "31981eceb3f04e05ab9c008fed4a62ae" member_type: VOTER last_known_addr { host: "127.15.67.195" port: 35233 } }
I20260601 13:33:25.695199 16502 raft_consensus.cc:385] T e19aaa9e60ea441d9345a8e5f79a8ef0 P 01716063480a442195fe9bc2c4bd7c7d [term 0 FOLLOWER]: Consensus starting up: Expiring failure detector timer to make a prompt election more likely
I20260601 13:33:25.695235 16502 raft_consensus.cc:740] T e19aaa9e60ea441d9345a8e5f79a8ef0 P 01716063480a442195fe9bc2c4bd7c7d [term 0 FOLLOWER]: Becoming Follower/Learner. State: Replica: 01716063480a442195fe9bc2c4bd7c7d, State: Initialized, Role: FOLLOWER
I20260601 13:33:25.694003 16455 tablet_service.cc:1917] Received RequestConsensusVote() RPC: tablet_id: "ddc5074ef01143c29b42ac1af68c0e0d" candidate_uuid: "01716063480a442195fe9bc2c4bd7c7d" candidate_term: 1 candidate_status { last_received { term: 0 index: 0 } } ignore_live_leader: false dest_uuid: "31981eceb3f04e05ab9c008fed4a62ae" is_pre_election: true
I20260601 13:33:25.695363 16502 consensus_queue.cc:260] T e19aaa9e60ea441d9345a8e5f79a8ef0 P 01716063480a442195fe9bc2c4bd7c7d [NON_LEADER]: Queue going to NON_LEADER mode. State: All replicated index: 0, Majority replicated index: 0, Committed index: 0, Last appended: 0.0, Last appended by leader: 0, Current term: 0, Majority size: -1, State: 0, Mode: NON_LEADER, active raft config: opid_index: -1 OBSOLETE_local: false peers { permanent_uuid: "01716063480a442195fe9bc2c4bd7c7d" member_type: VOTER last_known_addr { host: "127.15.67.193" port: 39813 } } peers { permanent_uuid: "7c01b3df72cb4b8c93b35b10e7e7c4bd" member_type: VOTER last_known_addr { host: "127.15.67.194" port: 45025 } } peers { permanent_uuid: "31981eceb3f04e05ab9c008fed4a62ae" member_type: VOTER last_known_addr { host: "127.15.67.195" port: 35233 } }
I20260601 13:33:25.695645 16502 ts_tablet_manager.cc:1434] T e19aaa9e60ea441d9345a8e5f79a8ef0 P 01716063480a442195fe9bc2c4bd7c7d: Time spent starting tablet: real 0.001s	user 0.000s	sys 0.000s
I20260601 13:33:25.695683 16380 tablet_service.cc:1917] Received RequestConsensusVote() RPC: tablet_id: "ddc5074ef01143c29b42ac1af68c0e0d" candidate_uuid: "01716063480a442195fe9bc2c4bd7c7d" candidate_term: 1 candidate_status { last_received { term: 0 index: 0 } } ignore_live_leader: false dest_uuid: "7c01b3df72cb4b8c93b35b10e7e7c4bd" is_pre_election: true
I20260601 13:33:25.695796 16380 raft_consensus.cc:2468] T ddc5074ef01143c29b42ac1af68c0e0d P 7c01b3df72cb4b8c93b35b10e7e7c4bd [term 0 FOLLOWER]: Leader pre-election vote request: Granting yes vote for candidate 01716063480a442195fe9bc2c4bd7c7d in term 0.
I20260601 13:33:25.695834 16502 tablet_bootstrap.cc:492] T 41aca056b2a94d4190821e4ea228fda3 P 01716063480a442195fe9bc2c4bd7c7d: Bootstrap starting.
I20260601 13:33:25.696103 16268 leader_election.cc:304] T ddc5074ef01143c29b42ac1af68c0e0d P 01716063480a442195fe9bc2c4bd7c7d [CANDIDATE]: Term 1 pre-election: Election decided. Result: candidate won. Election summary: received 2 responses out of 3 voters: 2 yes votes; 0 no votes. yes voters: 01716063480a442195fe9bc2c4bd7c7d, 7c01b3df72cb4b8c93b35b10e7e7c4bd; no voters: 
W20260601 13:33:25.696213 16270 leader_election.cc:343] T ddc5074ef01143c29b42ac1af68c0e0d P 01716063480a442195fe9bc2c4bd7c7d [CANDIDATE]: Term 1 pre-election: Tablet error from VoteRequest() call to peer 31981eceb3f04e05ab9c008fed4a62ae (127.15.67.195:35233): Illegal state: must be running to vote when last-logged opid is not known
I20260601 13:33:25.696281 16507 raft_consensus.cc:2804] T ddc5074ef01143c29b42ac1af68c0e0d P 01716063480a442195fe9bc2c4bd7c7d [term 0 FOLLOWER]: Leader pre-election won for term 1
I20260601 13:33:25.696338 16507 raft_consensus.cc:493] T ddc5074ef01143c29b42ac1af68c0e0d P 01716063480a442195fe9bc2c4bd7c7d [term 0 FOLLOWER]: Starting leader election (no leader contacted us within the election timeout)
I20260601 13:33:25.696376 16507 raft_consensus.cc:3060] T ddc5074ef01143c29b42ac1af68c0e0d P 01716063480a442195fe9bc2c4bd7c7d [term 0 FOLLOWER]: Advancing to term 1
I20260601 13:33:25.696995 16502 tablet_bootstrap.cc:654] T 41aca056b2a94d4190821e4ea228fda3 P 01716063480a442195fe9bc2c4bd7c7d: Neither blocks nor log segments found. Creating new log.
I20260601 13:33:25.697268 16503 tablet_bootstrap.cc:492] T 27c35eff441042f3938c7d823fd24451 P 7c01b3df72cb4b8c93b35b10e7e7c4bd: No bootstrap required, opened a new log
I20260601 13:33:25.697350 16503 ts_tablet_manager.cc:1403] T 27c35eff441042f3938c7d823fd24451 P 7c01b3df72cb4b8c93b35b10e7e7c4bd: Time spent bootstrapping tablet: real 0.005s	user 0.002s	sys 0.000s
I20260601 13:33:25.697517 16507 raft_consensus.cc:515] T ddc5074ef01143c29b42ac1af68c0e0d P 01716063480a442195fe9bc2c4bd7c7d [term 1 FOLLOWER]: Starting leader election with config: opid_index: -1 OBSOLETE_local: false peers { permanent_uuid: "31981eceb3f04e05ab9c008fed4a62ae" member_type: VOTER last_known_addr { host: "127.15.67.195" port: 35233 } } peers { permanent_uuid: "01716063480a442195fe9bc2c4bd7c7d" member_type: VOTER last_known_addr { host: "127.15.67.193" port: 39813 } } peers { permanent_uuid: "7c01b3df72cb4b8c93b35b10e7e7c4bd" member_type: VOTER last_known_addr { host: "127.15.67.194" port: 45025 } }
I20260601 13:33:25.697829 16503 raft_consensus.cc:359] T 27c35eff441042f3938c7d823fd24451 P 7c01b3df72cb4b8c93b35b10e7e7c4bd [term 0 FOLLOWER]: Replica starting. Triggering 0 pending ops. Active config: opid_index: -1 OBSOLETE_local: false peers { permanent_uuid: "01716063480a442195fe9bc2c4bd7c7d" member_type: VOTER last_known_addr { host: "127.15.67.193" port: 39813 } } peers { permanent_uuid: "7c01b3df72cb4b8c93b35b10e7e7c4bd" member_type: VOTER last_known_addr { host: "127.15.67.194" port: 45025 } } peers { permanent_uuid: "31981eceb3f04e05ab9c008fed4a62ae" member_type: VOTER last_known_addr { host: "127.15.67.195" port: 35233 } }
I20260601 13:33:25.697911 16507 leader_election.cc:290] T ddc5074ef01143c29b42ac1af68c0e0d P 01716063480a442195fe9bc2c4bd7c7d [CANDIDATE]: Term 1 election: Requested vote from peers 31981eceb3f04e05ab9c008fed4a62ae (127.15.67.195:35233), 7c01b3df72cb4b8c93b35b10e7e7c4bd (127.15.67.194:45025)
I20260601 13:33:25.697939 16503 raft_consensus.cc:385] T 27c35eff441042f3938c7d823fd24451 P 7c01b3df72cb4b8c93b35b10e7e7c4bd [term 0 FOLLOWER]: Consensus starting up: Expiring failure detector timer to make a prompt election more likely
I20260601 13:33:25.697984 16503 raft_consensus.cc:740] T 27c35eff441042f3938c7d823fd24451 P 7c01b3df72cb4b8c93b35b10e7e7c4bd [term 0 FOLLOWER]: Becoming Follower/Learner. State: Replica: 7c01b3df72cb4b8c93b35b10e7e7c4bd, State: Initialized, Role: FOLLOWER
I20260601 13:33:25.698109 16503 consensus_queue.cc:260] T 27c35eff441042f3938c7d823fd24451 P 7c01b3df72cb4b8c93b35b10e7e7c4bd [NON_LEADER]: Queue going to NON_LEADER mode. State: All replicated index: 0, Majority replicated index: 0, Committed index: 0, Last appended: 0.0, Last appended by leader: 0, Current term: 0, Majority size: -1, State: 0, Mode: NON_LEADER, active raft config: opid_index: -1 OBSOLETE_local: false peers { permanent_uuid: "01716063480a442195fe9bc2c4bd7c7d" member_type: VOTER last_known_addr { host: "127.15.67.193" port: 39813 } } peers { permanent_uuid: "7c01b3df72cb4b8c93b35b10e7e7c4bd" member_type: VOTER last_known_addr { host: "127.15.67.194" port: 45025 } } peers { permanent_uuid: "31981eceb3f04e05ab9c008fed4a62ae" member_type: VOTER last_known_addr { host: "127.15.67.195" port: 35233 } }
I20260601 13:33:25.698253 16455 tablet_service.cc:1917] Received RequestConsensusVote() RPC: tablet_id: "ddc5074ef01143c29b42ac1af68c0e0d" candidate_uuid: "01716063480a442195fe9bc2c4bd7c7d" candidate_term: 1 candidate_status { last_received { term: 0 index: 0 } } ignore_live_leader: false dest_uuid: "31981eceb3f04e05ab9c008fed4a62ae"
I20260601 13:33:25.698429 16503 ts_tablet_manager.cc:1434] T 27c35eff441042f3938c7d823fd24451 P 7c01b3df72cb4b8c93b35b10e7e7c4bd: Time spent starting tablet: real 0.001s	user 0.001s	sys 0.000s
I20260601 13:33:25.698635 16503 tablet_bootstrap.cc:492] T 41aca056b2a94d4190821e4ea228fda3 P 7c01b3df72cb4b8c93b35b10e7e7c4bd: Bootstrap starting.
W20260601 13:33:25.698647 16270 leader_election.cc:343] T ddc5074ef01143c29b42ac1af68c0e0d P 01716063480a442195fe9bc2c4bd7c7d [CANDIDATE]: Term 1 election: Tablet error from VoteRequest() call to peer 31981eceb3f04e05ab9c008fed4a62ae (127.15.67.195:35233): Illegal state: must be running to vote when last-logged opid is not known
I20260601 13:33:25.699456 16502 tablet_bootstrap.cc:492] T 41aca056b2a94d4190821e4ea228fda3 P 01716063480a442195fe9bc2c4bd7c7d: No bootstrap required, opened a new log
I20260601 13:33:25.699565 16502 ts_tablet_manager.cc:1403] T 41aca056b2a94d4190821e4ea228fda3 P 01716063480a442195fe9bc2c4bd7c7d: Time spent bootstrapping tablet: real 0.004s	user 0.002s	sys 0.000s
I20260601 13:33:25.699723 16503 tablet_bootstrap.cc:654] T 41aca056b2a94d4190821e4ea228fda3 P 7c01b3df72cb4b8c93b35b10e7e7c4bd: Neither blocks nor log segments found. Creating new log.
I20260601 13:33:25.700022 16502 raft_consensus.cc:359] T 41aca056b2a94d4190821e4ea228fda3 P 01716063480a442195fe9bc2c4bd7c7d [term 0 FOLLOWER]: Replica starting. Triggering 0 pending ops. Active config: opid_index: -1 OBSOLETE_local: false peers { permanent_uuid: "01716063480a442195fe9bc2c4bd7c7d" member_type: VOTER last_known_addr { host: "127.15.67.193" port: 39813 } } peers { permanent_uuid: "7c01b3df72cb4b8c93b35b10e7e7c4bd" member_type: VOTER last_known_addr { host: "127.15.67.194" port: 45025 } } peers { permanent_uuid: "31981eceb3f04e05ab9c008fed4a62ae" member_type: VOTER last_known_addr { host: "127.15.67.195" port: 35233 } }
I20260601 13:33:25.700124 16502 raft_consensus.cc:385] T 41aca056b2a94d4190821e4ea228fda3 P 01716063480a442195fe9bc2c4bd7c7d [term 0 FOLLOWER]: Consensus starting up: Expiring failure detector timer to make a prompt election more likely
I20260601 13:33:25.700157 16502 raft_consensus.cc:740] T 41aca056b2a94d4190821e4ea228fda3 P 01716063480a442195fe9bc2c4bd7c7d [term 0 FOLLOWER]: Becoming Follower/Learner. State: Replica: 01716063480a442195fe9bc2c4bd7c7d, State: Initialized, Role: FOLLOWER
I20260601 13:33:25.700292 16502 consensus_queue.cc:260] T 41aca056b2a94d4190821e4ea228fda3 P 01716063480a442195fe9bc2c4bd7c7d [NON_LEADER]: Queue going to NON_LEADER mode. State: All replicated index: 0, Majority replicated index: 0, Committed index: 0, Last appended: 0.0, Last appended by leader: 0, Current term: 0, Majority size: -1, State: 0, Mode: NON_LEADER, active raft config: opid_index: -1 OBSOLETE_local: false peers { permanent_uuid: "01716063480a442195fe9bc2c4bd7c7d" member_type: VOTER last_known_addr { host: "127.15.67.193" port: 39813 } } peers { permanent_uuid: "7c01b3df72cb4b8c93b35b10e7e7c4bd" member_type: VOTER last_known_addr { host: "127.15.67.194" port: 45025 } } peers { permanent_uuid: "31981eceb3f04e05ab9c008fed4a62ae" member_type: VOTER last_known_addr { host: "127.15.67.195" port: 35233 } }
I20260601 13:33:25.700407 16380 tablet_service.cc:1917] Received RequestConsensusVote() RPC: tablet_id: "ddc5074ef01143c29b42ac1af68c0e0d" candidate_uuid: "01716063480a442195fe9bc2c4bd7c7d" candidate_term: 1 candidate_status { last_received { term: 0 index: 0 } } ignore_live_leader: false dest_uuid: "7c01b3df72cb4b8c93b35b10e7e7c4bd"
I20260601 13:33:25.700490 16380 raft_consensus.cc:3060] T ddc5074ef01143c29b42ac1af68c0e0d P 7c01b3df72cb4b8c93b35b10e7e7c4bd [term 0 FOLLOWER]: Advancing to term 1
I20260601 13:33:25.700599 16502 ts_tablet_manager.cc:1434] T 41aca056b2a94d4190821e4ea228fda3 P 01716063480a442195fe9bc2c4bd7c7d: Time spent starting tablet: real 0.001s	user 0.001s	sys 0.000s
I20260601 13:33:25.700769 16502 tablet_bootstrap.cc:492] T 27c35eff441042f3938c7d823fd24451 P 01716063480a442195fe9bc2c4bd7c7d: Bootstrap starting.
I20260601 13:33:25.701578 16380 raft_consensus.cc:2468] T ddc5074ef01143c29b42ac1af68c0e0d P 7c01b3df72cb4b8c93b35b10e7e7c4bd [term 1 FOLLOWER]: Leader election vote request: Granting yes vote for candidate 01716063480a442195fe9bc2c4bd7c7d in term 1.
I20260601 13:33:25.701828 16502 tablet_bootstrap.cc:654] T 27c35eff441042f3938c7d823fd24451 P 01716063480a442195fe9bc2c4bd7c7d: Neither blocks nor log segments found. Creating new log.
I20260601 13:33:25.702293 16268 leader_election.cc:304] T ddc5074ef01143c29b42ac1af68c0e0d P 01716063480a442195fe9bc2c4bd7c7d [CANDIDATE]: Term 1 election: Election decided. Result: candidate won. Election summary: received 3 responses out of 3 voters: 2 yes votes; 1 no votes. yes voters: 01716063480a442195fe9bc2c4bd7c7d, 7c01b3df72cb4b8c93b35b10e7e7c4bd; no voters: 31981eceb3f04e05ab9c008fed4a62ae
I20260601 13:33:25.702533 16507 raft_consensus.cc:2804] T ddc5074ef01143c29b42ac1af68c0e0d P 01716063480a442195fe9bc2c4bd7c7d [term 1 FOLLOWER]: Leader election won for term 1
I20260601 13:33:25.702636 16507 raft_consensus.cc:697] T ddc5074ef01143c29b42ac1af68c0e0d P 01716063480a442195fe9bc2c4bd7c7d [term 1 LEADER]: Becoming Leader. State: Replica: 01716063480a442195fe9bc2c4bd7c7d, State: Running, Role: LEADER
I20260601 13:33:25.702685 16501 tablet_bootstrap.cc:492] T e19aaa9e60ea441d9345a8e5f79a8ef0 P 31981eceb3f04e05ab9c008fed4a62ae: No bootstrap required, opened a new log
I20260601 13:33:25.702795 16501 ts_tablet_manager.cc:1403] T e19aaa9e60ea441d9345a8e5f79a8ef0 P 31981eceb3f04e05ab9c008fed4a62ae: Time spent bootstrapping tablet: real 0.010s	user 0.002s	sys 0.000s
I20260601 13:33:25.702770 16507 consensus_queue.cc:237] T ddc5074ef01143c29b42ac1af68c0e0d P 01716063480a442195fe9bc2c4bd7c7d [LEADER]: Queue going to LEADER mode. State: All replicated index: 0, Majority replicated index: 0, Committed index: 0, Last appended: 0.0, Last appended by leader: 0, Current term: 1, Majority size: 2, State: 0, Mode: LEADER, active raft config: opid_index: -1 OBSOLETE_local: false peers { permanent_uuid: "31981eceb3f04e05ab9c008fed4a62ae" member_type: VOTER last_known_addr { host: "127.15.67.195" port: 35233 } } peers { permanent_uuid: "01716063480a442195fe9bc2c4bd7c7d" member_type: VOTER last_known_addr { host: "127.15.67.193" port: 39813 } } peers { permanent_uuid: "7c01b3df72cb4b8c93b35b10e7e7c4bd" member_type: VOTER last_known_addr { host: "127.15.67.194" port: 45025 } }
I20260601 13:33:25.703004 16502 tablet_bootstrap.cc:492] T 27c35eff441042f3938c7d823fd24451 P 01716063480a442195fe9bc2c4bd7c7d: No bootstrap required, opened a new log
I20260601 13:33:25.703078 16502 ts_tablet_manager.cc:1403] T 27c35eff441042f3938c7d823fd24451 P 01716063480a442195fe9bc2c4bd7c7d: Time spent bootstrapping tablet: real 0.002s	user 0.000s	sys 0.002s
I20260601 13:33:25.703321 16501 raft_consensus.cc:359] T e19aaa9e60ea441d9345a8e5f79a8ef0 P 31981eceb3f04e05ab9c008fed4a62ae [term 0 FOLLOWER]: Replica starting. Triggering 0 pending ops. Active config: opid_index: -1 OBSOLETE_local: false peers { permanent_uuid: "01716063480a442195fe9bc2c4bd7c7d" member_type: VOTER last_known_addr { host: "127.15.67.193" port: 39813 } } peers { permanent_uuid: "7c01b3df72cb4b8c93b35b10e7e7c4bd" member_type: VOTER last_known_addr { host: "127.15.67.194" port: 45025 } } peers { permanent_uuid: "31981eceb3f04e05ab9c008fed4a62ae" member_type: VOTER last_known_addr { host: "127.15.67.195" port: 35233 } }
I20260601 13:33:25.703445 16501 raft_consensus.cc:385] T e19aaa9e60ea441d9345a8e5f79a8ef0 P 31981eceb3f04e05ab9c008fed4a62ae [term 0 FOLLOWER]: Consensus starting up: Expiring failure detector timer to make a prompt election more likely
I20260601 13:33:25.703507 16501 raft_consensus.cc:740] T e19aaa9e60ea441d9345a8e5f79a8ef0 P 31981eceb3f04e05ab9c008fed4a62ae [term 0 FOLLOWER]: Becoming Follower/Learner. State: Replica: 31981eceb3f04e05ab9c008fed4a62ae, State: Initialized, Role: FOLLOWER
I20260601 13:33:25.703459 16502 raft_consensus.cc:359] T 27c35eff441042f3938c7d823fd24451 P 01716063480a442195fe9bc2c4bd7c7d [term 0 FOLLOWER]: Replica starting. Triggering 0 pending ops. Active config: opid_index: -1 OBSOLETE_local: false peers { permanent_uuid: "01716063480a442195fe9bc2c4bd7c7d" member_type: VOTER last_known_addr { host: "127.15.67.193" port: 39813 } } peers { permanent_uuid: "7c01b3df72cb4b8c93b35b10e7e7c4bd" member_type: VOTER last_known_addr { host: "127.15.67.194" port: 45025 } } peers { permanent_uuid: "31981eceb3f04e05ab9c008fed4a62ae" member_type: VOTER last_known_addr { host: "127.15.67.195" port: 35233 } }
I20260601 13:33:25.703620 16502 raft_consensus.cc:385] T 27c35eff441042f3938c7d823fd24451 P 01716063480a442195fe9bc2c4bd7c7d [term 0 FOLLOWER]: Consensus starting up: Expiring failure detector timer to make a prompt election more likely
I20260601 13:33:25.703663 16502 raft_consensus.cc:740] T 27c35eff441042f3938c7d823fd24451 P 01716063480a442195fe9bc2c4bd7c7d [term 0 FOLLOWER]: Becoming Follower/Learner. State: Replica: 01716063480a442195fe9bc2c4bd7c7d, State: Initialized, Role: FOLLOWER
I20260601 13:33:25.703670 16501 consensus_queue.cc:260] T e19aaa9e60ea441d9345a8e5f79a8ef0 P 31981eceb3f04e05ab9c008fed4a62ae [NON_LEADER]: Queue going to NON_LEADER mode. State: All replicated index: 0, Majority replicated index: 0, Committed index: 0, Last appended: 0.0, Last appended by leader: 0, Current term: 0, Majority size: -1, State: 0, Mode: NON_LEADER, active raft config: opid_index: -1 OBSOLETE_local: false peers { permanent_uuid: "01716063480a442195fe9bc2c4bd7c7d" member_type: VOTER last_known_addr { host: "127.15.67.193" port: 39813 } } peers { permanent_uuid: "7c01b3df72cb4b8c93b35b10e7e7c4bd" member_type: VOTER last_known_addr { host: "127.15.67.194" port: 45025 } } peers { permanent_uuid: "31981eceb3f04e05ab9c008fed4a62ae" member_type: VOTER last_known_addr { host: "127.15.67.195" port: 35233 } }
I20260601 13:33:25.703800 16502 consensus_queue.cc:260] T 27c35eff441042f3938c7d823fd24451 P 01716063480a442195fe9bc2c4bd7c7d [NON_LEADER]: Queue going to NON_LEADER mode. State: All replicated index: 0, Majority replicated index: 0, Committed index: 0, Last appended: 0.0, Last appended by leader: 0, Current term: 0, Majority size: -1, State: 0, Mode: NON_LEADER, active raft config: opid_index: -1 OBSOLETE_local: false peers { permanent_uuid: "01716063480a442195fe9bc2c4bd7c7d" member_type: VOTER last_known_addr { host: "127.15.67.193" port: 39813 } } peers { permanent_uuid: "7c01b3df72cb4b8c93b35b10e7e7c4bd" member_type: VOTER last_known_addr { host: "127.15.67.194" port: 45025 } } peers { permanent_uuid: "31981eceb3f04e05ab9c008fed4a62ae" member_type: VOTER last_known_addr { host: "127.15.67.195" port: 35233 } }
I20260601 13:33:25.704025 16501 ts_tablet_manager.cc:1434] T e19aaa9e60ea441d9345a8e5f79a8ef0 P 31981eceb3f04e05ab9c008fed4a62ae: Time spent starting tablet: real 0.001s	user 0.001s	sys 0.000s
I20260601 13:33:25.704089 16502 ts_tablet_manager.cc:1434] T 27c35eff441042f3938c7d823fd24451 P 01716063480a442195fe9bc2c4bd7c7d: Time spent starting tablet: real 0.001s	user 0.000s	sys 0.001s
I20260601 13:33:25.704205 16501 tablet_bootstrap.cc:492] T ddc5074ef01143c29b42ac1af68c0e0d P 31981eceb3f04e05ab9c008fed4a62ae: Bootstrap starting.
I20260601 13:33:25.704248 16502 tablet_bootstrap.cc:492] T 4fcb50508b7449608834ee66c4dab5d3 P 01716063480a442195fe9bc2c4bd7c7d: Bootstrap starting.
I20260601 13:33:25.704272 16503 tablet_bootstrap.cc:492] T 41aca056b2a94d4190821e4ea228fda3 P 7c01b3df72cb4b8c93b35b10e7e7c4bd: No bootstrap required, opened a new log
I20260601 13:33:25.704335 16503 ts_tablet_manager.cc:1403] T 41aca056b2a94d4190821e4ea228fda3 P 7c01b3df72cb4b8c93b35b10e7e7c4bd: Time spent bootstrapping tablet: real 0.006s	user 0.002s	sys 0.000s
