I20260601 13:33:37.182446 30535 leader_election.cc:304] T 0b9277ecb88246dc91be789421bc9baf P 08e57304fb494bac8377e26fd5866b13 [CANDIDATE]: Term 1 election: Election decided. Result: candidate won. Election summary: received 2 responses out of 3 voters: 2 yes votes; 0 no votes. yes voters: 08e57304fb494bac8377e26fd5866b13, 9722639a227247c5af758579161c39b1; no voters: 
I20260601 13:33:37.182631 30696 raft_consensus.cc:2804] T 0b9277ecb88246dc91be789421bc9baf P 08e57304fb494bac8377e26fd5866b13 [term 1 FOLLOWER]: Leader election won for term 1
I20260601 13:33:37.182910 30696 raft_consensus.cc:697] T 0b9277ecb88246dc91be789421bc9baf P 08e57304fb494bac8377e26fd5866b13 [term 1 LEADER]: Becoming Leader. State: Replica: 08e57304fb494bac8377e26fd5866b13, State: Running, Role: LEADER
I20260601 13:33:37.183068 30696 consensus_queue.cc:237] T 0b9277ecb88246dc91be789421bc9baf P 08e57304fb494bac8377e26fd5866b13 [LEADER]: Queue going to LEADER mode. State: All replicated index: 0, Majority replicated index: 0, Committed index: 0, Last appended: 0.0, Last appended by leader: 0, Current term: 1, Majority size: 2, State: 0, Mode: LEADER, active raft config: opid_index: -1 OBSOLETE_local: false peers { permanent_uuid: "9722639a227247c5af758579161c39b1" member_type: VOTER last_known_addr { host: "127.28.12.1" port: 42859 } } peers { permanent_uuid: "08e57304fb494bac8377e26fd5866b13" member_type: VOTER last_known_addr { host: "127.28.12.2" port: 39325 } } peers { permanent_uuid: "7464ed330254472483ff825cf56bbe42" member_type: VOTER last_known_addr { host: "127.28.12.3" port: 36567 } }
I20260601 13:33:37.184677 30390 catalog_manager.cc:5696] T 0b9277ecb88246dc91be789421bc9baf P 08e57304fb494bac8377e26fd5866b13 reported cstate change: term changed from 0 to 1, leader changed from <none> to 08e57304fb494bac8377e26fd5866b13 (127.28.12.2). New cstate: current_term: 1 leader_uuid: "08e57304fb494bac8377e26fd5866b13" committed_config { opid_index: -1 OBSOLETE_local: false peers { permanent_uuid: "9722639a227247c5af758579161c39b1" member_type: VOTER last_known_addr { host: "127.28.12.1" port: 42859 } health_report { overall_health: UNKNOWN } } peers { permanent_uuid: "08e57304fb494bac8377e26fd5866b13" member_type: VOTER last_known_addr { host: "127.28.12.2" port: 39325 } health_report { overall_health: HEALTHY } } peers { permanent_uuid: "7464ed330254472483ff825cf56bbe42" member_type: VOTER last_known_addr { host: "127.28.12.3" port: 36567 } health_report { overall_health: UNKNOWN } } }
I20260601 13:33:37.560518 30695 consensus_queue.cc:1048] T b75092eb2ad541868e0b56dca7a06c8e P 9722639a227247c5af758579161c39b1 [LEADER]: Connected to new peer: Peer: permanent_uuid: "08e57304fb494bac8377e26fd5866b13" member_type: VOTER last_known_addr { host: "127.28.12.2" port: 39325 }, Status: LMP_MISMATCH, Last received: 0.0, Next index: 1, Last known committed idx: 0, Time since last communication: 0.000s
I20260601 13:33:37.563911 30704 consensus_queue.cc:1048] T b75092eb2ad541868e0b56dca7a06c8e P 9722639a227247c5af758579161c39b1 [LEADER]: Connected to new peer: Peer: permanent_uuid: "7464ed330254472483ff825cf56bbe42" member_type: VOTER last_known_addr { host: "127.28.12.3" port: 36567 }, Status: LMP_MISMATCH, Last received: 0.0, Next index: 1, Last known committed idx: 0, Time since last communication: 0.000s
I20260601 13:33:37.613780 30696 consensus_queue.cc:1048] T 0b9277ecb88246dc91be789421bc9baf P 08e57304fb494bac8377e26fd5866b13 [LEADER]: Connected to new peer: Peer: permanent_uuid: "9722639a227247c5af758579161c39b1" member_type: VOTER last_known_addr { host: "127.28.12.1" port: 42859 }, Status: LMP_MISMATCH, Last received: 0.0, Next index: 1, Last known committed idx: 0, Time since last communication: 0.000s
I20260601 13:33:37.617415 30696 consensus_queue.cc:1048] T 0b9277ecb88246dc91be789421bc9baf P 08e57304fb494bac8377e26fd5866b13 [LEADER]: Connected to new peer: Peer: permanent_uuid: "7464ed330254472483ff825cf56bbe42" member_type: VOTER last_known_addr { host: "127.28.12.3" port: 36567 }, Status: LMP_MISMATCH, Last received: 0.0, Next index: 1, Last known committed idx: 0, Time since last communication: 0.000s
I20260601 13:33:37.966534 30444 auto_leader_rebalancer.cc:140] leader rebalance for table test-workload
I20260601 13:33:37.966980 30444 auto_leader_rebalancer.cc:388] table: test-workload, leader rebalance finish, leader transfer count: 0
I20260601 13:33:37.967073 30444 auto_leader_rebalancer.cc:451] All tables' leader rebalancing finished this round
I20260601 13:33:39.967432 30444 auto_leader_rebalancer.cc:140] leader rebalance for table test-workload
I20260601 13:33:39.967883 30444 auto_leader_rebalancer.cc:388] table: test-workload, leader rebalance finish, leader transfer count: 0
I20260601 13:33:39.967976 30444 auto_leader_rebalancer.cc:451] All tables' leader rebalancing finished this round
I20260601 13:33:41.968376 30444 auto_leader_rebalancer.cc:140] leader rebalance for table test-workload
I20260601 13:33:41.968837 30444 auto_leader_rebalancer.cc:388] table: test-workload, leader rebalance finish, leader transfer count: 0
I20260601 13:33:41.968933 30444 auto_leader_rebalancer.cc:451] All tables' leader rebalancing finished this round
I20260601 13:33:43.969308 30444 auto_leader_rebalancer.cc:140] leader rebalance for table test-workload
I20260601 13:33:43.969780 30444 auto_leader_rebalancer.cc:388] table: test-workload, leader rebalance finish, leader transfer count: 0
I20260601 13:33:43.969878 30444 auto_leader_rebalancer.cc:451] All tables' leader rebalancing finished this round
I20260601 13:33:45.970227 30444 auto_leader_rebalancer.cc:140] leader rebalance for table test-workload
I20260601 13:33:45.970706 30444 auto_leader_rebalancer.cc:388] table: test-workload, leader rebalance finish, leader transfer count: 0
I20260601 13:33:45.970793 30444 auto_leader_rebalancer.cc:451] All tables' leader rebalancing finished this round
I20260601 13:33:47.971102 30444 auto_leader_rebalancer.cc:140] leader rebalance for table test-workload
I20260601 13:33:47.971563 30444 auto_leader_rebalancer.cc:388] table: test-workload, leader rebalance finish, leader transfer count: 0
I20260601 13:33:47.971657 30444 auto_leader_rebalancer.cc:451] All tables' leader rebalancing finished this round
I20260601 13:33:48.250061 28720 file_cache.cc:492] Constructed file cache file cache with capacity 419430
I20260601 13:33:48.252928 28720 server_base.cc:1061] running on GCE node
W20260601 13:33:48.252916 30726 instance_detector.cc:116] could not retrieve Azure instance metadata: Network error: curl error: HTTP response code said error: The requested URL returned error: 404
W20260601 13:33:48.253007 30728 instance_detector.cc:116] could not retrieve OpenStack instance metadata: Network error: curl error: HTTP response code said error: The requested URL returned error: 404
W20260601 13:33:48.252892 30725 instance_detector.cc:116] could not retrieve AWS instance metadata: Network error: curl error: HTTP response code said error: The requested URL returned error: 404
I20260601 13:33:48.253607 28720 hybrid_clock.cc:584] initializing the hybrid clock with 'system_unsync' time source
W20260601 13:33:48.253671 28720 system_unsync_time.cc:38] NTP support is disabled. Clock error bounds will not be accurate. This configuration is not suitable for distributed clusters.
I20260601 13:33:48.253690 28720 hybrid_clock.cc:648] HybridClock initialized: now 1780320828253690 us; error 0 us; skew 500 ppm
I20260601 13:33:48.254997 28720 webserver.cc:533] Webserver started at http://127.28.12.4:36429/ using document root <none> and password file <none>
I20260601 13:33:48.255189 28720 fs_manager.cc:362] Metadata directory not provided
I20260601 13:33:48.255287 28720 fs_manager.cc:368] Using write-ahead log directory (fs_wal_dir) as metadata directory
I20260601 13:33:48.255441 28720 server_base.cc:909] This appears to be a new deployment of Kudu; creating new FS layout
I20260601 13:33:48.255864 28720 fs_manager.cc:1068] Generated new instance metadata in path /tmp/dist-test-taskV33JFi/test-tmp/auto_rebalancer-test.0.AutoRebalancerTest.MovesScheduledIfAddTserver.1780320799760532-28720-0/minicluster-data/ts-3-root/instance:
uuid: "aa499a20710844118c5d4cf7323b3492"
format_stamp: "Formatted at 2026-06-01 13:33:48 on dist-test-slave-xtsw"
I20260601 13:33:48.257586 28720 fs_manager.cc:696] Time spent creating directory manager: real 0.001s	user 0.000s	sys 0.002s
I20260601 13:33:48.258633 30733 log_block_manager.cc:4031] Time spent loading block containers with low live blocks: real 0.000s	user 0.000s	sys 0.000s
I20260601 13:33:48.258917 28720 fs_manager.cc:730] Time spent opening block manager: real 0.001s	user 0.000s	sys 0.001s
I20260601 13:33:48.258984 28720 fs_manager.cc:647] Opened local filesystem: /tmp/dist-test-taskV33JFi/test-tmp/auto_rebalancer-test.0.AutoRebalancerTest.MovesScheduledIfAddTserver.1780320799760532-28720-0/minicluster-data/ts-3-root
uuid: "aa499a20710844118c5d4cf7323b3492"
format_stamp: "Formatted at 2026-06-01 13:33:48 on dist-test-slave-xtsw"
I20260601 13:33:48.259039 28720 fs_report.cc:389] FS layout report
--------------------
wal directory: /tmp/dist-test-taskV33JFi/test-tmp/auto_rebalancer-test.0.AutoRebalancerTest.MovesScheduledIfAddTserver.1780320799760532-28720-0/minicluster-data/ts-3-root
metadata directory: /tmp/dist-test-taskV33JFi/test-tmp/auto_rebalancer-test.0.AutoRebalancerTest.MovesScheduledIfAddTserver.1780320799760532-28720-0/minicluster-data/ts-3-root
1 data directories: /tmp/dist-test-taskV33JFi/test-tmp/auto_rebalancer-test.0.AutoRebalancerTest.MovesScheduledIfAddTserver.1780320799760532-28720-0/minicluster-data/ts-3-root/data
Total live blocks: 0
Total live bytes: 0
Total live bytes (after alignment): 0
Total number of LBM containers: 0 (0 full)
Did not check for missing blocks
Did not check for orphaned blocks
Total full LBM containers with extra space: 0 (0 repaired)
Total full LBM container extra space in bytes: 0 (0 repaired)
Total incomplete LBM containers: 0 (0 repaired)
Total LBM partial records: 0 (0 repaired)
Total corrupted LBM metadata records in RocksDB: 0 (0 repaired)
I20260601 13:33:48.280516 28720 rpc_server.cc:225] running with OpenSSL 1.1.1  11 Sep 2018
I20260601 13:33:48.280911 28720 kserver.cc:163] Server-wide thread pool size limit: 3276
I20260601 13:33:48.281188 28720 txn_system_client.cc:432] TxnSystemClient initialization is disabled...
I20260601 13:33:48.281735 28720 ts_tablet_manager.cc:585] Loaded tablet metadata (0 total tablets, 0 live tablets)
I20260601 13:33:48.281775 28720 ts_tablet_manager.cc:531] Time spent load tablet metadata: real 0.000s	user 0.000s	sys 0.000s
I20260601 13:33:48.281807 28720 ts_tablet_manager.cc:616] Registered 0 tablets
I20260601 13:33:48.281822 28720 ts_tablet_manager.cc:595] Time spent register tablets: real 0.000s	user 0.000s	sys 0.000s
I20260601 13:33:48.286835 28720 rpc_server.cc:307] RPC server started. Bound to: 127.28.12.4:38381
I20260601 13:33:48.286918 30796 acceptor_pool.cc:272] collecting diagnostics on the listening RPC socket 127.28.12.4:38381 every 8 connection(s)
I20260601 13:33:48.296784 30797 heartbeater.cc:344] Connected to a master server at 127.28.12.62:46365
I20260601 13:33:48.296936 30797 heartbeater.cc:461] Registering TS with master...
I20260601 13:33:48.297168 30797 heartbeater.cc:507] Master 127.28.12.62:46365 requested a full tablet report, sending...
I20260601 13:33:48.297827 30388 ts_manager.cc:194] Registered new tserver with Master: aa499a20710844118c5d4cf7323b3492 (127.28.12.4:38381)
I20260601 13:33:48.298527 30388 master_service.cc:502] Signed X509 certificate for tserver {username='slave'} at 127.0.0.1:38376
I20260601 13:33:48.984091 30493 consensus_queue.cc:237] T b75092eb2ad541868e0b56dca7a06c8e P 9722639a227247c5af758579161c39b1 [LEADER]: Queue going to LEADER mode. State: All replicated index: 0, Majority replicated index: 1, Committed index: 1, Last appended: 1.1, Last appended by leader: 0, Current term: 1, Majority size: 2, State: 0, Mode: LEADER, active raft config: opid_index: 2 OBSOLETE_local: false peers { permanent_uuid: "08e57304fb494bac8377e26fd5866b13" member_type: VOTER last_known_addr { host: "127.28.12.2" port: 39325 } attrs { replace: true } } peers { permanent_uuid: "9722639a227247c5af758579161c39b1" member_type: VOTER last_known_addr { host: "127.28.12.1" port: 42859 } } peers { permanent_uuid: "7464ed330254472483ff825cf56bbe42" member_type: VOTER last_known_addr { host: "127.28.12.3" port: 36567 } } peers { permanent_uuid: "aa499a20710844118c5d4cf7323b3492" member_type: NON_VOTER last_known_addr { host: "127.28.12.4" port: 38381 } attrs { promote: true } }
I20260601 13:33:48.985868 30644 raft_consensus.cc:1275] T b75092eb2ad541868e0b56dca7a06c8e P 7464ed330254472483ff825cf56bbe42 [term 1 FOLLOWER]: Refusing update from remote peer 9722639a227247c5af758579161c39b1: Log matching property violated. Preceding OpId in replica: term: 1 index: 1. Preceding OpId from leader: term: 1 index: 2. (index mismatch)
I20260601 13:33:48.985966 30569 raft_consensus.cc:1275] T b75092eb2ad541868e0b56dca7a06c8e P 08e57304fb494bac8377e26fd5866b13 [term 1 FOLLOWER]: Refusing update from remote peer 9722639a227247c5af758579161c39b1: Log matching property violated. Preceding OpId in replica: term: 1 index: 1. Preceding OpId from leader: term: 1 index: 2. (index mismatch)
I20260601 13:33:48.986310 30805 consensus_queue.cc:1048] T b75092eb2ad541868e0b56dca7a06c8e P 9722639a227247c5af758579161c39b1 [LEADER]: Connected to new peer: Peer: permanent_uuid: "08e57304fb494bac8377e26fd5866b13" member_type: VOTER last_known_addr { host: "127.28.12.2" port: 39325 } attrs { replace: true }, Status: LMP_MISMATCH, Last received: 0.0, Next index: 2, Last known committed idx: 1, Time since last communication: 0.000s
I20260601 13:33:48.986609 30804 consensus_queue.cc:1048] T b75092eb2ad541868e0b56dca7a06c8e P 9722639a227247c5af758579161c39b1 [LEADER]: Connected to new peer: Peer: permanent_uuid: "7464ed330254472483ff825cf56bbe42" member_type: VOTER last_known_addr { host: "127.28.12.3" port: 36567 }, Status: LMP_MISMATCH, Last received: 0.0, Next index: 2, Last known committed idx: 1, Time since last communication: 0.000s
I20260601 13:33:48.988492 30724 raft_consensus.cc:2955] T b75092eb2ad541868e0b56dca7a06c8e P 9722639a227247c5af758579161c39b1 [term 1 LEADER]: Committing config change with OpId 1.2: config changed from index -1 to 2, NON_VOTER aa499a20710844118c5d4cf7323b3492 (127.28.12.4) added. New config: { opid_index: 2 OBSOLETE_local: false peers { permanent_uuid: "08e57304fb494bac8377e26fd5866b13" member_type: VOTER last_known_addr { host: "127.28.12.2" port: 39325 } attrs { replace: true } } peers { permanent_uuid: "9722639a227247c5af758579161c39b1" member_type: VOTER last_known_addr { host: "127.28.12.1" port: 42859 } } peers { permanent_uuid: "7464ed330254472483ff825cf56bbe42" member_type: VOTER last_known_addr { host: "127.28.12.3" port: 36567 } } peers { permanent_uuid: "aa499a20710844118c5d4cf7323b3492" member_type: NON_VOTER last_known_addr { host: "127.28.12.4" port: 38381 } attrs { promote: true } } }
I20260601 13:33:48.989272 30644 raft_consensus.cc:2955] T b75092eb2ad541868e0b56dca7a06c8e P 7464ed330254472483ff825cf56bbe42 [term 1 FOLLOWER]: Committing config change with OpId 1.2: config changed from index -1 to 2, NON_VOTER aa499a20710844118c5d4cf7323b3492 (127.28.12.4) added. New config: { opid_index: 2 OBSOLETE_local: false peers { permanent_uuid: "08e57304fb494bac8377e26fd5866b13" member_type: VOTER last_known_addr { host: "127.28.12.2" port: 39325 } attrs { replace: true } } peers { permanent_uuid: "9722639a227247c5af758579161c39b1" member_type: VOTER last_known_addr { host: "127.28.12.1" port: 42859 } } peers { permanent_uuid: "7464ed330254472483ff825cf56bbe42" member_type: VOTER last_known_addr { host: "127.28.12.3" port: 36567 } } peers { permanent_uuid: "aa499a20710844118c5d4cf7323b3492" member_type: NON_VOTER last_known_addr { host: "127.28.12.4" port: 38381 } attrs { promote: true } } }
I20260601 13:33:48.990020 30569 raft_consensus.cc:2955] T b75092eb2ad541868e0b56dca7a06c8e P 08e57304fb494bac8377e26fd5866b13 [term 1 FOLLOWER]: Committing config change with OpId 1.2: config changed from index -1 to 2, NON_VOTER aa499a20710844118c5d4cf7323b3492 (127.28.12.4) added. New config: { opid_index: 2 OBSOLETE_local: false peers { permanent_uuid: "08e57304fb494bac8377e26fd5866b13" member_type: VOTER last_known_addr { host: "127.28.12.2" port: 39325 } attrs { replace: true } } peers { permanent_uuid: "9722639a227247c5af758579161c39b1" member_type: VOTER last_known_addr { host: "127.28.12.1" port: 42859 } } peers { permanent_uuid: "7464ed330254472483ff825cf56bbe42" member_type: VOTER last_known_addr { host: "127.28.12.3" port: 36567 } } peers { permanent_uuid: "aa499a20710844118c5d4cf7323b3492" member_type: NON_VOTER last_known_addr { host: "127.28.12.4" port: 38381 } attrs { promote: true } } }
I20260601 13:33:48.991046 30388 catalog_manager.cc:5696] T b75092eb2ad541868e0b56dca7a06c8e P 9722639a227247c5af758579161c39b1 reported cstate change: config changed from index -1 to 2, NON_VOTER aa499a20710844118c5d4cf7323b3492 (127.28.12.4) added. New cstate: current_term: 1 leader_uuid: "9722639a227247c5af758579161c39b1" committed_config { opid_index: 2 OBSOLETE_local: false peers { permanent_uuid: "08e57304fb494bac8377e26fd5866b13" member_type: VOTER last_known_addr { host: "127.28.12.2" port: 39325 } attrs { replace: true } health_report { overall_health: HEALTHY } } peers { permanent_uuid: "9722639a227247c5af758579161c39b1" member_type: VOTER last_known_addr { host: "127.28.12.1" port: 42859 } health_report { overall_health: HEALTHY } } peers { permanent_uuid: "7464ed330254472483ff825cf56bbe42" member_type: VOTER last_known_addr { host: "127.28.12.3" port: 36567 } health_report { overall_health: HEALTHY } } peers { permanent_uuid: "aa499a20710844118c5d4cf7323b3492" member_type: NON_VOTER last_known_addr { host: "127.28.12.4" port: 38381 } attrs { promote: true } health_report { overall_health: UNKNOWN } } }
W20260601 13:33:48.992669 30456 consensus_peers.cc:597] T b75092eb2ad541868e0b56dca7a06c8e P 9722639a227247c5af758579161c39b1 -> Peer aa499a20710844118c5d4cf7323b3492 (127.28.12.4:38381): Couldn't send request to peer aa499a20710844118c5d4cf7323b3492. Error code: TABLET_NOT_FOUND (6). Status: Not found: Tablet not found: b75092eb2ad541868e0b56dca7a06c8e. This is attempt 1: this message will repeat every 5th retry.
I20260601 13:33:49.299431 30797 heartbeater.cc:499] Master 127.28.12.62:46365 was elected leader, sending a full tablet report...
I20260601 13:33:49.415036 30815 ts_tablet_manager.cc:933] T b75092eb2ad541868e0b56dca7a06c8e P aa499a20710844118c5d4cf7323b3492: Initiating tablet copy from peer 9722639a227247c5af758579161c39b1 (127.28.12.1:42859)
I20260601 13:33:49.415740 30815 tablet_copy_client.cc:323] T b75092eb2ad541868e0b56dca7a06c8e P aa499a20710844118c5d4cf7323b3492: tablet copy: Beginning tablet copy session from remote peer at address 127.28.12.1:42859
I20260601 13:33:49.420034 30503 tablet_copy_service.cc:140] P 9722639a227247c5af758579161c39b1: Received BeginTabletCopySession request for tablet b75092eb2ad541868e0b56dca7a06c8e from peer aa499a20710844118c5d4cf7323b3492 ({username='slave'} at 127.0.0.1:54818)
I20260601 13:33:49.420182 30503 tablet_copy_service.cc:161] P 9722639a227247c5af758579161c39b1: Beginning new tablet copy session on tablet b75092eb2ad541868e0b56dca7a06c8e from peer aa499a20710844118c5d4cf7323b3492 at {username='slave'} at 127.0.0.1:54818: session id = aa499a20710844118c5d4cf7323b3492-b75092eb2ad541868e0b56dca7a06c8e
I20260601 13:33:49.421550 30503 tablet_copy_source_session.cc:215] T b75092eb2ad541868e0b56dca7a06c8e P 9722639a227247c5af758579161c39b1: Tablet Copy: opened 0 blocks and 1 log segments
I20260601 13:33:49.422816 30815 data_dirs.cc:400] Could only allocate 1 dirs of requested 3 for tablet b75092eb2ad541868e0b56dca7a06c8e. 1 dirs total, 0 dirs full, 0 dirs failed
I20260601 13:33:49.424773 30815 tablet_copy_client.cc:806] T b75092eb2ad541868e0b56dca7a06c8e P aa499a20710844118c5d4cf7323b3492: tablet copy: Starting download of 0 data blocks...
I20260601 13:33:49.424978 30815 tablet_copy_client.cc:670] T b75092eb2ad541868e0b56dca7a06c8e P aa499a20710844118c5d4cf7323b3492: tablet copy: Starting download of 1 WAL segments...
I20260601 13:33:49.426684 30815 tablet_copy_client.cc:538] T b75092eb2ad541868e0b56dca7a06c8e P aa499a20710844118c5d4cf7323b3492: tablet copy: Tablet Copy complete. Replacing tablet superblock.
I20260601 13:33:49.428267 30815 tablet_bootstrap.cc:492] T b75092eb2ad541868e0b56dca7a06c8e P aa499a20710844118c5d4cf7323b3492: Bootstrap starting.
I20260601 13:33:49.432679 30815 tablet_bootstrap.cc:492] T b75092eb2ad541868e0b56dca7a06c8e P aa499a20710844118c5d4cf7323b3492: Bootstrap replayed 1/1 log segments. Stats: ops{read=2 overwritten=0 applied=2 ignored=0} inserts{seen=0 ignored=0} mutations{seen=0 ignored=0} orphaned_commits=0. Pending: 0 replicates
I20260601 13:33:49.432971 30815 tablet_bootstrap.cc:492] T b75092eb2ad541868e0b56dca7a06c8e P aa499a20710844118c5d4cf7323b3492: Bootstrap complete.
I20260601 13:33:49.433144 30815 ts_tablet_manager.cc:1403] T b75092eb2ad541868e0b56dca7a06c8e P aa499a20710844118c5d4cf7323b3492: Time spent bootstrapping tablet: real 0.005s	user 0.001s	sys 0.003s
I20260601 13:33:49.433568 30815 raft_consensus.cc:359] T b75092eb2ad541868e0b56dca7a06c8e P aa499a20710844118c5d4cf7323b3492 [term 1 LEARNER]: Replica starting. Triggering 0 pending ops. Active config: opid_index: 2 OBSOLETE_local: false peers { permanent_uuid: "08e57304fb494bac8377e26fd5866b13" member_type: VOTER last_known_addr { host: "127.28.12.2" port: 39325 } attrs { replace: true } } peers { permanent_uuid: "9722639a227247c5af758579161c39b1" member_type: VOTER last_known_addr { host: "127.28.12.1" port: 42859 } } peers { permanent_uuid: "7464ed330254472483ff825cf56bbe42" member_type: VOTER last_known_addr { host: "127.28.12.3" port: 36567 } } peers { permanent_uuid: "aa499a20710844118c5d4cf7323b3492" member_type: NON_VOTER last_known_addr { host: "127.28.12.4" port: 38381 } attrs { promote: true } }
I20260601 13:33:49.433697 30815 raft_consensus.cc:740] T b75092eb2ad541868e0b56dca7a06c8e P aa499a20710844118c5d4cf7323b3492 [term 1 LEARNER]: Becoming Follower/Learner. State: Replica: aa499a20710844118c5d4cf7323b3492, State: Initialized, Role: LEARNER
I20260601 13:33:49.433827 30815 consensus_queue.cc:260] T b75092eb2ad541868e0b56dca7a06c8e P aa499a20710844118c5d4cf7323b3492 [NON_LEADER]: Queue going to NON_LEADER mode. State: All replicated index: 0, Majority replicated index: 0, Committed index: 2, Last appended: 1.2, Last appended by leader: 2, Current term: 0, Majority size: -1, State: 0, Mode: NON_LEADER, active raft config: opid_index: 2 OBSOLETE_local: false peers { permanent_uuid: "08e57304fb494bac8377e26fd5866b13" member_type: VOTER last_known_addr { host: "127.28.12.2" port: 39325 } attrs { replace: true } } peers { permanent_uuid: "9722639a227247c5af758579161c39b1" member_type: VOTER last_known_addr { host: "127.28.12.1" port: 42859 } } peers { permanent_uuid: "7464ed330254472483ff825cf56bbe42" member_type: VOTER last_known_addr { host: "127.28.12.3" port: 36567 } } peers { permanent_uuid: "aa499a20710844118c5d4cf7323b3492" member_type: NON_VOTER last_known_addr { host: "127.28.12.4" port: 38381 } attrs { promote: true } }
I20260601 13:33:49.434242 30815 ts_tablet_manager.cc:1434] T b75092eb2ad541868e0b56dca7a06c8e P aa499a20710844118c5d4cf7323b3492: Time spent starting tablet: real 0.001s	user 0.001s	sys 0.002s
I20260601 13:33:49.435297 30503 tablet_copy_service.cc:342] P 9722639a227247c5af758579161c39b1: Request end of tablet copy session aa499a20710844118c5d4cf7323b3492-b75092eb2ad541868e0b56dca7a06c8e received from {username='slave'} at 127.0.0.1:54818
I20260601 13:33:49.435393 30503 tablet_copy_service.cc:434] P 9722639a227247c5af758579161c39b1: ending tablet copy session aa499a20710844118c5d4cf7323b3492-b75092eb2ad541868e0b56dca7a06c8e on tablet b75092eb2ad541868e0b56dca7a06c8e with peer aa499a20710844118c5d4cf7323b3492
I20260601 13:33:49.803750 30771 raft_consensus.cc:1217] T b75092eb2ad541868e0b56dca7a06c8e P aa499a20710844118c5d4cf7323b3492 [term 1 LEARNER]: Deduplicated request from leader. Original: 1.1->[1.2-1.2]   Dedup: 1.2->[]
I20260601 13:33:49.971954 30444 auto_leader_rebalancer.cc:140] leader rebalance for table test-workload
I20260601 13:33:49.972438 30444 auto_leader_rebalancer.cc:388] table: test-workload, leader rebalance finish, leader transfer count: 0
I20260601 13:33:49.972514 30444 auto_leader_rebalancer.cc:451] All tables' leader rebalancing finished this round
I20260601 13:33:50.207494 30805 raft_consensus.cc:1064] T b75092eb2ad541868e0b56dca7a06c8e P 9722639a227247c5af758579161c39b1: attempting to promote NON_VOTER aa499a20710844118c5d4cf7323b3492 to VOTER
I20260601 13:33:50.208077 30805 consensus_queue.cc:237] T b75092eb2ad541868e0b56dca7a06c8e P 9722639a227247c5af758579161c39b1 [LEADER]: Queue going to LEADER mode. State: All replicated index: 0, Majority replicated index: 2, Committed index: 2, Last appended: 1.2, Last appended by leader: 0, Current term: 1, Majority size: 3, State: 0, Mode: LEADER, active raft config: opid_index: 3 OBSOLETE_local: false peers { permanent_uuid: "08e57304fb494bac8377e26fd5866b13" member_type: VOTER last_known_addr { host: "127.28.12.2" port: 39325 } attrs { replace: true } } peers { permanent_uuid: "9722639a227247c5af758579161c39b1" member_type: VOTER last_known_addr { host: "127.28.12.1" port: 42859 } } peers { permanent_uuid: "7464ed330254472483ff825cf56bbe42" member_type: VOTER last_known_addr { host: "127.28.12.3" port: 36567 } } peers { permanent_uuid: "aa499a20710844118c5d4cf7323b3492" member_type: VOTER last_known_addr { host: "127.28.12.4" port: 38381 } attrs { promote: false } }
I20260601 13:33:50.209893 30771 raft_consensus.cc:1275] T b75092eb2ad541868e0b56dca7a06c8e P aa499a20710844118c5d4cf7323b3492 [term 1 LEARNER]: Refusing update from remote peer 9722639a227247c5af758579161c39b1: Log matching property violated. Preceding OpId in replica: term: 1 index: 2. Preceding OpId from leader: term: 1 index: 3. (index mismatch)
I20260601 13:33:50.209894 30644 raft_consensus.cc:1275] T b75092eb2ad541868e0b56dca7a06c8e P 7464ed330254472483ff825cf56bbe42 [term 1 FOLLOWER]: Refusing update from remote peer 9722639a227247c5af758579161c39b1: Log matching property violated. Preceding OpId in replica: term: 1 index: 2. Preceding OpId from leader: term: 1 index: 3. (index mismatch)
I20260601 13:33:50.209893 30569 raft_consensus.cc:1275] T b75092eb2ad541868e0b56dca7a06c8e P 08e57304fb494bac8377e26fd5866b13 [term 1 FOLLOWER]: Refusing update from remote peer 9722639a227247c5af758579161c39b1: Log matching property violated. Preceding OpId in replica: term: 1 index: 2. Preceding OpId from leader: term: 1 index: 3. (index mismatch)
I20260601 13:33:50.210417 30822 consensus_queue.cc:1048] T b75092eb2ad541868e0b56dca7a06c8e P 9722639a227247c5af758579161c39b1 [LEADER]: Connected to new peer: Peer: permanent_uuid: "aa499a20710844118c5d4cf7323b3492" member_type: VOTER last_known_addr { host: "127.28.12.4" port: 38381 } attrs { promote: false }, Status: LMP_MISMATCH, Last received: 0.0, Next index: 3, Last known committed idx: 2, Time since last communication: 0.000s
I20260601 13:33:50.210619 30824 consensus_queue.cc:1048] T b75092eb2ad541868e0b56dca7a06c8e P 9722639a227247c5af758579161c39b1 [LEADER]: Connected to new peer: Peer: permanent_uuid: "7464ed330254472483ff825cf56bbe42" member_type: VOTER last_known_addr { host: "127.28.12.3" port: 36567 }, Status: LMP_MISMATCH, Last received: 0.0, Next index: 3, Last known committed idx: 2, Time since last communication: 0.000s
I20260601 13:33:50.210822 30805 consensus_queue.cc:1048] T b75092eb2ad541868e0b56dca7a06c8e P 9722639a227247c5af758579161c39b1 [LEADER]: Connected to new peer: Peer: permanent_uuid: "08e57304fb494bac8377e26fd5866b13" member_type: VOTER last_known_addr { host: "127.28.12.2" port: 39325 } attrs { replace: true }, Status: LMP_MISMATCH, Last received: 0.0, Next index: 3, Last known committed idx: 2, Time since last communication: 0.000s
I20260601 13:33:50.212597 30805 raft_consensus.cc:2955] T b75092eb2ad541868e0b56dca7a06c8e P 9722639a227247c5af758579161c39b1 [term 1 LEADER]: Committing config change with OpId 1.3: config changed from index 2 to 3, aa499a20710844118c5d4cf7323b3492 (127.28.12.4) changed from NON_VOTER to VOTER. New config: { opid_index: 3 OBSOLETE_local: false peers { permanent_uuid: "08e57304fb494bac8377e26fd5866b13" member_type: VOTER last_known_addr { host: "127.28.12.2" port: 39325 } attrs { replace: true } } peers { permanent_uuid: "9722639a227247c5af758579161c39b1" member_type: VOTER last_known_addr { host: "127.28.12.1" port: 42859 } } peers { permanent_uuid: "7464ed330254472483ff825cf56bbe42" member_type: VOTER last_known_addr { host: "127.28.12.3" port: 36567 } } peers { permanent_uuid: "aa499a20710844118c5d4cf7323b3492" member_type: VOTER last_known_addr { host: "127.28.12.4" port: 38381 } attrs { promote: false } } }
I20260601 13:33:50.214239 30644 raft_consensus.cc:2955] T b75092eb2ad541868e0b56dca7a06c8e P 7464ed330254472483ff825cf56bbe42 [term 1 FOLLOWER]: Committing config change with OpId 1.3: config changed from index 2 to 3, aa499a20710844118c5d4cf7323b3492 (127.28.12.4) changed from NON_VOTER to VOTER. New config: { opid_index: 3 OBSOLETE_local: false peers { permanent_uuid: "08e57304fb494bac8377e26fd5866b13" member_type: VOTER last_known_addr { host: "127.28.12.2" port: 39325 } attrs { replace: true } } peers { permanent_uuid: "9722639a227247c5af758579161c39b1" member_type: VOTER last_known_addr { host: "127.28.12.1" port: 42859 } } peers { permanent_uuid: "7464ed330254472483ff825cf56bbe42" member_type: VOTER last_known_addr { host: "127.28.12.3" port: 36567 } } peers { permanent_uuid: "aa499a20710844118c5d4cf7323b3492" member_type: VOTER last_known_addr { host: "127.28.12.4" port: 38381 } attrs { promote: false } } }
I20260601 13:33:50.214917 30569 raft_consensus.cc:2955] T b75092eb2ad541868e0b56dca7a06c8e P 08e57304fb494bac8377e26fd5866b13 [term 1 FOLLOWER]: Committing config change with OpId 1.3: config changed from index 2 to 3, aa499a20710844118c5d4cf7323b3492 (127.28.12.4) changed from NON_VOTER to VOTER. New config: { opid_index: 3 OBSOLETE_local: false peers { permanent_uuid: "08e57304fb494bac8377e26fd5866b13" member_type: VOTER last_known_addr { host: "127.28.12.2" port: 39325 } attrs { replace: true } } peers { permanent_uuid: "9722639a227247c5af758579161c39b1" member_type: VOTER last_known_addr { host: "127.28.12.1" port: 42859 } } peers { permanent_uuid: "7464ed330254472483ff825cf56bbe42" member_type: VOTER last_known_addr { host: "127.28.12.3" port: 36567 } } peers { permanent_uuid: "aa499a20710844118c5d4cf7323b3492" member_type: VOTER last_known_addr { host: "127.28.12.4" port: 38381 } attrs { promote: false } } }
I20260601 13:33:50.216218 30771 raft_consensus.cc:2955] T b75092eb2ad541868e0b56dca7a06c8e P aa499a20710844118c5d4cf7323b3492 [term 1 FOLLOWER]: Committing config change with OpId 1.3: config changed from index 2 to 3, aa499a20710844118c5d4cf7323b3492 (127.28.12.4) changed from NON_VOTER to VOTER. New config: { opid_index: 3 OBSOLETE_local: false peers { permanent_uuid: "08e57304fb494bac8377e26fd5866b13" member_type: VOTER last_known_addr { host: "127.28.12.2" port: 39325 } attrs { replace: true } } peers { permanent_uuid: "9722639a227247c5af758579161c39b1" member_type: VOTER last_known_addr { host: "127.28.12.1" port: 42859 } } peers { permanent_uuid: "7464ed330254472483ff825cf56bbe42" member_type: VOTER last_known_addr { host: "127.28.12.3" port: 36567 } } peers { permanent_uuid: "aa499a20710844118c5d4cf7323b3492" member_type: VOTER last_known_addr { host: "127.28.12.4" port: 38381 } attrs { promote: false } } }
I20260601 13:33:50.216493 30389 catalog_manager.cc:5696] T b75092eb2ad541868e0b56dca7a06c8e P 9722639a227247c5af758579161c39b1 reported cstate change: config changed from index 2 to 3, aa499a20710844118c5d4cf7323b3492 (127.28.12.4) changed from NON_VOTER to VOTER. New cstate: current_term: 1 leader_uuid: "9722639a227247c5af758579161c39b1" committed_config { opid_index: 3 OBSOLETE_local: false peers { permanent_uuid: "08e57304fb494bac8377e26fd5866b13" member_type: VOTER last_known_addr { host: "127.28.12.2" port: 39325 } attrs { replace: true } health_report { overall_health: UNKNOWN } } peers { permanent_uuid: "9722639a227247c5af758579161c39b1" member_type: VOTER last_known_addr { host: "127.28.12.1" port: 42859 } health_report { overall_health: HEALTHY } } peers { permanent_uuid: "7464ed330254472483ff825cf56bbe42" member_type: VOTER last_known_addr { host: "127.28.12.3" port: 36567 } health_report { overall_health: HEALTHY } } peers { permanent_uuid: "aa499a20710844118c5d4cf7323b3492" member_type: VOTER last_known_addr { host: "127.28.12.4" port: 38381 } attrs { promote: false } health_report { overall_health: HEALTHY } } }
I20260601 13:33:50.221208 30493 consensus_queue.cc:237] T b75092eb2ad541868e0b56dca7a06c8e P 9722639a227247c5af758579161c39b1 [LEADER]: Queue going to LEADER mode. State: All replicated index: 0, Majority replicated index: 3, Committed index: 3, Last appended: 1.3, Last appended by leader: 0, Current term: 1, Majority size: 2, State: 0, Mode: LEADER, active raft config: opid_index: 4 OBSOLETE_local: false peers { permanent_uuid: "9722639a227247c5af758579161c39b1" member_type: VOTER last_known_addr { host: "127.28.12.1" port: 42859 } } peers { permanent_uuid: "7464ed330254472483ff825cf56bbe42" member_type: VOTER last_known_addr { host: "127.28.12.3" port: 36567 } } peers { permanent_uuid: "aa499a20710844118c5d4cf7323b3492" member_type: VOTER last_known_addr { host: "127.28.12.4" port: 38381 } attrs { promote: false } }
I20260601 13:33:50.222426 30771 raft_consensus.cc:1275] T b75092eb2ad541868e0b56dca7a06c8e P aa499a20710844118c5d4cf7323b3492 [term 1 FOLLOWER]: Refusing update from remote peer 9722639a227247c5af758579161c39b1: Log matching property violated. Preceding OpId in replica: term: 1 index: 3. Preceding OpId from leader: term: 1 index: 4. (index mismatch)
I20260601 13:33:50.223052 30644 raft_consensus.cc:1275] T b75092eb2ad541868e0b56dca7a06c8e P 7464ed330254472483ff825cf56bbe42 [term 1 FOLLOWER]: Refusing update from remote peer 9722639a227247c5af758579161c39b1: Log matching property violated. Preceding OpId in replica: term: 1 index: 3. Preceding OpId from leader: term: 1 index: 4. (index mismatch)
I20260601 13:33:50.223416 30822 consensus_queue.cc:1048] T b75092eb2ad541868e0b56dca7a06c8e P 9722639a227247c5af758579161c39b1 [LEADER]: Connected to new peer: Peer: permanent_uuid: "aa499a20710844118c5d4cf7323b3492" member_type: VOTER last_known_addr { host: "127.28.12.4" port: 38381 } attrs { promote: false }, Status: LMP_MISMATCH, Last received: 0.0, Next index: 4, Last known committed idx: 3, Time since last communication: 0.000s
I20260601 13:33:50.223652 30821 consensus_queue.cc:1048] T b75092eb2ad541868e0b56dca7a06c8e P 9722639a227247c5af758579161c39b1 [LEADER]: Connected to new peer: Peer: permanent_uuid: "7464ed330254472483ff825cf56bbe42" member_type: VOTER last_known_addr { host: "127.28.12.3" port: 36567 }, Status: LMP_MISMATCH, Last received: 0.0, Next index: 4, Last known committed idx: 3, Time since last communication: 0.000s
I20260601 13:33:50.225907 30824 raft_consensus.cc:2955] T b75092eb2ad541868e0b56dca7a06c8e P 9722639a227247c5af758579161c39b1 [term 1 LEADER]: Committing config change with OpId 1.4: config changed from index 3 to 4, VOTER 08e57304fb494bac8377e26fd5866b13 (127.28.12.2) evicted. New config: { opid_index: 4 OBSOLETE_local: false peers { permanent_uuid: "9722639a227247c5af758579161c39b1" member_type: VOTER last_known_addr { host: "127.28.12.1" port: 42859 } } peers { permanent_uuid: "7464ed330254472483ff825cf56bbe42" member_type: VOTER last_known_addr { host: "127.28.12.3" port: 36567 } } peers { permanent_uuid: "aa499a20710844118c5d4cf7323b3492" member_type: VOTER last_known_addr { host: "127.28.12.4" port: 38381 } attrs { promote: false } } }
I20260601 13:33:50.226311 30771 raft_consensus.cc:2955] T b75092eb2ad541868e0b56dca7a06c8e P aa499a20710844118c5d4cf7323b3492 [term 1 FOLLOWER]: Committing config change with OpId 1.4: config changed from index 3 to 4, VOTER 08e57304fb494bac8377e26fd5866b13 (127.28.12.2) evicted. New config: { opid_index: 4 OBSOLETE_local: false peers { permanent_uuid: "9722639a227247c5af758579161c39b1" member_type: VOTER last_known_addr { host: "127.28.12.1" port: 42859 } } peers { permanent_uuid: "7464ed330254472483ff825cf56bbe42" member_type: VOTER last_known_addr { host: "127.28.12.3" port: 36567 } } peers { permanent_uuid: "aa499a20710844118c5d4cf7323b3492" member_type: VOTER last_known_addr { host: "127.28.12.4" port: 38381 } attrs { promote: false } } }
I20260601 13:33:50.226405 30644 raft_consensus.cc:2955] T b75092eb2ad541868e0b56dca7a06c8e P 7464ed330254472483ff825cf56bbe42 [term 1 FOLLOWER]: Committing config change with OpId 1.4: config changed from index 3 to 4, VOTER 08e57304fb494bac8377e26fd5866b13 (127.28.12.2) evicted. New config: { opid_index: 4 OBSOLETE_local: false peers { permanent_uuid: "9722639a227247c5af758579161c39b1" member_type: VOTER last_known_addr { host: "127.28.12.1" port: 42859 } } peers { permanent_uuid: "7464ed330254472483ff825cf56bbe42" member_type: VOTER last_known_addr { host: "127.28.12.3" port: 36567 } } peers { permanent_uuid: "aa499a20710844118c5d4cf7323b3492" member_type: VOTER last_known_addr { host: "127.28.12.4" port: 38381 } attrs { promote: false } } }
I20260601 13:33:50.228209 30377 catalog_manager.cc:5209] ChangeConfig:REMOVE_PEER RPC for tablet b75092eb2ad541868e0b56dca7a06c8e with cas_config_opid_index 3: ChangeConfig:REMOVE_PEER succeeded (attempt 1)
I20260601 13:33:50.228750 30390 catalog_manager.cc:5696] T b75092eb2ad541868e0b56dca7a06c8e P aa499a20710844118c5d4cf7323b3492 reported cstate change: config changed from index 3 to 4, VOTER 08e57304fb494bac8377e26fd5866b13 (127.28.12.2) evicted. New cstate: current_term: 1 leader_uuid: "9722639a227247c5af758579161c39b1" committed_config { opid_index: 4 OBSOLETE_local: false peers { permanent_uuid: "9722639a227247c5af758579161c39b1" member_type: VOTER last_known_addr { host: "127.28.12.1" port: 42859 } } peers { permanent_uuid: "7464ed330254472483ff825cf56bbe42" member_type: VOTER last_known_addr { host: "127.28.12.3" port: 36567 } } peers { permanent_uuid: "aa499a20710844118c5d4cf7323b3492" member_type: VOTER last_known_addr { host: "127.28.12.4" port: 38381 } attrs { promote: false } } }
I20260601 13:33:50.231897 30559 tablet_service.cc:1558] Processing DeleteTablet for tablet b75092eb2ad541868e0b56dca7a06c8e with delete_type TABLET_DATA_TOMBSTONED (TS 08e57304fb494bac8377e26fd5866b13 not found in new config with opid_index 4) from {username='slave'} at 127.0.0.1:55520
I20260601 13:33:50.232395 30834 tablet_replica.cc:333] T b75092eb2ad541868e0b56dca7a06c8e P 08e57304fb494bac8377e26fd5866b13: stopping tablet replica
I20260601 13:33:50.232549 30834 raft_consensus.cc:2243] T b75092eb2ad541868e0b56dca7a06c8e P 08e57304fb494bac8377e26fd5866b13 [term 1 FOLLOWER]: Raft consensus shutting down.
I20260601 13:33:50.232704 30834 raft_consensus.cc:2272] T b75092eb2ad541868e0b56dca7a06c8e P 08e57304fb494bac8377e26fd5866b13 [term 1 FOLLOWER]: Raft consensus is shut down!
I20260601 13:33:50.233567 30834 ts_tablet_manager.cc:1916] T b75092eb2ad541868e0b56dca7a06c8e P 08e57304fb494bac8377e26fd5866b13: Deleting tablet data with delete state TABLET_DATA_TOMBSTONED
I20260601 13:33:50.235587 30834 ts_tablet_manager.cc:1929] T b75092eb2ad541868e0b56dca7a06c8e P 08e57304fb494bac8377e26fd5866b13: tablet deleted with delete type TABLET_DATA_TOMBSTONED: last-logged OpId 1.3
I20260601 13:33:50.235663 30834 log.cc:1199] T b75092eb2ad541868e0b56dca7a06c8e P 08e57304fb494bac8377e26fd5866b13: Deleting WAL directory at /tmp/dist-test-taskV33JFi/test-tmp/auto_rebalancer-test.0.AutoRebalancerTest.MovesScheduledIfAddTserver.1780320799760532-28720-0/minicluster-data/ts-1-root/wals/b75092eb2ad541868e0b56dca7a06c8e
I20260601 13:33:50.236330 30374 catalog_manager.cc:5027] TS 08e57304fb494bac8377e26fd5866b13 (127.28.12.2:39325): tablet b75092eb2ad541868e0b56dca7a06c8e (table test-workload [id=73e5a559023e4af5b3ae5f1028fc33b3]) successfully deleted
I20260601 13:33:51.972880 30444 auto_leader_rebalancer.cc:140] leader rebalance for table test-workload
I20260601 13:33:51.973393 30444 auto_leader_rebalancer.cc:388] table: test-workload, leader rebalance finish, leader transfer count: 0
I20260601 13:33:51.973466 30444 auto_leader_rebalancer.cc:451] All tables' leader rebalancing finished this round
I20260601 13:33:53.973898 30444 auto_leader_rebalancer.cc:140] leader rebalance for table test-workload
I20260601 13:33:53.974539 30444 auto_leader_rebalancer.cc:388] table: test-workload, leader rebalance finish, leader transfer count: 0
I20260601 13:33:53.974619 30444 auto_leader_rebalancer.cc:451] All tables' leader rebalancing finished this round
I20260601 13:33:55.974982 30444 auto_leader_rebalancer.cc:140] leader rebalance for table test-workload
I20260601 13:33:55.975485 30444 auto_leader_rebalancer.cc:388] table: test-workload, leader rebalance finish, leader transfer count: 0
I20260601 13:33:55.975553 30444 auto_leader_rebalancer.cc:451] All tables' leader rebalancing finished this round
I20260601 13:33:57.975911 30444 auto_leader_rebalancer.cc:140] leader rebalance for table test-workload
I20260601 13:33:57.976457 30444 auto_leader_rebalancer.cc:388] table: test-workload, leader rebalance finish, leader transfer count: 0
I20260601 13:33:57.976528 30444 auto_leader_rebalancer.cc:451] All tables' leader rebalancing finished this round
I20260601 13:33:59.976902 30444 auto_leader_rebalancer.cc:140] leader rebalance for table test-workload
I20260601 13:33:59.977465 30444 auto_leader_rebalancer.cc:388] table: test-workload, leader rebalance finish, leader transfer count: 0
I20260601 13:33:59.977537 30444 auto_leader_rebalancer.cc:451] All tables' leader rebalancing finished this round
I20260601 13:34:01.977892 30444 auto_leader_rebalancer.cc:140] leader rebalance for table test-workload
I20260601 13:34:01.978406 30444 auto_leader_rebalancer.cc:388] table: test-workload, leader rebalance finish, leader transfer count: 0
I20260601 13:34:01.978471 30444 auto_leader_rebalancer.cc:451] All tables' leader rebalancing finished this round
I20260601 13:34:02.494647 28720 tablet_server.cc:179] TabletServer@127.28.12.1:0 shutting down...
I20260601 13:34:02.499185 28720 ts_tablet_manager.cc:1507] Shutting down tablet manager...
I20260601 13:34:02.499497 28720 tablet_replica.cc:333] T 0b9277ecb88246dc91be789421bc9baf P 9722639a227247c5af758579161c39b1: stopping tablet replica
I20260601 13:34:02.499629 28720 raft_consensus.cc:2243] T 0b9277ecb88246dc91be789421bc9baf P 9722639a227247c5af758579161c39b1 [term 1 FOLLOWER]: Raft consensus shutting down.
I20260601 13:34:02.499750 28720 raft_consensus.cc:2272] T 0b9277ecb88246dc91be789421bc9baf P 9722639a227247c5af758579161c39b1 [term 1 FOLLOWER]: Raft consensus is shut down!
I20260601 13:34:02.500331 28720 tablet_replica.cc:333] T b75092eb2ad541868e0b56dca7a06c8e P 9722639a227247c5af758579161c39b1: stopping tablet replica
I20260601 13:34:02.500458 28720 raft_consensus.cc:2243] T b75092eb2ad541868e0b56dca7a06c8e P 9722639a227247c5af758579161c39b1 [term 1 LEADER]: Raft consensus shutting down.
I20260601 13:34:02.500698 28720 raft_consensus.cc:2272] T b75092eb2ad541868e0b56dca7a06c8e P 9722639a227247c5af758579161c39b1 [term 1 FOLLOWER]: Raft consensus is shut down!
I20260601 13:34:02.514201 28720 tablet_server.cc:196] TabletServer@127.28.12.1:0 shutdown complete.
I20260601 13:34:02.517204 28720 tablet_server.cc:179] TabletServer@127.28.12.2:0 shutting down...
I20260601 13:34:02.524540 28720 ts_tablet_manager.cc:1507] Shutting down tablet manager...
I20260601 13:34:02.524823 28720 tablet_replica.cc:333] T 0b9277ecb88246dc91be789421bc9baf P 08e57304fb494bac8377e26fd5866b13: stopping tablet replica
I20260601 13:34:02.524927 28720 raft_consensus.cc:2243] T 0b9277ecb88246dc91be789421bc9baf P 08e57304fb494bac8377e26fd5866b13 [term 1 LEADER]: Raft consensus shutting down.
I20260601 13:34:02.525123 28720 raft_consensus.cc:2272] T 0b9277ecb88246dc91be789421bc9baf P 08e57304fb494bac8377e26fd5866b13 [term 1 FOLLOWER]: Raft consensus is shut down!
I20260601 13:34:02.538247 28720 tablet_server.cc:196] TabletServer@127.28.12.2:0 shutdown complete.
I20260601 13:34:02.541038 28720 tablet_server.cc:179] TabletServer@127.28.12.3:0 shutting down...
I20260601 13:34:02.545356 28720 ts_tablet_manager.cc:1507] Shutting down tablet manager...
I20260601 13:34:02.545634 28720 tablet_replica.cc:333] T b75092eb2ad541868e0b56dca7a06c8e P 7464ed330254472483ff825cf56bbe42: stopping tablet replica
I20260601 13:34:02.545795 28720 raft_consensus.cc:2243] T b75092eb2ad541868e0b56dca7a06c8e P 7464ed330254472483ff825cf56bbe42 [term 1 FOLLOWER]: Raft consensus shutting down.
I20260601 13:34:02.545962 28720 raft_consensus.cc:2272] T b75092eb2ad541868e0b56dca7a06c8e P 7464ed330254472483ff825cf56bbe42 [term 1 FOLLOWER]: Raft consensus is shut down!
I20260601 13:34:02.546442 28720 tablet_replica.cc:333] T 0b9277ecb88246dc91be789421bc9baf P 7464ed330254472483ff825cf56bbe42: stopping tablet replica
I20260601 13:34:02.546553 28720 raft_consensus.cc:2243] T 0b9277ecb88246dc91be789421bc9baf P 7464ed330254472483ff825cf56bbe42 [term 1 FOLLOWER]: Raft consensus shutting down.
I20260601 13:34:02.546669 28720 raft_consensus.cc:2272] T 0b9277ecb88246dc91be789421bc9baf P 7464ed330254472483ff825cf56bbe42 [term 1 FOLLOWER]: Raft consensus is shut down!
I20260601 13:34:02.559752 28720 tablet_server.cc:196] TabletServer@127.28.12.3:0 shutdown complete.
I20260601 13:34:02.562265 28720 tablet_server.cc:179] TabletServer@127.28.12.4:0 shutting down...
I20260601 13:34:02.567931 28720 ts_tablet_manager.cc:1507] Shutting down tablet manager...
I20260601 13:34:02.568344 28720 tablet_replica.cc:333] T b75092eb2ad541868e0b56dca7a06c8e P aa499a20710844118c5d4cf7323b3492: stopping tablet replica
I20260601 13:34:02.568506 28720 raft_consensus.cc:2243] T b75092eb2ad541868e0b56dca7a06c8e P aa499a20710844118c5d4cf7323b3492 [term 1 FOLLOWER]: Raft consensus shutting down.
I20260601 13:34:02.568689 28720 raft_consensus.cc:2272] T b75092eb2ad541868e0b56dca7a06c8e P aa499a20710844118c5d4cf7323b3492 [term 1 FOLLOWER]: Raft consensus is shut down!
I20260601 13:34:02.582240 28720 tablet_server.cc:196] TabletServer@127.28.12.4:0 shutdown complete.
I20260601 13:34:02.584911 28720 master.cc:562] Master@127.28.12.62:46365 shutting down...
I20260601 13:34:02.589515 28720 raft_consensus.cc:2243] T 00000000000000000000000000000000 P bec89e8a7b244df38981d4acd12adb8d [term 1 LEADER]: Raft consensus shutting down.
I20260601 13:34:02.589694 28720 raft_consensus.cc:2272] T 00000000000000000000000000000000 P bec89e8a7b244df38981d4acd12adb8d [term 1 FOLLOWER]: Raft consensus is shut down!
I20260601 13:34:02.589748 28720 tablet_replica.cc:333] T 00000000000000000000000000000000 P bec89e8a7b244df38981d4acd12adb8d: stopping tablet replica
I20260601 13:34:02.603295 28720 master.cc:584] Master@127.28.12.62:46365 shutdown complete.
[       OK ] AutoRebalancerTest.MovesScheduledIfAddTserver (26689 ms)
[ RUN      ] AutoRebalancerTest.NoReplicaMovesIfNoTservers
I20260601 13:34:02.613090 28720 internal_mini_cluster.cc:156] Creating distributed mini masters. Addrs: 127.28.12.62:36897
I20260601 13:34:02.613595 28720 file_cache.cc:492] Constructed file cache file cache with capacity 419430
W20260601 13:34:02.617187 30839 instance_detector.cc:116] could not retrieve OpenStack instance metadata: Network error: curl error: HTTP response code said error: The requested URL returned error: 404
I20260601 13:34:02.617321 28720 server_base.cc:1061] running on GCE node
W20260601 13:34:02.617434 30836 instance_detector.cc:116] could not retrieve AWS instance metadata: Network error: curl error: HTTP response code said error: The requested URL returned error: 404
W20260601 13:34:02.618258 30837 instance_detector.cc:116] could not retrieve Azure instance metadata: Network error: curl error: HTTP response code said error: The requested URL returned error: 404
I20260601 13:34:02.619050 28720 hybrid_clock.cc:584] initializing the hybrid clock with 'system_unsync' time source
W20260601 13:34:02.619293 28720 system_unsync_time.cc:38] NTP support is disabled. Clock error bounds will not be accurate. This configuration is not suitable for distributed clusters.
I20260601 13:34:02.619451 28720 hybrid_clock.cc:648] HybridClock initialized: now 1780320842619448 us; error 0 us; skew 500 ppm
I20260601 13:34:02.620554 28720 webserver.cc:533] Webserver started at http://127.28.12.62:34885/ using document root <none> and password file <none>
I20260601 13:34:02.620769 28720 fs_manager.cc:362] Metadata directory not provided
I20260601 13:34:02.620855 28720 fs_manager.cc:368] Using write-ahead log directory (fs_wal_dir) as metadata directory
I20260601 13:34:02.620965 28720 server_base.cc:909] This appears to be a new deployment of Kudu; creating new FS layout
I20260601 13:34:02.621405 28720 fs_manager.cc:1068] Generated new instance metadata in path /tmp/dist-test-taskV33JFi/test-tmp/auto_rebalancer-test.0.AutoRebalancerTest.NoReplicaMovesIfNoTservers.1780320799760532-28720-0/minicluster-data/master-0-root/instance:
uuid: "fff2e48f27564d8eaa89ae26dca418b0"
format_stamp: "Formatted at 2026-06-01 13:34:02 on dist-test-slave-xtsw"
I20260601 13:34:02.623026 28720 fs_manager.cc:696] Time spent creating directory manager: real 0.001s	user 0.000s	sys 0.002s
