W20260601 13:33:18.687618  2651 instance_detector.cc:116] could not retrieve OpenStack instance metadata: Network error: curl error: HTTP response code said error: The requested URL returned error: 404
W20260601 13:33:18.687994  2648 instance_detector.cc:116] could not retrieve AWS instance metadata: Network error: curl error: HTTP response code said error: The requested URL returned error: 404
I20260601 13:33:18.688632  2317 server_base.cc:1061] running on GCE node
W20260601 13:33:18.689924  2649 instance_detector.cc:116] could not retrieve Azure instance metadata: Network error: curl error: HTTP response code said error: The requested URL returned error: 404
I20260601 13:33:18.690291  2317 hybrid_clock.cc:584] initializing the hybrid clock with 'system_unsync' time source
W20260601 13:33:18.690344  2317 system_unsync_time.cc:38] NTP support is disabled. Clock error bounds will not be accurate. This configuration is not suitable for distributed clusters.
I20260601 13:33:18.690366  2317 hybrid_clock.cc:648] HybridClock initialized: now 1780320798690366 us; error 0 us; skew 500 ppm
I20260601 13:33:18.690762  2548 catalog_manager.cc:1405] Generated new certificate authority record
I20260601 13:33:18.690892  2643 heartbeater.cc:344] Connected to a master server at 127.2.67.124:46317
I20260601 13:33:18.691227  2317 webserver.cc:533] Webserver started at http://127.2.67.66:35343/ using document root <none> and password file <none>
I20260601 13:33:18.691422  2643 heartbeater.cc:461] Registering TS with master...
I20260601 13:33:18.691478  2317 fs_manager.cc:362] Metadata directory not provided
I20260601 13:33:18.691524  2317 fs_manager.cc:368] Using write-ahead log directory (fs_wal_dir) as metadata directory
I20260601 13:33:18.691587  2317 server_base.cc:909] This appears to be a new deployment of Kudu; creating new FS layout
I20260601 13:33:18.691892  2643 heartbeater.cc:507] Master 127.2.67.124:46317 requested a full tablet report, sending...
I20260601 13:33:18.691987  2317 fs_manager.cc:1068] Generated new instance metadata in path /tmp/dist-test-task3zdabv/test-tmp/auto_rebalancer-test.0.AutoRebalancerTest.OnlyLeaderDoesAutoRebalancing.1780320798454288-2317-0/minicluster-data/ts-1-root/instance:
uuid: "b97fe476ae8a43798b0b327e90e18bc9"
format_stamp: "Formatted at 2026-06-01 13:33:18 on dist-test-slave-mdfg"
I20260601 13:33:18.693127  2479 ts_manager.cc:194] Registered new tserver with Master: d76c7460c2614b18ac022fec1d524ec4 (127.2.67.65:43057)
I20260601 13:33:18.694650  2548 catalog_manager.cc:1539] Loading token signing keys...
I20260601 13:33:18.696614  2644 heartbeater.cc:344] Connected to a master server at 127.2.67.126:37107
I20260601 13:33:18.696727  2644 heartbeater.cc:461] Registering TS with master...
I20260601 13:33:18.697408  2644 heartbeater.cc:507] Master 127.2.67.126:37107 requested a full tablet report, sending...
I20260601 13:33:18.698053  2317 fs_manager.cc:696] Time spent creating directory manager: real 0.006s	user 0.002s	sys 0.000s
I20260601 13:33:18.698146  2346 ts_manager.cc:194] Registered new tserver with Master: d76c7460c2614b18ac022fec1d524ec4 (127.2.67.65:43057)
I20260601 13:33:18.698616  2645 heartbeater.cc:344] Connected to a master server at 127.2.67.125:33273
I20260601 13:33:18.698681  2645 heartbeater.cc:461] Registering TS with master...
I20260601 13:33:18.698855  2645 heartbeater.cc:507] Master 127.2.67.125:33273 requested a full tablet report, sending...
I20260601 13:33:18.699486  2413 ts_manager.cc:194] Registered new tserver with Master: d76c7460c2614b18ac022fec1d524ec4 (127.2.67.65:43057)
I20260601 13:33:18.699259  2657 log_block_manager.cc:4031] Time spent loading block containers with low live blocks: real 0.000s	user 0.000s	sys 0.000s
I20260601 13:33:18.700011  2317 fs_manager.cc:730] Time spent opening block manager: real 0.001s	user 0.001s	sys 0.000s
I20260601 13:33:18.700103  2317 fs_manager.cc:647] Opened local filesystem: /tmp/dist-test-task3zdabv/test-tmp/auto_rebalancer-test.0.AutoRebalancerTest.OnlyLeaderDoesAutoRebalancing.1780320798454288-2317-0/minicluster-data/ts-1-root
uuid: "b97fe476ae8a43798b0b327e90e18bc9"
format_stamp: "Formatted at 2026-06-01 13:33:18 on dist-test-slave-mdfg"
I20260601 13:33:18.700170  2317 fs_report.cc:389] FS layout report
--------------------
wal directory: /tmp/dist-test-task3zdabv/test-tmp/auto_rebalancer-test.0.AutoRebalancerTest.OnlyLeaderDoesAutoRebalancing.1780320798454288-2317-0/minicluster-data/ts-1-root
metadata directory: /tmp/dist-test-task3zdabv/test-tmp/auto_rebalancer-test.0.AutoRebalancerTest.OnlyLeaderDoesAutoRebalancing.1780320798454288-2317-0/minicluster-data/ts-1-root
1 data directories: /tmp/dist-test-task3zdabv/test-tmp/auto_rebalancer-test.0.AutoRebalancerTest.OnlyLeaderDoesAutoRebalancing.1780320798454288-2317-0/minicluster-data/ts-1-root/data
Total live blocks: 0
Total live bytes: 0
Total live bytes (after alignment): 0
Total number of LBM containers: 0 (0 full)
Did not check for missing blocks
Did not check for orphaned blocks
Total full LBM containers with extra space: 0 (0 repaired)
Total full LBM container extra space in bytes: 0 (0 repaired)
Total incomplete LBM containers: 0 (0 repaired)
Total LBM partial records: 0 (0 repaired)
Total corrupted LBM metadata records in RocksDB: 0 (0 repaired)
I20260601 13:33:18.708833  2317 rpc_server.cc:225] running with OpenSSL 1.1.1  11 Sep 2018
I20260601 13:33:18.709179  2317 kserver.cc:163] Server-wide thread pool size limit: 3276
I20260601 13:33:18.709513  2317 txn_system_client.cc:432] TxnSystemClient initialization is disabled...
I20260601 13:33:18.710023  2317 ts_tablet_manager.cc:585] Loaded tablet metadata (0 total tablets, 0 live tablets)
I20260601 13:33:18.710083  2317 ts_tablet_manager.cc:531] Time spent load tablet metadata: real 0.000s	user 0.000s	sys 0.000s
I20260601 13:33:18.710165  2317 ts_tablet_manager.cc:616] Registered 0 tablets
I20260601 13:33:18.710198  2317 ts_tablet_manager.cc:595] Time spent register tablets: real 0.000s	user 0.000s	sys 0.000s
I20260601 13:33:18.714429  2548 catalog_manager.cc:6069] T 00000000000000000000000000000000 P 4d020ae461a0483e9b4ec22a16457ab4: Generated new TSK 0
I20260601 13:33:18.715353  2548 catalog_manager.cc:1549] Initializing in-progress tserver states...
I20260601 13:33:18.717243  2317 rpc_server.cc:307] RPC server started. Bound to: 127.2.67.66:41957
I20260601 13:33:18.717304  2720 acceptor_pool.cc:272] collecting diagnostics on the listening RPC socket 127.2.67.66:41957 every 8 connection(s)
I20260601 13:33:18.718577  2317 file_cache.cc:492] Constructed file cache file cache with capacity 419430
I20260601 13:33:18.722692  2721 heartbeater.cc:344] Connected to a master server at 127.2.67.124:46317
I20260601 13:33:18.722779  2721 heartbeater.cc:461] Registering TS with master...
I20260601 13:33:18.722981  2721 heartbeater.cc:507] Master 127.2.67.124:46317 requested a full tablet report, sending...
I20260601 13:33:18.723095  2722 heartbeater.cc:344] Connected to a master server at 127.2.67.126:37107
I20260601 13:33:18.723165  2722 heartbeater.cc:461] Registering TS with master...
I20260601 13:33:18.723330  2722 heartbeater.cc:507] Master 127.2.67.126:37107 requested a full tablet report, sending...
I20260601 13:33:18.723577  2479 ts_manager.cc:194] Registered new tserver with Master: b97fe476ae8a43798b0b327e90e18bc9 (127.2.67.66:41957)
I20260601 13:33:18.724181  2346 ts_manager.cc:194] Registered new tserver with Master: b97fe476ae8a43798b0b327e90e18bc9 (127.2.67.66:41957)
I20260601 13:33:18.725033  2479 master_service.cc:502] Signed X509 certificate for tserver {username='slave'} at 127.0.0.1:57050
W20260601 13:33:18.725929  2730 instance_detector.cc:116] could not retrieve OpenStack instance metadata: Network error: curl error: HTTP response code said error: The requested URL returned error: 404
W20260601 13:33:18.726007  2728 instance_detector.cc:116] could not retrieve Azure instance metadata: Network error: curl error: HTTP response code said error: The requested URL returned error: 404
I20260601 13:33:18.726341  2317 server_base.cc:1061] running on GCE node
W20260601 13:33:18.726521  2727 instance_detector.cc:116] could not retrieve AWS instance metadata: Network error: curl error: HTTP response code said error: The requested URL returned error: 404
I20260601 13:33:18.726792  2317 hybrid_clock.cc:584] initializing the hybrid clock with 'system_unsync' time source
W20260601 13:33:18.726850  2317 system_unsync_time.cc:38] NTP support is disabled. Clock error bounds will not be accurate. This configuration is not suitable for distributed clusters.
I20260601 13:33:18.726877  2317 hybrid_clock.cc:648] HybridClock initialized: now 1780320798726877 us; error 0 us; skew 500 ppm
I20260601 13:33:18.727818  2317 webserver.cc:533] Webserver started at http://127.2.67.67:34491/ using document root <none> and password file <none>
I20260601 13:33:18.727995  2317 fs_manager.cc:362] Metadata directory not provided
I20260601 13:33:18.728066  2317 fs_manager.cc:368] Using write-ahead log directory (fs_wal_dir) as metadata directory
I20260601 13:33:18.728142  2317 server_base.cc:909] This appears to be a new deployment of Kudu; creating new FS layout
I20260601 13:33:18.728526  2317 fs_manager.cc:1068] Generated new instance metadata in path /tmp/dist-test-task3zdabv/test-tmp/auto_rebalancer-test.0.AutoRebalancerTest.OnlyLeaderDoesAutoRebalancing.1780320798454288-2317-0/minicluster-data/ts-2-root/instance:
uuid: "86acca1088bc4f78bc798306981ff89a"
format_stamp: "Formatted at 2026-06-01 13:33:18 on dist-test-slave-mdfg"
I20260601 13:33:18.730594  2723 heartbeater.cc:344] Connected to a master server at 127.2.67.125:33273
I20260601 13:33:18.730679  2723 heartbeater.cc:461] Registering TS with master...
I20260601 13:33:18.730854  2723 heartbeater.cc:507] Master 127.2.67.125:33273 requested a full tablet report, sending...
I20260601 13:33:18.731443  2413 ts_manager.cc:194] Registered new tserver with Master: b97fe476ae8a43798b0b327e90e18bc9 (127.2.67.66:41957)
I20260601 13:33:18.733922  2317 fs_manager.cc:696] Time spent creating directory manager: real 0.005s	user 0.001s	sys 0.001s
I20260601 13:33:18.734910  2735 log_block_manager.cc:4031] Time spent loading block containers with low live blocks: real 0.000s	user 0.000s	sys 0.000s
I20260601 13:33:18.735201  2317 fs_manager.cc:730] Time spent opening block manager: real 0.001s	user 0.001s	sys 0.000s
I20260601 13:33:18.735284  2317 fs_manager.cc:647] Opened local filesystem: /tmp/dist-test-task3zdabv/test-tmp/auto_rebalancer-test.0.AutoRebalancerTest.OnlyLeaderDoesAutoRebalancing.1780320798454288-2317-0/minicluster-data/ts-2-root
uuid: "86acca1088bc4f78bc798306981ff89a"
format_stamp: "Formatted at 2026-06-01 13:33:18 on dist-test-slave-mdfg"
I20260601 13:33:18.735349  2317 fs_report.cc:389] FS layout report
--------------------
wal directory: /tmp/dist-test-task3zdabv/test-tmp/auto_rebalancer-test.0.AutoRebalancerTest.OnlyLeaderDoesAutoRebalancing.1780320798454288-2317-0/minicluster-data/ts-2-root
metadata directory: /tmp/dist-test-task3zdabv/test-tmp/auto_rebalancer-test.0.AutoRebalancerTest.OnlyLeaderDoesAutoRebalancing.1780320798454288-2317-0/minicluster-data/ts-2-root
1 data directories: /tmp/dist-test-task3zdabv/test-tmp/auto_rebalancer-test.0.AutoRebalancerTest.OnlyLeaderDoesAutoRebalancing.1780320798454288-2317-0/minicluster-data/ts-2-root/data
Total live blocks: 0
Total live bytes: 0
Total live bytes (after alignment): 0
Total number of LBM containers: 0 (0 full)
Did not check for missing blocks
Did not check for orphaned blocks
Total full LBM containers with extra space: 0 (0 repaired)
Total full LBM container extra space in bytes: 0 (0 repaired)
Total incomplete LBM containers: 0 (0 repaired)
Total LBM partial records: 0 (0 repaired)
Total corrupted LBM metadata records in RocksDB: 0 (0 repaired)
I20260601 13:33:18.761153  2317 rpc_server.cc:225] running with OpenSSL 1.1.1  11 Sep 2018
I20260601 13:33:18.761773  2317 kserver.cc:163] Server-wide thread pool size limit: 3276
I20260601 13:33:18.762128  2317 txn_system_client.cc:432] TxnSystemClient initialization is disabled...
I20260601 13:33:18.762657  2317 ts_tablet_manager.cc:585] Loaded tablet metadata (0 total tablets, 0 live tablets)
I20260601 13:33:18.762696  2317 ts_tablet_manager.cc:531] Time spent load tablet metadata: real 0.000s	user 0.000s	sys 0.000s
I20260601 13:33:18.762727  2317 ts_tablet_manager.cc:616] Registered 0 tablets
I20260601 13:33:18.762782  2317 ts_tablet_manager.cc:595] Time spent register tablets: real 0.000s	user 0.000s	sys 0.000s
I20260601 13:33:18.768527  2317 rpc_server.cc:307] RPC server started. Bound to: 127.2.67.67:38105
I20260601 13:33:18.768606  2798 acceptor_pool.cc:272] collecting diagnostics on the listening RPC socket 127.2.67.67:38105 every 8 connection(s)
I20260601 13:33:18.774540  2800 heartbeater.cc:344] Connected to a master server at 127.2.67.126:37107
I20260601 13:33:18.774647  2800 heartbeater.cc:461] Registering TS with master...
I20260601 13:33:18.774895  2800 heartbeater.cc:507] Master 127.2.67.126:37107 requested a full tablet report, sending...
I20260601 13:33:18.775594  2346 ts_manager.cc:194] Registered new tserver with Master: 86acca1088bc4f78bc798306981ff89a (127.2.67.67:38105)
I20260601 13:33:18.776434  2801 heartbeater.cc:344] Connected to a master server at 127.2.67.125:33273
I20260601 13:33:18.776537  2801 heartbeater.cc:461] Registering TS with master...
I20260601 13:33:18.776793  2801 heartbeater.cc:507] Master 127.2.67.125:33273 requested a full tablet report, sending...
I20260601 13:33:18.777695  2413 ts_manager.cc:194] Registered new tserver with Master: 86acca1088bc4f78bc798306981ff89a (127.2.67.67:38105)
I20260601 13:33:18.778801  2799 heartbeater.cc:344] Connected to a master server at 127.2.67.124:46317
I20260601 13:33:18.778905  2799 heartbeater.cc:461] Registering TS with master...
I20260601 13:33:18.779088  2799 heartbeater.cc:507] Master 127.2.67.124:46317 requested a full tablet report, sending...
I20260601 13:33:18.779635  2479 ts_manager.cc:194] Registered new tserver with Master: 86acca1088bc4f78bc798306981ff89a (127.2.67.67:38105)
I20260601 13:33:18.779960  2317 internal_mini_cluster.cc:371] 3 TS(s) registered with all masters after 0.010803407s
I20260601 13:33:18.780251  2479 master_service.cc:502] Signed X509 certificate for tserver {username='slave'} at 127.0.0.1:57060
I20260601 13:33:19.604705  2544 catalog_manager.cc:1294] Loaded cluster ID: 74c8417d7a644296b81c2184821b2583
I20260601 13:33:19.604785  2544 catalog_manager.cc:1587] T 00000000000000000000000000000000 P 158e89d27e694130a2491f5ccc00c705: loading cluster ID for follower catalog manager: success
I20260601 13:33:19.606127  2544 catalog_manager.cc:1609] T 00000000000000000000000000000000 P 158e89d27e694130a2491f5ccc00c705: acquiring CA information for follower catalog manager: success
I20260601 13:33:19.606843  2544 catalog_manager.cc:1637] T 00000000000000000000000000000000 P 158e89d27e694130a2491f5ccc00c705: importing token verification keys for follower catalog manager: success; most recent TSK sequence number 0
I20260601 13:33:19.631243  2562 catalog_manager.cc:1294] Loaded cluster ID: 74c8417d7a644296b81c2184821b2583
I20260601 13:33:19.631312  2562 catalog_manager.cc:1587] T 00000000000000000000000000000000 P 03e41b5d2b9f47ab8652044b17d7a2b6: loading cluster ID for follower catalog manager: success
I20260601 13:33:19.632477  2562 catalog_manager.cc:1609] T 00000000000000000000000000000000 P 03e41b5d2b9f47ab8652044b17d7a2b6: acquiring CA information for follower catalog manager: success
I20260601 13:33:19.633008  2562 catalog_manager.cc:1637] T 00000000000000000000000000000000 P 03e41b5d2b9f47ab8652044b17d7a2b6: importing token verification keys for follower catalog manager: success; most recent TSK sequence number 0
I20260601 13:33:19.695366  2479 master_service.cc:502] Signed X509 certificate for tserver {username='slave'} at 127.0.0.1:57044
I20260601 13:33:19.726454  2721 heartbeater.cc:499] Master 127.2.67.124:46317 was elected leader, sending a full tablet report...
I20260601 13:33:19.781095  2799 heartbeater.cc:499] Master 127.2.67.124:46317 was elected leader, sending a full tablet report...
I20260601 13:33:20.601660  2541 auto_leader_rebalancer.cc:451] All tables' leader rebalancing finished this round
I20260601 13:33:20.696370  2643 heartbeater.cc:499] Master 127.2.67.124:46317 was elected leader, sending a full tablet report...
I20260601 13:33:20.863404  2479 catalog_manager.cc:2282] Servicing CreateTable request from {username='slave'} at 127.0.0.1:57072:
name: "test-workload"
schema {
  columns {
    name: "key"
    type: INT32
    is_key: true
    is_nullable: false
    encoding: AUTO_ENCODING
    compression: DEFAULT_COMPRESSION
    cfile_block_size: 0
    immutable: false
  }
  columns {
    name: "int_val"
    type: INT32
    is_key: false
    is_nullable: false
    encoding: AUTO_ENCODING
    compression: DEFAULT_COMPRESSION
    cfile_block_size: 0
    immutable: false
  }
  columns {
    name: "string_val"
    type: STRING
    is_key: false
    is_nullable: true
    encoding: AUTO_ENCODING
    compression: DEFAULT_COMPRESSION
    cfile_block_size: 0
    immutable: false
  }
}
num_replicas: 1
split_rows_range_bounds {
  rows: "\004\001\000\377\377\377\037\004\001\000\376\377\377?\004\001\000\375\377\377_""\004\001\000\377\377\377\037\004\001\000\376\377\377?\004\001\000\375\377\377_"
  indirect_data: """"
}
partition_schema {
  range_schema {
    columns {
      name: "key"
    }
  }
}
I20260601 13:33:20.884449  2606 tablet_service.cc:1511] Processing CreateTablet for tablet 9b8a7e30a5ef4834b72f0c1dfa365d29 (DEFAULT_TABLE table=test-workload [id=3fc79bf913ab4e128013c1bd417a2f3f]), partition=RANGE (key) PARTITION 1610612733 <= VALUES
I20260601 13:33:20.884902  2606 data_dirs.cc:400] Could only allocate 1 dirs of requested 3 for tablet 9b8a7e30a5ef4834b72f0c1dfa365d29. 1 dirs total, 0 dirs full, 0 dirs failed
I20260601 13:33:20.886965  2835 tablet_bootstrap.cc:492] T 9b8a7e30a5ef4834b72f0c1dfa365d29 P d76c7460c2614b18ac022fec1d524ec4: Bootstrap starting.
I20260601 13:33:20.884449  2607 tablet_service.cc:1511] Processing CreateTablet for tablet 024bf18267ca49838d63eeb0c53be919 (DEFAULT_TABLE table=test-workload [id=3fc79bf913ab4e128013c1bd417a2f3f]), partition=RANGE (key) PARTITION VALUES < 536870911
I20260601 13:33:20.887351  2607 data_dirs.cc:400] Could only allocate 1 dirs of requested 3 for tablet 024bf18267ca49838d63eeb0c53be919. 1 dirs total, 0 dirs full, 0 dirs failed
I20260601 13:33:20.888082  2835 tablet_bootstrap.cc:654] T 9b8a7e30a5ef4834b72f0c1dfa365d29 P d76c7460c2614b18ac022fec1d524ec4: Neither blocks nor log segments found. Creating new log.
I20260601 13:33:20.889010  2679 tablet_service.cc:1511] Processing CreateTablet for tablet f49a299fdbde431985c658908af7e509 (DEFAULT_TABLE table=test-workload [id=3fc79bf913ab4e128013c1bd417a2f3f]), partition=RANGE (key) PARTITION 1073741822 <= VALUES < 1610612733
I20260601 13:33:20.889303  2835 tablet_bootstrap.cc:492] T 9b8a7e30a5ef4834b72f0c1dfa365d29 P d76c7460c2614b18ac022fec1d524ec4: No bootstrap required, opened a new log
I20260601 13:33:20.889326  2679 data_dirs.cc:400] Could only allocate 1 dirs of requested 3 for tablet f49a299fdbde431985c658908af7e509. 1 dirs total, 0 dirs full, 0 dirs failed
I20260601 13:33:20.889396  2835 ts_tablet_manager.cc:1403] T 9b8a7e30a5ef4834b72f0c1dfa365d29 P d76c7460c2614b18ac022fec1d524ec4: Time spent bootstrapping tablet: real 0.003s	user 0.002s	sys 0.000s
I20260601 13:33:20.889922  2835 raft_consensus.cc:359] T 9b8a7e30a5ef4834b72f0c1dfa365d29 P d76c7460c2614b18ac022fec1d524ec4 [term 0 FOLLOWER]: Replica starting. Triggering 0 pending ops. Active config: opid_index: -1 OBSOLETE_local: true peers { permanent_uuid: "d76c7460c2614b18ac022fec1d524ec4" member_type: VOTER last_known_addr { host: "127.2.67.65" port: 43057 } }
I20260601 13:33:20.890021  2835 raft_consensus.cc:385] T 9b8a7e30a5ef4834b72f0c1dfa365d29 P d76c7460c2614b18ac022fec1d524ec4 [term 0 FOLLOWER]: Consensus starting up: Expiring failure detector timer to make a prompt election more likely
I20260601 13:33:20.890054  2835 raft_consensus.cc:740] T 9b8a7e30a5ef4834b72f0c1dfa365d29 P d76c7460c2614b18ac022fec1d524ec4 [term 0 FOLLOWER]: Becoming Follower/Learner. State: Replica: d76c7460c2614b18ac022fec1d524ec4, State: Initialized, Role: FOLLOWER
I20260601 13:33:20.890172  2835 consensus_queue.cc:260] T 9b8a7e30a5ef4834b72f0c1dfa365d29 P d76c7460c2614b18ac022fec1d524ec4 [NON_LEADER]: Queue going to NON_LEADER mode. State: All replicated index: 0, Majority replicated index: 0, Committed index: 0, Last appended: 0.0, Last appended by leader: 0, Current term: 0, Majority size: -1, State: 0, Mode: NON_LEADER, active raft config: opid_index: -1 OBSOLETE_local: true peers { permanent_uuid: "d76c7460c2614b18ac022fec1d524ec4" member_type: VOTER last_known_addr { host: "127.2.67.65" port: 43057 } }
I20260601 13:33:20.890244  2835 raft_consensus.cc:399] T 9b8a7e30a5ef4834b72f0c1dfa365d29 P d76c7460c2614b18ac022fec1d524ec4 [term 0 FOLLOWER]: Only one voter in the Raft config. Triggering election immediately
I20260601 13:33:20.890302  2835 raft_consensus.cc:493] T 9b8a7e30a5ef4834b72f0c1dfa365d29 P d76c7460c2614b18ac022fec1d524ec4 [term 0 FOLLOWER]: Starting leader election (initial election of a single-replica configuration)
I20260601 13:33:20.890348  2835 raft_consensus.cc:3060] T 9b8a7e30a5ef4834b72f0c1dfa365d29 P d76c7460c2614b18ac022fec1d524ec4 [term 0 FOLLOWER]: Advancing to term 1
I20260601 13:33:20.891258  2835 raft_consensus.cc:515] T 9b8a7e30a5ef4834b72f0c1dfa365d29 P d76c7460c2614b18ac022fec1d524ec4 [term 1 FOLLOWER]: Starting leader election with config: opid_index: -1 OBSOLETE_local: true peers { permanent_uuid: "d76c7460c2614b18ac022fec1d524ec4" member_type: VOTER last_known_addr { host: "127.2.67.65" port: 43057 } }
I20260601 13:33:20.891400  2835 leader_election.cc:304] T 9b8a7e30a5ef4834b72f0c1dfa365d29 P d76c7460c2614b18ac022fec1d524ec4 [CANDIDATE]: Term 1 election: Election decided. Result: candidate won. Election summary: received 1 responses out of 1 voters: 1 yes votes; 0 no votes. yes voters: d76c7460c2614b18ac022fec1d524ec4; no voters: 
I20260601 13:33:20.891595  2835 leader_election.cc:290] T 9b8a7e30a5ef4834b72f0c1dfa365d29 P d76c7460c2614b18ac022fec1d524ec4 [CANDIDATE]: Term 1 election: Requested vote from peers 
I20260601 13:33:20.891934  2835 ts_tablet_manager.cc:1434] T 9b8a7e30a5ef4834b72f0c1dfa365d29 P d76c7460c2614b18ac022fec1d524ec4: Time spent starting tablet: real 0.002s	user 0.003s	sys 0.000s
I20260601 13:33:20.892382  2839 tablet_bootstrap.cc:492] T f49a299fdbde431985c658908af7e509 P b97fe476ae8a43798b0b327e90e18bc9: Bootstrap starting.
I20260601 13:33:20.892464  2763 tablet_service.cc:1511] Processing CreateTablet for tablet e5428627ce2e4dcd9f1c2ae128203fb2 (DEFAULT_TABLE table=test-workload [id=3fc79bf913ab4e128013c1bd417a2f3f]), partition=RANGE (key) PARTITION 536870911 <= VALUES < 1073741822
I20260601 13:33:20.892740  2763 data_dirs.cc:400] Could only allocate 1 dirs of requested 3 for tablet e5428627ce2e4dcd9f1c2ae128203fb2. 1 dirs total, 0 dirs full, 0 dirs failed
I20260601 13:33:20.893363  2839 tablet_bootstrap.cc:654] T f49a299fdbde431985c658908af7e509 P b97fe476ae8a43798b0b327e90e18bc9: Neither blocks nor log segments found. Creating new log.
I20260601 13:33:20.894495  2835 tablet_bootstrap.cc:492] T 024bf18267ca49838d63eeb0c53be919 P d76c7460c2614b18ac022fec1d524ec4: Bootstrap starting.
I20260601 13:33:20.895432  2840 tablet_bootstrap.cc:492] T e5428627ce2e4dcd9f1c2ae128203fb2 P 86acca1088bc4f78bc798306981ff89a: Bootstrap starting.
I20260601 13:33:20.896442  2840 tablet_bootstrap.cc:654] T e5428627ce2e4dcd9f1c2ae128203fb2 P 86acca1088bc4f78bc798306981ff89a: Neither blocks nor log segments found. Creating new log.
I20260601 13:33:20.896497  2835 tablet_bootstrap.cc:654] T 024bf18267ca49838d63eeb0c53be919 P d76c7460c2614b18ac022fec1d524ec4: Neither blocks nor log segments found. Creating new log.
I20260601 13:33:20.897254  2838 raft_consensus.cc:2804] T 9b8a7e30a5ef4834b72f0c1dfa365d29 P d76c7460c2614b18ac022fec1d524ec4 [term 1 FOLLOWER]: Leader election won for term 1
I20260601 13:33:20.897936  2838 raft_consensus.cc:697] T 9b8a7e30a5ef4834b72f0c1dfa365d29 P d76c7460c2614b18ac022fec1d524ec4 [term 1 LEADER]: Becoming Leader. State: Replica: d76c7460c2614b18ac022fec1d524ec4, State: Running, Role: LEADER
I20260601 13:33:20.898066  2838 consensus_queue.cc:237] T 9b8a7e30a5ef4834b72f0c1dfa365d29 P d76c7460c2614b18ac022fec1d524ec4 [LEADER]: Queue going to LEADER mode. State: All replicated index: 0, Majority replicated index: 0, Committed index: 0, Last appended: 0.0, Last appended by leader: 0, Current term: 1, Majority size: 1, State: 0, Mode: LEADER, active raft config: opid_index: -1 OBSOLETE_local: true peers { permanent_uuid: "d76c7460c2614b18ac022fec1d524ec4" member_type: VOTER last_known_addr { host: "127.2.67.65" port: 43057 } }
I20260601 13:33:20.898144  2835 tablet_bootstrap.cc:492] T 024bf18267ca49838d63eeb0c53be919 P d76c7460c2614b18ac022fec1d524ec4: No bootstrap required, opened a new log
I20260601 13:33:20.898203  2835 ts_tablet_manager.cc:1403] T 024bf18267ca49838d63eeb0c53be919 P d76c7460c2614b18ac022fec1d524ec4: Time spent bootstrapping tablet: real 0.004s	user 0.002s	sys 0.000s
I20260601 13:33:20.898402  2839 tablet_bootstrap.cc:492] T f49a299fdbde431985c658908af7e509 P b97fe476ae8a43798b0b327e90e18bc9: No bootstrap required, opened a new log
I20260601 13:33:20.898450  2840 tablet_bootstrap.cc:492] T e5428627ce2e4dcd9f1c2ae128203fb2 P 86acca1088bc4f78bc798306981ff89a: No bootstrap required, opened a new log
I20260601 13:33:20.898532  2840 ts_tablet_manager.cc:1403] T e5428627ce2e4dcd9f1c2ae128203fb2 P 86acca1088bc4f78bc798306981ff89a: Time spent bootstrapping tablet: real 0.003s	user 0.002s	sys 0.000s
I20260601 13:33:20.898543  2839 ts_tablet_manager.cc:1403] T f49a299fdbde431985c658908af7e509 P b97fe476ae8a43798b0b327e90e18bc9: Time spent bootstrapping tablet: real 0.006s	user 0.002s	sys 0.000s
I20260601 13:33:20.898635  2835 raft_consensus.cc:359] T 024bf18267ca49838d63eeb0c53be919 P d76c7460c2614b18ac022fec1d524ec4 [term 0 FOLLOWER]: Replica starting. Triggering 0 pending ops. Active config: opid_index: -1 OBSOLETE_local: true peers { permanent_uuid: "d76c7460c2614b18ac022fec1d524ec4" member_type: VOTER last_known_addr { host: "127.2.67.65" port: 43057 } }
I20260601 13:33:20.898727  2835 raft_consensus.cc:385] T 024bf18267ca49838d63eeb0c53be919 P d76c7460c2614b18ac022fec1d524ec4 [term 0 FOLLOWER]: Consensus starting up: Expiring failure detector timer to make a prompt election more likely
I20260601 13:33:20.898757  2835 raft_consensus.cc:740] T 024bf18267ca49838d63eeb0c53be919 P d76c7460c2614b18ac022fec1d524ec4 [term 0 FOLLOWER]: Becoming Follower/Learner. State: Replica: d76c7460c2614b18ac022fec1d524ec4, State: Initialized, Role: FOLLOWER
I20260601 13:33:20.898851  2835 consensus_queue.cc:260] T 024bf18267ca49838d63eeb0c53be919 P d76c7460c2614b18ac022fec1d524ec4 [NON_LEADER]: Queue going to NON_LEADER mode. State: All replicated index: 0, Majority replicated index: 0, Committed index: 0, Last appended: 0.0, Last appended by leader: 0, Current term: 0, Majority size: -1, State: 0, Mode: NON_LEADER, active raft config: opid_index: -1 OBSOLETE_local: true peers { permanent_uuid: "d76c7460c2614b18ac022fec1d524ec4" member_type: VOTER last_known_addr { host: "127.2.67.65" port: 43057 } }
I20260601 13:33:20.898952  2835 raft_consensus.cc:399] T 024bf18267ca49838d63eeb0c53be919 P d76c7460c2614b18ac022fec1d524ec4 [term 0 FOLLOWER]: Only one voter in the Raft config. Triggering election immediately
I20260601 13:33:20.899004  2835 raft_consensus.cc:493] T 024bf18267ca49838d63eeb0c53be919 P d76c7460c2614b18ac022fec1d524ec4 [term 0 FOLLOWER]: Starting leader election (initial election of a single-replica configuration)
I20260601 13:33:20.898978  2840 raft_consensus.cc:359] T e5428627ce2e4dcd9f1c2ae128203fb2 P 86acca1088bc4f78bc798306981ff89a [term 0 FOLLOWER]: Replica starting. Triggering 0 pending ops. Active config: opid_index: -1 OBSOLETE_local: true peers { permanent_uuid: "86acca1088bc4f78bc798306981ff89a" member_type: VOTER last_known_addr { host: "127.2.67.67" port: 38105 } }
I20260601 13:33:20.899066  2835 raft_consensus.cc:3060] T 024bf18267ca49838d63eeb0c53be919 P d76c7460c2614b18ac022fec1d524ec4 [term 0 FOLLOWER]: Advancing to term 1
I20260601 13:33:20.899081  2840 raft_consensus.cc:385] T e5428627ce2e4dcd9f1c2ae128203fb2 P 86acca1088bc4f78bc798306981ff89a [term 0 FOLLOWER]: Consensus starting up: Expiring failure detector timer to make a prompt election more likely
I20260601 13:33:20.899122  2840 raft_consensus.cc:740] T e5428627ce2e4dcd9f1c2ae128203fb2 P 86acca1088bc4f78bc798306981ff89a [term 0 FOLLOWER]: Becoming Follower/Learner. State: Replica: 86acca1088bc4f78bc798306981ff89a, State: Initialized, Role: FOLLOWER
I20260601 13:33:20.899034  2839 raft_consensus.cc:359] T f49a299fdbde431985c658908af7e509 P b97fe476ae8a43798b0b327e90e18bc9 [term 0 FOLLOWER]: Replica starting. Triggering 0 pending ops. Active config: opid_index: -1 OBSOLETE_local: true peers { permanent_uuid: "b97fe476ae8a43798b0b327e90e18bc9" member_type: VOTER last_known_addr { host: "127.2.67.66" port: 41957 } }
I20260601 13:33:20.899261  2839 raft_consensus.cc:385] T f49a299fdbde431985c658908af7e509 P b97fe476ae8a43798b0b327e90e18bc9 [term 0 FOLLOWER]: Consensus starting up: Expiring failure detector timer to make a prompt election more likely
I20260601 13:33:20.899293  2840 consensus_queue.cc:260] T e5428627ce2e4dcd9f1c2ae128203fb2 P 86acca1088bc4f78bc798306981ff89a [NON_LEADER]: Queue going to NON_LEADER mode. State: All replicated index: 0, Majority replicated index: 0, Committed index: 0, Last appended: 0.0, Last appended by leader: 0, Current term: 0, Majority size: -1, State: 0, Mode: NON_LEADER, active raft config: opid_index: -1 OBSOLETE_local: true peers { permanent_uuid: "86acca1088bc4f78bc798306981ff89a" member_type: VOTER last_known_addr { host: "127.2.67.67" port: 38105 } }
I20260601 13:33:20.899317  2839 raft_consensus.cc:740] T f49a299fdbde431985c658908af7e509 P b97fe476ae8a43798b0b327e90e18bc9 [term 0 FOLLOWER]: Becoming Follower/Learner. State: Replica: b97fe476ae8a43798b0b327e90e18bc9, State: Initialized, Role: FOLLOWER
I20260601 13:33:20.899394  2840 raft_consensus.cc:399] T e5428627ce2e4dcd9f1c2ae128203fb2 P 86acca1088bc4f78bc798306981ff89a [term 0 FOLLOWER]: Only one voter in the Raft config. Triggering election immediately
I20260601 13:33:20.899454  2840 raft_consensus.cc:493] T e5428627ce2e4dcd9f1c2ae128203fb2 P 86acca1088bc4f78bc798306981ff89a [term 0 FOLLOWER]: Starting leader election (initial election of a single-replica configuration)
I20260601 13:33:20.899521  2840 raft_consensus.cc:3060] T e5428627ce2e4dcd9f1c2ae128203fb2 P 86acca1088bc4f78bc798306981ff89a [term 0 FOLLOWER]: Advancing to term 1
I20260601 13:33:20.899586  2839 consensus_queue.cc:260] T f49a299fdbde431985c658908af7e509 P b97fe476ae8a43798b0b327e90e18bc9 [NON_LEADER]: Queue going to NON_LEADER mode. State: All replicated index: 0, Majority replicated index: 0, Committed index: 0, Last appended: 0.0, Last appended by leader: 0, Current term: 0, Majority size: -1, State: 0, Mode: NON_LEADER, active raft config: opid_index: -1 OBSOLETE_local: true peers { permanent_uuid: "b97fe476ae8a43798b0b327e90e18bc9" member_type: VOTER last_known_addr { host: "127.2.67.66" port: 41957 } }
I20260601 13:33:20.899674  2839 raft_consensus.cc:399] T f49a299fdbde431985c658908af7e509 P b97fe476ae8a43798b0b327e90e18bc9 [term 0 FOLLOWER]: Only one voter in the Raft config. Triggering election immediately
I20260601 13:33:20.899717  2839 raft_consensus.cc:493] T f49a299fdbde431985c658908af7e509 P b97fe476ae8a43798b0b327e90e18bc9 [term 0 FOLLOWER]: Starting leader election (initial election of a single-replica configuration)
I20260601 13:33:20.899765  2839 raft_consensus.cc:3060] T f49a299fdbde431985c658908af7e509 P b97fe476ae8a43798b0b327e90e18bc9 [term 0 FOLLOWER]: Advancing to term 1
I20260601 13:33:20.900053  2835 raft_consensus.cc:515] T 024bf18267ca49838d63eeb0c53be919 P d76c7460c2614b18ac022fec1d524ec4 [term 1 FOLLOWER]: Starting leader election with config: opid_index: -1 OBSOLETE_local: true peers { permanent_uuid: "d76c7460c2614b18ac022fec1d524ec4" member_type: VOTER last_known_addr { host: "127.2.67.65" port: 43057 } }
I20260601 13:33:20.900200  2835 leader_election.cc:304] T 024bf18267ca49838d63eeb0c53be919 P d76c7460c2614b18ac022fec1d524ec4 [CANDIDATE]: Term 1 election: Election decided. Result: candidate won. Election summary: received 1 responses out of 1 voters: 1 yes votes; 0 no votes. yes voters: d76c7460c2614b18ac022fec1d524ec4; no voters: 
I20260601 13:33:20.900309  2835 leader_election.cc:290] T 024bf18267ca49838d63eeb0c53be919 P d76c7460c2614b18ac022fec1d524ec4 [CANDIDATE]: Term 1 election: Requested vote from peers 
I20260601 13:33:20.900359  2843 raft_consensus.cc:2804] T 024bf18267ca49838d63eeb0c53be919 P d76c7460c2614b18ac022fec1d524ec4 [term 1 FOLLOWER]: Leader election won for term 1
I20260601 13:33:20.900619  2835 ts_tablet_manager.cc:1434] T 024bf18267ca49838d63eeb0c53be919 P d76c7460c2614b18ac022fec1d524ec4: Time spent starting tablet: real 0.002s	user 0.003s	sys 0.000s
I20260601 13:33:20.900645  2843 raft_consensus.cc:697] T 024bf18267ca49838d63eeb0c53be919 P d76c7460c2614b18ac022fec1d524ec4 [term 1 LEADER]: Becoming Leader. State: Replica: d76c7460c2614b18ac022fec1d524ec4, State: Running, Role: LEADER
I20260601 13:33:20.900851  2843 consensus_queue.cc:237] T 024bf18267ca49838d63eeb0c53be919 P d76c7460c2614b18ac022fec1d524ec4 [LEADER]: Queue going to LEADER mode. State: All replicated index: 0, Majority replicated index: 0, Committed index: 0, Last appended: 0.0, Last appended by leader: 0, Current term: 1, Majority size: 1, State: 0, Mode: LEADER, active raft config: opid_index: -1 OBSOLETE_local: true peers { permanent_uuid: "d76c7460c2614b18ac022fec1d524ec4" member_type: VOTER last_known_addr { host: "127.2.67.65" port: 43057 } }
I20260601 13:33:20.901029  2839 raft_consensus.cc:515] T f49a299fdbde431985c658908af7e509 P b97fe476ae8a43798b0b327e90e18bc9 [term 1 FOLLOWER]: Starting leader election with config: opid_index: -1 OBSOLETE_local: true peers { permanent_uuid: "b97fe476ae8a43798b0b327e90e18bc9" member_type: VOTER last_known_addr { host: "127.2.67.66" port: 41957 } }
I20260601 13:33:20.901190  2839 leader_election.cc:304] T f49a299fdbde431985c658908af7e509 P b97fe476ae8a43798b0b327e90e18bc9 [CANDIDATE]: Term 1 election: Election decided. Result: candidate won. Election summary: received 1 responses out of 1 voters: 1 yes votes; 0 no votes. yes voters: b97fe476ae8a43798b0b327e90e18bc9; no voters: 
I20260601 13:33:20.901451  2839 leader_election.cc:290] T f49a299fdbde431985c658908af7e509 P b97fe476ae8a43798b0b327e90e18bc9 [CANDIDATE]: Term 1 election: Requested vote from peers 
I20260601 13:33:20.901516  2847 raft_consensus.cc:2804] T f49a299fdbde431985c658908af7e509 P b97fe476ae8a43798b0b327e90e18bc9 [term 1 FOLLOWER]: Leader election won for term 1
I20260601 13:33:20.901716  2847 raft_consensus.cc:697] T f49a299fdbde431985c658908af7e509 P b97fe476ae8a43798b0b327e90e18bc9 [term 1 LEADER]: Becoming Leader. State: Replica: b97fe476ae8a43798b0b327e90e18bc9, State: Running, Role: LEADER
I20260601 13:33:20.901889  2839 ts_tablet_manager.cc:1434] T f49a299fdbde431985c658908af7e509 P b97fe476ae8a43798b0b327e90e18bc9: Time spent starting tablet: real 0.003s	user 0.002s	sys 0.000s
I20260601 13:33:20.901844  2847 consensus_queue.cc:237] T f49a299fdbde431985c658908af7e509 P b97fe476ae8a43798b0b327e90e18bc9 [LEADER]: Queue going to LEADER mode. State: All replicated index: 0, Majority replicated index: 0, Committed index: 0, Last appended: 0.0, Last appended by leader: 0, Current term: 1, Majority size: 1, State: 0, Mode: LEADER, active raft config: opid_index: -1 OBSOLETE_local: true peers { permanent_uuid: "b97fe476ae8a43798b0b327e90e18bc9" member_type: VOTER last_known_addr { host: "127.2.67.66" port: 41957 } }
I20260601 13:33:20.904837  2478 catalog_manager.cc:5696] T f49a299fdbde431985c658908af7e509 P b97fe476ae8a43798b0b327e90e18bc9 reported cstate change: term changed from 0 to 1, leader changed from <none> to b97fe476ae8a43798b0b327e90e18bc9 (127.2.67.66). New cstate: current_term: 1 leader_uuid: "b97fe476ae8a43798b0b327e90e18bc9" committed_config { opid_index: -1 OBSOLETE_local: true peers { permanent_uuid: "b97fe476ae8a43798b0b327e90e18bc9" member_type: VOTER last_known_addr { host: "127.2.67.66" port: 41957 } health_report { overall_health: HEALTHY } } }
I20260601 13:33:20.905022  2479 catalog_manager.cc:5696] T 9b8a7e30a5ef4834b72f0c1dfa365d29 P d76c7460c2614b18ac022fec1d524ec4 reported cstate change: term changed from 0 to 1, leader changed from <none> to d76c7460c2614b18ac022fec1d524ec4 (127.2.67.65). New cstate: current_term: 1 leader_uuid: "d76c7460c2614b18ac022fec1d524ec4" committed_config { opid_index: -1 OBSOLETE_local: true peers { permanent_uuid: "d76c7460c2614b18ac022fec1d524ec4" member_type: VOTER last_known_addr { host: "127.2.67.65" port: 43057 } health_report { overall_health: HEALTHY } } }
I20260601 13:33:20.911931  2478 catalog_manager.cc:5696] T 024bf18267ca49838d63eeb0c53be919 P d76c7460c2614b18ac022fec1d524ec4 reported cstate change: term changed from 0 to 1, leader changed from <none> to d76c7460c2614b18ac022fec1d524ec4 (127.2.67.65). New cstate: current_term: 1 leader_uuid: "d76c7460c2614b18ac022fec1d524ec4" committed_config { opid_index: -1 OBSOLETE_local: true peers { permanent_uuid: "d76c7460c2614b18ac022fec1d524ec4" member_type: VOTER last_known_addr { host: "127.2.67.65" port: 43057 } health_report { overall_health: HEALTHY } } }
I20260601 13:33:20.926704  2840 raft_consensus.cc:515] T e5428627ce2e4dcd9f1c2ae128203fb2 P 86acca1088bc4f78bc798306981ff89a [term 1 FOLLOWER]: Starting leader election with config: opid_index: -1 OBSOLETE_local: true peers { permanent_uuid: "86acca1088bc4f78bc798306981ff89a" member_type: VOTER last_known_addr { host: "127.2.67.67" port: 38105 } }
I20260601 13:33:20.926878  2840 leader_election.cc:304] T e5428627ce2e4dcd9f1c2ae128203fb2 P 86acca1088bc4f78bc798306981ff89a [CANDIDATE]: Term 1 election: Election decided. Result: candidate won. Election summary: received 1 responses out of 1 voters: 1 yes votes; 0 no votes. yes voters: 86acca1088bc4f78bc798306981ff89a; no voters: 
I20260601 13:33:20.927098  2840 leader_election.cc:290] T e5428627ce2e4dcd9f1c2ae128203fb2 P 86acca1088bc4f78bc798306981ff89a [CANDIDATE]: Term 1 election: Requested vote from peers 
I20260601 13:33:20.927176  2854 raft_consensus.cc:2804] T e5428627ce2e4dcd9f1c2ae128203fb2 P 86acca1088bc4f78bc798306981ff89a [term 1 FOLLOWER]: Leader election won for term 1
I20260601 13:33:20.927369  2854 raft_consensus.cc:697] T e5428627ce2e4dcd9f1c2ae128203fb2 P 86acca1088bc4f78bc798306981ff89a [term 1 LEADER]: Becoming Leader. State: Replica: 86acca1088bc4f78bc798306981ff89a, State: Running, Role: LEADER
I20260601 13:33:20.927464  2840 ts_tablet_manager.cc:1434] T e5428627ce2e4dcd9f1c2ae128203fb2 P 86acca1088bc4f78bc798306981ff89a: Time spent starting tablet: real 0.029s	user 0.003s	sys 0.000s
I20260601 13:33:20.927500  2854 consensus_queue.cc:237] T e5428627ce2e4dcd9f1c2ae128203fb2 P 86acca1088bc4f78bc798306981ff89a [LEADER]: Queue going to LEADER mode. State: All replicated index: 0, Majority replicated index: 0, Committed index: 0, Last appended: 0.0, Last appended by leader: 0, Current term: 1, Majority size: 1, State: 0, Mode: LEADER, active raft config: opid_index: -1 OBSOLETE_local: true peers { permanent_uuid: "86acca1088bc4f78bc798306981ff89a" member_type: VOTER last_known_addr { host: "127.2.67.67" port: 38105 } }
I20260601 13:33:20.929311  2478 catalog_manager.cc:5696] T e5428627ce2e4dcd9f1c2ae128203fb2 P 86acca1088bc4f78bc798306981ff89a reported cstate change: term changed from 0 to 1, leader changed from <none> to 86acca1088bc4f78bc798306981ff89a (127.2.67.67). New cstate: current_term: 1 leader_uuid: "86acca1088bc4f78bc798306981ff89a" committed_config { opid_index: -1 OBSOLETE_local: true peers { permanent_uuid: "86acca1088bc4f78bc798306981ff89a" member_type: VOTER last_known_addr { host: "127.2.67.67" port: 38105 } health_report { overall_health: HEALTHY } } }
I20260601 13:33:20.939356  2317 tablet_server.cc:179] TabletServer@127.2.67.65:0 shutting down...
I20260601 13:33:20.944907  2317 ts_tablet_manager.cc:1507] Shutting down tablet manager...
I20260601 13:33:20.945271  2317 tablet_replica.cc:333] T 024bf18267ca49838d63eeb0c53be919 P d76c7460c2614b18ac022fec1d524ec4: stopping tablet replica
I20260601 13:33:20.945526  2317 raft_consensus.cc:2243] T 024bf18267ca49838d63eeb0c53be919 P d76c7460c2614b18ac022fec1d524ec4 [term 1 LEADER]: Raft consensus shutting down.
I20260601 13:33:20.945714  2317 raft_consensus.cc:2272] T 024bf18267ca49838d63eeb0c53be919 P d76c7460c2614b18ac022fec1d524ec4 [term 1 FOLLOWER]: Raft consensus is shut down!
I20260601 13:33:20.946815  2317 tablet_replica.cc:333] T 9b8a7e30a5ef4834b72f0c1dfa365d29 P d76c7460c2614b18ac022fec1d524ec4: stopping tablet replica
I20260601 13:33:20.946969  2317 raft_consensus.cc:2243] T 9b8a7e30a5ef4834b72f0c1dfa365d29 P d76c7460c2614b18ac022fec1d524ec4 [term 1 LEADER]: Raft consensus shutting down.
I20260601 13:33:20.947082  2317 raft_consensus.cc:2272] T 9b8a7e30a5ef4834b72f0c1dfa365d29 P d76c7460c2614b18ac022fec1d524ec4 [term 1 FOLLOWER]: Raft consensus is shut down!
I20260601 13:33:21.147418  2317 tablet_server.cc:196] TabletServer@127.2.67.65:0 shutdown complete.
I20260601 13:33:21.151077  2317 tablet_server.cc:179] TabletServer@127.2.67.66:0 shutting down...
I20260601 13:33:21.155570  2317 ts_tablet_manager.cc:1507] Shutting down tablet manager...
I20260601 13:33:21.155849  2317 tablet_replica.cc:333] T f49a299fdbde431985c658908af7e509 P b97fe476ae8a43798b0b327e90e18bc9: stopping tablet replica
I20260601 13:33:21.155983  2317 raft_consensus.cc:2243] T f49a299fdbde431985c658908af7e509 P b97fe476ae8a43798b0b327e90e18bc9 [term 1 LEADER]: Raft consensus shutting down.
I20260601 13:33:21.156134  2317 raft_consensus.cc:2272] T f49a299fdbde431985c658908af7e509 P b97fe476ae8a43798b0b327e90e18bc9 [term 1 FOLLOWER]: Raft consensus is shut down!
I20260601 13:33:21.158845  2317 tablet_server.cc:196] TabletServer@127.2.67.66:0 shutdown complete.
I20260601 13:33:21.160403  2317 tablet_server.cc:179] TabletServer@127.2.67.67:0 shutting down...
I20260601 13:33:21.164848  2317 ts_tablet_manager.cc:1507] Shutting down tablet manager...
I20260601 13:33:21.165072  2317 tablet_replica.cc:333] T e5428627ce2e4dcd9f1c2ae128203fb2 P 86acca1088bc4f78bc798306981ff89a: stopping tablet replica
I20260601 13:33:21.165185  2317 raft_consensus.cc:2243] T e5428627ce2e4dcd9f1c2ae128203fb2 P 86acca1088bc4f78bc798306981ff89a [term 1 LEADER]: Raft consensus shutting down.
I20260601 13:33:21.165271  2317 raft_consensus.cc:2272] T e5428627ce2e4dcd9f1c2ae128203fb2 P 86acca1088bc4f78bc798306981ff89a [term 1 FOLLOWER]: Raft consensus is shut down!
I20260601 13:33:21.178081  2317 tablet_server.cc:196] TabletServer@127.2.67.67:0 shutdown complete.
I20260601 13:33:21.179781  2317 master.cc:562] Master@127.2.67.126:37107 shutting down...
I20260601 13:33:21.183784  2317 raft_consensus.cc:2243] T 00000000000000000000000000000000 P 158e89d27e694130a2491f5ccc00c705 [term 1 FOLLOWER]: Raft consensus shutting down.
I20260601 13:33:21.183907  2317 raft_consensus.cc:2272] T 00000000000000000000000000000000 P 158e89d27e694130a2491f5ccc00c705 [term 1 FOLLOWER]: Raft consensus is shut down!
I20260601 13:33:21.183961  2317 tablet_replica.cc:333] T 00000000000000000000000000000000 P 158e89d27e694130a2491f5ccc00c705: stopping tablet replica
I20260601 13:33:21.197072  2317 master.cc:584] Master@127.2.67.126:37107 shutdown complete.
I20260601 13:33:21.199461  2317 master.cc:562] Master@127.2.67.125:33273 shutting down...
I20260601 13:33:21.203140  2317 raft_consensus.cc:2243] T 00000000000000000000000000000000 P 03e41b5d2b9f47ab8652044b17d7a2b6 [term 1 FOLLOWER]: Raft consensus shutting down.
I20260601 13:33:21.203285  2317 raft_consensus.cc:2272] T 00000000000000000000000000000000 P 03e41b5d2b9f47ab8652044b17d7a2b6 [term 1 FOLLOWER]: Raft consensus is shut down!
I20260601 13:33:21.203354  2317 tablet_replica.cc:333] T 00000000000000000000000000000000 P 03e41b5d2b9f47ab8652044b17d7a2b6: stopping tablet replica
I20260601 13:33:21.216176  2317 master.cc:584] Master@127.2.67.125:33273 shutdown complete.
I20260601 13:33:21.218778  2317 master.cc:562] Master@127.2.67.124:46317 shutting down...
I20260601 13:33:21.222093  2317 raft_consensus.cc:2243] T 00000000000000000000000000000000 P 4d020ae461a0483e9b4ec22a16457ab4 [term 1 LEADER]: Raft consensus shutting down.
I20260601 13:33:21.222355  2317 raft_consensus.cc:2272] T 00000000000000000000000000000000 P 4d020ae461a0483e9b4ec22a16457ab4 [term 1 FOLLOWER]: Raft consensus is shut down!
I20260601 13:33:21.222442  2317 tablet_replica.cc:333] T 00000000000000000000000000000000 P 4d020ae461a0483e9b4ec22a16457ab4: stopping tablet replica
I20260601 13:33:21.235404  2317 master.cc:584] Master@127.2.67.124:46317 shutdown complete.
[       OK ] AutoRebalancerTest.OnlyLeaderDoesAutoRebalancing (2780 ms)
[ RUN      ] AutoRebalancerTest.AutoRebalancingTurnOffAndOn
I20260601 13:33:21.244680  2317 internal_mini_cluster.cc:156] Creating distributed mini masters. Addrs: 127.2.67.126:36601
I20260601 13:33:21.245036  2317 file_cache.cc:492] Constructed file cache file cache with capacity 419430
W20260601 13:33:21.246678  2862 instance_detector.cc:116] could not retrieve OpenStack instance metadata: Network error: curl error: HTTP response code said error: The requested URL returned error: 404
W20260601 13:33:21.246735  2859 instance_detector.cc:116] could not retrieve AWS instance metadata: Network error: curl error: HTTP response code said error: The requested URL returned error: 404
W20260601 13:33:21.246855  2860 instance_detector.cc:116] could not retrieve Azure instance metadata: Network error: curl error: HTTP response code said error: The requested URL returned error: 404
I20260601 13:33:21.246896  2317 server_base.cc:1061] running on GCE node
I20260601 13:33:21.247059  2317 hybrid_clock.cc:584] initializing the hybrid clock with 'system_unsync' time source
W20260601 13:33:21.247102  2317 system_unsync_time.cc:38] NTP support is disabled. Clock error bounds will not be accurate. This configuration is not suitable for distributed clusters.
I20260601 13:33:21.247148  2317 hybrid_clock.cc:648] HybridClock initialized: now 1780320801247147 us; error 0 us; skew 500 ppm
I20260601 13:33:21.247920  2317 webserver.cc:533] Webserver started at http://127.2.67.126:37109/ using document root <none> and password file <none>
I20260601 13:33:21.248082  2317 fs_manager.cc:362] Metadata directory not provided
I20260601 13:33:21.248148  2317 fs_manager.cc:368] Using write-ahead log directory (fs_wal_dir) as metadata directory
I20260601 13:33:21.248219  2317 server_base.cc:909] This appears to be a new deployment of Kudu; creating new FS layout
I20260601 13:33:21.248560  2317 fs_manager.cc:1068] Generated new instance metadata in path /tmp/dist-test-task3zdabv/test-tmp/auto_rebalancer-test.0.AutoRebalancerTest.AutoRebalancingTurnOffAndOn.1780320798454288-2317-0/minicluster-data/master-0-root/instance:
uuid: "6f640f3a80e647bd92be297114578106"
format_stamp: "Formatted at 2026-06-01 13:33:21 on dist-test-slave-mdfg"
I20260601 13:33:21.250000  2317 fs_manager.cc:696] Time spent creating directory manager: real 0.001s	user 0.002s	sys 0.000s
I20260601 13:33:21.250803  2867 log_block_manager.cc:4031] Time spent loading block containers with low live blocks: real 0.000s	user 0.000s	sys 0.000s
I20260601 13:33:21.251017  2317 fs_manager.cc:730] Time spent opening block manager: real 0.001s	user 0.001s	sys 0.000s
I20260601 13:33:21.251096  2317 fs_manager.cc:647] Opened local filesystem: /tmp/dist-test-task3zdabv/test-tmp/auto_rebalancer-test.0.AutoRebalancerTest.AutoRebalancingTurnOffAndOn.1780320798454288-2317-0/minicluster-data/master-0-root
uuid: "6f640f3a80e647bd92be297114578106"
format_stamp: "Formatted at 2026-06-01 13:33:21 on dist-test-slave-mdfg"
I20260601 13:33:21.251175  2317 fs_report.cc:389] FS layout report
--------------------
wal directory: /tmp/dist-test-task3zdabv/test-tmp/auto_rebalancer-test.0.AutoRebalancerTest.AutoRebalancingTurnOffAndOn.1780320798454288-2317-0/minicluster-data/master-0-root
metadata directory: /tmp/dist-test-task3zdabv/test-tmp/auto_rebalancer-test.0.AutoRebalancerTest.AutoRebalancingTurnOffAndOn.1780320798454288-2317-0/minicluster-data/master-0-root
1 data directories: /tmp/dist-test-task3zdabv/test-tmp/auto_rebalancer-test.0.AutoRebalancerTest.AutoRebalancingTurnOffAndOn.1780320798454288-2317-0/minicluster-data/master-0-root/data
Total live blocks: 0
Total live bytes: 0
Total live bytes (after alignment): 0
Total number of LBM containers: 0 (0 full)
Did not check for missing blocks
Did not check for orphaned blocks
Total full LBM containers with extra space: 0 (0 repaired)
Total full LBM container extra space in bytes: 0 (0 repaired)
Total incomplete LBM containers: 0 (0 repaired)
Total LBM partial records: 0 (0 repaired)
Total corrupted LBM metadata records in RocksDB: 0 (0 repaired)
I20260601 13:33:21.256982  2317 rpc_server.cc:225] running with OpenSSL 1.1.1  11 Sep 2018
I20260601 13:33:21.257261  2317 kserver.cc:163] Server-wide thread pool size limit: 3276
I20260601 13:33:21.261302  2317 rpc_server.cc:307] RPC server started. Bound to: 127.2.67.126:36601
I20260601 13:33:21.264314  2919 acceptor_pool.cc:272] collecting diagnostics on the listening RPC socket 127.2.67.126:36601 every 8 connection(s)
