I20260601 13:34:27.701503 22643 raft_consensus.cc:515] T 81c87081f0b84939abedbc66a0dad17c P 44cd46afcfab42fa8fb5011a0e0a6065 [term 1 FOLLOWER]: Starting leader election with config: opid_index: -1 OBSOLETE_local: false peers { permanent_uuid: "629e97477d514e27993a18bb804570e9" member_type: VOTER last_known_addr { host: "127.19.0.196" port: 33775 } } peers { permanent_uuid: "44cd46afcfab42fa8fb5011a0e0a6065" member_type: VOTER last_known_addr { host: "127.19.0.194" port: 38635 } } peers { permanent_uuid: "0e3742d9b9b4479bbba02eb917a9d2e6" member_type: VOTER last_known_addr { host: "127.19.0.195" port: 33609 } }
I20260601 13:34:27.701875 22643 leader_election.cc:290] T 81c87081f0b84939abedbc66a0dad17c P 44cd46afcfab42fa8fb5011a0e0a6065 [CANDIDATE]: Term 1 election: Requested vote from peers 629e97477d514e27993a18bb804570e9 (127.19.0.196:33775), 0e3742d9b9b4479bbba02eb917a9d2e6 (127.19.0.195:33609)
I20260601 13:34:27.702292 22728 tablet_service.cc:1917] Received RequestConsensusVote() RPC: tablet_id: "81c87081f0b84939abedbc66a0dad17c" candidate_uuid: "44cd46afcfab42fa8fb5011a0e0a6065" candidate_term: 1 candidate_status { last_received { term: 0 index: 0 } } ignore_live_leader: false dest_uuid: "629e97477d514e27993a18bb804570e9"
I20260601 13:34:27.702297 22589 tablet_service.cc:1917] Received RequestConsensusVote() RPC: tablet_id: "81c87081f0b84939abedbc66a0dad17c" candidate_uuid: "44cd46afcfab42fa8fb5011a0e0a6065" candidate_term: 1 candidate_status { last_received { term: 0 index: 0 } } ignore_live_leader: false dest_uuid: "0e3742d9b9b4479bbba02eb917a9d2e6"
I20260601 13:34:27.702448 22728 raft_consensus.cc:3060] T 81c87081f0b84939abedbc66a0dad17c P 629e97477d514e27993a18bb804570e9 [term 0 FOLLOWER]: Advancing to term 1
I20260601 13:34:27.702589 22589 raft_consensus.cc:3060] T 81c87081f0b84939abedbc66a0dad17c P 0e3742d9b9b4479bbba02eb917a9d2e6 [term 0 FOLLOWER]: Advancing to term 1
I20260601 13:34:27.703297 22728 raft_consensus.cc:2468] T 81c87081f0b84939abedbc66a0dad17c P 629e97477d514e27993a18bb804570e9 [term 1 FOLLOWER]: Leader election vote request: Granting yes vote for candidate 44cd46afcfab42fa8fb5011a0e0a6065 in term 1.
I20260601 13:34:27.703316 22589 raft_consensus.cc:2468] T 81c87081f0b84939abedbc66a0dad17c P 0e3742d9b9b4479bbba02eb917a9d2e6 [term 1 FOLLOWER]: Leader election vote request: Granting yes vote for candidate 44cd46afcfab42fa8fb5011a0e0a6065 in term 1.
I20260601 13:34:27.703609 22480 leader_election.cc:304] T 81c87081f0b84939abedbc66a0dad17c P 44cd46afcfab42fa8fb5011a0e0a6065 [CANDIDATE]: Term 1 election: Election decided. Result: candidate won. Election summary: received 2 responses out of 3 voters: 2 yes votes; 0 no votes. yes voters: 44cd46afcfab42fa8fb5011a0e0a6065, 629e97477d514e27993a18bb804570e9; no voters: 
I20260601 13:34:27.703832 22643 raft_consensus.cc:2804] T 81c87081f0b84939abedbc66a0dad17c P 44cd46afcfab42fa8fb5011a0e0a6065 [term 1 FOLLOWER]: Leader election won for term 1
I20260601 13:34:27.704125 22643 raft_consensus.cc:697] T 81c87081f0b84939abedbc66a0dad17c P 44cd46afcfab42fa8fb5011a0e0a6065 [term 1 LEADER]: Becoming Leader. State: Replica: 44cd46afcfab42fa8fb5011a0e0a6065, State: Running, Role: LEADER
I20260601 13:34:27.704298 22643 consensus_queue.cc:237] T 81c87081f0b84939abedbc66a0dad17c P 44cd46afcfab42fa8fb5011a0e0a6065 [LEADER]: Queue going to LEADER mode. State: All replicated index: 0, Majority replicated index: 0, Committed index: 0, Last appended: 0.0, Last appended by leader: 0, Current term: 1, Majority size: 2, State: 0, Mode: LEADER, active raft config: opid_index: -1 OBSOLETE_local: false peers { permanent_uuid: "629e97477d514e27993a18bb804570e9" member_type: VOTER last_known_addr { host: "127.19.0.196" port: 33775 } } peers { permanent_uuid: "44cd46afcfab42fa8fb5011a0e0a6065" member_type: VOTER last_known_addr { host: "127.19.0.194" port: 38635 } } peers { permanent_uuid: "0e3742d9b9b4479bbba02eb917a9d2e6" member_type: VOTER last_known_addr { host: "127.19.0.195" port: 33609 } }
I20260601 13:34:27.705837 22332 catalog_manager.cc:5696] T 81c87081f0b84939abedbc66a0dad17c P 44cd46afcfab42fa8fb5011a0e0a6065 reported cstate change: term changed from 0 to 1, leader changed from <none> to 44cd46afcfab42fa8fb5011a0e0a6065 (127.19.0.194). New cstate: current_term: 1 leader_uuid: "44cd46afcfab42fa8fb5011a0e0a6065" committed_config { opid_index: -1 OBSOLETE_local: false peers { permanent_uuid: "629e97477d514e27993a18bb804570e9" member_type: VOTER last_known_addr { host: "127.19.0.196" port: 33775 } health_report { overall_health: UNKNOWN } } peers { permanent_uuid: "44cd46afcfab42fa8fb5011a0e0a6065" member_type: VOTER last_known_addr { host: "127.19.0.194" port: 38635 } health_report { overall_health: HEALTHY } } peers { permanent_uuid: "0e3742d9b9b4479bbba02eb917a9d2e6" member_type: VOTER last_known_addr { host: "127.19.0.195" port: 33609 } health_report { overall_health: UNKNOWN } } }
I20260601 13:34:27.719362 22643 raft_consensus.cc:493] T 7fdecc0d7e244967a025812b9c214c17 P 44cd46afcfab42fa8fb5011a0e0a6065 [term 0 FOLLOWER]: Starting pre-election (no leader contacted us within the election timeout)
I20260601 13:34:27.719532 22643 raft_consensus.cc:515] T 7fdecc0d7e244967a025812b9c214c17 P 44cd46afcfab42fa8fb5011a0e0a6065 [term 0 FOLLOWER]: Starting pre-election with config: opid_index: -1 OBSOLETE_local: false peers { permanent_uuid: "629e97477d514e27993a18bb804570e9" member_type: VOTER last_known_addr { host: "127.19.0.196" port: 33775 } } peers { permanent_uuid: "9a0b4818efa64d53b99b87e6a138a253" member_type: VOTER last_known_addr { host: "127.19.0.193" port: 46125 } } peers { permanent_uuid: "44cd46afcfab42fa8fb5011a0e0a6065" member_type: VOTER last_known_addr { host: "127.19.0.194" port: 38635 } }
I20260601 13:34:27.720036 22643 leader_election.cc:290] T 7fdecc0d7e244967a025812b9c214c17 P 44cd46afcfab42fa8fb5011a0e0a6065 [CANDIDATE]: Term 1 pre-election: Requested pre-vote from peers 629e97477d514e27993a18bb804570e9 (127.19.0.196:33775), 9a0b4818efa64d53b99b87e6a138a253 (127.19.0.193:46125)
I20260601 13:34:27.720479 22728 tablet_service.cc:1917] Received RequestConsensusVote() RPC: tablet_id: "7fdecc0d7e244967a025812b9c214c17" candidate_uuid: "44cd46afcfab42fa8fb5011a0e0a6065" candidate_term: 1 candidate_status { last_received { term: 0 index: 0 } } ignore_live_leader: false dest_uuid: "629e97477d514e27993a18bb804570e9" is_pre_election: true
I20260601 13:34:27.720656 22728 raft_consensus.cc:2468] T 7fdecc0d7e244967a025812b9c214c17 P 629e97477d514e27993a18bb804570e9 [term 0 FOLLOWER]: Leader pre-election vote request: Granting yes vote for candidate 44cd46afcfab42fa8fb5011a0e0a6065 in term 0.
I20260601 13:34:27.720670 22438 tablet_service.cc:1917] Received RequestConsensusVote() RPC: tablet_id: "7fdecc0d7e244967a025812b9c214c17" candidate_uuid: "44cd46afcfab42fa8fb5011a0e0a6065" candidate_term: 1 candidate_status { last_received { term: 0 index: 0 } } ignore_live_leader: false dest_uuid: "9a0b4818efa64d53b99b87e6a138a253" is_pre_election: true
I20260601 13:34:27.720862 22438 raft_consensus.cc:2468] T 7fdecc0d7e244967a025812b9c214c17 P 9a0b4818efa64d53b99b87e6a138a253 [term 0 FOLLOWER]: Leader pre-election vote request: Granting yes vote for candidate 44cd46afcfab42fa8fb5011a0e0a6065 in term 0.
I20260601 13:34:27.721040 22480 leader_election.cc:304] T 7fdecc0d7e244967a025812b9c214c17 P 44cd46afcfab42fa8fb5011a0e0a6065 [CANDIDATE]: Term 1 pre-election: Election decided. Result: candidate won. Election summary: received 2 responses out of 3 voters: 2 yes votes; 0 no votes. yes voters: 44cd46afcfab42fa8fb5011a0e0a6065, 629e97477d514e27993a18bb804570e9; no voters: 
I20260601 13:34:27.721266 22643 raft_consensus.cc:2804] T 7fdecc0d7e244967a025812b9c214c17 P 44cd46afcfab42fa8fb5011a0e0a6065 [term 0 FOLLOWER]: Leader pre-election won for term 1
I20260601 13:34:27.721319 22643 raft_consensus.cc:493] T 7fdecc0d7e244967a025812b9c214c17 P 44cd46afcfab42fa8fb5011a0e0a6065 [term 0 FOLLOWER]: Starting leader election (no leader contacted us within the election timeout)
I20260601 13:34:27.721364 22643 raft_consensus.cc:3060] T 7fdecc0d7e244967a025812b9c214c17 P 44cd46afcfab42fa8fb5011a0e0a6065 [term 0 FOLLOWER]: Advancing to term 1
I20260601 13:34:27.722178 22643 raft_consensus.cc:515] T 7fdecc0d7e244967a025812b9c214c17 P 44cd46afcfab42fa8fb5011a0e0a6065 [term 1 FOLLOWER]: Starting leader election with config: opid_index: -1 OBSOLETE_local: false peers { permanent_uuid: "629e97477d514e27993a18bb804570e9" member_type: VOTER last_known_addr { host: "127.19.0.196" port: 33775 } } peers { permanent_uuid: "9a0b4818efa64d53b99b87e6a138a253" member_type: VOTER last_known_addr { host: "127.19.0.193" port: 46125 } } peers { permanent_uuid: "44cd46afcfab42fa8fb5011a0e0a6065" member_type: VOTER last_known_addr { host: "127.19.0.194" port: 38635 } }
I20260601 13:34:27.722535 22643 leader_election.cc:290] T 7fdecc0d7e244967a025812b9c214c17 P 44cd46afcfab42fa8fb5011a0e0a6065 [CANDIDATE]: Term 1 election: Requested vote from peers 629e97477d514e27993a18bb804570e9 (127.19.0.196:33775), 9a0b4818efa64d53b99b87e6a138a253 (127.19.0.193:46125)
I20260601 13:34:27.722872 22438 tablet_service.cc:1917] Received RequestConsensusVote() RPC: tablet_id: "7fdecc0d7e244967a025812b9c214c17" candidate_uuid: "44cd46afcfab42fa8fb5011a0e0a6065" candidate_term: 1 candidate_status { last_received { term: 0 index: 0 } } ignore_live_leader: false dest_uuid: "9a0b4818efa64d53b99b87e6a138a253"
I20260601 13:34:27.722880 22728 tablet_service.cc:1917] Received RequestConsensusVote() RPC: tablet_id: "7fdecc0d7e244967a025812b9c214c17" candidate_uuid: "44cd46afcfab42fa8fb5011a0e0a6065" candidate_term: 1 candidate_status { last_received { term: 0 index: 0 } } ignore_live_leader: false dest_uuid: "629e97477d514e27993a18bb804570e9"
I20260601 13:34:27.723019 22438 raft_consensus.cc:3060] T 7fdecc0d7e244967a025812b9c214c17 P 9a0b4818efa64d53b99b87e6a138a253 [term 0 FOLLOWER]: Advancing to term 1
I20260601 13:34:27.723052 22728 raft_consensus.cc:3060] T 7fdecc0d7e244967a025812b9c214c17 P 629e97477d514e27993a18bb804570e9 [term 0 FOLLOWER]: Advancing to term 1
I20260601 13:34:27.723748 22438 raft_consensus.cc:2468] T 7fdecc0d7e244967a025812b9c214c17 P 9a0b4818efa64d53b99b87e6a138a253 [term 1 FOLLOWER]: Leader election vote request: Granting yes vote for candidate 44cd46afcfab42fa8fb5011a0e0a6065 in term 1.
I20260601 13:34:27.723903 22728 raft_consensus.cc:2468] T 7fdecc0d7e244967a025812b9c214c17 P 629e97477d514e27993a18bb804570e9 [term 1 FOLLOWER]: Leader election vote request: Granting yes vote for candidate 44cd46afcfab42fa8fb5011a0e0a6065 in term 1.
I20260601 13:34:27.724118 22477 leader_election.cc:304] T 7fdecc0d7e244967a025812b9c214c17 P 44cd46afcfab42fa8fb5011a0e0a6065 [CANDIDATE]: Term 1 election: Election decided. Result: candidate won. Election summary: received 2 responses out of 3 voters: 2 yes votes; 0 no votes. yes voters: 44cd46afcfab42fa8fb5011a0e0a6065, 9a0b4818efa64d53b99b87e6a138a253; no voters: 
I20260601 13:34:27.724262 22643 raft_consensus.cc:2804] T 7fdecc0d7e244967a025812b9c214c17 P 44cd46afcfab42fa8fb5011a0e0a6065 [term 1 FOLLOWER]: Leader election won for term 1
I20260601 13:34:27.724360 22643 raft_consensus.cc:697] T 7fdecc0d7e244967a025812b9c214c17 P 44cd46afcfab42fa8fb5011a0e0a6065 [term 1 LEADER]: Becoming Leader. State: Replica: 44cd46afcfab42fa8fb5011a0e0a6065, State: Running, Role: LEADER
I20260601 13:34:27.724494 22643 consensus_queue.cc:237] T 7fdecc0d7e244967a025812b9c214c17 P 44cd46afcfab42fa8fb5011a0e0a6065 [LEADER]: Queue going to LEADER mode. State: All replicated index: 0, Majority replicated index: 0, Committed index: 0, Last appended: 0.0, Last appended by leader: 0, Current term: 1, Majority size: 2, State: 0, Mode: LEADER, active raft config: opid_index: -1 OBSOLETE_local: false peers { permanent_uuid: "629e97477d514e27993a18bb804570e9" member_type: VOTER last_known_addr { host: "127.19.0.196" port: 33775 } } peers { permanent_uuid: "9a0b4818efa64d53b99b87e6a138a253" member_type: VOTER last_known_addr { host: "127.19.0.193" port: 46125 } } peers { permanent_uuid: "44cd46afcfab42fa8fb5011a0e0a6065" member_type: VOTER last_known_addr { host: "127.19.0.194" port: 38635 } }
I20260601 13:34:27.726142 22332 catalog_manager.cc:5696] T 7fdecc0d7e244967a025812b9c214c17 P 44cd46afcfab42fa8fb5011a0e0a6065 reported cstate change: term changed from 0 to 1, leader changed from <none> to 44cd46afcfab42fa8fb5011a0e0a6065 (127.19.0.194). New cstate: current_term: 1 leader_uuid: "44cd46afcfab42fa8fb5011a0e0a6065" committed_config { opid_index: -1 OBSOLETE_local: false peers { permanent_uuid: "629e97477d514e27993a18bb804570e9" member_type: VOTER last_known_addr { host: "127.19.0.196" port: 33775 } health_report { overall_health: UNKNOWN } } peers { permanent_uuid: "9a0b4818efa64d53b99b87e6a138a253" member_type: VOTER last_known_addr { host: "127.19.0.193" port: 46125 } health_report { overall_health: UNKNOWN } } peers { permanent_uuid: "44cd46afcfab42fa8fb5011a0e0a6065" member_type: VOTER last_known_addr { host: "127.19.0.194" port: 38635 } health_report { overall_health: HEALTHY } } }
I20260601 13:34:27.757404 22800 consensus_queue.cc:1048] T 9772d6e2d9614af1b45f0fc23c375e7f P 9a0b4818efa64d53b99b87e6a138a253 [LEADER]: Connected to new peer: Peer: permanent_uuid: "44cd46afcfab42fa8fb5011a0e0a6065" member_type: VOTER last_known_addr { host: "127.19.0.194" port: 38635 }, Status: LMP_MISMATCH, Last received: 0.0, Next index: 1, Last known committed idx: 0, Time since last communication: 0.000s
I20260601 13:34:27.761215 22800 consensus_queue.cc:1048] T 9772d6e2d9614af1b45f0fc23c375e7f P 9a0b4818efa64d53b99b87e6a138a253 [LEADER]: Connected to new peer: Peer: permanent_uuid: "0e3742d9b9b4479bbba02eb917a9d2e6" member_type: VOTER last_known_addr { host: "127.19.0.195" port: 33609 }, Status: LMP_MISMATCH, Last received: 0.0, Next index: 1, Last known committed idx: 0, Time since last communication: 0.000s
I20260601 13:34:27.808344 22643 consensus_queue.cc:1048] T 1eb82dbead8b4db995870c0536440d72 P 44cd46afcfab42fa8fb5011a0e0a6065 [LEADER]: Connected to new peer: Peer: permanent_uuid: "0e3742d9b9b4479bbba02eb917a9d2e6" member_type: VOTER last_known_addr { host: "127.19.0.195" port: 33609 }, Status: LMP_MISMATCH, Last received: 0.0, Next index: 1, Last known committed idx: 0, Time since last communication: 0.000s
I20260601 13:34:27.812053 22807 consensus_queue.cc:1048] T 1eb82dbead8b4db995870c0536440d72 P 44cd46afcfab42fa8fb5011a0e0a6065 [LEADER]: Connected to new peer: Peer: permanent_uuid: "9a0b4818efa64d53b99b87e6a138a253" member_type: VOTER last_known_addr { host: "127.19.0.193" port: 46125 }, Status: LMP_MISMATCH, Last received: 0.0, Next index: 1, Last known committed idx: 0, Time since last communication: 0.000s
I20260601 13:34:27.816216 22662 raft_consensus.cc:493] T 0862d83c3742468e8ac423460a84380a P 0e3742d9b9b4479bbba02eb917a9d2e6 [term 0 FOLLOWER]: Starting pre-election (no leader contacted us within the election timeout)
I20260601 13:34:27.816323 22662 raft_consensus.cc:515] T 0862d83c3742468e8ac423460a84380a P 0e3742d9b9b4479bbba02eb917a9d2e6 [term 0 FOLLOWER]: Starting pre-election with config: opid_index: -1 OBSOLETE_local: false peers { permanent_uuid: "0e3742d9b9b4479bbba02eb917a9d2e6" member_type: VOTER last_known_addr { host: "127.19.0.195" port: 33609 } } peers { permanent_uuid: "9a0b4818efa64d53b99b87e6a138a253" member_type: VOTER last_known_addr { host: "127.19.0.193" port: 46125 } } peers { permanent_uuid: "629e97477d514e27993a18bb804570e9" member_type: VOTER last_known_addr { host: "127.19.0.196" port: 33775 } }
I20260601 13:34:27.816833 22662 leader_election.cc:290] T 0862d83c3742468e8ac423460a84380a P 0e3742d9b9b4479bbba02eb917a9d2e6 [CANDIDATE]: Term 1 pre-election: Requested pre-vote from peers 9a0b4818efa64d53b99b87e6a138a253 (127.19.0.193:46125), 629e97477d514e27993a18bb804570e9 (127.19.0.196:33775)
I20260601 13:34:27.817219 22438 tablet_service.cc:1917] Received RequestConsensusVote() RPC: tablet_id: "0862d83c3742468e8ac423460a84380a" candidate_uuid: "0e3742d9b9b4479bbba02eb917a9d2e6" candidate_term: 1 candidate_status { last_received { term: 0 index: 0 } } ignore_live_leader: false dest_uuid: "9a0b4818efa64d53b99b87e6a138a253" is_pre_election: true
I20260601 13:34:27.817333 22438 raft_consensus.cc:2468] T 0862d83c3742468e8ac423460a84380a P 9a0b4818efa64d53b99b87e6a138a253 [term 0 FOLLOWER]: Leader pre-election vote request: Granting yes vote for candidate 0e3742d9b9b4479bbba02eb917a9d2e6 in term 0.
I20260601 13:34:27.817631 22552 leader_election.cc:304] T 0862d83c3742468e8ac423460a84380a P 0e3742d9b9b4479bbba02eb917a9d2e6 [CANDIDATE]: Term 1 pre-election: Election decided. Result: candidate won. Election summary: received 2 responses out of 3 voters: 2 yes votes; 0 no votes. yes voters: 0e3742d9b9b4479bbba02eb917a9d2e6, 9a0b4818efa64d53b99b87e6a138a253; no voters: 
I20260601 13:34:27.817873 22662 raft_consensus.cc:2804] T 0862d83c3742468e8ac423460a84380a P 0e3742d9b9b4479bbba02eb917a9d2e6 [term 0 FOLLOWER]: Leader pre-election won for term 1
I20260601 13:34:27.817986 22662 raft_consensus.cc:493] T 0862d83c3742468e8ac423460a84380a P 0e3742d9b9b4479bbba02eb917a9d2e6 [term 0 FOLLOWER]: Starting leader election (no leader contacted us within the election timeout)
I20260601 13:34:27.818056 22662 raft_consensus.cc:3060] T 0862d83c3742468e8ac423460a84380a P 0e3742d9b9b4479bbba02eb917a9d2e6 [term 0 FOLLOWER]: Advancing to term 1
I20260601 13:34:27.818900 22662 raft_consensus.cc:515] T 0862d83c3742468e8ac423460a84380a P 0e3742d9b9b4479bbba02eb917a9d2e6 [term 1 FOLLOWER]: Starting leader election with config: opid_index: -1 OBSOLETE_local: false peers { permanent_uuid: "0e3742d9b9b4479bbba02eb917a9d2e6" member_type: VOTER last_known_addr { host: "127.19.0.195" port: 33609 } } peers { permanent_uuid: "9a0b4818efa64d53b99b87e6a138a253" member_type: VOTER last_known_addr { host: "127.19.0.193" port: 46125 } } peers { permanent_uuid: "629e97477d514e27993a18bb804570e9" member_type: VOTER last_known_addr { host: "127.19.0.196" port: 33775 } }
I20260601 13:34:27.819293 22662 leader_election.cc:290] T 0862d83c3742468e8ac423460a84380a P 0e3742d9b9b4479bbba02eb917a9d2e6 [CANDIDATE]: Term 1 election: Requested vote from peers 9a0b4818efa64d53b99b87e6a138a253 (127.19.0.193:46125), 629e97477d514e27993a18bb804570e9 (127.19.0.196:33775)
I20260601 13:34:27.819711 22438 tablet_service.cc:1917] Received RequestConsensusVote() RPC: tablet_id: "0862d83c3742468e8ac423460a84380a" candidate_uuid: "0e3742d9b9b4479bbba02eb917a9d2e6" candidate_term: 1 candidate_status { last_received { term: 0 index: 0 } } ignore_live_leader: false dest_uuid: "9a0b4818efa64d53b99b87e6a138a253"
I20260601 13:34:27.819840 22438 raft_consensus.cc:3060] T 0862d83c3742468e8ac423460a84380a P 9a0b4818efa64d53b99b87e6a138a253 [term 0 FOLLOWER]: Advancing to term 1
I20260601 13:34:27.820873 22438 raft_consensus.cc:2468] T 0862d83c3742468e8ac423460a84380a P 9a0b4818efa64d53b99b87e6a138a253 [term 1 FOLLOWER]: Leader election vote request: Granting yes vote for candidate 0e3742d9b9b4479bbba02eb917a9d2e6 in term 1.
I20260601 13:34:27.820907 22729 tablet_service.cc:1917] Received RequestConsensusVote() RPC: tablet_id: "0862d83c3742468e8ac423460a84380a" candidate_uuid: "0e3742d9b9b4479bbba02eb917a9d2e6" candidate_term: 1 candidate_status { last_received { term: 0 index: 0 } } ignore_live_leader: false dest_uuid: "629e97477d514e27993a18bb804570e9"
I20260601 13:34:27.821178 22729 raft_consensus.cc:3060] T 0862d83c3742468e8ac423460a84380a P 629e97477d514e27993a18bb804570e9 [term 0 FOLLOWER]: Advancing to term 1
I20260601 13:34:27.821280 22552 leader_election.cc:304] T 0862d83c3742468e8ac423460a84380a P 0e3742d9b9b4479bbba02eb917a9d2e6 [CANDIDATE]: Term 1 election: Election decided. Result: candidate won. Election summary: received 2 responses out of 3 voters: 2 yes votes; 0 no votes. yes voters: 0e3742d9b9b4479bbba02eb917a9d2e6, 9a0b4818efa64d53b99b87e6a138a253; no voters: 
I20260601 13:34:27.821540 22662 raft_consensus.cc:2804] T 0862d83c3742468e8ac423460a84380a P 0e3742d9b9b4479bbba02eb917a9d2e6 [term 1 FOLLOWER]: Leader election won for term 1
I20260601 13:34:27.821647 22662 raft_consensus.cc:697] T 0862d83c3742468e8ac423460a84380a P 0e3742d9b9b4479bbba02eb917a9d2e6 [term 1 LEADER]: Becoming Leader. State: Replica: 0e3742d9b9b4479bbba02eb917a9d2e6, State: Running, Role: LEADER
I20260601 13:34:27.821797 22662 consensus_queue.cc:237] T 0862d83c3742468e8ac423460a84380a P 0e3742d9b9b4479bbba02eb917a9d2e6 [LEADER]: Queue going to LEADER mode. State: All replicated index: 0, Majority replicated index: 0, Committed index: 0, Last appended: 0.0, Last appended by leader: 0, Current term: 1, Majority size: 2, State: 0, Mode: LEADER, active raft config: opid_index: -1 OBSOLETE_local: false peers { permanent_uuid: "0e3742d9b9b4479bbba02eb917a9d2e6" member_type: VOTER last_known_addr { host: "127.19.0.195" port: 33609 } } peers { permanent_uuid: "9a0b4818efa64d53b99b87e6a138a253" member_type: VOTER last_known_addr { host: "127.19.0.193" port: 46125 } } peers { permanent_uuid: "629e97477d514e27993a18bb804570e9" member_type: VOTER last_known_addr { host: "127.19.0.196" port: 33775 } }
I20260601 13:34:27.822376 22729 raft_consensus.cc:2468] T 0862d83c3742468e8ac423460a84380a P 629e97477d514e27993a18bb804570e9 [term 1 FOLLOWER]: Leader election vote request: Granting yes vote for candidate 0e3742d9b9b4479bbba02eb917a9d2e6 in term 1.
I20260601 13:34:27.820889 22728 tablet_service.cc:1917] Received RequestConsensusVote() RPC: tablet_id: "0862d83c3742468e8ac423460a84380a" candidate_uuid: "0e3742d9b9b4479bbba02eb917a9d2e6" candidate_term: 1 candidate_status { last_received { term: 0 index: 0 } } ignore_live_leader: false dest_uuid: "629e97477d514e27993a18bb804570e9" is_pre_election: true
I20260601 13:34:27.822674 22728 raft_consensus.cc:2376] T 0862d83c3742468e8ac423460a84380a P 629e97477d514e27993a18bb804570e9 [term 1 FOLLOWER]: Leader pre-election vote request: Already granted yes vote for candidate 0e3742d9b9b4479bbba02eb917a9d2e6 in term 1. Re-sending same reply.
I20260601 13:34:27.823558 22332 catalog_manager.cc:5696] T 0862d83c3742468e8ac423460a84380a P 0e3742d9b9b4479bbba02eb917a9d2e6 reported cstate change: term changed from 0 to 1, leader changed from <none> to 0e3742d9b9b4479bbba02eb917a9d2e6 (127.19.0.195). New cstate: current_term: 1 leader_uuid: "0e3742d9b9b4479bbba02eb917a9d2e6" committed_config { opid_index: -1 OBSOLETE_local: false peers { permanent_uuid: "0e3742d9b9b4479bbba02eb917a9d2e6" member_type: VOTER last_known_addr { host: "127.19.0.195" port: 33609 } health_report { overall_health: HEALTHY } } peers { permanent_uuid: "9a0b4818efa64d53b99b87e6a138a253" member_type: VOTER last_known_addr { host: "127.19.0.193" port: 46125 } health_report { overall_health: UNKNOWN } } peers { permanent_uuid: "629e97477d514e27993a18bb804570e9" member_type: VOTER last_known_addr { host: "127.19.0.196" port: 33775 } health_report { overall_health: UNKNOWN } } }
I20260601 13:34:27.829643 22640 consensus_queue.cc:1048] T 65e87456187849c6a3ad9d0fd34949e8 P 0e3742d9b9b4479bbba02eb917a9d2e6 [LEADER]: Connected to new peer: Peer: permanent_uuid: "9a0b4818efa64d53b99b87e6a138a253" member_type: VOTER last_known_addr { host: "127.19.0.193" port: 46125 }, Status: LMP_MISMATCH, Last received: 0.0, Next index: 1, Last known committed idx: 0, Time since last communication: 0.000s
I20260601 13:34:27.832800 22662 consensus_queue.cc:1048] T 65e87456187849c6a3ad9d0fd34949e8 P 0e3742d9b9b4479bbba02eb917a9d2e6 [LEADER]: Connected to new peer: Peer: permanent_uuid: "44cd46afcfab42fa8fb5011a0e0a6065" member_type: VOTER last_known_addr { host: "127.19.0.194" port: 38635 }, Status: LMP_MISMATCH, Last received: 0.0, Next index: 1, Last known committed idx: 0, Time since last communication: 0.000s
I20260601 13:34:27.860585 22640 consensus_queue.cc:1048] T 840d24c067744ab8b7c484bdd46b92fb P 0e3742d9b9b4479bbba02eb917a9d2e6 [LEADER]: Connected to new peer: Peer: permanent_uuid: "9a0b4818efa64d53b99b87e6a138a253" member_type: VOTER last_known_addr { host: "127.19.0.193" port: 46125 }, Status: LMP_MISMATCH, Last received: 0.0, Next index: 1, Last known committed idx: 0, Time since last communication: 0.000s
I20260601 13:34:27.863693 22514 raft_consensus.cc:3060] T 840d24c067744ab8b7c484bdd46b92fb P 44cd46afcfab42fa8fb5011a0e0a6065 [term 0 FOLLOWER]: Advancing to term 1
I20260601 13:34:27.865324 22668 consensus_queue.cc:1048] T 840d24c067744ab8b7c484bdd46b92fb P 0e3742d9b9b4479bbba02eb917a9d2e6 [LEADER]: Connected to new peer: Peer: permanent_uuid: "44cd46afcfab42fa8fb5011a0e0a6065" member_type: VOTER last_known_addr { host: "127.19.0.194" port: 38635 }, Status: LMP_MISMATCH, Last received: 0.0, Next index: 1, Last known committed idx: 0, Time since last communication: 0.000s
I20260601 13:34:27.917968 22389 auto_leader_rebalancer.cc:140] leader rebalance for table range_aware_rebalance_new_range
I20260601 13:34:27.924306 22589 tablet_service.cc:2072] Received LeaderStepDown RPC: tablet_id: "2a22a7ffe19a43929eaf3f055ed1e172"
dest_uuid: "0e3742d9b9b4479bbba02eb917a9d2e6"
mode: GRACEFUL
new_leader_uuid: "9a0b4818efa64d53b99b87e6a138a253"
 from {username='slave'} at 127.0.0.1:49426
I20260601 13:34:27.924481 22589 raft_consensus.cc:606] T 2a22a7ffe19a43929eaf3f055ed1e172 P 0e3742d9b9b4479bbba02eb917a9d2e6 [term 1 LEADER]: Received request to transfer leadership to TS 9a0b4818efa64d53b99b87e6a138a253
I20260601 13:34:27.924978 22389 auto_leader_rebalancer.cc:388] table: range_aware_rebalance_new_range, leader rebalance finish, leader transfer count: 1
I20260601 13:34:27.925107 22389 auto_leader_rebalancer.cc:451] All tables' leader rebalancing finished this round
I20260601 13:34:27.926462 22589 consensus_queue.cc:237] T 840d24c067744ab8b7c484bdd46b92fb P 0e3742d9b9b4479bbba02eb917a9d2e6 [LEADER]: Queue going to LEADER mode. State: All replicated index: 0, Majority replicated index: 1, Committed index: 1, Last appended: 1.1, Last appended by leader: 0, Current term: 1, Majority size: 2, State: 0, Mode: LEADER, active raft config: opid_index: 2 OBSOLETE_local: false peers { permanent_uuid: "44cd46afcfab42fa8fb5011a0e0a6065" member_type: VOTER last_known_addr { host: "127.19.0.194" port: 38635 } } peers { permanent_uuid: "9a0b4818efa64d53b99b87e6a138a253" member_type: VOTER last_known_addr { host: "127.19.0.193" port: 46125 } attrs { replace: true } } peers { permanent_uuid: "0e3742d9b9b4479bbba02eb917a9d2e6" member_type: VOTER last_known_addr { host: "127.19.0.195" port: 33609 } } peers { permanent_uuid: "629e97477d514e27993a18bb804570e9" member_type: NON_VOTER last_known_addr { host: "127.19.0.196" port: 33775 } attrs { promote: true } }
I20260601 13:34:27.927790 22438 raft_consensus.cc:1275] T 840d24c067744ab8b7c484bdd46b92fb P 9a0b4818efa64d53b99b87e6a138a253 [term 1 FOLLOWER]: Refusing update from remote peer 0e3742d9b9b4479bbba02eb917a9d2e6: Log matching property violated. Preceding OpId in replica: term: 1 index: 1. Preceding OpId from leader: term: 1 index: 2. (index mismatch)
I20260601 13:34:27.927870 22514 raft_consensus.cc:1275] T 840d24c067744ab8b7c484bdd46b92fb P 44cd46afcfab42fa8fb5011a0e0a6065 [term 1 FOLLOWER]: Refusing update from remote peer 0e3742d9b9b4479bbba02eb917a9d2e6: Log matching property violated. Preceding OpId in replica: term: 1 index: 1. Preceding OpId from leader: term: 1 index: 2. (index mismatch)
I20260601 13:34:27.928287 22662 consensus_queue.cc:1048] T 840d24c067744ab8b7c484bdd46b92fb P 0e3742d9b9b4479bbba02eb917a9d2e6 [LEADER]: Connected to new peer: Peer: permanent_uuid: "9a0b4818efa64d53b99b87e6a138a253" member_type: VOTER last_known_addr { host: "127.19.0.193" port: 46125 } attrs { replace: true }, Status: LMP_MISMATCH, Last received: 0.0, Next index: 2, Last known committed idx: 1, Time since last communication: 0.000s
I20260601 13:34:27.928392 22668 consensus_queue.cc:1048] T 840d24c067744ab8b7c484bdd46b92fb P 0e3742d9b9b4479bbba02eb917a9d2e6 [LEADER]: Connected to new peer: Peer: permanent_uuid: "44cd46afcfab42fa8fb5011a0e0a6065" member_type: VOTER last_known_addr { host: "127.19.0.194" port: 38635 }, Status: LMP_MISMATCH, Last received: 0.0, Next index: 2, Last known committed idx: 1, Time since last communication: 0.000s
W20260601 13:34:27.928606 22555 consensus_peers.cc:597] T 840d24c067744ab8b7c484bdd46b92fb P 0e3742d9b9b4479bbba02eb917a9d2e6 -> Peer 629e97477d514e27993a18bb804570e9 (127.19.0.196:33775): Couldn't send request to peer 629e97477d514e27993a18bb804570e9. Error code: TABLET_NOT_FOUND (6). Status: Not found: Tablet not found: 840d24c067744ab8b7c484bdd46b92fb. This is attempt 1: this message will repeat every 5th retry.
I20260601 13:34:27.930074 22640 raft_consensus.cc:2955] T 840d24c067744ab8b7c484bdd46b92fb P 0e3742d9b9b4479bbba02eb917a9d2e6 [term 1 LEADER]: Committing config change with OpId 1.2: config changed from index -1 to 2, NON_VOTER 629e97477d514e27993a18bb804570e9 (127.19.0.196) added. New config: { opid_index: 2 OBSOLETE_local: false peers { permanent_uuid: "44cd46afcfab42fa8fb5011a0e0a6065" member_type: VOTER last_known_addr { host: "127.19.0.194" port: 38635 } } peers { permanent_uuid: "9a0b4818efa64d53b99b87e6a138a253" member_type: VOTER last_known_addr { host: "127.19.0.193" port: 46125 } attrs { replace: true } } peers { permanent_uuid: "0e3742d9b9b4479bbba02eb917a9d2e6" member_type: VOTER last_known_addr { host: "127.19.0.195" port: 33609 } } peers { permanent_uuid: "629e97477d514e27993a18bb804570e9" member_type: NON_VOTER last_known_addr { host: "127.19.0.196" port: 33775 } attrs { promote: true } } }
I20260601 13:34:27.930594 22438 raft_consensus.cc:2955] T 840d24c067744ab8b7c484bdd46b92fb P 9a0b4818efa64d53b99b87e6a138a253 [term 1 FOLLOWER]: Committing config change with OpId 1.2: config changed from index -1 to 2, NON_VOTER 629e97477d514e27993a18bb804570e9 (127.19.0.196) added. New config: { opid_index: 2 OBSOLETE_local: false peers { permanent_uuid: "44cd46afcfab42fa8fb5011a0e0a6065" member_type: VOTER last_known_addr { host: "127.19.0.194" port: 38635 } } peers { permanent_uuid: "9a0b4818efa64d53b99b87e6a138a253" member_type: VOTER last_known_addr { host: "127.19.0.193" port: 46125 } attrs { replace: true } } peers { permanent_uuid: "0e3742d9b9b4479bbba02eb917a9d2e6" member_type: VOTER last_known_addr { host: "127.19.0.195" port: 33609 } } peers { permanent_uuid: "629e97477d514e27993a18bb804570e9" member_type: NON_VOTER last_known_addr { host: "127.19.0.196" port: 33775 } attrs { promote: true } } }
I20260601 13:34:27.930608 22514 raft_consensus.cc:2955] T 840d24c067744ab8b7c484bdd46b92fb P 44cd46afcfab42fa8fb5011a0e0a6065 [term 1 FOLLOWER]: Committing config change with OpId 1.2: config changed from index -1 to 2, NON_VOTER 629e97477d514e27993a18bb804570e9 (127.19.0.196) added. New config: { opid_index: 2 OBSOLETE_local: false peers { permanent_uuid: "44cd46afcfab42fa8fb5011a0e0a6065" member_type: VOTER last_known_addr { host: "127.19.0.194" port: 38635 } } peers { permanent_uuid: "9a0b4818efa64d53b99b87e6a138a253" member_type: VOTER last_known_addr { host: "127.19.0.193" port: 46125 } attrs { replace: true } } peers { permanent_uuid: "0e3742d9b9b4479bbba02eb917a9d2e6" member_type: VOTER last_known_addr { host: "127.19.0.195" port: 33609 } } peers { permanent_uuid: "629e97477d514e27993a18bb804570e9" member_type: NON_VOTER last_known_addr { host: "127.19.0.196" port: 33775 } attrs { promote: true } } }
I20260601 13:34:27.932646 22332 catalog_manager.cc:5696] T 840d24c067744ab8b7c484bdd46b92fb P 0e3742d9b9b4479bbba02eb917a9d2e6 reported cstate change: config changed from index -1 to 2, NON_VOTER 629e97477d514e27993a18bb804570e9 (127.19.0.196) added. New cstate: current_term: 1 leader_uuid: "0e3742d9b9b4479bbba02eb917a9d2e6" committed_config { opid_index: 2 OBSOLETE_local: false peers { permanent_uuid: "44cd46afcfab42fa8fb5011a0e0a6065" member_type: VOTER last_known_addr { host: "127.19.0.194" port: 38635 } health_report { overall_health: HEALTHY } } peers { permanent_uuid: "9a0b4818efa64d53b99b87e6a138a253" member_type: VOTER last_known_addr { host: "127.19.0.193" port: 46125 } attrs { replace: true } health_report { overall_health: HEALTHY } } peers { permanent_uuid: "0e3742d9b9b4479bbba02eb917a9d2e6" member_type: VOTER last_known_addr { host: "127.19.0.195" port: 33609 } health_report { overall_health: HEALTHY } } peers { permanent_uuid: "629e97477d514e27993a18bb804570e9" member_type: NON_VOTER last_known_addr { host: "127.19.0.196" port: 33775 } attrs { promote: true } health_report { overall_health: UNKNOWN } } }
I20260601 13:34:27.937796 22514 consensus_queue.cc:237] T 1eb82dbead8b4db995870c0536440d72 P 44cd46afcfab42fa8fb5011a0e0a6065 [LEADER]: Queue going to LEADER mode. State: All replicated index: 0, Majority replicated index: 1, Committed index: 1, Last appended: 1.1, Last appended by leader: 0, Current term: 1, Majority size: 2, State: 0, Mode: LEADER, active raft config: opid_index: 2 OBSOLETE_local: false peers { permanent_uuid: "44cd46afcfab42fa8fb5011a0e0a6065" member_type: VOTER last_known_addr { host: "127.19.0.194" port: 38635 } } peers { permanent_uuid: "9a0b4818efa64d53b99b87e6a138a253" member_type: VOTER last_known_addr { host: "127.19.0.193" port: 46125 } } peers { permanent_uuid: "0e3742d9b9b4479bbba02eb917a9d2e6" member_type: VOTER last_known_addr { host: "127.19.0.195" port: 33609 } attrs { replace: true } } peers { permanent_uuid: "629e97477d514e27993a18bb804570e9" member_type: NON_VOTER last_known_addr { host: "127.19.0.196" port: 33775 } attrs { promote: true } }
I20260601 13:34:27.939301 22438 raft_consensus.cc:1275] T 1eb82dbead8b4db995870c0536440d72 P 9a0b4818efa64d53b99b87e6a138a253 [term 1 FOLLOWER]: Refusing update from remote peer 44cd46afcfab42fa8fb5011a0e0a6065: Log matching property violated. Preceding OpId in replica: term: 1 index: 1. Preceding OpId from leader: term: 1 index: 2. (index mismatch)
I20260601 13:34:27.939411 22589 raft_consensus.cc:1275] T 1eb82dbead8b4db995870c0536440d72 P 0e3742d9b9b4479bbba02eb917a9d2e6 [term 1 FOLLOWER]: Refusing update from remote peer 44cd46afcfab42fa8fb5011a0e0a6065: Log matching property violated. Preceding OpId in replica: term: 1 index: 1. Preceding OpId from leader: term: 1 index: 2. (index mismatch)
W20260601 13:34:27.939435 22480 consensus_peers.cc:597] T 1eb82dbead8b4db995870c0536440d72 P 44cd46afcfab42fa8fb5011a0e0a6065 -> Peer 629e97477d514e27993a18bb804570e9 (127.19.0.196:33775): Couldn't send request to peer 629e97477d514e27993a18bb804570e9. Error code: TABLET_NOT_FOUND (6). Status: Not found: Tablet not found: 1eb82dbead8b4db995870c0536440d72. This is attempt 1: this message will repeat every 5th retry.
I20260601 13:34:27.939682 22680 consensus_queue.cc:1048] T 1eb82dbead8b4db995870c0536440d72 P 44cd46afcfab42fa8fb5011a0e0a6065 [LEADER]: Connected to new peer: Peer: permanent_uuid: "9a0b4818efa64d53b99b87e6a138a253" member_type: VOTER last_known_addr { host: "127.19.0.193" port: 46125 }, Status: LMP_MISMATCH, Last received: 0.0, Next index: 2, Last known committed idx: 1, Time since last communication: 0.000s
I20260601 13:34:27.939800 22643 consensus_queue.cc:1048] T 1eb82dbead8b4db995870c0536440d72 P 44cd46afcfab42fa8fb5011a0e0a6065 [LEADER]: Connected to new peer: Peer: permanent_uuid: "0e3742d9b9b4479bbba02eb917a9d2e6" member_type: VOTER last_known_addr { host: "127.19.0.195" port: 33609 } attrs { replace: true }, Status: LMP_MISMATCH, Last received: 0.0, Next index: 2, Last known committed idx: 1, Time since last communication: 0.000s
I20260601 13:34:27.941455 22680 raft_consensus.cc:2955] T 1eb82dbead8b4db995870c0536440d72 P 44cd46afcfab42fa8fb5011a0e0a6065 [term 1 LEADER]: Committing config change with OpId 1.2: config changed from index -1 to 2, NON_VOTER 629e97477d514e27993a18bb804570e9 (127.19.0.196) added. New config: { opid_index: 2 OBSOLETE_local: false peers { permanent_uuid: "44cd46afcfab42fa8fb5011a0e0a6065" member_type: VOTER last_known_addr { host: "127.19.0.194" port: 38635 } } peers { permanent_uuid: "9a0b4818efa64d53b99b87e6a138a253" member_type: VOTER last_known_addr { host: "127.19.0.193" port: 46125 } } peers { permanent_uuid: "0e3742d9b9b4479bbba02eb917a9d2e6" member_type: VOTER last_known_addr { host: "127.19.0.195" port: 33609 } attrs { replace: true } } peers { permanent_uuid: "629e97477d514e27993a18bb804570e9" member_type: NON_VOTER last_known_addr { host: "127.19.0.196" port: 33775 } attrs { promote: true } } }
I20260601 13:34:27.941892 22589 raft_consensus.cc:2955] T 1eb82dbead8b4db995870c0536440d72 P 0e3742d9b9b4479bbba02eb917a9d2e6 [term 1 FOLLOWER]: Committing config change with OpId 1.2: config changed from index -1 to 2, NON_VOTER 629e97477d514e27993a18bb804570e9 (127.19.0.196) added. New config: { opid_index: 2 OBSOLETE_local: false peers { permanent_uuid: "44cd46afcfab42fa8fb5011a0e0a6065" member_type: VOTER last_known_addr { host: "127.19.0.194" port: 38635 } } peers { permanent_uuid: "9a0b4818efa64d53b99b87e6a138a253" member_type: VOTER last_known_addr { host: "127.19.0.193" port: 46125 } } peers { permanent_uuid: "0e3742d9b9b4479bbba02eb917a9d2e6" member_type: VOTER last_known_addr { host: "127.19.0.195" port: 33609 } attrs { replace: true } } peers { permanent_uuid: "629e97477d514e27993a18bb804570e9" member_type: NON_VOTER last_known_addr { host: "127.19.0.196" port: 33775 } attrs { promote: true } } }
I20260601 13:34:27.941999 22438 raft_consensus.cc:2955] T 1eb82dbead8b4db995870c0536440d72 P 9a0b4818efa64d53b99b87e6a138a253 [term 1 FOLLOWER]: Committing config change with OpId 1.2: config changed from index -1 to 2, NON_VOTER 629e97477d514e27993a18bb804570e9 (127.19.0.196) added. New config: { opid_index: 2 OBSOLETE_local: false peers { permanent_uuid: "44cd46afcfab42fa8fb5011a0e0a6065" member_type: VOTER last_known_addr { host: "127.19.0.194" port: 38635 } } peers { permanent_uuid: "9a0b4818efa64d53b99b87e6a138a253" member_type: VOTER last_known_addr { host: "127.19.0.193" port: 46125 } } peers { permanent_uuid: "0e3742d9b9b4479bbba02eb917a9d2e6" member_type: VOTER last_known_addr { host: "127.19.0.195" port: 33609 } attrs { replace: true } } peers { permanent_uuid: "629e97477d514e27993a18bb804570e9" member_type: NON_VOTER last_known_addr { host: "127.19.0.196" port: 33775 } attrs { promote: true } } }
I20260601 13:34:27.944147 22334 catalog_manager.cc:5696] T 1eb82dbead8b4db995870c0536440d72 P 0e3742d9b9b4479bbba02eb917a9d2e6 reported cstate change: config changed from index -1 to 2, NON_VOTER 629e97477d514e27993a18bb804570e9 (127.19.0.196) added. New cstate: current_term: 1 leader_uuid: "44cd46afcfab42fa8fb5011a0e0a6065" committed_config { opid_index: 2 OBSOLETE_local: false peers { permanent_uuid: "44cd46afcfab42fa8fb5011a0e0a6065" member_type: VOTER last_known_addr { host: "127.19.0.194" port: 38635 } } peers { permanent_uuid: "9a0b4818efa64d53b99b87e6a138a253" member_type: VOTER last_known_addr { host: "127.19.0.193" port: 46125 } } peers { permanent_uuid: "0e3742d9b9b4479bbba02eb917a9d2e6" member_type: VOTER last_known_addr { host: "127.19.0.195" port: 33609 } attrs { replace: true } } peers { permanent_uuid: "629e97477d514e27993a18bb804570e9" member_type: NON_VOTER last_known_addr { host: "127.19.0.196" port: 33775 } attrs { promote: true } } }
I20260601 13:34:27.948982 22438 consensus_queue.cc:237] T 8580b658d5754d51ab558d4594f3b1f8 P 9a0b4818efa64d53b99b87e6a138a253 [LEADER]: Queue going to LEADER mode. State: All replicated index: 0, Majority replicated index: 1, Committed index: 1, Last appended: 1.1, Last appended by leader: 0, Current term: 1, Majority size: 2, State: 0, Mode: LEADER, active raft config: opid_index: 2 OBSOLETE_local: false peers { permanent_uuid: "9a0b4818efa64d53b99b87e6a138a253" member_type: VOTER last_known_addr { host: "127.19.0.193" port: 46125 } } peers { permanent_uuid: "44cd46afcfab42fa8fb5011a0e0a6065" member_type: VOTER last_known_addr { host: "127.19.0.194" port: 38635 } attrs { replace: true } } peers { permanent_uuid: "0e3742d9b9b4479bbba02eb917a9d2e6" member_type: VOTER last_known_addr { host: "127.19.0.195" port: 33609 } } peers { permanent_uuid: "629e97477d514e27993a18bb804570e9" member_type: NON_VOTER last_known_addr { host: "127.19.0.196" port: 33775 } attrs { promote: true } }
W20260601 13:34:27.950456 22404 consensus_peers.cc:597] T 8580b658d5754d51ab558d4594f3b1f8 P 9a0b4818efa64d53b99b87e6a138a253 -> Peer 629e97477d514e27993a18bb804570e9 (127.19.0.196:33775): Couldn't send request to peer 629e97477d514e27993a18bb804570e9. Error code: TABLET_NOT_FOUND (6). Status: Not found: Tablet not found: 8580b658d5754d51ab558d4594f3b1f8. This is attempt 1: this message will repeat every 5th retry.
I20260601 13:34:27.950464 22589 raft_consensus.cc:1275] T 8580b658d5754d51ab558d4594f3b1f8 P 0e3742d9b9b4479bbba02eb917a9d2e6 [term 1 FOLLOWER]: Refusing update from remote peer 9a0b4818efa64d53b99b87e6a138a253: Log matching property violated. Preceding OpId in replica: term: 1 index: 1. Preceding OpId from leader: term: 1 index: 2. (index mismatch)
I20260601 13:34:27.950479 22514 raft_consensus.cc:1275] T 8580b658d5754d51ab558d4594f3b1f8 P 44cd46afcfab42fa8fb5011a0e0a6065 [term 1 FOLLOWER]: Refusing update from remote peer 9a0b4818efa64d53b99b87e6a138a253: Log matching property violated. Preceding OpId in replica: term: 1 index: 1. Preceding OpId from leader: term: 1 index: 2. (index mismatch)
I20260601 13:34:27.951001 22800 consensus_queue.cc:1048] T 8580b658d5754d51ab558d4594f3b1f8 P 9a0b4818efa64d53b99b87e6a138a253 [LEADER]: Connected to new peer: Peer: permanent_uuid: "0e3742d9b9b4479bbba02eb917a9d2e6" member_type: VOTER last_known_addr { host: "127.19.0.195" port: 33609 }, Status: LMP_MISMATCH, Last received: 0.0, Next index: 2, Last known committed idx: 1, Time since last communication: 0.000s
I20260601 13:34:27.951160 22673 consensus_queue.cc:1048] T 8580b658d5754d51ab558d4594f3b1f8 P 9a0b4818efa64d53b99b87e6a138a253 [LEADER]: Connected to new peer: Peer: permanent_uuid: "44cd46afcfab42fa8fb5011a0e0a6065" member_type: VOTER last_known_addr { host: "127.19.0.194" port: 38635 } attrs { replace: true }, Status: LMP_MISMATCH, Last received: 0.0, Next index: 2, Last known committed idx: 1, Time since last communication: 0.000s
I20260601 13:34:27.952757 22646 raft_consensus.cc:2955] T 8580b658d5754d51ab558d4594f3b1f8 P 9a0b4818efa64d53b99b87e6a138a253 [term 1 LEADER]: Committing config change with OpId 1.2: config changed from index -1 to 2, NON_VOTER 629e97477d514e27993a18bb804570e9 (127.19.0.196) added. New config: { opid_index: 2 OBSOLETE_local: false peers { permanent_uuid: "9a0b4818efa64d53b99b87e6a138a253" member_type: VOTER last_known_addr { host: "127.19.0.193" port: 46125 } } peers { permanent_uuid: "44cd46afcfab42fa8fb5011a0e0a6065" member_type: VOTER last_known_addr { host: "127.19.0.194" port: 38635 } attrs { replace: true } } peers { permanent_uuid: "0e3742d9b9b4479bbba02eb917a9d2e6" member_type: VOTER last_known_addr { host: "127.19.0.195" port: 33609 } } peers { permanent_uuid: "629e97477d514e27993a18bb804570e9" member_type: NON_VOTER last_known_addr { host: "127.19.0.196" port: 33775 } attrs { promote: true } } }
I20260601 13:34:27.953156 22770 consensus_queue.cc:1048] T 2fbe3bff06c049bcb3c3e9b29dc0daec P 629e97477d514e27993a18bb804570e9 [LEADER]: Connected to new peer: Peer: permanent_uuid: "0e3742d9b9b4479bbba02eb917a9d2e6" member_type: VOTER last_known_addr { host: "127.19.0.195" port: 33609 }, Status: LMP_MISMATCH, Last received: 0.0, Next index: 1, Last known committed idx: 0, Time since last communication: 0.000s
I20260601 13:34:27.953161 22514 raft_consensus.cc:2955] T 8580b658d5754d51ab558d4594f3b1f8 P 44cd46afcfab42fa8fb5011a0e0a6065 [term 1 FOLLOWER]: Committing config change with OpId 1.2: config changed from index -1 to 2, NON_VOTER 629e97477d514e27993a18bb804570e9 (127.19.0.196) added. New config: { opid_index: 2 OBSOLETE_local: false peers { permanent_uuid: "9a0b4818efa64d53b99b87e6a138a253" member_type: VOTER last_known_addr { host: "127.19.0.193" port: 46125 } } peers { permanent_uuid: "44cd46afcfab42fa8fb5011a0e0a6065" member_type: VOTER last_known_addr { host: "127.19.0.194" port: 38635 } attrs { replace: true } } peers { permanent_uuid: "0e3742d9b9b4479bbba02eb917a9d2e6" member_type: VOTER last_known_addr { host: "127.19.0.195" port: 33609 } } peers { permanent_uuid: "629e97477d514e27993a18bb804570e9" member_type: NON_VOTER last_known_addr { host: "127.19.0.196" port: 33775 } attrs { promote: true } } }
I20260601 13:34:27.953161 22589 raft_consensus.cc:2955] T 8580b658d5754d51ab558d4594f3b1f8 P 0e3742d9b9b4479bbba02eb917a9d2e6 [term 1 FOLLOWER]: Committing config change with OpId 1.2: config changed from index -1 to 2, NON_VOTER 629e97477d514e27993a18bb804570e9 (127.19.0.196) added. New config: { opid_index: 2 OBSOLETE_local: false peers { permanent_uuid: "9a0b4818efa64d53b99b87e6a138a253" member_type: VOTER last_known_addr { host: "127.19.0.193" port: 46125 } } peers { permanent_uuid: "44cd46afcfab42fa8fb5011a0e0a6065" member_type: VOTER last_known_addr { host: "127.19.0.194" port: 38635 } attrs { replace: true } } peers { permanent_uuid: "0e3742d9b9b4479bbba02eb917a9d2e6" member_type: VOTER last_known_addr { host: "127.19.0.195" port: 33609 } } peers { permanent_uuid: "629e97477d514e27993a18bb804570e9" member_type: NON_VOTER last_known_addr { host: "127.19.0.196" port: 33775 } attrs { promote: true } } }
I20260601 13:34:27.955174 22332 catalog_manager.cc:5696] T 8580b658d5754d51ab558d4594f3b1f8 P 9a0b4818efa64d53b99b87e6a138a253 reported cstate change: config changed from index -1 to 2, NON_VOTER 629e97477d514e27993a18bb804570e9 (127.19.0.196) added. New cstate: current_term: 1 leader_uuid: "9a0b4818efa64d53b99b87e6a138a253" committed_config { opid_index: 2 OBSOLETE_local: false peers { permanent_uuid: "9a0b4818efa64d53b99b87e6a138a253" member_type: VOTER last_known_addr { host: "127.19.0.193" port: 46125 } health_report { overall_health: HEALTHY } } peers { permanent_uuid: "44cd46afcfab42fa8fb5011a0e0a6065" member_type: VOTER last_known_addr { host: "127.19.0.194" port: 38635 } attrs { replace: true } health_report { overall_health: HEALTHY } } peers { permanent_uuid: "0e3742d9b9b4479bbba02eb917a9d2e6" member_type: VOTER last_known_addr { host: "127.19.0.195" port: 33609 } health_report { overall_health: HEALTHY } } peers { permanent_uuid: "629e97477d514e27993a18bb804570e9" member_type: NON_VOTER last_known_addr { host: "127.19.0.196" port: 33775 } attrs { promote: true } health_report { overall_health: UNKNOWN } } }
I20260601 13:34:27.956580 22770 consensus_queue.cc:1048] T 2fbe3bff06c049bcb3c3e9b29dc0daec P 629e97477d514e27993a18bb804570e9 [LEADER]: Connected to new peer: Peer: permanent_uuid: "44cd46afcfab42fa8fb5011a0e0a6065" member_type: VOTER last_known_addr { host: "127.19.0.194" port: 38635 }, Status: LMP_MISMATCH, Last received: 0.0, Next index: 1, Last known committed idx: 0, Time since last communication: 0.000s
I20260601 13:34:27.956820 22646 consensus_queue.cc:1048] T 89b3e079ae564d49bb93dfc8fbadb011 P 9a0b4818efa64d53b99b87e6a138a253 [LEADER]: Connected to new peer: Peer: permanent_uuid: "0e3742d9b9b4479bbba02eb917a9d2e6" member_type: VOTER last_known_addr { host: "127.19.0.195" port: 33609 }, Status: LMP_MISMATCH, Last received: 0.0, Next index: 1, Last known committed idx: 0, Time since last communication: 0.000s
I20260601 13:34:27.958680 22587 consensus_queue.cc:237] T c7ee6fc9f8a4409185eb132b22e079d1 P 0e3742d9b9b4479bbba02eb917a9d2e6 [LEADER]: Queue going to LEADER mode. State: All replicated index: 0, Majority replicated index: 1, Committed index: 1, Last appended: 1.1, Last appended by leader: 0, Current term: 1, Majority size: 2, State: 0, Mode: LEADER, active raft config: opid_index: 2 OBSOLETE_local: false peers { permanent_uuid: "44cd46afcfab42fa8fb5011a0e0a6065" member_type: VOTER last_known_addr { host: "127.19.0.194" port: 38635 } } peers { permanent_uuid: "9a0b4818efa64d53b99b87e6a138a253" member_type: VOTER last_known_addr { host: "127.19.0.193" port: 46125 } attrs { replace: true } } peers { permanent_uuid: "0e3742d9b9b4479bbba02eb917a9d2e6" member_type: VOTER last_known_addr { host: "127.19.0.195" port: 33609 } } peers { permanent_uuid: "629e97477d514e27993a18bb804570e9" member_type: NON_VOTER last_known_addr { host: "127.19.0.196" port: 33775 } attrs { promote: true } }
I20260601 13:34:27.959172 22800 consensus_queue.cc:1048] T fea6975122fa4bfea1cae04be277b417 P 9a0b4818efa64d53b99b87e6a138a253 [LEADER]: Connected to new peer: Peer: permanent_uuid: "629e97477d514e27993a18bb804570e9" member_type: VOTER last_known_addr { host: "127.19.0.196" port: 33775 }, Status: LMP_MISMATCH, Last received: 0.0, Next index: 1, Last known committed idx: 0, Time since last communication: 0.000s
I20260601 13:34:27.960146 22513 raft_consensus.cc:1275] T c7ee6fc9f8a4409185eb132b22e079d1 P 44cd46afcfab42fa8fb5011a0e0a6065 [term 1 FOLLOWER]: Refusing update from remote peer 0e3742d9b9b4479bbba02eb917a9d2e6: Log matching property violated. Preceding OpId in replica: term: 1 index: 1. Preceding OpId from leader: term: 1 index: 2. (index mismatch)
I20260601 13:34:27.960439 22438 raft_consensus.cc:1275] T c7ee6fc9f8a4409185eb132b22e079d1 P 9a0b4818efa64d53b99b87e6a138a253 [term 1 FOLLOWER]: Refusing update from remote peer 0e3742d9b9b4479bbba02eb917a9d2e6: Log matching property violated. Preceding OpId in replica: term: 1 index: 1. Preceding OpId from leader: term: 1 index: 2. (index mismatch)
W20260601 13:34:27.960469 22555 consensus_peers.cc:597] T c7ee6fc9f8a4409185eb132b22e079d1 P 0e3742d9b9b4479bbba02eb917a9d2e6 -> Peer 629e97477d514e27993a18bb804570e9 (127.19.0.196:33775): Couldn't send request to peer 629e97477d514e27993a18bb804570e9. Error code: TABLET_NOT_FOUND (6). Status: Not found: Tablet not found: c7ee6fc9f8a4409185eb132b22e079d1. This is attempt 1: this message will repeat every 5th retry.
