I20260601 13:33:18.266271  9029 raft_consensus.cc:2468] T 61d0832614af4067a0445e405baffb69 P 2b2436a194ed400f9d68853755f284ce [term 1 FOLLOWER]: Leader election vote request: Granting yes vote for candidate 1a1d374dba8f4f38b342de6f65d3b23a in term 1.
I20260601 13:33:18.266559  8919 leader_election.cc:304] T 61d0832614af4067a0445e405baffb69 P 1a1d374dba8f4f38b342de6f65d3b23a [CANDIDATE]: Term 1 election: Election decided. Result: candidate won. Election summary: received 2 responses out of 3 voters: 2 yes votes; 0 no votes. yes voters: 1a1d374dba8f4f38b342de6f65d3b23a, 1daae65528cf4589a6f6a226f76f1143; no voters: 
I20260601 13:33:18.266738  9088 raft_consensus.cc:2804] T 61d0832614af4067a0445e405baffb69 P 1a1d374dba8f4f38b342de6f65d3b23a [term 1 FOLLOWER]: Leader election won for term 1
I20260601 13:33:18.266834  9088 raft_consensus.cc:697] T 61d0832614af4067a0445e405baffb69 P 1a1d374dba8f4f38b342de6f65d3b23a [term 1 LEADER]: Becoming Leader. State: Replica: 1a1d374dba8f4f38b342de6f65d3b23a, State: Running, Role: LEADER
I20260601 13:33:18.266886  8773 catalog_manager.cc:5696] T 6b2d4606b2fb473d8101a0012780af66 P 1a1d374dba8f4f38b342de6f65d3b23a reported cstate change: term changed from 0 to 1, leader changed from <none> to 1a1d374dba8f4f38b342de6f65d3b23a (127.8.2.130). New cstate: current_term: 1 leader_uuid: "1a1d374dba8f4f38b342de6f65d3b23a" committed_config { opid_index: -1 OBSOLETE_local: false peers { permanent_uuid: "1daae65528cf4589a6f6a226f76f1143" member_type: VOTER last_known_addr { host: "127.8.2.129" port: 46175 } health_report { overall_health: UNKNOWN } } peers { permanent_uuid: "1a1d374dba8f4f38b342de6f65d3b23a" member_type: VOTER last_known_addr { host: "127.8.2.130" port: 44129 } health_report { overall_health: HEALTHY } } peers { permanent_uuid: "2b2436a194ed400f9d68853755f284ce" member_type: VOTER last_known_addr { host: "127.8.2.131" port: 39211 } health_report { overall_health: UNKNOWN } } }
I20260601 13:33:18.266958  9088 consensus_queue.cc:237] T 61d0832614af4067a0445e405baffb69 P 1a1d374dba8f4f38b342de6f65d3b23a [LEADER]: Queue going to LEADER mode. State: All replicated index: 0, Majority replicated index: 0, Committed index: 0, Last appended: 0.0, Last appended by leader: 0, Current term: 1, Majority size: 2, State: 0, Mode: LEADER, active raft config: opid_index: -1 OBSOLETE_local: false peers { permanent_uuid: "1daae65528cf4589a6f6a226f76f1143" member_type: VOTER last_known_addr { host: "127.8.2.129" port: 46175 } } peers { permanent_uuid: "1a1d374dba8f4f38b342de6f65d3b23a" member_type: VOTER last_known_addr { host: "127.8.2.130" port: 44129 } } peers { permanent_uuid: "2b2436a194ed400f9d68853755f284ce" member_type: VOTER last_known_addr { host: "127.8.2.131" port: 39211 } }
I20260601 13:33:18.270182  8773 catalog_manager.cc:5696] T 61d0832614af4067a0445e405baffb69 P 1a1d374dba8f4f38b342de6f65d3b23a reported cstate change: term changed from 0 to 1, leader changed from <none> to 1a1d374dba8f4f38b342de6f65d3b23a (127.8.2.130). New cstate: current_term: 1 leader_uuid: "1a1d374dba8f4f38b342de6f65d3b23a" committed_config { opid_index: -1 OBSOLETE_local: false peers { permanent_uuid: "1daae65528cf4589a6f6a226f76f1143" member_type: VOTER last_known_addr { host: "127.8.2.129" port: 46175 } health_report { overall_health: UNKNOWN } } peers { permanent_uuid: "1a1d374dba8f4f38b342de6f65d3b23a" member_type: VOTER last_known_addr { host: "127.8.2.130" port: 44129 } health_report { overall_health: HEALTHY } } peers { permanent_uuid: "2b2436a194ed400f9d68853755f284ce" member_type: VOTER last_known_addr { host: "127.8.2.131" port: 39211 } health_report { overall_health: UNKNOWN } } }
I20260601 13:33:18.482445  9084 raft_consensus.cc:493] T 3663bb2d8c8147f6a9b3c8b90e07de70 P 1daae65528cf4589a6f6a226f76f1143 [term 0 FOLLOWER]: Starting pre-election (no leader contacted us within the election timeout)
I20260601 13:33:18.482616  9084 raft_consensus.cc:515] T 3663bb2d8c8147f6a9b3c8b90e07de70 P 1daae65528cf4589a6f6a226f76f1143 [term 0 FOLLOWER]: Starting pre-election with config: opid_index: -1 OBSOLETE_local: false peers { permanent_uuid: "1daae65528cf4589a6f6a226f76f1143" member_type: VOTER last_known_addr { host: "127.8.2.129" port: 46175 } } peers { permanent_uuid: "1a1d374dba8f4f38b342de6f65d3b23a" member_type: VOTER last_known_addr { host: "127.8.2.130" port: 44129 } } peers { permanent_uuid: "2b2436a194ed400f9d68853755f284ce" member_type: VOTER last_known_addr { host: "127.8.2.131" port: 39211 } }
I20260601 13:33:18.483218  9084 leader_election.cc:290] T 3663bb2d8c8147f6a9b3c8b90e07de70 P 1daae65528cf4589a6f6a226f76f1143 [CANDIDATE]: Term 1 pre-election: Requested pre-vote from peers 1a1d374dba8f4f38b342de6f65d3b23a (127.8.2.130:44129), 2b2436a194ed400f9d68853755f284ce (127.8.2.131:39211)
I20260601 13:33:18.488004  8954 tablet_service.cc:1917] Received RequestConsensusVote() RPC: tablet_id: "3663bb2d8c8147f6a9b3c8b90e07de70" candidate_uuid: "1daae65528cf4589a6f6a226f76f1143" candidate_term: 1 candidate_status { last_received { term: 0 index: 0 } } ignore_live_leader: false dest_uuid: "1a1d374dba8f4f38b342de6f65d3b23a" is_pre_election: true
I20260601 13:33:18.488229  8954 raft_consensus.cc:2468] T 3663bb2d8c8147f6a9b3c8b90e07de70 P 1a1d374dba8f4f38b342de6f65d3b23a [term 0 FOLLOWER]: Leader pre-election vote request: Granting yes vote for candidate 1daae65528cf4589a6f6a226f76f1143 in term 0.
I20260601 13:33:18.488298  9029 tablet_service.cc:1917] Received RequestConsensusVote() RPC: tablet_id: "3663bb2d8c8147f6a9b3c8b90e07de70" candidate_uuid: "1daae65528cf4589a6f6a226f76f1143" candidate_term: 1 candidate_status { last_received { term: 0 index: 0 } } ignore_live_leader: false dest_uuid: "2b2436a194ed400f9d68853755f284ce" is_pre_election: true
I20260601 13:33:18.488458  9029 raft_consensus.cc:2468] T 3663bb2d8c8147f6a9b3c8b90e07de70 P 2b2436a194ed400f9d68853755f284ce [term 0 FOLLOWER]: Leader pre-election vote request: Granting yes vote for candidate 1daae65528cf4589a6f6a226f76f1143 in term 0.
I20260601 13:33:18.488601  8842 leader_election.cc:304] T 3663bb2d8c8147f6a9b3c8b90e07de70 P 1daae65528cf4589a6f6a226f76f1143 [CANDIDATE]: Term 1 pre-election: Election decided. Result: candidate won. Election summary: received 2 responses out of 3 voters: 2 yes votes; 0 no votes. yes voters: 1a1d374dba8f4f38b342de6f65d3b23a, 1daae65528cf4589a6f6a226f76f1143; no voters: 
I20260601 13:33:18.488947  9084 raft_consensus.cc:2804] T 3663bb2d8c8147f6a9b3c8b90e07de70 P 1daae65528cf4589a6f6a226f76f1143 [term 0 FOLLOWER]: Leader pre-election won for term 1
I20260601 13:33:18.488998  9084 raft_consensus.cc:493] T 3663bb2d8c8147f6a9b3c8b90e07de70 P 1daae65528cf4589a6f6a226f76f1143 [term 0 FOLLOWER]: Starting leader election (no leader contacted us within the election timeout)
I20260601 13:33:18.489046  9084 raft_consensus.cc:3060] T 3663bb2d8c8147f6a9b3c8b90e07de70 P 1daae65528cf4589a6f6a226f76f1143 [term 0 FOLLOWER]: Advancing to term 1
I20260601 13:33:18.489912  9084 raft_consensus.cc:515] T 3663bb2d8c8147f6a9b3c8b90e07de70 P 1daae65528cf4589a6f6a226f76f1143 [term 1 FOLLOWER]: Starting leader election with config: opid_index: -1 OBSOLETE_local: false peers { permanent_uuid: "1daae65528cf4589a6f6a226f76f1143" member_type: VOTER last_known_addr { host: "127.8.2.129" port: 46175 } } peers { permanent_uuid: "1a1d374dba8f4f38b342de6f65d3b23a" member_type: VOTER last_known_addr { host: "127.8.2.130" port: 44129 } } peers { permanent_uuid: "2b2436a194ed400f9d68853755f284ce" member_type: VOTER last_known_addr { host: "127.8.2.131" port: 39211 } }
I20260601 13:33:18.490307  9084 leader_election.cc:290] T 3663bb2d8c8147f6a9b3c8b90e07de70 P 1daae65528cf4589a6f6a226f76f1143 [CANDIDATE]: Term 1 election: Requested vote from peers 1a1d374dba8f4f38b342de6f65d3b23a (127.8.2.130:44129), 2b2436a194ed400f9d68853755f284ce (127.8.2.131:39211)
I20260601 13:33:18.490638  8954 tablet_service.cc:1917] Received RequestConsensusVote() RPC: tablet_id: "3663bb2d8c8147f6a9b3c8b90e07de70" candidate_uuid: "1daae65528cf4589a6f6a226f76f1143" candidate_term: 1 candidate_status { last_received { term: 0 index: 0 } } ignore_live_leader: false dest_uuid: "1a1d374dba8f4f38b342de6f65d3b23a"
I20260601 13:33:18.490638  9029 tablet_service.cc:1917] Received RequestConsensusVote() RPC: tablet_id: "3663bb2d8c8147f6a9b3c8b90e07de70" candidate_uuid: "1daae65528cf4589a6f6a226f76f1143" candidate_term: 1 candidate_status { last_received { term: 0 index: 0 } } ignore_live_leader: false dest_uuid: "2b2436a194ed400f9d68853755f284ce"
I20260601 13:33:18.490785  9029 raft_consensus.cc:3060] T 3663bb2d8c8147f6a9b3c8b90e07de70 P 2b2436a194ed400f9d68853755f284ce [term 0 FOLLOWER]: Advancing to term 1
I20260601 13:33:18.490784  8954 raft_consensus.cc:3060] T 3663bb2d8c8147f6a9b3c8b90e07de70 P 1a1d374dba8f4f38b342de6f65d3b23a [term 0 FOLLOWER]: Advancing to term 1
I20260601 13:33:18.491688  8954 raft_consensus.cc:2468] T 3663bb2d8c8147f6a9b3c8b90e07de70 P 1a1d374dba8f4f38b342de6f65d3b23a [term 1 FOLLOWER]: Leader election vote request: Granting yes vote for candidate 1daae65528cf4589a6f6a226f76f1143 in term 1.
I20260601 13:33:18.491688  9029 raft_consensus.cc:2468] T 3663bb2d8c8147f6a9b3c8b90e07de70 P 2b2436a194ed400f9d68853755f284ce [term 1 FOLLOWER]: Leader election vote request: Granting yes vote for candidate 1daae65528cf4589a6f6a226f76f1143 in term 1.
I20260601 13:33:18.492035  8843 leader_election.cc:304] T 3663bb2d8c8147f6a9b3c8b90e07de70 P 1daae65528cf4589a6f6a226f76f1143 [CANDIDATE]: Term 1 election: Election decided. Result: candidate won. Election summary: received 2 responses out of 3 voters: 2 yes votes; 0 no votes. yes voters: 1daae65528cf4589a6f6a226f76f1143, 2b2436a194ed400f9d68853755f284ce; no voters: 
I20260601 13:33:18.492286  9084 raft_consensus.cc:2804] T 3663bb2d8c8147f6a9b3c8b90e07de70 P 1daae65528cf4589a6f6a226f76f1143 [term 1 FOLLOWER]: Leader election won for term 1
I20260601 13:33:18.492539  9084 raft_consensus.cc:697] T 3663bb2d8c8147f6a9b3c8b90e07de70 P 1daae65528cf4589a6f6a226f76f1143 [term 1 LEADER]: Becoming Leader. State: Replica: 1daae65528cf4589a6f6a226f76f1143, State: Running, Role: LEADER
I20260601 13:33:18.492691  9084 consensus_queue.cc:237] T 3663bb2d8c8147f6a9b3c8b90e07de70 P 1daae65528cf4589a6f6a226f76f1143 [LEADER]: Queue going to LEADER mode. State: All replicated index: 0, Majority replicated index: 0, Committed index: 0, Last appended: 0.0, Last appended by leader: 0, Current term: 1, Majority size: 2, State: 0, Mode: LEADER, active raft config: opid_index: -1 OBSOLETE_local: false peers { permanent_uuid: "1daae65528cf4589a6f6a226f76f1143" member_type: VOTER last_known_addr { host: "127.8.2.129" port: 46175 } } peers { permanent_uuid: "1a1d374dba8f4f38b342de6f65d3b23a" member_type: VOTER last_known_addr { host: "127.8.2.130" port: 44129 } } peers { permanent_uuid: "2b2436a194ed400f9d68853755f284ce" member_type: VOTER last_known_addr { host: "127.8.2.131" port: 39211 } }
I20260601 13:33:18.494438  8773 catalog_manager.cc:5696] T 3663bb2d8c8147f6a9b3c8b90e07de70 P 1daae65528cf4589a6f6a226f76f1143 reported cstate change: term changed from 0 to 1, leader changed from <none> to 1daae65528cf4589a6f6a226f76f1143 (127.8.2.129). New cstate: current_term: 1 leader_uuid: "1daae65528cf4589a6f6a226f76f1143" committed_config { opid_index: -1 OBSOLETE_local: false peers { permanent_uuid: "1daae65528cf4589a6f6a226f76f1143" member_type: VOTER last_known_addr { host: "127.8.2.129" port: 46175 } health_report { overall_health: HEALTHY } } peers { permanent_uuid: "1a1d374dba8f4f38b342de6f65d3b23a" member_type: VOTER last_known_addr { host: "127.8.2.130" port: 44129 } health_report { overall_health: UNKNOWN } } peers { permanent_uuid: "2b2436a194ed400f9d68853755f284ce" member_type: VOTER last_known_addr { host: "127.8.2.131" port: 39211 } health_report { overall_health: UNKNOWN } } }
I20260601 13:33:18.552416  9084 raft_consensus.cc:493] T 2ae2200d9a3e4a7c9b35a7df6a522dd1 P 1daae65528cf4589a6f6a226f76f1143 [term 0 FOLLOWER]: Starting pre-election (no leader contacted us within the election timeout)
I20260601 13:33:18.552569  9084 raft_consensus.cc:515] T 2ae2200d9a3e4a7c9b35a7df6a522dd1 P 1daae65528cf4589a6f6a226f76f1143 [term 0 FOLLOWER]: Starting pre-election with config: opid_index: -1 OBSOLETE_local: false peers { permanent_uuid: "1daae65528cf4589a6f6a226f76f1143" member_type: VOTER last_known_addr { host: "127.8.2.129" port: 46175 } } peers { permanent_uuid: "1a1d374dba8f4f38b342de6f65d3b23a" member_type: VOTER last_known_addr { host: "127.8.2.130" port: 44129 } } peers { permanent_uuid: "2b2436a194ed400f9d68853755f284ce" member_type: VOTER last_known_addr { host: "127.8.2.131" port: 39211 } }
I20260601 13:33:18.553171  9084 leader_election.cc:290] T 2ae2200d9a3e4a7c9b35a7df6a522dd1 P 1daae65528cf4589a6f6a226f76f1143 [CANDIDATE]: Term 1 pre-election: Requested pre-vote from peers 1a1d374dba8f4f38b342de6f65d3b23a (127.8.2.130:44129), 2b2436a194ed400f9d68853755f284ce (127.8.2.131:39211)
I20260601 13:33:18.553642  9029 tablet_service.cc:1917] Received RequestConsensusVote() RPC: tablet_id: "2ae2200d9a3e4a7c9b35a7df6a522dd1" candidate_uuid: "1daae65528cf4589a6f6a226f76f1143" candidate_term: 1 candidate_status { last_received { term: 0 index: 0 } } ignore_live_leader: false dest_uuid: "2b2436a194ed400f9d68853755f284ce" is_pre_election: true
I20260601 13:33:18.553648  8954 tablet_service.cc:1917] Received RequestConsensusVote() RPC: tablet_id: "2ae2200d9a3e4a7c9b35a7df6a522dd1" candidate_uuid: "1daae65528cf4589a6f6a226f76f1143" candidate_term: 1 candidate_status { last_received { term: 0 index: 0 } } ignore_live_leader: false dest_uuid: "1a1d374dba8f4f38b342de6f65d3b23a" is_pre_election: true
I20260601 13:33:18.553783  8954 raft_consensus.cc:2468] T 2ae2200d9a3e4a7c9b35a7df6a522dd1 P 1a1d374dba8f4f38b342de6f65d3b23a [term 0 FOLLOWER]: Leader pre-election vote request: Granting yes vote for candidate 1daae65528cf4589a6f6a226f76f1143 in term 0.
I20260601 13:33:18.553800  9029 raft_consensus.cc:2468] T 2ae2200d9a3e4a7c9b35a7df6a522dd1 P 2b2436a194ed400f9d68853755f284ce [term 0 FOLLOWER]: Leader pre-election vote request: Granting yes vote for candidate 1daae65528cf4589a6f6a226f76f1143 in term 0.
I20260601 13:33:18.554140  8843 leader_election.cc:304] T 2ae2200d9a3e4a7c9b35a7df6a522dd1 P 1daae65528cf4589a6f6a226f76f1143 [CANDIDATE]: Term 1 pre-election: Election decided. Result: candidate won. Election summary: received 2 responses out of 3 voters: 2 yes votes; 0 no votes. yes voters: 1daae65528cf4589a6f6a226f76f1143, 2b2436a194ed400f9d68853755f284ce; no voters: 
I20260601 13:33:18.554330  9084 raft_consensus.cc:2804] T 2ae2200d9a3e4a7c9b35a7df6a522dd1 P 1daae65528cf4589a6f6a226f76f1143 [term 0 FOLLOWER]: Leader pre-election won for term 1
I20260601 13:33:18.554391  9084 raft_consensus.cc:493] T 2ae2200d9a3e4a7c9b35a7df6a522dd1 P 1daae65528cf4589a6f6a226f76f1143 [term 0 FOLLOWER]: Starting leader election (no leader contacted us within the election timeout)
I20260601 13:33:18.554436  9084 raft_consensus.cc:3060] T 2ae2200d9a3e4a7c9b35a7df6a522dd1 P 1daae65528cf4589a6f6a226f76f1143 [term 0 FOLLOWER]: Advancing to term 1
I20260601 13:33:18.555294  9084 raft_consensus.cc:515] T 2ae2200d9a3e4a7c9b35a7df6a522dd1 P 1daae65528cf4589a6f6a226f76f1143 [term 1 FOLLOWER]: Starting leader election with config: opid_index: -1 OBSOLETE_local: false peers { permanent_uuid: "1daae65528cf4589a6f6a226f76f1143" member_type: VOTER last_known_addr { host: "127.8.2.129" port: 46175 } } peers { permanent_uuid: "1a1d374dba8f4f38b342de6f65d3b23a" member_type: VOTER last_known_addr { host: "127.8.2.130" port: 44129 } } peers { permanent_uuid: "2b2436a194ed400f9d68853755f284ce" member_type: VOTER last_known_addr { host: "127.8.2.131" port: 39211 } }
I20260601 13:33:18.555663  9084 leader_election.cc:290] T 2ae2200d9a3e4a7c9b35a7df6a522dd1 P 1daae65528cf4589a6f6a226f76f1143 [CANDIDATE]: Term 1 election: Requested vote from peers 1a1d374dba8f4f38b342de6f65d3b23a (127.8.2.130:44129), 2b2436a194ed400f9d68853755f284ce (127.8.2.131:39211)
I20260601 13:33:18.556016  9029 tablet_service.cc:1917] Received RequestConsensusVote() RPC: tablet_id: "2ae2200d9a3e4a7c9b35a7df6a522dd1" candidate_uuid: "1daae65528cf4589a6f6a226f76f1143" candidate_term: 1 candidate_status { last_received { term: 0 index: 0 } } ignore_live_leader: false dest_uuid: "2b2436a194ed400f9d68853755f284ce"
I20260601 13:33:18.556071  8954 tablet_service.cc:1917] Received RequestConsensusVote() RPC: tablet_id: "2ae2200d9a3e4a7c9b35a7df6a522dd1" candidate_uuid: "1daae65528cf4589a6f6a226f76f1143" candidate_term: 1 candidate_status { last_received { term: 0 index: 0 } } ignore_live_leader: false dest_uuid: "1a1d374dba8f4f38b342de6f65d3b23a"
I20260601 13:33:18.556104  9029 raft_consensus.cc:3060] T 2ae2200d9a3e4a7c9b35a7df6a522dd1 P 2b2436a194ed400f9d68853755f284ce [term 0 FOLLOWER]: Advancing to term 1
I20260601 13:33:18.556234  8954 raft_consensus.cc:3060] T 2ae2200d9a3e4a7c9b35a7df6a522dd1 P 1a1d374dba8f4f38b342de6f65d3b23a [term 0 FOLLOWER]: Advancing to term 1
I20260601 13:33:18.556943  9029 raft_consensus.cc:2468] T 2ae2200d9a3e4a7c9b35a7df6a522dd1 P 2b2436a194ed400f9d68853755f284ce [term 1 FOLLOWER]: Leader election vote request: Granting yes vote for candidate 1daae65528cf4589a6f6a226f76f1143 in term 1.
I20260601 13:33:18.557104  8954 raft_consensus.cc:2468] T 2ae2200d9a3e4a7c9b35a7df6a522dd1 P 1a1d374dba8f4f38b342de6f65d3b23a [term 1 FOLLOWER]: Leader election vote request: Granting yes vote for candidate 1daae65528cf4589a6f6a226f76f1143 in term 1.
I20260601 13:33:18.557220  8843 leader_election.cc:304] T 2ae2200d9a3e4a7c9b35a7df6a522dd1 P 1daae65528cf4589a6f6a226f76f1143 [CANDIDATE]: Term 1 election: Election decided. Result: candidate won. Election summary: received 2 responses out of 3 voters: 2 yes votes; 0 no votes. yes voters: 1daae65528cf4589a6f6a226f76f1143, 2b2436a194ed400f9d68853755f284ce; no voters: 
I20260601 13:33:18.557405  9084 raft_consensus.cc:2804] T 2ae2200d9a3e4a7c9b35a7df6a522dd1 P 1daae65528cf4589a6f6a226f76f1143 [term 1 FOLLOWER]: Leader election won for term 1
I20260601 13:33:18.557509  9084 raft_consensus.cc:697] T 2ae2200d9a3e4a7c9b35a7df6a522dd1 P 1daae65528cf4589a6f6a226f76f1143 [term 1 LEADER]: Becoming Leader. State: Replica: 1daae65528cf4589a6f6a226f76f1143, State: Running, Role: LEADER
I20260601 13:33:18.557696  9084 consensus_queue.cc:237] T 2ae2200d9a3e4a7c9b35a7df6a522dd1 P 1daae65528cf4589a6f6a226f76f1143 [LEADER]: Queue going to LEADER mode. State: All replicated index: 0, Majority replicated index: 0, Committed index: 0, Last appended: 0.0, Last appended by leader: 0, Current term: 1, Majority size: 2, State: 0, Mode: LEADER, active raft config: opid_index: -1 OBSOLETE_local: false peers { permanent_uuid: "1daae65528cf4589a6f6a226f76f1143" member_type: VOTER last_known_addr { host: "127.8.2.129" port: 46175 } } peers { permanent_uuid: "1a1d374dba8f4f38b342de6f65d3b23a" member_type: VOTER last_known_addr { host: "127.8.2.130" port: 44129 } } peers { permanent_uuid: "2b2436a194ed400f9d68853755f284ce" member_type: VOTER last_known_addr { host: "127.8.2.131" port: 39211 } }
I20260601 13:33:18.559310  8773 catalog_manager.cc:5696] T 2ae2200d9a3e4a7c9b35a7df6a522dd1 P 1daae65528cf4589a6f6a226f76f1143 reported cstate change: term changed from 0 to 1, leader changed from <none> to 1daae65528cf4589a6f6a226f76f1143 (127.8.2.129). New cstate: current_term: 1 leader_uuid: "1daae65528cf4589a6f6a226f76f1143" committed_config { opid_index: -1 OBSOLETE_local: false peers { permanent_uuid: "1daae65528cf4589a6f6a226f76f1143" member_type: VOTER last_known_addr { host: "127.8.2.129" port: 46175 } health_report { overall_health: HEALTHY } } peers { permanent_uuid: "1a1d374dba8f4f38b342de6f65d3b23a" member_type: VOTER last_known_addr { host: "127.8.2.130" port: 44129 } health_report { overall_health: UNKNOWN } } peers { permanent_uuid: "2b2436a194ed400f9d68853755f284ce" member_type: VOTER last_known_addr { host: "127.8.2.131" port: 39211 } health_report { overall_health: UNKNOWN } } }
I20260601 13:33:18.572659  8202 file_cache.cc:492] Constructed file cache file cache with capacity 419430
W20260601 13:33:18.574697  9124 instance_detector.cc:116] could not retrieve AWS instance metadata: Network error: curl error: HTTP response code said error: The requested URL returned error: 404
W20260601 13:33:18.574756  9127 instance_detector.cc:116] could not retrieve OpenStack instance metadata: Network error: curl error: HTTP response code said error: The requested URL returned error: 404
W20260601 13:33:18.574870  9125 instance_detector.cc:116] could not retrieve Azure instance metadata: Network error: curl error: HTTP response code said error: The requested URL returned error: 404
I20260601 13:33:18.575026  8202 server_base.cc:1061] running on GCE node
I20260601 13:33:18.575196  8202 hybrid_clock.cc:584] initializing the hybrid clock with 'system_unsync' time source
W20260601 13:33:18.575232  8202 system_unsync_time.cc:38] NTP support is disabled. Clock error bounds will not be accurate. This configuration is not suitable for distributed clusters.
I20260601 13:33:18.575248  8202 hybrid_clock.cc:648] HybridClock initialized: now 1780320798575248 us; error 0 us; skew 500 ppm
I20260601 13:33:18.576195  8202 webserver.cc:533] Webserver started at http://127.8.2.132:33119/ using document root <none> and password file <none>
I20260601 13:33:18.576334  8202 fs_manager.cc:362] Metadata directory not provided
I20260601 13:33:18.576378  8202 fs_manager.cc:368] Using write-ahead log directory (fs_wal_dir) as metadata directory
I20260601 13:33:18.576434  8202 server_base.cc:909] This appears to be a new deployment of Kudu; creating new FS layout
I20260601 13:33:18.576797  8202 fs_manager.cc:1068] Generated new instance metadata in path /tmp/dist-test-taskADEel6/test-tmp/auto_rebalancer-test.0.AutoRebalancerTest.AutoRebalancingTurnOffAndOn.1780320794332451-8202-0/minicluster-data/ts-3-root/instance:
uuid: "d66e644dce1547abab5712c1be4d6e23"
format_stamp: "Formatted at 2026-06-01 13:33:18 on dist-test-slave-886z"
I20260601 13:33:18.578287  8202 fs_manager.cc:696] Time spent creating directory manager: real 0.001s	user 0.001s	sys 0.001s
I20260601 13:33:18.579203  9132 log_block_manager.cc:4031] Time spent loading block containers with low live blocks: real 0.000s	user 0.000s	sys 0.000s
I20260601 13:33:18.579447  8202 fs_manager.cc:730] Time spent opening block manager: real 0.001s	user 0.001s	sys 0.000s
I20260601 13:33:18.579531  8202 fs_manager.cc:647] Opened local filesystem: /tmp/dist-test-taskADEel6/test-tmp/auto_rebalancer-test.0.AutoRebalancerTest.AutoRebalancingTurnOffAndOn.1780320794332451-8202-0/minicluster-data/ts-3-root
uuid: "d66e644dce1547abab5712c1be4d6e23"
format_stamp: "Formatted at 2026-06-01 13:33:18 on dist-test-slave-886z"
I20260601 13:33:18.579619  8202 fs_report.cc:389] FS layout report
--------------------
wal directory: /tmp/dist-test-taskADEel6/test-tmp/auto_rebalancer-test.0.AutoRebalancerTest.AutoRebalancingTurnOffAndOn.1780320794332451-8202-0/minicluster-data/ts-3-root
metadata directory: /tmp/dist-test-taskADEel6/test-tmp/auto_rebalancer-test.0.AutoRebalancerTest.AutoRebalancingTurnOffAndOn.1780320794332451-8202-0/minicluster-data/ts-3-root
1 data directories: /tmp/dist-test-taskADEel6/test-tmp/auto_rebalancer-test.0.AutoRebalancerTest.AutoRebalancingTurnOffAndOn.1780320794332451-8202-0/minicluster-data/ts-3-root/data
Total live blocks: 0
Total live bytes: 0
Total live bytes (after alignment): 0
Total number of LBM containers: 0 (0 full)
Did not check for missing blocks
Did not check for orphaned blocks
Total full LBM containers with extra space: 0 (0 repaired)
Total full LBM container extra space in bytes: 0 (0 repaired)
Total incomplete LBM containers: 0 (0 repaired)
Total LBM partial records: 0 (0 repaired)
Total corrupted LBM metadata records in RocksDB: 0 (0 repaired)
I20260601 13:33:18.588617  8202 rpc_server.cc:225] running with OpenSSL 1.1.1  11 Sep 2018
I20260601 13:33:18.589068  8202 kserver.cc:163] Server-wide thread pool size limit: 3276
I20260601 13:33:18.589391  8202 txn_system_client.cc:432] TxnSystemClient initialization is disabled...
I20260601 13:33:18.589864  8202 ts_tablet_manager.cc:585] Loaded tablet metadata (0 total tablets, 0 live tablets)
I20260601 13:33:18.589926  8202 ts_tablet_manager.cc:531] Time spent load tablet metadata: real 0.000s	user 0.000s	sys 0.000s
I20260601 13:33:18.589985  8202 ts_tablet_manager.cc:616] Registered 0 tablets
I20260601 13:33:18.590020  8202 ts_tablet_manager.cc:595] Time spent register tablets: real 0.000s	user 0.000s	sys 0.000s
I20260601 13:33:18.593752  9088 consensus_queue.cc:1048] T 3e9271cd62b94062bd49206fdc8c7f10 P 1a1d374dba8f4f38b342de6f65d3b23a [LEADER]: Connected to new peer: Peer: permanent_uuid: "1daae65528cf4589a6f6a226f76f1143" member_type: VOTER last_known_addr { host: "127.8.2.129" port: 46175 }, Status: LMP_MISMATCH, Last received: 0.0, Next index: 1, Last known committed idx: 0, Time since last communication: 0.000s
I20260601 13:33:18.596284  8202 rpc_server.cc:307] RPC server started. Bound to: 127.8.2.132:35691
I20260601 13:33:18.596879  9199 acceptor_pool.cc:272] collecting diagnostics on the listening RPC socket 127.8.2.132:35691 every 8 connection(s)
I20260601 13:33:18.597893  9088 consensus_queue.cc:1048] T 3e9271cd62b94062bd49206fdc8c7f10 P 1a1d374dba8f4f38b342de6f65d3b23a [LEADER]: Connected to new peer: Peer: permanent_uuid: "2b2436a194ed400f9d68853755f284ce" member_type: VOTER last_known_addr { host: "127.8.2.131" port: 39211 }, Status: LMP_MISMATCH, Last received: 0.0, Next index: 1, Last known committed idx: 0, Time since last communication: 0.000s
I20260601 13:33:18.602097  9200 heartbeater.cc:344] Connected to a master server at 127.8.2.190:38861
I20260601 13:33:18.602188  9200 heartbeater.cc:461] Registering TS with master...
I20260601 13:33:18.602420  9200 heartbeater.cc:507] Master 127.8.2.190:38861 requested a full tablet report, sending...
I20260601 13:33:18.602973  8774 ts_manager.cc:194] Registered new tserver with Master: d66e644dce1547abab5712c1be4d6e23 (127.8.2.132:35691)
I20260601 13:33:18.603521  8774 master_service.cc:502] Signed X509 certificate for tserver {username='slave'} at 127.0.0.1:43860
I20260601 13:33:18.624168  9093 consensus_queue.cc:1048] T 2daba909a3db45078906c9f2cf40ad1f P 2b2436a194ed400f9d68853755f284ce [LEADER]: Connected to new peer: Peer: permanent_uuid: "1a1d374dba8f4f38b342de6f65d3b23a" member_type: VOTER last_known_addr { host: "127.8.2.130" port: 44129 }, Status: LMP_MISMATCH, Last received: 0.0, Next index: 1, Last known committed idx: 0, Time since last communication: 0.000s
I20260601 13:33:18.627529  9093 consensus_queue.cc:1048] T 2daba909a3db45078906c9f2cf40ad1f P 2b2436a194ed400f9d68853755f284ce [LEADER]: Connected to new peer: Peer: permanent_uuid: "1daae65528cf4589a6f6a226f76f1143" member_type: VOTER last_known_addr { host: "127.8.2.129" port: 46175 }, Status: LMP_MISMATCH, Last received: 0.0, Next index: 1, Last known committed idx: 0, Time since last communication: 0.000s
I20260601 13:33:18.639482  9088 consensus_queue.cc:1048] T e43ef84cb219419cbf914954eb602be6 P 1a1d374dba8f4f38b342de6f65d3b23a [LEADER]: Connected to new peer: Peer: permanent_uuid: "1daae65528cf4589a6f6a226f76f1143" member_type: VOTER last_known_addr { host: "127.8.2.129" port: 46175 }, Status: LMP_MISMATCH, Last received: 0.0, Next index: 1, Last known committed idx: 0, Time since last communication: 0.000s
I20260601 13:33:18.642529  9088 consensus_queue.cc:1048] T e43ef84cb219419cbf914954eb602be6 P 1a1d374dba8f4f38b342de6f65d3b23a [LEADER]: Connected to new peer: Peer: permanent_uuid: "2b2436a194ed400f9d68853755f284ce" member_type: VOTER last_known_addr { host: "127.8.2.131" port: 39211 }, Status: LMP_MISMATCH, Last received: 0.0, Next index: 1, Last known committed idx: 0, Time since last communication: 0.000s
I20260601 13:33:18.652473  9093 consensus_queue.cc:1048] T 6a5f7ee1781b41d6a8a107b4d4f74857 P 2b2436a194ed400f9d68853755f284ce [LEADER]: Connected to new peer: Peer: permanent_uuid: "1daae65528cf4589a6f6a226f76f1143" member_type: VOTER last_known_addr { host: "127.8.2.129" port: 46175 }, Status: LMP_MISMATCH, Last received: 0.0, Next index: 1, Last known committed idx: 0, Time since last communication: 0.000s
I20260601 13:33:18.655623  9210 consensus_queue.cc:1048] T 6a5f7ee1781b41d6a8a107b4d4f74857 P 2b2436a194ed400f9d68853755f284ce [LEADER]: Connected to new peer: Peer: permanent_uuid: "1a1d374dba8f4f38b342de6f65d3b23a" member_type: VOTER last_known_addr { host: "127.8.2.130" port: 44129 }, Status: LMP_MISMATCH, Last received: 0.0, Next index: 1, Last known committed idx: 0, Time since last communication: 0.000s
I20260601 13:33:18.688400  9088 consensus_queue.cc:1048] T 6b2d4606b2fb473d8101a0012780af66 P 1a1d374dba8f4f38b342de6f65d3b23a [LEADER]: Connected to new peer: Peer: permanent_uuid: "1daae65528cf4589a6f6a226f76f1143" member_type: VOTER last_known_addr { host: "127.8.2.129" port: 46175 }, Status: LMP_MISMATCH, Last received: 0.0, Next index: 1, Last known committed idx: 0, Time since last communication: 0.000s
I20260601 13:33:18.691512  9116 consensus_queue.cc:1048] T 6b2d4606b2fb473d8101a0012780af66 P 1a1d374dba8f4f38b342de6f65d3b23a [LEADER]: Connected to new peer: Peer: permanent_uuid: "2b2436a194ed400f9d68853755f284ce" member_type: VOTER last_known_addr { host: "127.8.2.131" port: 39211 }, Status: LMP_MISMATCH, Last received: 0.0, Next index: 1, Last known committed idx: 0, Time since last communication: 0.000s
I20260601 13:33:18.744920  9088 consensus_queue.cc:1048] T 61d0832614af4067a0445e405baffb69 P 1a1d374dba8f4f38b342de6f65d3b23a [LEADER]: Connected to new peer: Peer: permanent_uuid: "2b2436a194ed400f9d68853755f284ce" member_type: VOTER last_known_addr { host: "127.8.2.131" port: 39211 }, Status: LMP_MISMATCH, Last received: 0.0, Next index: 1, Last known committed idx: 0, Time since last communication: 0.000s
I20260601 13:33:18.750365  9092 consensus_queue.cc:1048] T 61d0832614af4067a0445e405baffb69 P 1a1d374dba8f4f38b342de6f65d3b23a [LEADER]: Connected to new peer: Peer: permanent_uuid: "1daae65528cf4589a6f6a226f76f1143" member_type: VOTER last_known_addr { host: "127.8.2.129" port: 46175 }, Status: LMP_MISMATCH, Last received: 0.0, Next index: 1, Last known committed idx: 0, Time since last communication: 0.000s
I20260601 13:33:18.895663  9084 consensus_queue.cc:1048] T 3663bb2d8c8147f6a9b3c8b90e07de70 P 1daae65528cf4589a6f6a226f76f1143 [LEADER]: Connected to new peer: Peer: permanent_uuid: "1a1d374dba8f4f38b342de6f65d3b23a" member_type: VOTER last_known_addr { host: "127.8.2.130" port: 44129 }, Status: LMP_MISMATCH, Last received: 0.0, Next index: 1, Last known committed idx: 0, Time since last communication: 0.000s
I20260601 13:33:18.899093  9121 consensus_queue.cc:1048] T 3663bb2d8c8147f6a9b3c8b90e07de70 P 1daae65528cf4589a6f6a226f76f1143 [LEADER]: Connected to new peer: Peer: permanent_uuid: "2b2436a194ed400f9d68853755f284ce" member_type: VOTER last_known_addr { host: "127.8.2.131" port: 39211 }, Status: LMP_MISMATCH, Last received: 0.0, Next index: 1, Last known committed idx: 0, Time since last communication: 0.000s
I20260601 13:33:18.952863  8828 auto_leader_rebalancer.cc:140] leader rebalance for table test-workload
I20260601 13:33:18.958415  8954 tablet_service.cc:2072] Received LeaderStepDown RPC: tablet_id: "61d0832614af4067a0445e405baffb69"
dest_uuid: "1a1d374dba8f4f38b342de6f65d3b23a"
mode: GRACEFUL
new_leader_uuid: "1daae65528cf4589a6f6a226f76f1143"
 from {username='slave'} at 127.0.0.1:39618
I20260601 13:33:18.958616  8954 raft_consensus.cc:606] T 61d0832614af4067a0445e405baffb69 P 1a1d374dba8f4f38b342de6f65d3b23a [term 1 LEADER]: Received request to transfer leadership to TS 1daae65528cf4589a6f6a226f76f1143
I20260601 13:33:18.959069  8828 auto_leader_rebalancer.cc:388] table: test-workload, leader rebalance finish, leader transfer count: 1
I20260601 13:33:18.959303  8828 auto_leader_rebalancer.cc:451] All tables' leader rebalancing finished this round
I20260601 13:33:19.029862  9121 consensus_queue.cc:1048] T 2ae2200d9a3e4a7c9b35a7df6a522dd1 P 1daae65528cf4589a6f6a226f76f1143 [LEADER]: Connected to new peer: Peer: permanent_uuid: "2b2436a194ed400f9d68853755f284ce" member_type: VOTER last_known_addr { host: "127.8.2.131" port: 39211 }, Status: LMP_MISMATCH, Last received: 0.0, Next index: 1, Last known committed idx: 0, Time since last communication: 0.000s
I20260601 13:33:19.032778  9217 consensus_queue.cc:1048] T 2ae2200d9a3e4a7c9b35a7df6a522dd1 P 1daae65528cf4589a6f6a226f76f1143 [LEADER]: Connected to new peer: Peer: permanent_uuid: "1a1d374dba8f4f38b342de6f65d3b23a" member_type: VOTER last_known_addr { host: "127.8.2.130" port: 44129 }, Status: LMP_MISMATCH, Last received: 0.0, Next index: 1, Last known committed idx: 0, Time since last communication: 0.000s
I20260601 13:33:19.343364  9092 raft_consensus.cc:993] T 61d0832614af4067a0445e405baffb69 P 1a1d374dba8f4f38b342de6f65d3b23a: : Instructing follower 1daae65528cf4589a6f6a226f76f1143 to start an election
I20260601 13:33:19.343506  9088 raft_consensus.cc:1081] T 61d0832614af4067a0445e405baffb69 P 1a1d374dba8f4f38b342de6f65d3b23a [term 1 LEADER]: Signalling peer 1daae65528cf4589a6f6a226f76f1143 to start an election
I20260601 13:33:19.344063  8878 tablet_service.cc:2044] Received Run Leader Election RPC: tablet_id: "61d0832614af4067a0445e405baffb69"
dest_uuid: "1daae65528cf4589a6f6a226f76f1143"
 from {username='slave'} at 127.0.0.1:45290
I20260601 13:33:19.344238  8878 raft_consensus.cc:493] T 61d0832614af4067a0445e405baffb69 P 1daae65528cf4589a6f6a226f76f1143 [term 1 FOLLOWER]: Starting forced leader election (received explicit request)
I20260601 13:33:19.344308  8878 raft_consensus.cc:3060] T 61d0832614af4067a0445e405baffb69 P 1daae65528cf4589a6f6a226f76f1143 [term 1 FOLLOWER]: Advancing to term 2
I20260601 13:33:19.345124  8878 raft_consensus.cc:515] T 61d0832614af4067a0445e405baffb69 P 1daae65528cf4589a6f6a226f76f1143 [term 2 FOLLOWER]: Starting forced leader election with config: opid_index: -1 OBSOLETE_local: false peers { permanent_uuid: "1daae65528cf4589a6f6a226f76f1143" member_type: VOTER last_known_addr { host: "127.8.2.129" port: 46175 } } peers { permanent_uuid: "1a1d374dba8f4f38b342de6f65d3b23a" member_type: VOTER last_known_addr { host: "127.8.2.130" port: 44129 } } peers { permanent_uuid: "2b2436a194ed400f9d68853755f284ce" member_type: VOTER last_known_addr { host: "127.8.2.131" port: 39211 } }
I20260601 13:33:19.345515  8878 leader_election.cc:290] T 61d0832614af4067a0445e405baffb69 P 1daae65528cf4589a6f6a226f76f1143 [CANDIDATE]: Term 2 election: Requested vote from peers 1a1d374dba8f4f38b342de6f65d3b23a (127.8.2.130:44129), 2b2436a194ed400f9d68853755f284ce (127.8.2.131:39211)
I20260601 13:33:19.345764  9030 tablet_service.cc:1917] Received RequestConsensusVote() RPC: tablet_id: "61d0832614af4067a0445e405baffb69" candidate_uuid: "1daae65528cf4589a6f6a226f76f1143" candidate_term: 2 candidate_status { last_received { term: 1 index: 1 } } ignore_live_leader: true dest_uuid: "2b2436a194ed400f9d68853755f284ce"
I20260601 13:33:19.345764  8954 tablet_service.cc:1917] Received RequestConsensusVote() RPC: tablet_id: "61d0832614af4067a0445e405baffb69" candidate_uuid: "1daae65528cf4589a6f6a226f76f1143" candidate_term: 2 candidate_status { last_received { term: 1 index: 1 } } ignore_live_leader: true dest_uuid: "1a1d374dba8f4f38b342de6f65d3b23a"
I20260601 13:33:19.345909  9030 raft_consensus.cc:3060] T 61d0832614af4067a0445e405baffb69 P 2b2436a194ed400f9d68853755f284ce [term 1 FOLLOWER]: Advancing to term 2
I20260601 13:33:19.345958  8954 raft_consensus.cc:3055] T 61d0832614af4067a0445e405baffb69 P 1a1d374dba8f4f38b342de6f65d3b23a [term 1 LEADER]: Stepping down as leader of term 1
I20260601 13:33:19.346011  8954 raft_consensus.cc:740] T 61d0832614af4067a0445e405baffb69 P 1a1d374dba8f4f38b342de6f65d3b23a [term 1 LEADER]: Becoming Follower/Learner. State: Replica: 1a1d374dba8f4f38b342de6f65d3b23a, State: Running, Role: LEADER
I20260601 13:33:19.346197  8954 consensus_queue.cc:260] T 61d0832614af4067a0445e405baffb69 P 1a1d374dba8f4f38b342de6f65d3b23a [NON_LEADER]: Queue going to NON_LEADER mode. State: All replicated index: 0, Majority replicated index: 1, Committed index: 1, Last appended: 1.1, Last appended by leader: 1, Current term: 1, Majority size: -1, State: 0, Mode: NON_LEADER, active raft config: opid_index: -1 OBSOLETE_local: false peers { permanent_uuid: "1daae65528cf4589a6f6a226f76f1143" member_type: VOTER last_known_addr { host: "127.8.2.129" port: 46175 } } peers { permanent_uuid: "1a1d374dba8f4f38b342de6f65d3b23a" member_type: VOTER last_known_addr { host: "127.8.2.130" port: 44129 } } peers { permanent_uuid: "2b2436a194ed400f9d68853755f284ce" member_type: VOTER last_known_addr { host: "127.8.2.131" port: 39211 } }
I20260601 13:33:19.346374  8954 raft_consensus.cc:3060] T 61d0832614af4067a0445e405baffb69 P 1a1d374dba8f4f38b342de6f65d3b23a [term 1 FOLLOWER]: Advancing to term 2
I20260601 13:33:19.346875  9030 raft_consensus.cc:2468] T 61d0832614af4067a0445e405baffb69 P 2b2436a194ed400f9d68853755f284ce [term 2 FOLLOWER]: Leader election vote request: Granting yes vote for candidate 1daae65528cf4589a6f6a226f76f1143 in term 2.
I20260601 13:33:19.347111  8954 raft_consensus.cc:2468] T 61d0832614af4067a0445e405baffb69 P 1a1d374dba8f4f38b342de6f65d3b23a [term 2 FOLLOWER]: Leader election vote request: Granting yes vote for candidate 1daae65528cf4589a6f6a226f76f1143 in term 2.
I20260601 13:33:19.347223  8843 leader_election.cc:304] T 61d0832614af4067a0445e405baffb69 P 1daae65528cf4589a6f6a226f76f1143 [CANDIDATE]: Term 2 election: Election decided. Result: candidate won. Election summary: received 2 responses out of 3 voters: 2 yes votes; 0 no votes. yes voters: 1daae65528cf4589a6f6a226f76f1143, 2b2436a194ed400f9d68853755f284ce; no voters: 
I20260601 13:33:19.347412  9217 raft_consensus.cc:2804] T 61d0832614af4067a0445e405baffb69 P 1daae65528cf4589a6f6a226f76f1143 [term 2 FOLLOWER]: Leader election won for term 2
I20260601 13:33:19.347518  9217 raft_consensus.cc:697] T 61d0832614af4067a0445e405baffb69 P 1daae65528cf4589a6f6a226f76f1143 [term 2 LEADER]: Becoming Leader. State: Replica: 1daae65528cf4589a6f6a226f76f1143, State: Running, Role: LEADER
I20260601 13:33:19.347657  9217 consensus_queue.cc:237] T 61d0832614af4067a0445e405baffb69 P 1daae65528cf4589a6f6a226f76f1143 [LEADER]: Queue going to LEADER mode. State: All replicated index: 0, Majority replicated index: 1, Committed index: 1, Last appended: 1.1, Last appended by leader: 1, Current term: 2, Majority size: 2, State: 0, Mode: LEADER, active raft config: opid_index: -1 OBSOLETE_local: false peers { permanent_uuid: "1daae65528cf4589a6f6a226f76f1143" member_type: VOTER last_known_addr { host: "127.8.2.129" port: 46175 } } peers { permanent_uuid: "1a1d374dba8f4f38b342de6f65d3b23a" member_type: VOTER last_known_addr { host: "127.8.2.130" port: 44129 } } peers { permanent_uuid: "2b2436a194ed400f9d68853755f284ce" member_type: VOTER last_known_addr { host: "127.8.2.131" port: 39211 } }
I20260601 13:33:19.349087  8773 catalog_manager.cc:5696] T 61d0832614af4067a0445e405baffb69 P 1daae65528cf4589a6f6a226f76f1143 reported cstate change: term changed from 1 to 2, leader changed from 1a1d374dba8f4f38b342de6f65d3b23a (127.8.2.130) to 1daae65528cf4589a6f6a226f76f1143 (127.8.2.129). New cstate: current_term: 2 leader_uuid: "1daae65528cf4589a6f6a226f76f1143" committed_config { opid_index: -1 OBSOLETE_local: false peers { permanent_uuid: "1daae65528cf4589a6f6a226f76f1143" member_type: VOTER last_known_addr { host: "127.8.2.129" port: 46175 } health_report { overall_health: HEALTHY } } peers { permanent_uuid: "1a1d374dba8f4f38b342de6f65d3b23a" member_type: VOTER last_known_addr { host: "127.8.2.130" port: 44129 } health_report { overall_health: UNKNOWN } } peers { permanent_uuid: "2b2436a194ed400f9d68853755f284ce" member_type: VOTER last_known_addr { host: "127.8.2.131" port: 39211 } health_report { overall_health: UNKNOWN } } }
I20260601 13:33:19.604454  9200 heartbeater.cc:499] Master 127.8.2.190:38861 was elected leader, sending a full tablet report...
I20260601 13:33:19.786953  9030 raft_consensus.cc:1275] T 61d0832614af4067a0445e405baffb69 P 2b2436a194ed400f9d68853755f284ce [term 2 FOLLOWER]: Refusing update from remote peer 1daae65528cf4589a6f6a226f76f1143: Log matching property violated. Preceding OpId in replica: term: 1 index: 1. Preceding OpId from leader: term: 2 index: 2. (index mismatch)
I20260601 13:33:19.787500  9084 consensus_queue.cc:1048] T 61d0832614af4067a0445e405baffb69 P 1daae65528cf4589a6f6a226f76f1143 [LEADER]: Connected to new peer: Peer: permanent_uuid: "2b2436a194ed400f9d68853755f284ce" member_type: VOTER last_known_addr { host: "127.8.2.131" port: 39211 }, Status: LMP_MISMATCH, Last received: 0.0, Next index: 2, Last known committed idx: 1, Time since last communication: 0.000s
I20260601 13:33:19.789974  8954 raft_consensus.cc:1275] T 61d0832614af4067a0445e405baffb69 P 1a1d374dba8f4f38b342de6f65d3b23a [term 2 FOLLOWER]: Refusing update from remote peer 1daae65528cf4589a6f6a226f76f1143: Log matching property violated. Preceding OpId in replica: term: 1 index: 1. Preceding OpId from leader: term: 2 index: 2. (index mismatch)
I20260601 13:33:19.790431  9217 consensus_queue.cc:1048] T 61d0832614af4067a0445e405baffb69 P 1daae65528cf4589a6f6a226f76f1143 [LEADER]: Connected to new peer: Peer: permanent_uuid: "1a1d374dba8f4f38b342de6f65d3b23a" member_type: VOTER last_known_addr { host: "127.8.2.130" port: 44129 }, Status: LMP_MISMATCH, Last received: 0.0, Next index: 2, Last known committed idx: 1, Time since last communication: 0.000s
I20260601 13:33:20.959729  8828 auto_leader_rebalancer.cc:140] leader rebalance for table test-workload
I20260601 13:33:20.960888  8828 auto_leader_rebalancer.cc:388] table: test-workload, leader rebalance finish, leader transfer count: 0
I20260601 13:33:20.960986  8828 auto_leader_rebalancer.cc:451] All tables' leader rebalancing finished this round
I20260601 13:33:22.961314  8828 auto_leader_rebalancer.cc:140] leader rebalance for table test-workload
I20260601 13:33:22.962165  8828 auto_leader_rebalancer.cc:388] table: test-workload, leader rebalance finish, leader transfer count: 0
I20260601 13:33:22.962247  8828 auto_leader_rebalancer.cc:451] All tables' leader rebalancing finished this round
I20260601 13:33:23.965914  8953 consensus_queue.cc:237] T 3e9271cd62b94062bd49206fdc8c7f10 P 1a1d374dba8f4f38b342de6f65d3b23a [LEADER]: Queue going to LEADER mode. State: All replicated index: 0, Majority replicated index: 1, Committed index: 1, Last appended: 1.1, Last appended by leader: 0, Current term: 1, Majority size: 2, State: 0, Mode: LEADER, active raft config: opid_index: 2 OBSOLETE_local: false peers { permanent_uuid: "1daae65528cf4589a6f6a226f76f1143" member_type: VOTER last_known_addr { host: "127.8.2.129" port: 46175 } attrs { replace: true } } peers { permanent_uuid: "1a1d374dba8f4f38b342de6f65d3b23a" member_type: VOTER last_known_addr { host: "127.8.2.130" port: 44129 } } peers { permanent_uuid: "2b2436a194ed400f9d68853755f284ce" member_type: VOTER last_known_addr { host: "127.8.2.131" port: 39211 } } peers { permanent_uuid: "d66e644dce1547abab5712c1be4d6e23" member_type: NON_VOTER last_known_addr { host: "127.8.2.132" port: 35691 } attrs { promote: true } }
I20260601 13:33:23.967929  9030 raft_consensus.cc:1275] T 3e9271cd62b94062bd49206fdc8c7f10 P 2b2436a194ed400f9d68853755f284ce [term 1 FOLLOWER]: Refusing update from remote peer 1a1d374dba8f4f38b342de6f65d3b23a: Log matching property violated. Preceding OpId in replica: term: 1 index: 1. Preceding OpId from leader: term: 1 index: 2. (index mismatch)
I20260601 13:33:23.967929  8878 raft_consensus.cc:1275] T 3e9271cd62b94062bd49206fdc8c7f10 P 1daae65528cf4589a6f6a226f76f1143 [term 1 FOLLOWER]: Refusing update from remote peer 1a1d374dba8f4f38b342de6f65d3b23a: Log matching property violated. Preceding OpId in replica: term: 1 index: 1. Preceding OpId from leader: term: 1 index: 2. (index mismatch)
I20260601 13:33:23.968429  9235 consensus_queue.cc:1048] T 3e9271cd62b94062bd49206fdc8c7f10 P 1a1d374dba8f4f38b342de6f65d3b23a [LEADER]: Connected to new peer: Peer: permanent_uuid: "2b2436a194ed400f9d68853755f284ce" member_type: VOTER last_known_addr { host: "127.8.2.131" port: 39211 }, Status: LMP_MISMATCH, Last received: 0.0, Next index: 2, Last known committed idx: 1, Time since last communication: 0.000s
I20260601 13:33:23.968672  9088 consensus_queue.cc:1048] T 3e9271cd62b94062bd49206fdc8c7f10 P 1a1d374dba8f4f38b342de6f65d3b23a [LEADER]: Connected to new peer: Peer: permanent_uuid: "1daae65528cf4589a6f6a226f76f1143" member_type: VOTER last_known_addr { host: "127.8.2.129" port: 46175 } attrs { replace: true }, Status: LMP_MISMATCH, Last received: 0.0, Next index: 2, Last known committed idx: 1, Time since last communication: 0.000s
I20260601 13:33:23.970785  9235 raft_consensus.cc:2955] T 3e9271cd62b94062bd49206fdc8c7f10 P 1a1d374dba8f4f38b342de6f65d3b23a [term 1 LEADER]: Committing config change with OpId 1.2: config changed from index -1 to 2, NON_VOTER d66e644dce1547abab5712c1be4d6e23 (127.8.2.132) added. New config: { opid_index: 2 OBSOLETE_local: false peers { permanent_uuid: "1daae65528cf4589a6f6a226f76f1143" member_type: VOTER last_known_addr { host: "127.8.2.129" port: 46175 } attrs { replace: true } } peers { permanent_uuid: "1a1d374dba8f4f38b342de6f65d3b23a" member_type: VOTER last_known_addr { host: "127.8.2.130" port: 44129 } } peers { permanent_uuid: "2b2436a194ed400f9d68853755f284ce" member_type: VOTER last_known_addr { host: "127.8.2.131" port: 39211 } } peers { permanent_uuid: "d66e644dce1547abab5712c1be4d6e23" member_type: NON_VOTER last_known_addr { host: "127.8.2.132" port: 35691 } attrs { promote: true } } }
I20260601 13:33:23.971040  8878 raft_consensus.cc:2955] T 3e9271cd62b94062bd49206fdc8c7f10 P 1daae65528cf4589a6f6a226f76f1143 [term 1 FOLLOWER]: Committing config change with OpId 1.2: config changed from index -1 to 2, NON_VOTER d66e644dce1547abab5712c1be4d6e23 (127.8.2.132) added. New config: { opid_index: 2 OBSOLETE_local: false peers { permanent_uuid: "1daae65528cf4589a6f6a226f76f1143" member_type: VOTER last_known_addr { host: "127.8.2.129" port: 46175 } attrs { replace: true } } peers { permanent_uuid: "1a1d374dba8f4f38b342de6f65d3b23a" member_type: VOTER last_known_addr { host: "127.8.2.130" port: 44129 } } peers { permanent_uuid: "2b2436a194ed400f9d68853755f284ce" member_type: VOTER last_known_addr { host: "127.8.2.131" port: 39211 } } peers { permanent_uuid: "d66e644dce1547abab5712c1be4d6e23" member_type: NON_VOTER last_known_addr { host: "127.8.2.132" port: 35691 } attrs { promote: true } } }
I20260601 13:33:23.971153  9030 raft_consensus.cc:2955] T 3e9271cd62b94062bd49206fdc8c7f10 P 2b2436a194ed400f9d68853755f284ce [term 1 FOLLOWER]: Committing config change with OpId 1.2: config changed from index -1 to 2, NON_VOTER d66e644dce1547abab5712c1be4d6e23 (127.8.2.132) added. New config: { opid_index: 2 OBSOLETE_local: false peers { permanent_uuid: "1daae65528cf4589a6f6a226f76f1143" member_type: VOTER last_known_addr { host: "127.8.2.129" port: 46175 } attrs { replace: true } } peers { permanent_uuid: "1a1d374dba8f4f38b342de6f65d3b23a" member_type: VOTER last_known_addr { host: "127.8.2.130" port: 44129 } } peers { permanent_uuid: "2b2436a194ed400f9d68853755f284ce" member_type: VOTER last_known_addr { host: "127.8.2.131" port: 39211 } } peers { permanent_uuid: "d66e644dce1547abab5712c1be4d6e23" member_type: NON_VOTER last_known_addr { host: "127.8.2.132" port: 35691 } attrs { promote: true } } }
W20260601 13:33:23.973244  8917 consensus_peers.cc:597] T 3e9271cd62b94062bd49206fdc8c7f10 P 1a1d374dba8f4f38b342de6f65d3b23a -> Peer d66e644dce1547abab5712c1be4d6e23 (127.8.2.132:35691): Couldn't send request to peer d66e644dce1547abab5712c1be4d6e23. Error code: TABLET_NOT_FOUND (6). Status: Not found: Tablet not found: 3e9271cd62b94062bd49206fdc8c7f10. This is attempt 1: this message will repeat every 5th retry.
I20260601 13:33:23.974604  8774 catalog_manager.cc:5696] T 3e9271cd62b94062bd49206fdc8c7f10 P 1daae65528cf4589a6f6a226f76f1143 reported cstate change: config changed from index -1 to 2, NON_VOTER d66e644dce1547abab5712c1be4d6e23 (127.8.2.132) added. New cstate: current_term: 1 leader_uuid: "1a1d374dba8f4f38b342de6f65d3b23a" committed_config { opid_index: 2 OBSOLETE_local: false peers { permanent_uuid: "1daae65528cf4589a6f6a226f76f1143" member_type: VOTER last_known_addr { host: "127.8.2.129" port: 46175 } attrs { replace: true } } peers { permanent_uuid: "1a1d374dba8f4f38b342de6f65d3b23a" member_type: VOTER last_known_addr { host: "127.8.2.130" port: 44129 } } peers { permanent_uuid: "2b2436a194ed400f9d68853755f284ce" member_type: VOTER last_known_addr { host: "127.8.2.131" port: 39211 } } peers { permanent_uuid: "d66e644dce1547abab5712c1be4d6e23" member_type: NON_VOTER last_known_addr { host: "127.8.2.132" port: 35691 } attrs { promote: true } } }
