1 data directories: /tmp/dist-test-taskfahzce/test-tmp/auto_rebalancer-test.0.AutoRebalancerTest.NextLeaderResumesAutoRebalancing.1780320794345062-3557-0/minicluster-data/master-2-root/data
Total live blocks: 0
Total live bytes: 0
Total live bytes (after alignment): 0
Total number of LBM containers: 0 (0 full)
Did not check for missing blocks
Did not check for orphaned blocks
Total full LBM containers with extra space: 0 (0 repaired)
Total full LBM container extra space in bytes: 0 (0 repaired)
Total incomplete LBM containers: 0 (0 repaired)
Total LBM partial records: 0 (0 repaired)
Total corrupted LBM metadata records in RocksDB: 0 (0 repaired)
I20260601 13:33:24.532506  4680 consensus_peers.cc:770] Retrying to get permanent uuid for remote peer: member_type: VOTER last_known_addr { host: "127.3.121.125" port: 34027 } attempt: 1
I20260601 13:33:24.535384  4746 sys_catalog.cc:422] member_type: VOTER last_known_addr { host: "127.3.121.124" port: 37047 } has no permanent_uuid. Determining permanent_uuid...
W20260601 13:33:24.536953  4746 consensus_peers.cc:760] Error getting permanent uuid from config peer 127.3.121.124:37047: Network error: Client connection negotiation failed: client connection to 127.3.121.124:37047: connect: Connection refused (error 111)
I20260601 13:33:24.537461  4680 sys_catalog.cc:422] member_type: VOTER last_known_addr { host: "127.3.121.124" port: 37047 } has no permanent_uuid. Determining permanent_uuid...
W20260601 13:33:24.538610  4680 consensus_peers.cc:760] Error getting permanent uuid from config peer 127.3.121.124:37047: Network error: Client connection negotiation failed: client connection to 127.3.121.124:37047: connect: Connection refused (error 111)
I20260601 13:33:24.539354  3557 rpc_server.cc:225] running with OpenSSL 1.1.1  11 Sep 2018
I20260601 13:33:24.539676  3557 kserver.cc:163] Server-wide thread pool size limit: 3276
I20260601 13:33:24.543574  3557 rpc_server.cc:307] RPC server started. Bound to: 127.3.121.124:37047
I20260601 13:33:24.543705  4813 acceptor_pool.cc:272] collecting diagnostics on the listening RPC socket 127.3.121.124:37047 every 8 connection(s)
I20260601 13:33:24.544094  3557 internal_mini_cluster.cc:184] Waiting to initialize catalog manager on master 0
I20260601 13:33:24.544544  4814 data_dirs.cc:400] Could only allocate 1 dirs of requested 3 for tablet 00000000000000000000000000000000. 1 dirs total, 0 dirs full, 0 dirs failed
I20260601 13:33:24.545698  4814 sys_catalog.cc:422] member_type: VOTER last_known_addr { host: "127.3.121.126" port: 45855 } has no permanent_uuid. Determining permanent_uuid...
I20260601 13:33:24.550251  4814 sys_catalog.cc:422] member_type: VOTER last_known_addr { host: "127.3.121.125" port: 34027 } has no permanent_uuid. Determining permanent_uuid...
I20260601 13:33:24.554589  4814 sys_catalog.cc:422] member_type: VOTER last_known_addr { host: "127.3.121.124" port: 37047 } has no permanent_uuid. Determining permanent_uuid...
I20260601 13:33:24.560199  4814 tablet_bootstrap.cc:492] T 00000000000000000000000000000000 P 6f6635457c9140d8b86a65a3531946b6: Bootstrap starting.
I20260601 13:33:24.561277  4814 tablet_bootstrap.cc:654] T 00000000000000000000000000000000 P 6f6635457c9140d8b86a65a3531946b6: Neither blocks nor log segments found. Creating new log.
I20260601 13:33:24.562474  4814 tablet_bootstrap.cc:492] T 00000000000000000000000000000000 P 6f6635457c9140d8b86a65a3531946b6: No bootstrap required, opened a new log
I20260601 13:33:24.562945  4814 raft_consensus.cc:359] T 00000000000000000000000000000000 P 6f6635457c9140d8b86a65a3531946b6 [term 0 FOLLOWER]: Replica starting. Triggering 0 pending ops. Active config: opid_index: -1 OBSOLETE_local: false peers { permanent_uuid: "01a15db6cb5748998915a987b1a3d89f" member_type: VOTER last_known_addr { host: "127.3.121.126" port: 45855 } } peers { permanent_uuid: "270462bbfd8f4350aed12b6530a177c7" member_type: VOTER last_known_addr { host: "127.3.121.125" port: 34027 } } peers { permanent_uuid: "6f6635457c9140d8b86a65a3531946b6" member_type: VOTER last_known_addr { host: "127.3.121.124" port: 37047 } }
I20260601 13:33:24.563052  4814 raft_consensus.cc:385] T 00000000000000000000000000000000 P 6f6635457c9140d8b86a65a3531946b6 [term 0 FOLLOWER]: Consensus starting up: Expiring failure detector timer to make a prompt election more likely
I20260601 13:33:24.563077  4814 raft_consensus.cc:740] T 00000000000000000000000000000000 P 6f6635457c9140d8b86a65a3531946b6 [term 0 FOLLOWER]: Becoming Follower/Learner. State: Replica: 6f6635457c9140d8b86a65a3531946b6, State: Initialized, Role: FOLLOWER
I20260601 13:33:24.563241  4814 consensus_queue.cc:260] T 00000000000000000000000000000000 P 6f6635457c9140d8b86a65a3531946b6 [NON_LEADER]: Queue going to NON_LEADER mode. State: All replicated index: 0, Majority replicated index: 0, Committed index: 0, Last appended: 0.0, Last appended by leader: 0, Current term: 0, Majority size: -1, State: 0, Mode: NON_LEADER, active raft config: opid_index: -1 OBSOLETE_local: false peers { permanent_uuid: "01a15db6cb5748998915a987b1a3d89f" member_type: VOTER last_known_addr { host: "127.3.121.126" port: 45855 } } peers { permanent_uuid: "270462bbfd8f4350aed12b6530a177c7" member_type: VOTER last_known_addr { host: "127.3.121.125" port: 34027 } } peers { permanent_uuid: "6f6635457c9140d8b86a65a3531946b6" member_type: VOTER last_known_addr { host: "127.3.121.124" port: 37047 } }
I20260601 13:33:24.563562  4819 sys_catalog.cc:455] T 00000000000000000000000000000000 P 6f6635457c9140d8b86a65a3531946b6 [sys.catalog]: SysCatalogTable state changed. Reason: RaftConsensus started. Latest consensus state: current_term: 0 committed_config { opid_index: -1 OBSOLETE_local: false peers { permanent_uuid: "01a15db6cb5748998915a987b1a3d89f" member_type: VOTER last_known_addr { host: "127.3.121.126" port: 45855 } } peers { permanent_uuid: "270462bbfd8f4350aed12b6530a177c7" member_type: VOTER last_known_addr { host: "127.3.121.125" port: 34027 } } peers { permanent_uuid: "6f6635457c9140d8b86a65a3531946b6" member_type: VOTER last_known_addr { host: "127.3.121.124" port: 37047 } } }
I20260601 13:33:24.563678  4819 sys_catalog.cc:458] T 00000000000000000000000000000000 P 6f6635457c9140d8b86a65a3531946b6 [sys.catalog]: This master's current role is: FOLLOWER
I20260601 13:33:24.563720  4814 sys_catalog.cc:565] T 00000000000000000000000000000000 P 6f6635457c9140d8b86a65a3531946b6 [sys.catalog]: configured and running, proceeding with master startup.
W20260601 13:33:24.566077  4830 catalog_manager.cc:1593] T 00000000000000000000000000000000 P 6f6635457c9140d8b86a65a3531946b6: loading cluster ID for follower catalog manager: Not found: cluster ID entry not found
W20260601 13:33:24.566179  4830 catalog_manager.cc:883] Not found: cluster ID entry not found: failed to prepare follower catalog manager, will retry
I20260601 13:33:24.583133  4746 consensus_peers.cc:770] Retrying to get permanent uuid for remote peer: member_type: VOTER last_known_addr { host: "127.3.121.124" port: 37047 } attempt: 1
I20260601 13:33:24.588444  4746 tablet_bootstrap.cc:492] T 00000000000000000000000000000000 P 270462bbfd8f4350aed12b6530a177c7: Bootstrap starting.
I20260601 13:33:24.589461  4746 tablet_bootstrap.cc:654] T 00000000000000000000000000000000 P 270462bbfd8f4350aed12b6530a177c7: Neither blocks nor log segments found. Creating new log.
I20260601 13:33:24.590664  4746 tablet_bootstrap.cc:492] T 00000000000000000000000000000000 P 270462bbfd8f4350aed12b6530a177c7: No bootstrap required, opened a new log
I20260601 13:33:24.591228  4746 raft_consensus.cc:359] T 00000000000000000000000000000000 P 270462bbfd8f4350aed12b6530a177c7 [term 0 FOLLOWER]: Replica starting. Triggering 0 pending ops. Active config: opid_index: -1 OBSOLETE_local: false peers { permanent_uuid: "01a15db6cb5748998915a987b1a3d89f" member_type: VOTER last_known_addr { host: "127.3.121.126" port: 45855 } } peers { permanent_uuid: "270462bbfd8f4350aed12b6530a177c7" member_type: VOTER last_known_addr { host: "127.3.121.125" port: 34027 } } peers { permanent_uuid: "6f6635457c9140d8b86a65a3531946b6" member_type: VOTER last_known_addr { host: "127.3.121.124" port: 37047 } }
I20260601 13:33:24.591354  4746 raft_consensus.cc:385] T 00000000000000000000000000000000 P 270462bbfd8f4350aed12b6530a177c7 [term 0 FOLLOWER]: Consensus starting up: Expiring failure detector timer to make a prompt election more likely
I20260601 13:33:24.591415  4746 raft_consensus.cc:740] T 00000000000000000000000000000000 P 270462bbfd8f4350aed12b6530a177c7 [term 0 FOLLOWER]: Becoming Follower/Learner. State: Replica: 270462bbfd8f4350aed12b6530a177c7, State: Initialized, Role: FOLLOWER
I20260601 13:33:24.591585  4746 consensus_queue.cc:260] T 00000000000000000000000000000000 P 270462bbfd8f4350aed12b6530a177c7 [NON_LEADER]: Queue going to NON_LEADER mode. State: All replicated index: 0, Majority replicated index: 0, Committed index: 0, Last appended: 0.0, Last appended by leader: 0, Current term: 0, Majority size: -1, State: 0, Mode: NON_LEADER, active raft config: opid_index: -1 OBSOLETE_local: false peers { permanent_uuid: "01a15db6cb5748998915a987b1a3d89f" member_type: VOTER last_known_addr { host: "127.3.121.126" port: 45855 } } peers { permanent_uuid: "270462bbfd8f4350aed12b6530a177c7" member_type: VOTER last_known_addr { host: "127.3.121.125" port: 34027 } } peers { permanent_uuid: "6f6635457c9140d8b86a65a3531946b6" member_type: VOTER last_known_addr { host: "127.3.121.124" port: 37047 } }
I20260601 13:33:24.591960  4832 sys_catalog.cc:455] T 00000000000000000000000000000000 P 270462bbfd8f4350aed12b6530a177c7 [sys.catalog]: SysCatalogTable state changed. Reason: RaftConsensus started. Latest consensus state: current_term: 0 committed_config { opid_index: -1 OBSOLETE_local: false peers { permanent_uuid: "01a15db6cb5748998915a987b1a3d89f" member_type: VOTER last_known_addr { host: "127.3.121.126" port: 45855 } } peers { permanent_uuid: "270462bbfd8f4350aed12b6530a177c7" member_type: VOTER last_known_addr { host: "127.3.121.125" port: 34027 } } peers { permanent_uuid: "6f6635457c9140d8b86a65a3531946b6" member_type: VOTER last_known_addr { host: "127.3.121.124" port: 37047 } } }
I20260601 13:33:24.592037  4746 sys_catalog.cc:565] T 00000000000000000000000000000000 P 270462bbfd8f4350aed12b6530a177c7 [sys.catalog]: configured and running, proceeding with master startup.
I20260601 13:33:24.592053  4832 sys_catalog.cc:458] T 00000000000000000000000000000000 P 270462bbfd8f4350aed12b6530a177c7 [sys.catalog]: This master's current role is: FOLLOWER
W20260601 13:33:24.594401  4843 catalog_manager.cc:1593] T 00000000000000000000000000000000 P 270462bbfd8f4350aed12b6530a177c7: loading cluster ID for follower catalog manager: Not found: cluster ID entry not found
W20260601 13:33:24.594472  4843 catalog_manager.cc:883] Not found: cluster ID entry not found: failed to prepare follower catalog manager, will retry
I20260601 13:33:24.603767  4680 consensus_peers.cc:770] Retrying to get permanent uuid for remote peer: member_type: VOTER last_known_addr { host: "127.3.121.124" port: 37047 } attempt: 1
I20260601 13:33:24.609179  4680 tablet_bootstrap.cc:492] T 00000000000000000000000000000000 P 01a15db6cb5748998915a987b1a3d89f: Bootstrap starting.
I20260601 13:33:24.610116  4680 tablet_bootstrap.cc:654] T 00000000000000000000000000000000 P 01a15db6cb5748998915a987b1a3d89f: Neither blocks nor log segments found. Creating new log.
I20260601 13:33:24.611233  4680 tablet_bootstrap.cc:492] T 00000000000000000000000000000000 P 01a15db6cb5748998915a987b1a3d89f: No bootstrap required, opened a new log
I20260601 13:33:24.611652  4680 raft_consensus.cc:359] T 00000000000000000000000000000000 P 01a15db6cb5748998915a987b1a3d89f [term 0 FOLLOWER]: Replica starting. Triggering 0 pending ops. Active config: opid_index: -1 OBSOLETE_local: false peers { permanent_uuid: "01a15db6cb5748998915a987b1a3d89f" member_type: VOTER last_known_addr { host: "127.3.121.126" port: 45855 } } peers { permanent_uuid: "270462bbfd8f4350aed12b6530a177c7" member_type: VOTER last_known_addr { host: "127.3.121.125" port: 34027 } } peers { permanent_uuid: "6f6635457c9140d8b86a65a3531946b6" member_type: VOTER last_known_addr { host: "127.3.121.124" port: 37047 } }
I20260601 13:33:24.611765  4680 raft_consensus.cc:385] T 00000000000000000000000000000000 P 01a15db6cb5748998915a987b1a3d89f [term 0 FOLLOWER]: Consensus starting up: Expiring failure detector timer to make a prompt election more likely
I20260601 13:33:24.611788  4680 raft_consensus.cc:740] T 00000000000000000000000000000000 P 01a15db6cb5748998915a987b1a3d89f [term 0 FOLLOWER]: Becoming Follower/Learner. State: Replica: 01a15db6cb5748998915a987b1a3d89f, State: Initialized, Role: FOLLOWER
I20260601 13:33:24.611934  4680 consensus_queue.cc:260] T 00000000000000000000000000000000 P 01a15db6cb5748998915a987b1a3d89f [NON_LEADER]: Queue going to NON_LEADER mode. State: All replicated index: 0, Majority replicated index: 0, Committed index: 0, Last appended: 0.0, Last appended by leader: 0, Current term: 0, Majority size: -1, State: 0, Mode: NON_LEADER, active raft config: opid_index: -1 OBSOLETE_local: false peers { permanent_uuid: "01a15db6cb5748998915a987b1a3d89f" member_type: VOTER last_known_addr { host: "127.3.121.126" port: 45855 } } peers { permanent_uuid: "270462bbfd8f4350aed12b6530a177c7" member_type: VOTER last_known_addr { host: "127.3.121.125" port: 34027 } } peers { permanent_uuid: "6f6635457c9140d8b86a65a3531946b6" member_type: VOTER last_known_addr { host: "127.3.121.124" port: 37047 } }
I20260601 13:33:24.612263  4845 sys_catalog.cc:455] T 00000000000000000000000000000000 P 01a15db6cb5748998915a987b1a3d89f [sys.catalog]: SysCatalogTable state changed. Reason: RaftConsensus started. Latest consensus state: current_term: 0 committed_config { opid_index: -1 OBSOLETE_local: false peers { permanent_uuid: "01a15db6cb5748998915a987b1a3d89f" member_type: VOTER last_known_addr { host: "127.3.121.126" port: 45855 } } peers { permanent_uuid: "270462bbfd8f4350aed12b6530a177c7" member_type: VOTER last_known_addr { host: "127.3.121.125" port: 34027 } } peers { permanent_uuid: "6f6635457c9140d8b86a65a3531946b6" member_type: VOTER last_known_addr { host: "127.3.121.124" port: 37047 } } }
I20260601 13:33:24.612363  4845 sys_catalog.cc:458] T 00000000000000000000000000000000 P 01a15db6cb5748998915a987b1a3d89f [sys.catalog]: This master's current role is: FOLLOWER
I20260601 13:33:24.612399  4680 sys_catalog.cc:565] T 00000000000000000000000000000000 P 01a15db6cb5748998915a987b1a3d89f [sys.catalog]: configured and running, proceeding with master startup.
I20260601 13:33:24.614292  3557 internal_mini_cluster.cc:184] Waiting to initialize catalog manager on master 1
I20260601 13:33:24.614388  3557 internal_mini_cluster.cc:184] Waiting to initialize catalog manager on master 2
I20260601 13:33:24.614866  3557 file_cache.cc:492] Constructed file cache file cache with capacity 419430
W20260601 13:33:24.615056  4856 catalog_manager.cc:1593] T 00000000000000000000000000000000 P 01a15db6cb5748998915a987b1a3d89f: loading cluster ID for follower catalog manager: Not found: cluster ID entry not found
W20260601 13:33:24.615115  4856 catalog_manager.cc:883] Not found: cluster ID entry not found: failed to prepare follower catalog manager, will retry
W20260601 13:33:24.616837  4858 instance_detector.cc:116] could not retrieve Azure instance metadata: Network error: curl error: HTTP response code said error: The requested URL returned error: 404
W20260601 13:33:24.616909  4857 instance_detector.cc:116] could not retrieve AWS instance metadata: Network error: curl error: HTTP response code said error: The requested URL returned error: 404
I20260601 13:33:24.616969  3557 server_base.cc:1061] running on GCE node
W20260601 13:33:24.616977  4860 instance_detector.cc:116] could not retrieve OpenStack instance metadata: Network error: curl error: HTTP response code said error: The requested URL returned error: 404
I20260601 13:33:24.617259  3557 hybrid_clock.cc:584] initializing the hybrid clock with 'system_unsync' time source
W20260601 13:33:24.617302  3557 system_unsync_time.cc:38] NTP support is disabled. Clock error bounds will not be accurate. This configuration is not suitable for distributed clusters.
I20260601 13:33:24.617318  3557 hybrid_clock.cc:648] HybridClock initialized: now 1780320804617318 us; error 0 us; skew 500 ppm
I20260601 13:33:24.618243  3557 webserver.cc:533] Webserver started at http://127.3.121.65:38109/ using document root <none> and password file <none>
I20260601 13:33:24.618428  3557 fs_manager.cc:362] Metadata directory not provided
I20260601 13:33:24.618497  3557 fs_manager.cc:368] Using write-ahead log directory (fs_wal_dir) as metadata directory
I20260601 13:33:24.618589  3557 server_base.cc:909] This appears to be a new deployment of Kudu; creating new FS layout
I20260601 13:33:24.618994  3557 fs_manager.cc:1068] Generated new instance metadata in path /tmp/dist-test-taskfahzce/test-tmp/auto_rebalancer-test.0.AutoRebalancerTest.NextLeaderResumesAutoRebalancing.1780320794345062-3557-0/minicluster-data/ts-0-root/instance:
uuid: "d8ca52543966425a986ba9240bf4220b"
format_stamp: "Formatted at 2026-06-01 13:33:24 on dist-test-slave-xnxg"
I20260601 13:33:24.620466  3557 fs_manager.cc:696] Time spent creating directory manager: real 0.001s	user 0.002s	sys 0.000s
I20260601 13:33:24.621485  4865 log_block_manager.cc:4031] Time spent loading block containers with low live blocks: real 0.000s	user 0.000s	sys 0.000s
I20260601 13:33:24.621718  3557 fs_manager.cc:730] Time spent opening block manager: real 0.001s	user 0.000s	sys 0.001s
I20260601 13:33:24.621809  3557 fs_manager.cc:647] Opened local filesystem: /tmp/dist-test-taskfahzce/test-tmp/auto_rebalancer-test.0.AutoRebalancerTest.NextLeaderResumesAutoRebalancing.1780320794345062-3557-0/minicluster-data/ts-0-root
uuid: "d8ca52543966425a986ba9240bf4220b"
format_stamp: "Formatted at 2026-06-01 13:33:24 on dist-test-slave-xnxg"
I20260601 13:33:24.621879  3557 fs_report.cc:389] FS layout report
--------------------
wal directory: /tmp/dist-test-taskfahzce/test-tmp/auto_rebalancer-test.0.AutoRebalancerTest.NextLeaderResumesAutoRebalancing.1780320794345062-3557-0/minicluster-data/ts-0-root
metadata directory: /tmp/dist-test-taskfahzce/test-tmp/auto_rebalancer-test.0.AutoRebalancerTest.NextLeaderResumesAutoRebalancing.1780320794345062-3557-0/minicluster-data/ts-0-root
1 data directories: /tmp/dist-test-taskfahzce/test-tmp/auto_rebalancer-test.0.AutoRebalancerTest.NextLeaderResumesAutoRebalancing.1780320794345062-3557-0/minicluster-data/ts-0-root/data
Total live blocks: 0
Total live bytes: 0
Total live bytes (after alignment): 0
Total number of LBM containers: 0 (0 full)
Did not check for missing blocks
Did not check for orphaned blocks
Total full LBM containers with extra space: 0 (0 repaired)
Total full LBM container extra space in bytes: 0 (0 repaired)
Total incomplete LBM containers: 0 (0 repaired)
Total LBM partial records: 0 (0 repaired)
Total corrupted LBM metadata records in RocksDB: 0 (0 repaired)
I20260601 13:33:24.650483  3557 rpc_server.cc:225] running with OpenSSL 1.1.1  11 Sep 2018
I20260601 13:33:24.650974  3557 kserver.cc:163] Server-wide thread pool size limit: 3276
I20260601 13:33:24.651321  3557 txn_system_client.cc:432] TxnSystemClient initialization is disabled...
I20260601 13:33:24.651826  3557 ts_tablet_manager.cc:585] Loaded tablet metadata (0 total tablets, 0 live tablets)
I20260601 13:33:24.651887  3557 ts_tablet_manager.cc:531] Time spent load tablet metadata: real 0.000s	user 0.000s	sys 0.000s
I20260601 13:33:24.651960  3557 ts_tablet_manager.cc:616] Registered 0 tablets
I20260601 13:33:24.652014  3557 ts_tablet_manager.cc:595] Time spent register tablets: real 0.000s	user 0.000s	sys 0.000s
I20260601 13:33:24.657028  3557 rpc_server.cc:307] RPC server started. Bound to: 127.3.121.65:37187
I20260601 13:33:24.657073  4929 acceptor_pool.cc:272] collecting diagnostics on the listening RPC socket 127.3.121.65:37187 every 8 connection(s)
I20260601 13:33:24.658079  3557 file_cache.cc:492] Constructed file cache file cache with capacity 419430
W20260601 13:33:24.660717  4937 instance_detector.cc:116] could not retrieve AWS instance metadata: Network error: curl error: HTTP response code said error: The requested URL returned error: 404
W20260601 13:33:24.661000  4938 instance_detector.cc:116] could not retrieve Azure instance metadata: Network error: curl error: HTTP response code said error: The requested URL returned error: 404
W20260601 13:33:24.661937  4940 instance_detector.cc:116] could not retrieve OpenStack instance metadata: Network error: curl error: HTTP response code said error: The requested URL returned error: 404
I20260601 13:33:24.662253  3557 server_base.cc:1061] running on GCE node
I20260601 13:33:24.662518  3557 hybrid_clock.cc:584] initializing the hybrid clock with 'system_unsync' time source
W20260601 13:33:24.662572  3557 system_unsync_time.cc:38] NTP support is disabled. Clock error bounds will not be accurate. This configuration is not suitable for distributed clusters.
I20260601 13:33:24.662599  3557 hybrid_clock.cc:648] HybridClock initialized: now 1780320804662598 us; error 0 us; skew 500 ppm
I20260601 13:33:24.663292  4931 heartbeater.cc:344] Connected to a master server at 127.3.121.126:45855
I20260601 13:33:24.663324  4930 heartbeater.cc:344] Connected to a master server at 127.3.121.124:37047
I20260601 13:33:24.663390  4931 heartbeater.cc:461] Registering TS with master...
I20260601 13:33:24.663389  4930 heartbeater.cc:461] Registering TS with master...
I20260601 13:33:24.663674  4931 heartbeater.cc:507] Master 127.3.121.126:45855 requested a full tablet report, sending...
I20260601 13:33:24.663676  4930 heartbeater.cc:507] Master 127.3.121.124:37047 requested a full tablet report, sending...
I20260601 13:33:24.663794  3557 webserver.cc:533] Webserver started at http://127.3.121.66:40957/ using document root <none> and password file <none>
I20260601 13:33:24.663975  3557 fs_manager.cc:362] Metadata directory not provided
I20260601 13:33:24.664036  3557 fs_manager.cc:368] Using write-ahead log directory (fs_wal_dir) as metadata directory
I20260601 13:33:24.664113  3557 server_base.cc:909] This appears to be a new deployment of Kudu; creating new FS layout
I20260601 13:33:24.664445  4778 ts_manager.cc:194] Registered new tserver with Master: d8ca52543966425a986ba9240bf4220b (127.3.121.65:37187)
I20260601 13:33:24.664565  4932 heartbeater.cc:344] Connected to a master server at 127.3.121.125:34027
I20260601 13:33:24.664685  3557 fs_manager.cc:1068] Generated new instance metadata in path /tmp/dist-test-taskfahzce/test-tmp/auto_rebalancer-test.0.AutoRebalancerTest.NextLeaderResumesAutoRebalancing.1780320794345062-3557-0/minicluster-data/ts-1-root/instance:
uuid: "71bea6160b1049b7829811f243c9a7c6"
format_stamp: "Formatted at 2026-06-01 13:33:24 on dist-test-slave-xnxg"
I20260601 13:33:24.664685  4932 heartbeater.cc:461] Registering TS with master...
I20260601 13:33:24.664445  4643 ts_manager.cc:194] Registered new tserver with Master: d8ca52543966425a986ba9240bf4220b (127.3.121.65:37187)
I20260601 13:33:24.665006  4932 heartbeater.cc:507] Master 127.3.121.125:34027 requested a full tablet report, sending...
I20260601 13:33:24.665875  4710 ts_manager.cc:194] Registered new tserver with Master: d8ca52543966425a986ba9240bf4220b (127.3.121.65:37187)
I20260601 13:33:24.666882  3557 fs_manager.cc:696] Time spent creating directory manager: real 0.002s	user 0.002s	sys 0.000s
I20260601 13:33:24.668074  4945 log_block_manager.cc:4031] Time spent loading block containers with low live blocks: real 0.000s	user 0.000s	sys 0.000s
I20260601 13:33:24.668330  3557 fs_manager.cc:730] Time spent opening block manager: real 0.001s	user 0.001s	sys 0.000s
I20260601 13:33:24.668421  3557 fs_manager.cc:647] Opened local filesystem: /tmp/dist-test-taskfahzce/test-tmp/auto_rebalancer-test.0.AutoRebalancerTest.NextLeaderResumesAutoRebalancing.1780320794345062-3557-0/minicluster-data/ts-1-root
uuid: "71bea6160b1049b7829811f243c9a7c6"
format_stamp: "Formatted at 2026-06-01 13:33:24 on dist-test-slave-xnxg"
I20260601 13:33:24.668505  3557 fs_report.cc:389] FS layout report
--------------------
wal directory: /tmp/dist-test-taskfahzce/test-tmp/auto_rebalancer-test.0.AutoRebalancerTest.NextLeaderResumesAutoRebalancing.1780320794345062-3557-0/minicluster-data/ts-1-root
metadata directory: /tmp/dist-test-taskfahzce/test-tmp/auto_rebalancer-test.0.AutoRebalancerTest.NextLeaderResumesAutoRebalancing.1780320794345062-3557-0/minicluster-data/ts-1-root
1 data directories: /tmp/dist-test-taskfahzce/test-tmp/auto_rebalancer-test.0.AutoRebalancerTest.NextLeaderResumesAutoRebalancing.1780320794345062-3557-0/minicluster-data/ts-1-root/data
Total live blocks: 0
Total live bytes: 0
Total live bytes (after alignment): 0
Total number of LBM containers: 0 (0 full)
Did not check for missing blocks
Did not check for orphaned blocks
Total full LBM containers with extra space: 0 (0 repaired)
Total full LBM container extra space in bytes: 0 (0 repaired)
Total incomplete LBM containers: 0 (0 repaired)
Total LBM partial records: 0 (0 repaired)
Total corrupted LBM metadata records in RocksDB: 0 (0 repaired)
I20260601 13:33:24.670331  4845 raft_consensus.cc:493] T 00000000000000000000000000000000 P 01a15db6cb5748998915a987b1a3d89f [term 0 FOLLOWER]: Starting pre-election (no leader contacted us within the election timeout)
I20260601 13:33:24.670444  4845 raft_consensus.cc:515] T 00000000000000000000000000000000 P 01a15db6cb5748998915a987b1a3d89f [term 0 FOLLOWER]: Starting pre-election with config: opid_index: -1 OBSOLETE_local: false peers { permanent_uuid: "01a15db6cb5748998915a987b1a3d89f" member_type: VOTER last_known_addr { host: "127.3.121.126" port: 45855 } } peers { permanent_uuid: "270462bbfd8f4350aed12b6530a177c7" member_type: VOTER last_known_addr { host: "127.3.121.125" port: 34027 } } peers { permanent_uuid: "6f6635457c9140d8b86a65a3531946b6" member_type: VOTER last_known_addr { host: "127.3.121.124" port: 37047 } }
I20260601 13:33:24.670835  4845 leader_election.cc:290] T 00000000000000000000000000000000 P 01a15db6cb5748998915a987b1a3d89f [CANDIDATE]: Term 1 pre-election: Requested pre-vote from peers 270462bbfd8f4350aed12b6530a177c7 (127.3.121.125:34027), 6f6635457c9140d8b86a65a3531946b6 (127.3.121.124:37047)
I20260601 13:33:24.671315  4720 tablet_service.cc:1917] Received RequestConsensusVote() RPC: tablet_id: "00000000000000000000000000000000" candidate_uuid: "01a15db6cb5748998915a987b1a3d89f" candidate_term: 1 candidate_status { last_received { term: 0 index: 0 } } ignore_live_leader: false dest_uuid: "270462bbfd8f4350aed12b6530a177c7" is_pre_election: true
I20260601 13:33:24.671416  4788 tablet_service.cc:1917] Received RequestConsensusVote() RPC: tablet_id: "00000000000000000000000000000000" candidate_uuid: "01a15db6cb5748998915a987b1a3d89f" candidate_term: 1 candidate_status { last_received { term: 0 index: 0 } } ignore_live_leader: false dest_uuid: "6f6635457c9140d8b86a65a3531946b6" is_pre_election: true
I20260601 13:33:24.671490  4720 raft_consensus.cc:2468] T 00000000000000000000000000000000 P 270462bbfd8f4350aed12b6530a177c7 [term 0 FOLLOWER]: Leader pre-election vote request: Granting yes vote for candidate 01a15db6cb5748998915a987b1a3d89f in term 0.
I20260601 13:33:24.671526  4788 raft_consensus.cc:2468] T 00000000000000000000000000000000 P 6f6635457c9140d8b86a65a3531946b6 [term 0 FOLLOWER]: Leader pre-election vote request: Granting yes vote for candidate 01a15db6cb5748998915a987b1a3d89f in term 0.
I20260601 13:33:24.671854  4630 leader_election.cc:304] T 00000000000000000000000000000000 P 01a15db6cb5748998915a987b1a3d89f [CANDIDATE]: Term 1 pre-election: Election decided. Result: candidate won. Election summary: received 2 responses out of 3 voters: 2 yes votes; 0 no votes. yes voters: 01a15db6cb5748998915a987b1a3d89f, 6f6635457c9140d8b86a65a3531946b6; no voters: 
I20260601 13:33:24.672057  4845 raft_consensus.cc:2804] T 00000000000000000000000000000000 P 01a15db6cb5748998915a987b1a3d89f [term 0 FOLLOWER]: Leader pre-election won for term 1
I20260601 13:33:24.672118  4845 raft_consensus.cc:493] T 00000000000000000000000000000000 P 01a15db6cb5748998915a987b1a3d89f [term 0 FOLLOWER]: Starting leader election (no leader contacted us within the election timeout)
I20260601 13:33:24.672174  4845 raft_consensus.cc:3060] T 00000000000000000000000000000000 P 01a15db6cb5748998915a987b1a3d89f [term 0 FOLLOWER]: Advancing to term 1
I20260601 13:33:24.673138  4845 raft_consensus.cc:515] T 00000000000000000000000000000000 P 01a15db6cb5748998915a987b1a3d89f [term 1 FOLLOWER]: Starting leader election with config: opid_index: -1 OBSOLETE_local: false peers { permanent_uuid: "01a15db6cb5748998915a987b1a3d89f" member_type: VOTER last_known_addr { host: "127.3.121.126" port: 45855 } } peers { permanent_uuid: "270462bbfd8f4350aed12b6530a177c7" member_type: VOTER last_known_addr { host: "127.3.121.125" port: 34027 } } peers { permanent_uuid: "6f6635457c9140d8b86a65a3531946b6" member_type: VOTER last_known_addr { host: "127.3.121.124" port: 37047 } }
I20260601 13:33:24.673516  4845 leader_election.cc:290] T 00000000000000000000000000000000 P 01a15db6cb5748998915a987b1a3d89f [CANDIDATE]: Term 1 election: Requested vote from peers 270462bbfd8f4350aed12b6530a177c7 (127.3.121.125:34027), 6f6635457c9140d8b86a65a3531946b6 (127.3.121.124:37047)
I20260601 13:33:24.673882  4788 tablet_service.cc:1917] Received RequestConsensusVote() RPC: tablet_id: "00000000000000000000000000000000" candidate_uuid: "01a15db6cb5748998915a987b1a3d89f" candidate_term: 1 candidate_status { last_received { term: 0 index: 0 } } ignore_live_leader: false dest_uuid: "6f6635457c9140d8b86a65a3531946b6"
I20260601 13:33:24.673903  4720 tablet_service.cc:1917] Received RequestConsensusVote() RPC: tablet_id: "00000000000000000000000000000000" candidate_uuid: "01a15db6cb5748998915a987b1a3d89f" candidate_term: 1 candidate_status { last_received { term: 0 index: 0 } } ignore_live_leader: false dest_uuid: "270462bbfd8f4350aed12b6530a177c7"
I20260601 13:33:24.673995  4788 raft_consensus.cc:3060] T 00000000000000000000000000000000 P 6f6635457c9140d8b86a65a3531946b6 [term 0 FOLLOWER]: Advancing to term 1
I20260601 13:33:24.674005  4720 raft_consensus.cc:3060] T 00000000000000000000000000000000 P 270462bbfd8f4350aed12b6530a177c7 [term 0 FOLLOWER]: Advancing to term 1
I20260601 13:33:24.674860  4788 raft_consensus.cc:2468] T 00000000000000000000000000000000 P 6f6635457c9140d8b86a65a3531946b6 [term 1 FOLLOWER]: Leader election vote request: Granting yes vote for candidate 01a15db6cb5748998915a987b1a3d89f in term 1.
I20260601 13:33:24.675050  4720 raft_consensus.cc:2468] T 00000000000000000000000000000000 P 270462bbfd8f4350aed12b6530a177c7 [term 1 FOLLOWER]: Leader election vote request: Granting yes vote for candidate 01a15db6cb5748998915a987b1a3d89f in term 1.
I20260601 13:33:24.675148  4630 leader_election.cc:304] T 00000000000000000000000000000000 P 01a15db6cb5748998915a987b1a3d89f [CANDIDATE]: Term 1 election: Election decided. Result: candidate won. Election summary: received 2 responses out of 3 voters: 2 yes votes; 0 no votes. yes voters: 01a15db6cb5748998915a987b1a3d89f, 6f6635457c9140d8b86a65a3531946b6; no voters: 
I20260601 13:33:24.675303  4845 raft_consensus.cc:2804] T 00000000000000000000000000000000 P 01a15db6cb5748998915a987b1a3d89f [term 1 FOLLOWER]: Leader election won for term 1
I20260601 13:33:24.675540  4845 raft_consensus.cc:697] T 00000000000000000000000000000000 P 01a15db6cb5748998915a987b1a3d89f [term 1 LEADER]: Becoming Leader. State: Replica: 01a15db6cb5748998915a987b1a3d89f, State: Running, Role: LEADER
I20260601 13:33:24.675681  4845 consensus_queue.cc:237] T 00000000000000000000000000000000 P 01a15db6cb5748998915a987b1a3d89f [LEADER]: Queue going to LEADER mode. State: All replicated index: 0, Majority replicated index: 0, Committed index: 0, Last appended: 0.0, Last appended by leader: 0, Current term: 1, Majority size: 2, State: 0, Mode: LEADER, active raft config: opid_index: -1 OBSOLETE_local: false peers { permanent_uuid: "01a15db6cb5748998915a987b1a3d89f" member_type: VOTER last_known_addr { host: "127.3.121.126" port: 45855 } } peers { permanent_uuid: "270462bbfd8f4350aed12b6530a177c7" member_type: VOTER last_known_addr { host: "127.3.121.125" port: 34027 } } peers { permanent_uuid: "6f6635457c9140d8b86a65a3531946b6" member_type: VOTER last_known_addr { host: "127.3.121.124" port: 37047 } }
I20260601 13:33:24.676362  4950 sys_catalog.cc:455] T 00000000000000000000000000000000 P 01a15db6cb5748998915a987b1a3d89f [sys.catalog]: SysCatalogTable state changed. Reason: New leader 01a15db6cb5748998915a987b1a3d89f. Latest consensus state: current_term: 1 leader_uuid: "01a15db6cb5748998915a987b1a3d89f" committed_config { opid_index: -1 OBSOLETE_local: false peers { permanent_uuid: "01a15db6cb5748998915a987b1a3d89f" member_type: VOTER last_known_addr { host: "127.3.121.126" port: 45855 } } peers { permanent_uuid: "270462bbfd8f4350aed12b6530a177c7" member_type: VOTER last_known_addr { host: "127.3.121.125" port: 34027 } } peers { permanent_uuid: "6f6635457c9140d8b86a65a3531946b6" member_type: VOTER last_known_addr { host: "127.3.121.124" port: 37047 } } }
I20260601 13:33:24.676463  4950 sys_catalog.cc:458] T 00000000000000000000000000000000 P 01a15db6cb5748998915a987b1a3d89f [sys.catalog]: This master's current role is: LEADER
I20260601 13:33:24.676829  4952 catalog_manager.cc:1510] Loading table and tablet metadata into memory...
I20260601 13:33:24.677597  4952 catalog_manager.cc:1519] Initializing Kudu cluster ID...
I20260601 13:33:24.679404  4788 raft_consensus.cc:1275] T 00000000000000000000000000000000 P 6f6635457c9140d8b86a65a3531946b6 [term 1 FOLLOWER]: Refusing update from remote peer 01a15db6cb5748998915a987b1a3d89f: Log matching property violated. Preceding OpId in replica: term: 0 index: 0. Preceding OpId from leader: term: 1 index: 2. (index mismatch)
I20260601 13:33:24.679420  4720 raft_consensus.cc:1275] T 00000000000000000000000000000000 P 270462bbfd8f4350aed12b6530a177c7 [term 1 FOLLOWER]: Refusing update from remote peer 01a15db6cb5748998915a987b1a3d89f: Log matching property violated. Preceding OpId in replica: term: 0 index: 0. Preceding OpId from leader: term: 1 index: 2. (index mismatch)
I20260601 13:33:24.679790  4845 consensus_queue.cc:1048] T 00000000000000000000000000000000 P 01a15db6cb5748998915a987b1a3d89f [LEADER]: Connected to new peer: Peer: permanent_uuid: "6f6635457c9140d8b86a65a3531946b6" member_type: VOTER last_known_addr { host: "127.3.121.124" port: 37047 }, Status: LMP_MISMATCH, Last received: 0.0, Next index: 1, Last known committed idx: 0, Time since last communication: 0.000s
I20260601 13:33:24.679905  4950 consensus_queue.cc:1048] T 00000000000000000000000000000000 P 01a15db6cb5748998915a987b1a3d89f [LEADER]: Connected to new peer: Peer: permanent_uuid: "270462bbfd8f4350aed12b6530a177c7" member_type: VOTER last_known_addr { host: "127.3.121.125" port: 34027 }, Status: LMP_MISMATCH, Last received: 0.0, Next index: 1, Last known committed idx: 0, Time since last communication: 0.000s
I20260601 13:33:24.681216  4819 sys_catalog.cc:455] T 00000000000000000000000000000000 P 6f6635457c9140d8b86a65a3531946b6 [sys.catalog]: SysCatalogTable state changed. Reason: New leader 01a15db6cb5748998915a987b1a3d89f. Latest consensus state: current_term: 1 leader_uuid: "01a15db6cb5748998915a987b1a3d89f" committed_config { opid_index: -1 OBSOLETE_local: false peers { permanent_uuid: "01a15db6cb5748998915a987b1a3d89f" member_type: VOTER last_known_addr { host: "127.3.121.126" port: 45855 } } peers { permanent_uuid: "270462bbfd8f4350aed12b6530a177c7" member_type: VOTER last_known_addr { host: "127.3.121.125" port: 34027 } } peers { permanent_uuid: "6f6635457c9140d8b86a65a3531946b6" member_type: VOTER last_known_addr { host: "127.3.121.124" port: 37047 } } }
I20260601 13:33:24.681334  4819 sys_catalog.cc:458] T 00000000000000000000000000000000 P 6f6635457c9140d8b86a65a3531946b6 [sys.catalog]: This master's current role is: FOLLOWER
I20260601 13:33:24.681403  4832 sys_catalog.cc:455] T 00000000000000000000000000000000 P 270462bbfd8f4350aed12b6530a177c7 [sys.catalog]: SysCatalogTable state changed. Reason: New leader 01a15db6cb5748998915a987b1a3d89f. Latest consensus state: current_term: 1 leader_uuid: "01a15db6cb5748998915a987b1a3d89f" committed_config { opid_index: -1 OBSOLETE_local: false peers { permanent_uuid: "01a15db6cb5748998915a987b1a3d89f" member_type: VOTER last_known_addr { host: "127.3.121.126" port: 45855 } } peers { permanent_uuid: "270462bbfd8f4350aed12b6530a177c7" member_type: VOTER last_known_addr { host: "127.3.121.125" port: 34027 } } peers { permanent_uuid: "6f6635457c9140d8b86a65a3531946b6" member_type: VOTER last_known_addr { host: "127.3.121.124" port: 37047 } } }
I20260601 13:33:24.681509  4832 sys_catalog.cc:458] T 00000000000000000000000000000000 P 270462bbfd8f4350aed12b6530a177c7 [sys.catalog]: This master's current role is: FOLLOWER
I20260601 13:33:24.682840  4958 sys_catalog.cc:455] T 00000000000000000000000000000000 P 01a15db6cb5748998915a987b1a3d89f [sys.catalog]: SysCatalogTable state changed. Reason: Peer health change. Latest consensus state: current_term: 1 leader_uuid: "01a15db6cb5748998915a987b1a3d89f" committed_config { opid_index: -1 OBSOLETE_local: false peers { permanent_uuid: "01a15db6cb5748998915a987b1a3d89f" member_type: VOTER last_known_addr { host: "127.3.121.126" port: 45855 } } peers { permanent_uuid: "270462bbfd8f4350aed12b6530a177c7" member_type: VOTER last_known_addr { host: "127.3.121.125" port: 34027 } } peers { permanent_uuid: "6f6635457c9140d8b86a65a3531946b6" member_type: VOTER last_known_addr { host: "127.3.121.124" port: 37047 } } }
I20260601 13:33:24.682999  4958 sys_catalog.cc:458] T 00000000000000000000000000000000 P 01a15db6cb5748998915a987b1a3d89f [sys.catalog]: This master's current role is: LEADER
I20260601 13:33:24.683075  4819 sys_catalog.cc:455] T 00000000000000000000000000000000 P 6f6635457c9140d8b86a65a3531946b6 [sys.catalog]: SysCatalogTable state changed. Reason: Replicated consensus-only round. Latest consensus state: current_term: 1 leader_uuid: "01a15db6cb5748998915a987b1a3d89f" committed_config { opid_index: -1 OBSOLETE_local: false peers { permanent_uuid: "01a15db6cb5748998915a987b1a3d89f" member_type: VOTER last_known_addr { host: "127.3.121.126" port: 45855 } } peers { permanent_uuid: "270462bbfd8f4350aed12b6530a177c7" member_type: VOTER last_known_addr { host: "127.3.121.125" port: 34027 } } peers { permanent_uuid: "6f6635457c9140d8b86a65a3531946b6" member_type: VOTER last_known_addr { host: "127.3.121.124" port: 37047 } } }
I20260601 13:33:24.683175  4819 sys_catalog.cc:458] T 00000000000000000000000000000000 P 6f6635457c9140d8b86a65a3531946b6 [sys.catalog]: This master's current role is: FOLLOWER
I20260601 13:33:24.683194  4832 sys_catalog.cc:455] T 00000000000000000000000000000000 P 270462bbfd8f4350aed12b6530a177c7 [sys.catalog]: SysCatalogTable state changed. Reason: Replicated consensus-only round. Latest consensus state: current_term: 1 leader_uuid: "01a15db6cb5748998915a987b1a3d89f" committed_config { opid_index: -1 OBSOLETE_local: false peers { permanent_uuid: "01a15db6cb5748998915a987b1a3d89f" member_type: VOTER last_known_addr { host: "127.3.121.126" port: 45855 } } peers { permanent_uuid: "270462bbfd8f4350aed12b6530a177c7" member_type: VOTER last_known_addr { host: "127.3.121.125" port: 34027 } } peers { permanent_uuid: "6f6635457c9140d8b86a65a3531946b6" member_type: VOTER last_known_addr { host: "127.3.121.124" port: 37047 } } }
I20260601 13:33:24.683234  4950 sys_catalog.cc:455] T 00000000000000000000000000000000 P 01a15db6cb5748998915a987b1a3d89f [sys.catalog]: SysCatalogTable state changed. Reason: Peer health change. Latest consensus state: current_term: 1 leader_uuid: "01a15db6cb5748998915a987b1a3d89f" committed_config { opid_index: -1 OBSOLETE_local: false peers { permanent_uuid: "01a15db6cb5748998915a987b1a3d89f" member_type: VOTER last_known_addr { host: "127.3.121.126" port: 45855 } } peers { permanent_uuid: "270462bbfd8f4350aed12b6530a177c7" member_type: VOTER last_known_addr { host: "127.3.121.125" port: 34027 } } peers { permanent_uuid: "6f6635457c9140d8b86a65a3531946b6" member_type: VOTER last_known_addr { host: "127.3.121.124" port: 37047 } } }
I20260601 13:33:24.683290  4832 sys_catalog.cc:458] T 00000000000000000000000000000000 P 270462bbfd8f4350aed12b6530a177c7 [sys.catalog]: This master's current role is: FOLLOWER
I20260601 13:33:24.683315  4950 sys_catalog.cc:458] T 00000000000000000000000000000000 P 01a15db6cb5748998915a987b1a3d89f [sys.catalog]: This master's current role is: LEADER
I20260601 13:33:24.684633  4952 catalog_manager.cc:1382] Generated new cluster ID: e7493e3da4ae4d5f937bbccf15fddd1e
I20260601 13:33:24.684695  4952 catalog_manager.cc:1530] Initializing Kudu internal certificate authority...
I20260601 13:33:24.695784  4952 catalog_manager.cc:1405] Generated new certificate authority record
I20260601 13:33:24.696652  4952 catalog_manager.cc:1539] Loading token signing keys...
I20260601 13:33:24.709656  3557 rpc_server.cc:225] running with OpenSSL 1.1.1  11 Sep 2018
I20260601 13:33:24.710204  3557 kserver.cc:163] Server-wide thread pool size limit: 3276
I20260601 13:33:24.710613  3557 txn_system_client.cc:432] TxnSystemClient initialization is disabled...
I20260601 13:33:24.711212  3557 ts_tablet_manager.cc:585] Loaded tablet metadata (0 total tablets, 0 live tablets)
I20260601 13:33:24.711313  3557 ts_tablet_manager.cc:531] Time spent load tablet metadata: real 0.000s	user 0.000s	sys 0.000s
I20260601 13:33:24.711406  3557 ts_tablet_manager.cc:616] Registered 0 tablets
I20260601 13:33:24.711474  3557 ts_tablet_manager.cc:595] Time spent register tablets: real 0.000s	user 0.000s	sys 0.000s
I20260601 13:33:24.712450  4952 catalog_manager.cc:6069] T 00000000000000000000000000000000 P 01a15db6cb5748998915a987b1a3d89f: Generated new TSK 0
I20260601 13:33:24.712725  4952 catalog_manager.cc:1549] Initializing in-progress tserver states...
I20260601 13:33:24.717263  3557 rpc_server.cc:307] RPC server started. Bound to: 127.3.121.66:46813
I20260601 13:33:24.717331  5020 acceptor_pool.cc:272] collecting diagnostics on the listening RPC socket 127.3.121.66:46813 every 8 connection(s)
I20260601 13:33:24.718418  3557 file_cache.cc:492] Constructed file cache file cache with capacity 419430
W20260601 13:33:24.721745  5031 instance_detector.cc:116] could not retrieve OpenStack instance metadata: Network error: curl error: HTTP response code said error: The requested URL returned error: 404
I20260601 13:33:24.722275  3557 server_base.cc:1061] running on GCE node
W20260601 13:33:24.723342  5028 instance_detector.cc:116] could not retrieve AWS instance metadata: Network error: curl error: HTTP response code said error: The requested URL returned error: 404
I20260601 13:33:24.723663  5022 heartbeater.cc:344] Connected to a master server at 127.3.121.126:45855
I20260601 13:33:24.723723  5023 heartbeater.cc:344] Connected to a master server at 127.3.121.125:34027
I20260601 13:33:24.723753  5021 heartbeater.cc:344] Connected to a master server at 127.3.121.124:37047
I20260601 13:33:24.723834  5021 heartbeater.cc:461] Registering TS with master...
I20260601 13:33:24.723811  5023 heartbeater.cc:461] Registering TS with master...
I20260601 13:33:24.723762  5022 heartbeater.cc:461] Registering TS with master...
W20260601 13:33:24.723887  5029 instance_detector.cc:116] could not retrieve Azure instance metadata: Network error: curl error: HTTP response code said error: The requested URL returned error: 404
I20260601 13:33:24.724140  5023 heartbeater.cc:507] Master 127.3.121.125:34027 requested a full tablet report, sending...
I20260601 13:33:24.724116  3557 hybrid_clock.cc:584] initializing the hybrid clock with 'system_unsync' time source
I20260601 13:33:24.724135  5022 heartbeater.cc:507] Master 127.3.121.126:45855 requested a full tablet report, sending...
W20260601 13:33:24.724262  3557 system_unsync_time.cc:38] NTP support is disabled. Clock error bounds will not be accurate. This configuration is not suitable for distributed clusters.
I20260601 13:33:24.724133  5021 heartbeater.cc:507] Master 127.3.121.124:37047 requested a full tablet report, sending...
I20260601 13:33:24.724290  3557 hybrid_clock.cc:648] HybridClock initialized: now 1780320804724290 us; error 0 us; skew 500 ppm
I20260601 13:33:24.724822  4643 ts_manager.cc:194] Registered new tserver with Master: 71bea6160b1049b7829811f243c9a7c6 (127.3.121.66:46813)
I20260601 13:33:24.724829  4710 ts_manager.cc:194] Registered new tserver with Master: 71bea6160b1049b7829811f243c9a7c6 (127.3.121.66:46813)
I20260601 13:33:24.724990  4778 ts_manager.cc:194] Registered new tserver with Master: 71bea6160b1049b7829811f243c9a7c6 (127.3.121.66:46813)
I20260601 13:33:24.725354  3557 webserver.cc:533] Webserver started at http://127.3.121.67:45585/ using document root <none> and password file <none>
I20260601 13:33:24.725504  3557 fs_manager.cc:362] Metadata directory not provided
I20260601 13:33:24.725551  3557 fs_manager.cc:368] Using write-ahead log directory (fs_wal_dir) as metadata directory
I20260601 13:33:24.725600  3557 server_base.cc:909] This appears to be a new deployment of Kudu; creating new FS layout
I20260601 13:33:24.725713  4643 master_service.cc:502] Signed X509 certificate for tserver {username='slave'} at 127.0.0.1:56290
I20260601 13:33:24.725916  3557 fs_manager.cc:1068] Generated new instance metadata in path /tmp/dist-test-taskfahzce/test-tmp/auto_rebalancer-test.0.AutoRebalancerTest.NextLeaderResumesAutoRebalancing.1780320794345062-3557-0/minicluster-data/ts-2-root/instance:
uuid: "846775eb312b4d2584875340ede50c0e"
format_stamp: "Formatted at 2026-06-01 13:33:24 on dist-test-slave-xnxg"
I20260601 13:33:24.727361  3557 fs_manager.cc:696] Time spent creating directory manager: real 0.001s	user 0.000s	sys 0.002s
I20260601 13:33:24.728440  5037 log_block_manager.cc:4031] Time spent loading block containers with low live blocks: real 0.000s	user 0.000s	sys 0.000s
I20260601 13:33:24.728790  3557 fs_manager.cc:730] Time spent opening block manager: real 0.001s	user 0.000s	sys 0.001s
I20260601 13:33:24.728865  3557 fs_manager.cc:647] Opened local filesystem: /tmp/dist-test-taskfahzce/test-tmp/auto_rebalancer-test.0.AutoRebalancerTest.NextLeaderResumesAutoRebalancing.1780320794345062-3557-0/minicluster-data/ts-2-root
uuid: "846775eb312b4d2584875340ede50c0e"
format_stamp: "Formatted at 2026-06-01 13:33:24 on dist-test-slave-xnxg"
I20260601 13:33:24.728917  3557 fs_report.cc:389] FS layout report
--------------------
wal directory: /tmp/dist-test-taskfahzce/test-tmp/auto_rebalancer-test.0.AutoRebalancerTest.NextLeaderResumesAutoRebalancing.1780320794345062-3557-0/minicluster-data/ts-2-root
metadata directory: /tmp/dist-test-taskfahzce/test-tmp/auto_rebalancer-test.0.AutoRebalancerTest.NextLeaderResumesAutoRebalancing.1780320794345062-3557-0/minicluster-data/ts-2-root
1 data directories: /tmp/dist-test-taskfahzce/test-tmp/auto_rebalancer-test.0.AutoRebalancerTest.NextLeaderResumesAutoRebalancing.1780320794345062-3557-0/minicluster-data/ts-2-root/data
Total live blocks: 0
Total live bytes: 0
Total live bytes (after alignment): 0
Total number of LBM containers: 0 (0 full)
Did not check for missing blocks
Did not check for orphaned blocks
Total full LBM containers with extra space: 0 (0 repaired)
Total full LBM container extra space in bytes: 0 (0 repaired)
Total incomplete LBM containers: 0 (0 repaired)
Total LBM partial records: 0 (0 repaired)
Total corrupted LBM metadata records in RocksDB: 0 (0 repaired)
I20260601 13:33:24.745626  3557 rpc_server.cc:225] running with OpenSSL 1.1.1  11 Sep 2018
I20260601 13:33:24.746070  3557 kserver.cc:163] Server-wide thread pool size limit: 3276
I20260601 13:33:24.746362  3557 txn_system_client.cc:432] TxnSystemClient initialization is disabled...
I20260601 13:33:24.746903  3557 ts_tablet_manager.cc:585] Loaded tablet metadata (0 total tablets, 0 live tablets)
I20260601 13:33:24.746942  3557 ts_tablet_manager.cc:531] Time spent load tablet metadata: real 0.000s	user 0.000s	sys 0.000s
I20260601 13:33:24.746974  3557 ts_tablet_manager.cc:616] Registered 0 tablets
I20260601 13:33:24.746989  3557 ts_tablet_manager.cc:595] Time spent register tablets: real 0.000s	user 0.000s	sys 0.000s
I20260601 13:33:24.751967  3557 rpc_server.cc:307] RPC server started. Bound to: 127.3.121.67:38127
I20260601 13:33:24.752162  5100 acceptor_pool.cc:272] collecting diagnostics on the listening RPC socket 127.3.121.67:38127 every 8 connection(s)
I20260601 13:33:24.757376  5101 heartbeater.cc:344] Connected to a master server at 127.3.121.124:37047
I20260601 13:33:24.757514  5101 heartbeater.cc:461] Registering TS with master...
I20260601 13:33:24.757794  5101 heartbeater.cc:507] Master 127.3.121.124:37047 requested a full tablet report, sending...
I20260601 13:33:24.758077  5102 heartbeater.cc:344] Connected to a master server at 127.3.121.126:45855
I20260601 13:33:24.758183  5102 heartbeater.cc:461] Registering TS with master...
I20260601 13:33:24.758404  5102 heartbeater.cc:507] Master 127.3.121.126:45855 requested a full tablet report, sending...
I20260601 13:33:24.758647  5103 heartbeater.cc:344] Connected to a master server at 127.3.121.125:34027
I20260601 13:33:24.758647  4778 ts_manager.cc:194] Registered new tserver with Master: 846775eb312b4d2584875340ede50c0e (127.3.121.67:38127)
I20260601 13:33:24.758754  5103 heartbeater.cc:461] Registering TS with master...
I20260601 13:33:24.758950  5103 heartbeater.cc:507] Master 127.3.121.125:34027 requested a full tablet report, sending...
