I20260601 13:33:17.837316 21685 consensus_queue.cc:260] T afa43117ea0f422fb44e4911987901c4 P a0c9628d76e34493be2b47933310258b [NON_LEADER]: Queue going to NON_LEADER mode. State: All replicated index: 0, Majority replicated index: 0, Committed index: 0, Last appended: 0.0, Last appended by leader: 0, Current term: 0, Majority size: -1, State: 0, Mode: NON_LEADER, active raft config: opid_index: -1 OBSOLETE_local: false peers { permanent_uuid: "c9799edb7b6648a6bb152e012977f63f" member_type: VOTER last_known_addr { host: "127.20.83.129" port: 38153 } } peers { permanent_uuid: "506e23d449934debaab34ded56d37392" member_type: VOTER last_known_addr { host: "127.20.83.130" port: 41627 } } peers { permanent_uuid: "a0c9628d76e34493be2b47933310258b" member_type: VOTER last_known_addr { host: "127.20.83.131" port: 43563 } }
I20260601 13:33:17.837358 21683 consensus_queue.cc:260] T 3aad53c1dad9427cb861d91cb64b9d41 P 506e23d449934debaab34ded56d37392 [NON_LEADER]: Queue going to NON_LEADER mode. State: All replicated index: 0, Majority replicated index: 0, Committed index: 0, Last appended: 0.0, Last appended by leader: 0, Current term: 0, Majority size: -1, State: 0, Mode: NON_LEADER, active raft config: opid_index: -1 OBSOLETE_local: false peers { permanent_uuid: "c9799edb7b6648a6bb152e012977f63f" member_type: VOTER last_known_addr { host: "127.20.83.129" port: 38153 } } peers { permanent_uuid: "506e23d449934debaab34ded56d37392" member_type: VOTER last_known_addr { host: "127.20.83.130" port: 41627 } } peers { permanent_uuid: "a0c9628d76e34493be2b47933310258b" member_type: VOTER last_known_addr { host: "127.20.83.131" port: 43563 } }
I20260601 13:33:17.837608 21685 ts_tablet_manager.cc:1434] T afa43117ea0f422fb44e4911987901c4 P a0c9628d76e34493be2b47933310258b: Time spent starting tablet: real 0.001s	user 0.000s	sys 0.000s
I20260601 13:33:17.837693 21683 ts_tablet_manager.cc:1434] T 3aad53c1dad9427cb861d91cb64b9d41 P 506e23d449934debaab34ded56d37392: Time spent starting tablet: real 0.001s	user 0.000s	sys 0.002s
I20260601 13:33:17.837805 21685 tablet_bootstrap.cc:492] T 3aad53c1dad9427cb861d91cb64b9d41 P a0c9628d76e34493be2b47933310258b: Bootstrap starting.
I20260601 13:33:17.837895 21683 tablet_bootstrap.cc:492] T d21b252e46bf42ac9c7eec5e4e168058 P 506e23d449934debaab34ded56d37392: Bootstrap starting.
I20260601 13:33:17.837423 21682 raft_consensus.cc:359] T 3aad53c1dad9427cb861d91cb64b9d41 P c9799edb7b6648a6bb152e012977f63f [term 0 FOLLOWER]: Replica starting. Triggering 0 pending ops. Active config: opid_index: -1 OBSOLETE_local: false peers { permanent_uuid: "c9799edb7b6648a6bb152e012977f63f" member_type: VOTER last_known_addr { host: "127.20.83.129" port: 38153 } } peers { permanent_uuid: "506e23d449934debaab34ded56d37392" member_type: VOTER last_known_addr { host: "127.20.83.130" port: 41627 } } peers { permanent_uuid: "a0c9628d76e34493be2b47933310258b" member_type: VOTER last_known_addr { host: "127.20.83.131" port: 43563 } }
I20260601 13:33:17.838835 21685 tablet_bootstrap.cc:654] T 3aad53c1dad9427cb861d91cb64b9d41 P a0c9628d76e34493be2b47933310258b: Neither blocks nor log segments found. Creating new log.
I20260601 13:33:17.839155 21683 tablet_bootstrap.cc:654] T d21b252e46bf42ac9c7eec5e4e168058 P 506e23d449934debaab34ded56d37392: Neither blocks nor log segments found. Creating new log.
I20260601 13:33:17.840005 21682 raft_consensus.cc:385] T 3aad53c1dad9427cb861d91cb64b9d41 P c9799edb7b6648a6bb152e012977f63f [term 0 FOLLOWER]: Consensus starting up: Expiring failure detector timer to make a prompt election more likely
I20260601 13:33:17.840076 21682 raft_consensus.cc:740] T 3aad53c1dad9427cb861d91cb64b9d41 P c9799edb7b6648a6bb152e012977f63f [term 0 FOLLOWER]: Becoming Follower/Learner. State: Replica: c9799edb7b6648a6bb152e012977f63f, State: Initialized, Role: FOLLOWER
I20260601 13:33:17.840214 21682 consensus_queue.cc:260] T 3aad53c1dad9427cb861d91cb64b9d41 P c9799edb7b6648a6bb152e012977f63f [NON_LEADER]: Queue going to NON_LEADER mode. State: All replicated index: 0, Majority replicated index: 0, Committed index: 0, Last appended: 0.0, Last appended by leader: 0, Current term: 0, Majority size: -1, State: 0, Mode: NON_LEADER, active raft config: opid_index: -1 OBSOLETE_local: false peers { permanent_uuid: "c9799edb7b6648a6bb152e012977f63f" member_type: VOTER last_known_addr { host: "127.20.83.129" port: 38153 } } peers { permanent_uuid: "506e23d449934debaab34ded56d37392" member_type: VOTER last_known_addr { host: "127.20.83.130" port: 41627 } } peers { permanent_uuid: "a0c9628d76e34493be2b47933310258b" member_type: VOTER last_known_addr { host: "127.20.83.131" port: 43563 } }
I20260601 13:33:17.840539 21682 ts_tablet_manager.cc:1434] T 3aad53c1dad9427cb861d91cb64b9d41 P c9799edb7b6648a6bb152e012977f63f: Time spent starting tablet: real 0.004s	user 0.001s	sys 0.000s
I20260601 13:33:17.840703 21683 tablet_bootstrap.cc:492] T d21b252e46bf42ac9c7eec5e4e168058 P 506e23d449934debaab34ded56d37392: No bootstrap required, opened a new log
I20260601 13:33:17.840806 21683 ts_tablet_manager.cc:1403] T d21b252e46bf42ac9c7eec5e4e168058 P 506e23d449934debaab34ded56d37392: Time spent bootstrapping tablet: real 0.003s	user 0.000s	sys 0.002s
I20260601 13:33:17.841220 21683 raft_consensus.cc:359] T d21b252e46bf42ac9c7eec5e4e168058 P 506e23d449934debaab34ded56d37392 [term 0 FOLLOWER]: Replica starting. Triggering 0 pending ops. Active config: opid_index: -1 OBSOLETE_local: false peers { permanent_uuid: "c9799edb7b6648a6bb152e012977f63f" member_type: VOTER last_known_addr { host: "127.20.83.129" port: 38153 } } peers { permanent_uuid: "506e23d449934debaab34ded56d37392" member_type: VOTER last_known_addr { host: "127.20.83.130" port: 41627 } } peers { permanent_uuid: "a0c9628d76e34493be2b47933310258b" member_type: VOTER last_known_addr { host: "127.20.83.131" port: 43563 } }
I20260601 13:33:17.841380 21683 raft_consensus.cc:385] T d21b252e46bf42ac9c7eec5e4e168058 P 506e23d449934debaab34ded56d37392 [term 0 FOLLOWER]: Consensus starting up: Expiring failure detector timer to make a prompt election more likely
I20260601 13:33:17.841441 21683 raft_consensus.cc:740] T d21b252e46bf42ac9c7eec5e4e168058 P 506e23d449934debaab34ded56d37392 [term 0 FOLLOWER]: Becoming Follower/Learner. State: Replica: 506e23d449934debaab34ded56d37392, State: Initialized, Role: FOLLOWER
I20260601 13:33:17.841568 21685 tablet_bootstrap.cc:492] T 3aad53c1dad9427cb861d91cb64b9d41 P a0c9628d76e34493be2b47933310258b: No bootstrap required, opened a new log
I20260601 13:33:17.841655 21685 ts_tablet_manager.cc:1403] T 3aad53c1dad9427cb861d91cb64b9d41 P a0c9628d76e34493be2b47933310258b: Time spent bootstrapping tablet: real 0.004s	user 0.002s	sys 0.000s
I20260601 13:33:17.841605 21683 consensus_queue.cc:260] T d21b252e46bf42ac9c7eec5e4e168058 P 506e23d449934debaab34ded56d37392 [NON_LEADER]: Queue going to NON_LEADER mode. State: All replicated index: 0, Majority replicated index: 0, Committed index: 0, Last appended: 0.0, Last appended by leader: 0, Current term: 0, Majority size: -1, State: 0, Mode: NON_LEADER, active raft config: opid_index: -1 OBSOLETE_local: false peers { permanent_uuid: "c9799edb7b6648a6bb152e012977f63f" member_type: VOTER last_known_addr { host: "127.20.83.129" port: 38153 } } peers { permanent_uuid: "506e23d449934debaab34ded56d37392" member_type: VOTER last_known_addr { host: "127.20.83.130" port: 41627 } } peers { permanent_uuid: "a0c9628d76e34493be2b47933310258b" member_type: VOTER last_known_addr { host: "127.20.83.131" port: 43563 } }
I20260601 13:33:17.842005 21683 ts_tablet_manager.cc:1434] T d21b252e46bf42ac9c7eec5e4e168058 P 506e23d449934debaab34ded56d37392: Time spent starting tablet: real 0.001s	user 0.000s	sys 0.001s
I20260601 13:33:17.842082 21685 raft_consensus.cc:359] T 3aad53c1dad9427cb861d91cb64b9d41 P a0c9628d76e34493be2b47933310258b [term 0 FOLLOWER]: Replica starting. Triggering 0 pending ops. Active config: opid_index: -1 OBSOLETE_local: false peers { permanent_uuid: "c9799edb7b6648a6bb152e012977f63f" member_type: VOTER last_known_addr { host: "127.20.83.129" port: 38153 } } peers { permanent_uuid: "506e23d449934debaab34ded56d37392" member_type: VOTER last_known_addr { host: "127.20.83.130" port: 41627 } } peers { permanent_uuid: "a0c9628d76e34493be2b47933310258b" member_type: VOTER last_known_addr { host: "127.20.83.131" port: 43563 } }
I20260601 13:33:17.842180 21685 raft_consensus.cc:385] T 3aad53c1dad9427cb861d91cb64b9d41 P a0c9628d76e34493be2b47933310258b [term 0 FOLLOWER]: Consensus starting up: Expiring failure detector timer to make a prompt election more likely
I20260601 13:33:17.842240 21685 raft_consensus.cc:740] T 3aad53c1dad9427cb861d91cb64b9d41 P a0c9628d76e34493be2b47933310258b [term 0 FOLLOWER]: Becoming Follower/Learner. State: Replica: a0c9628d76e34493be2b47933310258b, State: Initialized, Role: FOLLOWER
I20260601 13:33:17.842372 21685 consensus_queue.cc:260] T 3aad53c1dad9427cb861d91cb64b9d41 P a0c9628d76e34493be2b47933310258b [NON_LEADER]: Queue going to NON_LEADER mode. State: All replicated index: 0, Majority replicated index: 0, Committed index: 0, Last appended: 0.0, Last appended by leader: 0, Current term: 0, Majority size: -1, State: 0, Mode: NON_LEADER, active raft config: opid_index: -1 OBSOLETE_local: false peers { permanent_uuid: "c9799edb7b6648a6bb152e012977f63f" member_type: VOTER last_known_addr { host: "127.20.83.129" port: 38153 } } peers { permanent_uuid: "506e23d449934debaab34ded56d37392" member_type: VOTER last_known_addr { host: "127.20.83.130" port: 41627 } } peers { permanent_uuid: "a0c9628d76e34493be2b47933310258b" member_type: VOTER last_known_addr { host: "127.20.83.131" port: 43563 } }
I20260601 13:33:17.842669 21685 ts_tablet_manager.cc:1434] T 3aad53c1dad9427cb861d91cb64b9d41 P a0c9628d76e34493be2b47933310258b: Time spent starting tablet: real 0.001s	user 0.000s	sys 0.000s
I20260601 13:33:17.849601 21696 raft_consensus.cc:493] T d21b252e46bf42ac9c7eec5e4e168058 P a0c9628d76e34493be2b47933310258b [term 0 FOLLOWER]: Starting pre-election (no leader contacted us within the election timeout)
I20260601 13:33:17.849727 21696 raft_consensus.cc:515] T d21b252e46bf42ac9c7eec5e4e168058 P a0c9628d76e34493be2b47933310258b [term 0 FOLLOWER]: Starting pre-election with config: opid_index: -1 OBSOLETE_local: false peers { permanent_uuid: "c9799edb7b6648a6bb152e012977f63f" member_type: VOTER last_known_addr { host: "127.20.83.129" port: 38153 } } peers { permanent_uuid: "506e23d449934debaab34ded56d37392" member_type: VOTER last_known_addr { host: "127.20.83.130" port: 41627 } } peers { permanent_uuid: "a0c9628d76e34493be2b47933310258b" member_type: VOTER last_known_addr { host: "127.20.83.131" port: 43563 } }
I20260601 13:33:17.850281 21696 leader_election.cc:290] T d21b252e46bf42ac9c7eec5e4e168058 P a0c9628d76e34493be2b47933310258b [CANDIDATE]: Term 1 pre-election: Requested pre-vote from peers c9799edb7b6648a6bb152e012977f63f (127.20.83.129:38153), 506e23d449934debaab34ded56d37392 (127.20.83.130:41627)
I20260601 13:33:17.854650 21485 tablet_service.cc:1917] Received RequestConsensusVote() RPC: tablet_id: "d21b252e46bf42ac9c7eec5e4e168058" candidate_uuid: "a0c9628d76e34493be2b47933310258b" candidate_term: 1 candidate_status { last_received { term: 0 index: 0 } } ignore_live_leader: false dest_uuid: "c9799edb7b6648a6bb152e012977f63f" is_pre_election: true
I20260601 13:33:17.854827 21485 raft_consensus.cc:2468] T d21b252e46bf42ac9c7eec5e4e168058 P c9799edb7b6648a6bb152e012977f63f [term 0 FOLLOWER]: Leader pre-election vote request: Granting yes vote for candidate a0c9628d76e34493be2b47933310258b in term 0.
I20260601 13:33:17.854985 21561 tablet_service.cc:1917] Received RequestConsensusVote() RPC: tablet_id: "d21b252e46bf42ac9c7eec5e4e168058" candidate_uuid: "a0c9628d76e34493be2b47933310258b" candidate_term: 1 candidate_status { last_received { term: 0 index: 0 } } ignore_live_leader: false dest_uuid: "506e23d449934debaab34ded56d37392" is_pre_election: true
I20260601 13:33:17.855118 21561 raft_consensus.cc:2468] T d21b252e46bf42ac9c7eec5e4e168058 P 506e23d449934debaab34ded56d37392 [term 0 FOLLOWER]: Leader pre-election vote request: Granting yes vote for candidate a0c9628d76e34493be2b47933310258b in term 0.
I20260601 13:33:17.855118 21601 leader_election.cc:304] T d21b252e46bf42ac9c7eec5e4e168058 P a0c9628d76e34493be2b47933310258b [CANDIDATE]: Term 1 pre-election: Election decided. Result: candidate won. Election summary: received 2 responses out of 3 voters: 2 yes votes; 0 no votes. yes voters: a0c9628d76e34493be2b47933310258b, c9799edb7b6648a6bb152e012977f63f; no voters: 
I20260601 13:33:17.855382 21696 raft_consensus.cc:2804] T d21b252e46bf42ac9c7eec5e4e168058 P a0c9628d76e34493be2b47933310258b [term 0 FOLLOWER]: Leader pre-election won for term 1
I20260601 13:33:17.855450 21696 raft_consensus.cc:493] T d21b252e46bf42ac9c7eec5e4e168058 P a0c9628d76e34493be2b47933310258b [term 0 FOLLOWER]: Starting leader election (no leader contacted us within the election timeout)
I20260601 13:33:17.855510 21696 raft_consensus.cc:3060] T d21b252e46bf42ac9c7eec5e4e168058 P a0c9628d76e34493be2b47933310258b [term 0 FOLLOWER]: Advancing to term 1
I20260601 13:33:17.856410 21696 raft_consensus.cc:515] T d21b252e46bf42ac9c7eec5e4e168058 P a0c9628d76e34493be2b47933310258b [term 1 FOLLOWER]: Starting leader election with config: opid_index: -1 OBSOLETE_local: false peers { permanent_uuid: "c9799edb7b6648a6bb152e012977f63f" member_type: VOTER last_known_addr { host: "127.20.83.129" port: 38153 } } peers { permanent_uuid: "506e23d449934debaab34ded56d37392" member_type: VOTER last_known_addr { host: "127.20.83.130" port: 41627 } } peers { permanent_uuid: "a0c9628d76e34493be2b47933310258b" member_type: VOTER last_known_addr { host: "127.20.83.131" port: 43563 } }
I20260601 13:33:17.856827 21696 leader_election.cc:290] T d21b252e46bf42ac9c7eec5e4e168058 P a0c9628d76e34493be2b47933310258b [CANDIDATE]: Term 1 election: Requested vote from peers c9799edb7b6648a6bb152e012977f63f (127.20.83.129:38153), 506e23d449934debaab34ded56d37392 (127.20.83.130:41627)
I20260601 13:33:17.857146 21561 tablet_service.cc:1917] Received RequestConsensusVote() RPC: tablet_id: "d21b252e46bf42ac9c7eec5e4e168058" candidate_uuid: "a0c9628d76e34493be2b47933310258b" candidate_term: 1 candidate_status { last_received { term: 0 index: 0 } } ignore_live_leader: false dest_uuid: "506e23d449934debaab34ded56d37392"
I20260601 13:33:17.857228 21561 raft_consensus.cc:3060] T d21b252e46bf42ac9c7eec5e4e168058 P 506e23d449934debaab34ded56d37392 [term 0 FOLLOWER]: Advancing to term 1
I20260601 13:33:17.857954 21561 raft_consensus.cc:2468] T d21b252e46bf42ac9c7eec5e4e168058 P 506e23d449934debaab34ded56d37392 [term 1 FOLLOWER]: Leader election vote request: Granting yes vote for candidate a0c9628d76e34493be2b47933310258b in term 1.
I20260601 13:33:17.858186 21485 tablet_service.cc:1917] Received RequestConsensusVote() RPC: tablet_id: "d21b252e46bf42ac9c7eec5e4e168058" candidate_uuid: "a0c9628d76e34493be2b47933310258b" candidate_term: 1 candidate_status { last_received { term: 0 index: 0 } } ignore_live_leader: false dest_uuid: "c9799edb7b6648a6bb152e012977f63f"
I20260601 13:33:17.858294 21485 raft_consensus.cc:3060] T d21b252e46bf42ac9c7eec5e4e168058 P c9799edb7b6648a6bb152e012977f63f [term 0 FOLLOWER]: Advancing to term 1
I20260601 13:33:17.858250 21599 leader_election.cc:304] T d21b252e46bf42ac9c7eec5e4e168058 P a0c9628d76e34493be2b47933310258b [CANDIDATE]: Term 1 election: Election decided. Result: candidate won. Election summary: received 2 responses out of 3 voters: 2 yes votes; 0 no votes. yes voters: 506e23d449934debaab34ded56d37392, a0c9628d76e34493be2b47933310258b; no voters: 
I20260601 13:33:17.858476 21696 raft_consensus.cc:2804] T d21b252e46bf42ac9c7eec5e4e168058 P a0c9628d76e34493be2b47933310258b [term 1 FOLLOWER]: Leader election won for term 1
I20260601 13:33:17.858678 21696 raft_consensus.cc:697] T d21b252e46bf42ac9c7eec5e4e168058 P a0c9628d76e34493be2b47933310258b [term 1 LEADER]: Becoming Leader. State: Replica: a0c9628d76e34493be2b47933310258b, State: Running, Role: LEADER
I20260601 13:33:17.858834 21696 consensus_queue.cc:237] T d21b252e46bf42ac9c7eec5e4e168058 P a0c9628d76e34493be2b47933310258b [LEADER]: Queue going to LEADER mode. State: All replicated index: 0, Majority replicated index: 0, Committed index: 0, Last appended: 0.0, Last appended by leader: 0, Current term: 1, Majority size: 2, State: 0, Mode: LEADER, active raft config: opid_index: -1 OBSOLETE_local: false peers { permanent_uuid: "c9799edb7b6648a6bb152e012977f63f" member_type: VOTER last_known_addr { host: "127.20.83.129" port: 38153 } } peers { permanent_uuid: "506e23d449934debaab34ded56d37392" member_type: VOTER last_known_addr { host: "127.20.83.130" port: 41627 } } peers { permanent_uuid: "a0c9628d76e34493be2b47933310258b" member_type: VOTER last_known_addr { host: "127.20.83.131" port: 43563 } }
I20260601 13:33:17.859208 21485 raft_consensus.cc:2468] T d21b252e46bf42ac9c7eec5e4e168058 P c9799edb7b6648a6bb152e012977f63f [term 1 FOLLOWER]: Leader election vote request: Granting yes vote for candidate a0c9628d76e34493be2b47933310258b in term 1.
I20260601 13:33:17.860673 21381 catalog_manager.cc:5696] T d21b252e46bf42ac9c7eec5e4e168058 P a0c9628d76e34493be2b47933310258b reported cstate change: term changed from 0 to 1, leader changed from <none> to a0c9628d76e34493be2b47933310258b (127.20.83.131). New cstate: current_term: 1 leader_uuid: "a0c9628d76e34493be2b47933310258b" committed_config { opid_index: -1 OBSOLETE_local: false peers { permanent_uuid: "c9799edb7b6648a6bb152e012977f63f" member_type: VOTER last_known_addr { host: "127.20.83.129" port: 38153 } health_report { overall_health: UNKNOWN } } peers { permanent_uuid: "506e23d449934debaab34ded56d37392" member_type: VOTER last_known_addr { host: "127.20.83.130" port: 41627 } health_report { overall_health: UNKNOWN } } peers { permanent_uuid: "a0c9628d76e34493be2b47933310258b" member_type: VOTER last_known_addr { host: "127.20.83.131" port: 43563 } health_report { overall_health: HEALTHY } } }
I20260601 13:33:17.879415 21687 raft_consensus.cc:493] T afa43117ea0f422fb44e4911987901c4 P c9799edb7b6648a6bb152e012977f63f [term 0 FOLLOWER]: Starting pre-election (no leader contacted us within the election timeout)
I20260601 13:33:17.879561 21687 raft_consensus.cc:515] T afa43117ea0f422fb44e4911987901c4 P c9799edb7b6648a6bb152e012977f63f [term 0 FOLLOWER]: Starting pre-election with config: opid_index: -1 OBSOLETE_local: false peers { permanent_uuid: "c9799edb7b6648a6bb152e012977f63f" member_type: VOTER last_known_addr { host: "127.20.83.129" port: 38153 } } peers { permanent_uuid: "506e23d449934debaab34ded56d37392" member_type: VOTER last_known_addr { host: "127.20.83.130" port: 41627 } } peers { permanent_uuid: "a0c9628d76e34493be2b47933310258b" member_type: VOTER last_known_addr { host: "127.20.83.131" port: 43563 } }
I20260601 13:33:17.879987 21687 leader_election.cc:290] T afa43117ea0f422fb44e4911987901c4 P c9799edb7b6648a6bb152e012977f63f [CANDIDATE]: Term 1 pre-election: Requested pre-vote from peers 506e23d449934debaab34ded56d37392 (127.20.83.130:41627), a0c9628d76e34493be2b47933310258b (127.20.83.131:43563)
I20260601 13:33:17.880430 21561 tablet_service.cc:1917] Received RequestConsensusVote() RPC: tablet_id: "afa43117ea0f422fb44e4911987901c4" candidate_uuid: "c9799edb7b6648a6bb152e012977f63f" candidate_term: 1 candidate_status { last_received { term: 0 index: 0 } } ignore_live_leader: false dest_uuid: "506e23d449934debaab34ded56d37392" is_pre_election: true
I20260601 13:33:17.880484 21636 tablet_service.cc:1917] Received RequestConsensusVote() RPC: tablet_id: "afa43117ea0f422fb44e4911987901c4" candidate_uuid: "c9799edb7b6648a6bb152e012977f63f" candidate_term: 1 candidate_status { last_received { term: 0 index: 0 } } ignore_live_leader: false dest_uuid: "a0c9628d76e34493be2b47933310258b" is_pre_election: true
I20260601 13:33:17.880548 21561 raft_consensus.cc:2468] T afa43117ea0f422fb44e4911987901c4 P 506e23d449934debaab34ded56d37392 [term 0 FOLLOWER]: Leader pre-election vote request: Granting yes vote for candidate c9799edb7b6648a6bb152e012977f63f in term 0.
I20260601 13:33:17.880656 21636 raft_consensus.cc:2468] T afa43117ea0f422fb44e4911987901c4 P a0c9628d76e34493be2b47933310258b [term 0 FOLLOWER]: Leader pre-election vote request: Granting yes vote for candidate c9799edb7b6648a6bb152e012977f63f in term 0.
I20260601 13:33:17.880870 21448 leader_election.cc:304] T afa43117ea0f422fb44e4911987901c4 P c9799edb7b6648a6bb152e012977f63f [CANDIDATE]: Term 1 pre-election: Election decided. Result: candidate won. Election summary: received 2 responses out of 3 voters: 2 yes votes; 0 no votes. yes voters: 506e23d449934debaab34ded56d37392, c9799edb7b6648a6bb152e012977f63f; no voters: 
I20260601 13:33:17.881067 21687 raft_consensus.cc:2804] T afa43117ea0f422fb44e4911987901c4 P c9799edb7b6648a6bb152e012977f63f [term 0 FOLLOWER]: Leader pre-election won for term 1
I20260601 13:33:17.881134 21687 raft_consensus.cc:493] T afa43117ea0f422fb44e4911987901c4 P c9799edb7b6648a6bb152e012977f63f [term 0 FOLLOWER]: Starting leader election (no leader contacted us within the election timeout)
I20260601 13:33:17.881181 21687 raft_consensus.cc:3060] T afa43117ea0f422fb44e4911987901c4 P c9799edb7b6648a6bb152e012977f63f [term 0 FOLLOWER]: Advancing to term 1
I20260601 13:33:17.882055 21687 raft_consensus.cc:515] T afa43117ea0f422fb44e4911987901c4 P c9799edb7b6648a6bb152e012977f63f [term 1 FOLLOWER]: Starting leader election with config: opid_index: -1 OBSOLETE_local: false peers { permanent_uuid: "c9799edb7b6648a6bb152e012977f63f" member_type: VOTER last_known_addr { host: "127.20.83.129" port: 38153 } } peers { permanent_uuid: "506e23d449934debaab34ded56d37392" member_type: VOTER last_known_addr { host: "127.20.83.130" port: 41627 } } peers { permanent_uuid: "a0c9628d76e34493be2b47933310258b" member_type: VOTER last_known_addr { host: "127.20.83.131" port: 43563 } }
I20260601 13:33:17.882421 21687 leader_election.cc:290] T afa43117ea0f422fb44e4911987901c4 P c9799edb7b6648a6bb152e012977f63f [CANDIDATE]: Term 1 election: Requested vote from peers 506e23d449934debaab34ded56d37392 (127.20.83.130:41627), a0c9628d76e34493be2b47933310258b (127.20.83.131:43563)
I20260601 13:33:17.882715 21561 tablet_service.cc:1917] Received RequestConsensusVote() RPC: tablet_id: "afa43117ea0f422fb44e4911987901c4" candidate_uuid: "c9799edb7b6648a6bb152e012977f63f" candidate_term: 1 candidate_status { last_received { term: 0 index: 0 } } ignore_live_leader: false dest_uuid: "506e23d449934debaab34ded56d37392"
I20260601 13:33:17.882841 21561 raft_consensus.cc:3060] T afa43117ea0f422fb44e4911987901c4 P 506e23d449934debaab34ded56d37392 [term 0 FOLLOWER]: Advancing to term 1
I20260601 13:33:17.882800 21636 tablet_service.cc:1917] Received RequestConsensusVote() RPC: tablet_id: "afa43117ea0f422fb44e4911987901c4" candidate_uuid: "c9799edb7b6648a6bb152e012977f63f" candidate_term: 1 candidate_status { last_received { term: 0 index: 0 } } ignore_live_leader: false dest_uuid: "a0c9628d76e34493be2b47933310258b"
I20260601 13:33:17.882973 21636 raft_consensus.cc:3060] T afa43117ea0f422fb44e4911987901c4 P a0c9628d76e34493be2b47933310258b [term 0 FOLLOWER]: Advancing to term 1
I20260601 13:33:17.883932 21561 raft_consensus.cc:2468] T afa43117ea0f422fb44e4911987901c4 P 506e23d449934debaab34ded56d37392 [term 1 FOLLOWER]: Leader election vote request: Granting yes vote for candidate c9799edb7b6648a6bb152e012977f63f in term 1.
I20260601 13:33:17.884128 21636 raft_consensus.cc:2468] T afa43117ea0f422fb44e4911987901c4 P a0c9628d76e34493be2b47933310258b [term 1 FOLLOWER]: Leader election vote request: Granting yes vote for candidate c9799edb7b6648a6bb152e012977f63f in term 1.
I20260601 13:33:17.884498 21449 leader_election.cc:304] T afa43117ea0f422fb44e4911987901c4 P c9799edb7b6648a6bb152e012977f63f [CANDIDATE]: Term 1 election: Election decided. Result: candidate won. Election summary: received 2 responses out of 3 voters: 2 yes votes; 0 no votes. yes voters: a0c9628d76e34493be2b47933310258b, c9799edb7b6648a6bb152e012977f63f; no voters: 
I20260601 13:33:17.884673 21687 raft_consensus.cc:2804] T afa43117ea0f422fb44e4911987901c4 P c9799edb7b6648a6bb152e012977f63f [term 1 FOLLOWER]: Leader election won for term 1
I20260601 13:33:17.884915 21687 raft_consensus.cc:697] T afa43117ea0f422fb44e4911987901c4 P c9799edb7b6648a6bb152e012977f63f [term 1 LEADER]: Becoming Leader. State: Replica: c9799edb7b6648a6bb152e012977f63f, State: Running, Role: LEADER
I20260601 13:33:17.885082 21687 consensus_queue.cc:237] T afa43117ea0f422fb44e4911987901c4 P c9799edb7b6648a6bb152e012977f63f [LEADER]: Queue going to LEADER mode. State: All replicated index: 0, Majority replicated index: 0, Committed index: 0, Last appended: 0.0, Last appended by leader: 0, Current term: 1, Majority size: 2, State: 0, Mode: LEADER, active raft config: opid_index: -1 OBSOLETE_local: false peers { permanent_uuid: "c9799edb7b6648a6bb152e012977f63f" member_type: VOTER last_known_addr { host: "127.20.83.129" port: 38153 } } peers { permanent_uuid: "506e23d449934debaab34ded56d37392" member_type: VOTER last_known_addr { host: "127.20.83.130" port: 41627 } } peers { permanent_uuid: "a0c9628d76e34493be2b47933310258b" member_type: VOTER last_known_addr { host: "127.20.83.131" port: 43563 } }
I20260601 13:33:17.887066 21381 catalog_manager.cc:5696] T afa43117ea0f422fb44e4911987901c4 P c9799edb7b6648a6bb152e012977f63f reported cstate change: term changed from 0 to 1, leader changed from <none> to c9799edb7b6648a6bb152e012977f63f (127.20.83.129). New cstate: current_term: 1 leader_uuid: "c9799edb7b6648a6bb152e012977f63f" committed_config { opid_index: -1 OBSOLETE_local: false peers { permanent_uuid: "c9799edb7b6648a6bb152e012977f63f" member_type: VOTER last_known_addr { host: "127.20.83.129" port: 38153 } health_report { overall_health: HEALTHY } } peers { permanent_uuid: "506e23d449934debaab34ded56d37392" member_type: VOTER last_known_addr { host: "127.20.83.130" port: 41627 } health_report { overall_health: UNKNOWN } } peers { permanent_uuid: "a0c9628d76e34493be2b47933310258b" member_type: VOTER last_known_addr { host: "127.20.83.131" port: 43563 } health_report { overall_health: UNKNOWN } } }
I20260601 13:33:17.890239 21689 raft_consensus.cc:493] T e278a4efd2054fd9a7a16ded4300c461 P 506e23d449934debaab34ded56d37392 [term 0 FOLLOWER]: Starting pre-election (no leader contacted us within the election timeout)
I20260601 13:33:17.890378 21689 raft_consensus.cc:515] T e278a4efd2054fd9a7a16ded4300c461 P 506e23d449934debaab34ded56d37392 [term 0 FOLLOWER]: Starting pre-election with config: opid_index: -1 OBSOLETE_local: false peers { permanent_uuid: "506e23d449934debaab34ded56d37392" member_type: VOTER last_known_addr { host: "127.20.83.130" port: 41627 } } peers { permanent_uuid: "c9799edb7b6648a6bb152e012977f63f" member_type: VOTER last_known_addr { host: "127.20.83.129" port: 38153 } } peers { permanent_uuid: "a0c9628d76e34493be2b47933310258b" member_type: VOTER last_known_addr { host: "127.20.83.131" port: 43563 } }
I20260601 13:33:17.890847 21689 leader_election.cc:290] T e278a4efd2054fd9a7a16ded4300c461 P 506e23d449934debaab34ded56d37392 [CANDIDATE]: Term 1 pre-election: Requested pre-vote from peers c9799edb7b6648a6bb152e012977f63f (127.20.83.129:38153), a0c9628d76e34493be2b47933310258b (127.20.83.131:43563)
I20260601 13:33:17.894600 21636 tablet_service.cc:1917] Received RequestConsensusVote() RPC: tablet_id: "e278a4efd2054fd9a7a16ded4300c461" candidate_uuid: "506e23d449934debaab34ded56d37392" candidate_term: 1 candidate_status { last_received { term: 0 index: 0 } } ignore_live_leader: false dest_uuid: "a0c9628d76e34493be2b47933310258b" is_pre_election: true
I20260601 13:33:17.894624 21485 tablet_service.cc:1917] Received RequestConsensusVote() RPC: tablet_id: "e278a4efd2054fd9a7a16ded4300c461" candidate_uuid: "506e23d449934debaab34ded56d37392" candidate_term: 1 candidate_status { last_received { term: 0 index: 0 } } ignore_live_leader: false dest_uuid: "c9799edb7b6648a6bb152e012977f63f" is_pre_election: true
I20260601 13:33:17.894768 21636 raft_consensus.cc:2468] T e278a4efd2054fd9a7a16ded4300c461 P a0c9628d76e34493be2b47933310258b [term 0 FOLLOWER]: Leader pre-election vote request: Granting yes vote for candidate 506e23d449934debaab34ded56d37392 in term 0.
I20260601 13:33:17.894831 21485 raft_consensus.cc:2468] T e278a4efd2054fd9a7a16ded4300c461 P c9799edb7b6648a6bb152e012977f63f [term 0 FOLLOWER]: Leader pre-election vote request: Granting yes vote for candidate 506e23d449934debaab34ded56d37392 in term 0.
I20260601 13:33:17.895073 21525 leader_election.cc:304] T e278a4efd2054fd9a7a16ded4300c461 P 506e23d449934debaab34ded56d37392 [CANDIDATE]: Term 1 pre-election: Election decided. Result: candidate won. Election summary: received 2 responses out of 3 voters: 2 yes votes; 0 no votes. yes voters: 506e23d449934debaab34ded56d37392, a0c9628d76e34493be2b47933310258b; no voters: 
I20260601 13:33:17.895293 21689 raft_consensus.cc:2804] T e278a4efd2054fd9a7a16ded4300c461 P 506e23d449934debaab34ded56d37392 [term 0 FOLLOWER]: Leader pre-election won for term 1
I20260601 13:33:17.895363 21689 raft_consensus.cc:493] T e278a4efd2054fd9a7a16ded4300c461 P 506e23d449934debaab34ded56d37392 [term 0 FOLLOWER]: Starting leader election (no leader contacted us within the election timeout)
I20260601 13:33:17.895417 21689 raft_consensus.cc:3060] T e278a4efd2054fd9a7a16ded4300c461 P 506e23d449934debaab34ded56d37392 [term 0 FOLLOWER]: Advancing to term 1
I20260601 13:33:17.896236 21689 raft_consensus.cc:515] T e278a4efd2054fd9a7a16ded4300c461 P 506e23d449934debaab34ded56d37392 [term 1 FOLLOWER]: Starting leader election with config: opid_index: -1 OBSOLETE_local: false peers { permanent_uuid: "506e23d449934debaab34ded56d37392" member_type: VOTER last_known_addr { host: "127.20.83.130" port: 41627 } } peers { permanent_uuid: "c9799edb7b6648a6bb152e012977f63f" member_type: VOTER last_known_addr { host: "127.20.83.129" port: 38153 } } peers { permanent_uuid: "a0c9628d76e34493be2b47933310258b" member_type: VOTER last_known_addr { host: "127.20.83.131" port: 43563 } }
I20260601 13:33:17.896721 21689 leader_election.cc:290] T e278a4efd2054fd9a7a16ded4300c461 P 506e23d449934debaab34ded56d37392 [CANDIDATE]: Term 1 election: Requested vote from peers c9799edb7b6648a6bb152e012977f63f (127.20.83.129:38153), a0c9628d76e34493be2b47933310258b (127.20.83.131:43563)
I20260601 13:33:17.897130 21485 tablet_service.cc:1917] Received RequestConsensusVote() RPC: tablet_id: "e278a4efd2054fd9a7a16ded4300c461" candidate_uuid: "506e23d449934debaab34ded56d37392" candidate_term: 1 candidate_status { last_received { term: 0 index: 0 } } ignore_live_leader: false dest_uuid: "c9799edb7b6648a6bb152e012977f63f"
I20260601 13:33:17.897535 21485 raft_consensus.cc:3060] T e278a4efd2054fd9a7a16ded4300c461 P c9799edb7b6648a6bb152e012977f63f [term 0 FOLLOWER]: Advancing to term 1
I20260601 13:33:17.897626 21636 tablet_service.cc:1917] Received RequestConsensusVote() RPC: tablet_id: "e278a4efd2054fd9a7a16ded4300c461" candidate_uuid: "506e23d449934debaab34ded56d37392" candidate_term: 1 candidate_status { last_received { term: 0 index: 0 } } ignore_live_leader: false dest_uuid: "a0c9628d76e34493be2b47933310258b"
I20260601 13:33:17.897763 21636 raft_consensus.cc:3060] T e278a4efd2054fd9a7a16ded4300c461 P a0c9628d76e34493be2b47933310258b [term 0 FOLLOWER]: Advancing to term 1
I20260601 13:33:17.898617 21636 raft_consensus.cc:2468] T e278a4efd2054fd9a7a16ded4300c461 P a0c9628d76e34493be2b47933310258b [term 1 FOLLOWER]: Leader election vote request: Granting yes vote for candidate 506e23d449934debaab34ded56d37392 in term 1.
I20260601 13:33:17.899060 21689 raft_consensus.cc:493] T 2dc943db4d764edea03356dca9ec687f P 506e23d449934debaab34ded56d37392 [term 0 FOLLOWER]: Starting pre-election (no leader contacted us within the election timeout)
I20260601 13:33:17.899099 21525 leader_election.cc:304] T e278a4efd2054fd9a7a16ded4300c461 P 506e23d449934debaab34ded56d37392 [CANDIDATE]: Term 1 election: Election decided. Result: candidate won. Election summary: received 2 responses out of 3 voters: 2 yes votes; 0 no votes. yes voters: 506e23d449934debaab34ded56d37392, a0c9628d76e34493be2b47933310258b; no voters: 
I20260601 13:33:17.899147 21689 raft_consensus.cc:515] T 2dc943db4d764edea03356dca9ec687f P 506e23d449934debaab34ded56d37392 [term 0 FOLLOWER]: Starting pre-election with config: opid_index: -1 OBSOLETE_local: false peers { permanent_uuid: "c9799edb7b6648a6bb152e012977f63f" member_type: VOTER last_known_addr { host: "127.20.83.129" port: 38153 } } peers { permanent_uuid: "506e23d449934debaab34ded56d37392" member_type: VOTER last_known_addr { host: "127.20.83.130" port: 41627 } } peers { permanent_uuid: "a0c9628d76e34493be2b47933310258b" member_type: VOTER last_known_addr { host: "127.20.83.131" port: 43563 } }
I20260601 13:33:17.899398 21485 raft_consensus.cc:2468] T e278a4efd2054fd9a7a16ded4300c461 P c9799edb7b6648a6bb152e012977f63f [term 1 FOLLOWER]: Leader election vote request: Granting yes vote for candidate 506e23d449934debaab34ded56d37392 in term 1.
I20260601 13:33:17.899433 21722 raft_consensus.cc:2804] T e278a4efd2054fd9a7a16ded4300c461 P 506e23d449934debaab34ded56d37392 [term 1 FOLLOWER]: Leader election won for term 1
I20260601 13:33:17.899582 21689 leader_election.cc:290] T 2dc943db4d764edea03356dca9ec687f P 506e23d449934debaab34ded56d37392 [CANDIDATE]: Term 1 pre-election: Requested pre-vote from peers c9799edb7b6648a6bb152e012977f63f (127.20.83.129:38153), a0c9628d76e34493be2b47933310258b (127.20.83.131:43563)
I20260601 13:33:17.899629 21722 raft_consensus.cc:697] T e278a4efd2054fd9a7a16ded4300c461 P 506e23d449934debaab34ded56d37392 [term 1 LEADER]: Becoming Leader. State: Replica: 506e23d449934debaab34ded56d37392, State: Running, Role: LEADER
I20260601 13:33:17.899784 21722 consensus_queue.cc:237] T e278a4efd2054fd9a7a16ded4300c461 P 506e23d449934debaab34ded56d37392 [LEADER]: Queue going to LEADER mode. State: All replicated index: 0, Majority replicated index: 0, Committed index: 0, Last appended: 0.0, Last appended by leader: 0, Current term: 1, Majority size: 2, State: 0, Mode: LEADER, active raft config: opid_index: -1 OBSOLETE_local: false peers { permanent_uuid: "506e23d449934debaab34ded56d37392" member_type: VOTER last_known_addr { host: "127.20.83.130" port: 41627 } } peers { permanent_uuid: "c9799edb7b6648a6bb152e012977f63f" member_type: VOTER last_known_addr { host: "127.20.83.129" port: 38153 } } peers { permanent_uuid: "a0c9628d76e34493be2b47933310258b" member_type: VOTER last_known_addr { host: "127.20.83.131" port: 43563 } }
I20260601 13:33:17.899952 21636 tablet_service.cc:1917] Received RequestConsensusVote() RPC: tablet_id: "2dc943db4d764edea03356dca9ec687f" candidate_uuid: "506e23d449934debaab34ded56d37392" candidate_term: 1 candidate_status { last_received { term: 0 index: 0 } } ignore_live_leader: false dest_uuid: "a0c9628d76e34493be2b47933310258b" is_pre_election: true
I20260601 13:33:17.900048 21636 raft_consensus.cc:2468] T 2dc943db4d764edea03356dca9ec687f P a0c9628d76e34493be2b47933310258b [term 0 FOLLOWER]: Leader pre-election vote request: Granting yes vote for candidate 506e23d449934debaab34ded56d37392 in term 0.
I20260601 13:33:17.900174 21485 tablet_service.cc:1917] Received RequestConsensusVote() RPC: tablet_id: "2dc943db4d764edea03356dca9ec687f" candidate_uuid: "506e23d449934debaab34ded56d37392" candidate_term: 1 candidate_status { last_received { term: 0 index: 0 } } ignore_live_leader: false dest_uuid: "c9799edb7b6648a6bb152e012977f63f" is_pre_election: true
I20260601 13:33:17.900298 21485 raft_consensus.cc:2468] T 2dc943db4d764edea03356dca9ec687f P c9799edb7b6648a6bb152e012977f63f [term 0 FOLLOWER]: Leader pre-election vote request: Granting yes vote for candidate 506e23d449934debaab34ded56d37392 in term 0.
I20260601 13:33:17.900592 21525 leader_election.cc:304] T 2dc943db4d764edea03356dca9ec687f P 506e23d449934debaab34ded56d37392 [CANDIDATE]: Term 1 pre-election: Election decided. Result: candidate won. Election summary: received 2 responses out of 3 voters: 2 yes votes; 0 no votes. yes voters: 506e23d449934debaab34ded56d37392, a0c9628d76e34493be2b47933310258b; no voters: 
I20260601 13:33:17.900748 21722 raft_consensus.cc:2804] T 2dc943db4d764edea03356dca9ec687f P 506e23d449934debaab34ded56d37392 [term 0 FOLLOWER]: Leader pre-election won for term 1
I20260601 13:33:17.900800 21722 raft_consensus.cc:493] T 2dc943db4d764edea03356dca9ec687f P 506e23d449934debaab34ded56d37392 [term 0 FOLLOWER]: Starting leader election (no leader contacted us within the election timeout)
I20260601 13:33:17.900849 21722 raft_consensus.cc:3060] T 2dc943db4d764edea03356dca9ec687f P 506e23d449934debaab34ded56d37392 [term 0 FOLLOWER]: Advancing to term 1
I20260601 13:33:17.901503 21381 catalog_manager.cc:5696] T e278a4efd2054fd9a7a16ded4300c461 P 506e23d449934debaab34ded56d37392 reported cstate change: term changed from 0 to 1, leader changed from <none> to 506e23d449934debaab34ded56d37392 (127.20.83.130). New cstate: current_term: 1 leader_uuid: "506e23d449934debaab34ded56d37392" committed_config { opid_index: -1 OBSOLETE_local: false peers { permanent_uuid: "506e23d449934debaab34ded56d37392" member_type: VOTER last_known_addr { host: "127.20.83.130" port: 41627 } health_report { overall_health: HEALTHY } } peers { permanent_uuid: "c9799edb7b6648a6bb152e012977f63f" member_type: VOTER last_known_addr { host: "127.20.83.129" port: 38153 } health_report { overall_health: UNKNOWN } } peers { permanent_uuid: "a0c9628d76e34493be2b47933310258b" member_type: VOTER last_known_addr { host: "127.20.83.131" port: 43563 } health_report { overall_health: UNKNOWN } } }
I20260601 13:33:17.901566 21722 raft_consensus.cc:515] T 2dc943db4d764edea03356dca9ec687f P 506e23d449934debaab34ded56d37392 [term 1 FOLLOWER]: Starting leader election with config: opid_index: -1 OBSOLETE_local: false peers { permanent_uuid: "c9799edb7b6648a6bb152e012977f63f" member_type: VOTER last_known_addr { host: "127.20.83.129" port: 38153 } } peers { permanent_uuid: "506e23d449934debaab34ded56d37392" member_type: VOTER last_known_addr { host: "127.20.83.130" port: 41627 } } peers { permanent_uuid: "a0c9628d76e34493be2b47933310258b" member_type: VOTER last_known_addr { host: "127.20.83.131" port: 43563 } }
I20260601 13:33:17.902005 21722 leader_election.cc:290] T 2dc943db4d764edea03356dca9ec687f P 506e23d449934debaab34ded56d37392 [CANDIDATE]: Term 1 election: Requested vote from peers c9799edb7b6648a6bb152e012977f63f (127.20.83.129:38153), a0c9628d76e34493be2b47933310258b (127.20.83.131:43563)
I20260601 13:33:17.902114 21485 tablet_service.cc:1917] Received RequestConsensusVote() RPC: tablet_id: "2dc943db4d764edea03356dca9ec687f" candidate_uuid: "506e23d449934debaab34ded56d37392" candidate_term: 1 candidate_status { last_received { term: 0 index: 0 } } ignore_live_leader: false dest_uuid: "c9799edb7b6648a6bb152e012977f63f"
I20260601 13:33:17.902158 21636 tablet_service.cc:1917] Received RequestConsensusVote() RPC: tablet_id: "2dc943db4d764edea03356dca9ec687f" candidate_uuid: "506e23d449934debaab34ded56d37392" candidate_term: 1 candidate_status { last_received { term: 0 index: 0 } } ignore_live_leader: false dest_uuid: "a0c9628d76e34493be2b47933310258b"
I20260601 13:33:17.902199 21485 raft_consensus.cc:3060] T 2dc943db4d764edea03356dca9ec687f P c9799edb7b6648a6bb152e012977f63f [term 0 FOLLOWER]: Advancing to term 1
I20260601 13:33:17.902236 21636 raft_consensus.cc:3060] T 2dc943db4d764edea03356dca9ec687f P a0c9628d76e34493be2b47933310258b [term 0 FOLLOWER]: Advancing to term 1
I20260601 13:33:17.902810 21636 raft_consensus.cc:2468] T 2dc943db4d764edea03356dca9ec687f P a0c9628d76e34493be2b47933310258b [term 1 FOLLOWER]: Leader election vote request: Granting yes vote for candidate 506e23d449934debaab34ded56d37392 in term 1.
I20260601 13:33:17.903043 21485 raft_consensus.cc:2468] T 2dc943db4d764edea03356dca9ec687f P c9799edb7b6648a6bb152e012977f63f [term 1 FOLLOWER]: Leader election vote request: Granting yes vote for candidate 506e23d449934debaab34ded56d37392 in term 1.
I20260601 13:33:17.903075 21525 leader_election.cc:304] T 2dc943db4d764edea03356dca9ec687f P 506e23d449934debaab34ded56d37392 [CANDIDATE]: Term 1 election: Election decided. Result: candidate won. Election summary: received 2 responses out of 3 voters: 2 yes votes; 0 no votes. yes voters: 506e23d449934debaab34ded56d37392, a0c9628d76e34493be2b47933310258b; no voters: 
I20260601 13:33:17.903335 21722 raft_consensus.cc:2804] T 2dc943db4d764edea03356dca9ec687f P 506e23d449934debaab34ded56d37392 [term 1 FOLLOWER]: Leader election won for term 1
I20260601 13:33:17.903452 21722 raft_consensus.cc:697] T 2dc943db4d764edea03356dca9ec687f P 506e23d449934debaab34ded56d37392 [term 1 LEADER]: Becoming Leader. State: Replica: 506e23d449934debaab34ded56d37392, State: Running, Role: LEADER
I20260601 13:33:17.903570 21722 consensus_queue.cc:237] T 2dc943db4d764edea03356dca9ec687f P 506e23d449934debaab34ded56d37392 [LEADER]: Queue going to LEADER mode. State: All replicated index: 0, Majority replicated index: 0, Committed index: 0, Last appended: 0.0, Last appended by leader: 0, Current term: 1, Majority size: 2, State: 0, Mode: LEADER, active raft config: opid_index: -1 OBSOLETE_local: false peers { permanent_uuid: "c9799edb7b6648a6bb152e012977f63f" member_type: VOTER last_known_addr { host: "127.20.83.129" port: 38153 } } peers { permanent_uuid: "506e23d449934debaab34ded56d37392" member_type: VOTER last_known_addr { host: "127.20.83.130" port: 41627 } } peers { permanent_uuid: "a0c9628d76e34493be2b47933310258b" member_type: VOTER last_known_addr { host: "127.20.83.131" port: 43563 } }
I20260601 13:33:17.904872 21381 catalog_manager.cc:5696] T 2dc943db4d764edea03356dca9ec687f P 506e23d449934debaab34ded56d37392 reported cstate change: term changed from 0 to 1, leader changed from <none> to 506e23d449934debaab34ded56d37392 (127.20.83.130). New cstate: current_term: 1 leader_uuid: "506e23d449934debaab34ded56d37392" committed_config { opid_index: -1 OBSOLETE_local: false peers { permanent_uuid: "c9799edb7b6648a6bb152e012977f63f" member_type: VOTER last_known_addr { host: "127.20.83.129" port: 38153 } health_report { overall_health: UNKNOWN } } peers { permanent_uuid: "506e23d449934debaab34ded56d37392" member_type: VOTER last_known_addr { host: "127.20.83.130" port: 41627 } health_report { overall_health: HEALTHY } } peers { permanent_uuid: "a0c9628d76e34493be2b47933310258b" member_type: VOTER last_known_addr { host: "127.20.83.131" port: 43563 } health_report { overall_health: UNKNOWN } } }
I20260601 13:33:17.922333 21696 raft_consensus.cc:493] T 014cb4af8bcc4e5c86ddc8dd3318260d P a0c9628d76e34493be2b47933310258b [term 0 FOLLOWER]: Starting pre-election (no leader contacted us within the election timeout)
I20260601 13:33:17.922523 21696 raft_consensus.cc:515] T 014cb4af8bcc4e5c86ddc8dd3318260d P a0c9628d76e34493be2b47933310258b [term 0 FOLLOWER]: Starting pre-election with config: opid_index: -1 OBSOLETE_local: false peers { permanent_uuid: "c9799edb7b6648a6bb152e012977f63f" member_type: VOTER last_known_addr { host: "127.20.83.129" port: 38153 } } peers { permanent_uuid: "506e23d449934debaab34ded56d37392" member_type: VOTER last_known_addr { host: "127.20.83.130" port: 41627 } } peers { permanent_uuid: "a0c9628d76e34493be2b47933310258b" member_type: VOTER last_known_addr { host: "127.20.83.131" port: 43563 } }
I20260601 13:33:17.923002 21696 leader_election.cc:290] T 014cb4af8bcc4e5c86ddc8dd3318260d P a0c9628d76e34493be2b47933310258b [CANDIDATE]: Term 1 pre-election: Requested pre-vote from peers c9799edb7b6648a6bb152e012977f63f (127.20.83.129:38153), 506e23d449934debaab34ded56d37392 (127.20.83.130:41627)
I20260601 13:33:17.923549 21485 tablet_service.cc:1917] Received RequestConsensusVote() RPC: tablet_id: "014cb4af8bcc4e5c86ddc8dd3318260d" candidate_uuid: "a0c9628d76e34493be2b47933310258b" candidate_term: 1 candidate_status { last_received { term: 0 index: 0 } } ignore_live_leader: false dest_uuid: "c9799edb7b6648a6bb152e012977f63f" is_pre_election: true
I20260601 13:33:17.923549 21561 tablet_service.cc:1917] Received RequestConsensusVote() RPC: tablet_id: "014cb4af8bcc4e5c86ddc8dd3318260d" candidate_uuid: "a0c9628d76e34493be2b47933310258b" candidate_term: 1 candidate_status { last_received { term: 0 index: 0 } } ignore_live_leader: false dest_uuid: "506e23d449934debaab34ded56d37392" is_pre_election: true
I20260601 13:33:17.923743 21485 raft_consensus.cc:2468] T 014cb4af8bcc4e5c86ddc8dd3318260d P c9799edb7b6648a6bb152e012977f63f [term 0 FOLLOWER]: Leader pre-election vote request: Granting yes vote for candidate a0c9628d76e34493be2b47933310258b in term 0.
I20260601 13:33:17.923743 21561 raft_consensus.cc:2468] T 014cb4af8bcc4e5c86ddc8dd3318260d P 506e23d449934debaab34ded56d37392 [term 0 FOLLOWER]: Leader pre-election vote request: Granting yes vote for candidate a0c9628d76e34493be2b47933310258b in term 0.
I20260601 13:33:17.924106 21599 leader_election.cc:304] T 014cb4af8bcc4e5c86ddc8dd3318260d P a0c9628d76e34493be2b47933310258b [CANDIDATE]: Term 1 pre-election: Election decided. Result: candidate won. Election summary: received 2 responses out of 3 voters: 2 yes votes; 0 no votes. yes voters: 506e23d449934debaab34ded56d37392, a0c9628d76e34493be2b47933310258b; no voters: 
I20260601 13:33:17.924258 21696 raft_consensus.cc:2804] T 014cb4af8bcc4e5c86ddc8dd3318260d P a0c9628d76e34493be2b47933310258b [term 0 FOLLOWER]: Leader pre-election won for term 1
I20260601 13:33:17.924314 21696 raft_consensus.cc:493] T 014cb4af8bcc4e5c86ddc8dd3318260d P a0c9628d76e34493be2b47933310258b [term 0 FOLLOWER]: Starting leader election (no leader contacted us within the election timeout)
I20260601 13:33:17.924366 21696 raft_consensus.cc:3060] T 014cb4af8bcc4e5c86ddc8dd3318260d P a0c9628d76e34493be2b47933310258b [term 0 FOLLOWER]: Advancing to term 1
I20260601 13:33:17.925161 21696 raft_consensus.cc:515] T 014cb4af8bcc4e5c86ddc8dd3318260d P a0c9628d76e34493be2b47933310258b [term 1 FOLLOWER]: Starting leader election with config: opid_index: -1 OBSOLETE_local: false peers { permanent_uuid: "c9799edb7b6648a6bb152e012977f63f" member_type: VOTER last_known_addr { host: "127.20.83.129" port: 38153 } } peers { permanent_uuid: "506e23d449934debaab34ded56d37392" member_type: VOTER last_known_addr { host: "127.20.83.130" port: 41627 } } peers { permanent_uuid: "a0c9628d76e34493be2b47933310258b" member_type: VOTER last_known_addr { host: "127.20.83.131" port: 43563 } }
I20260601 13:33:17.925485 21696 leader_election.cc:290] T 014cb4af8bcc4e5c86ddc8dd3318260d P a0c9628d76e34493be2b47933310258b [CANDIDATE]: Term 1 election: Requested vote from peers c9799edb7b6648a6bb152e012977f63f (127.20.83.129:38153), 506e23d449934debaab34ded56d37392 (127.20.83.130:41627)
I20260601 13:33:17.925766 21485 tablet_service.cc:1917] Received RequestConsensusVote() RPC: tablet_id: "014cb4af8bcc4e5c86ddc8dd3318260d" candidate_uuid: "a0c9628d76e34493be2b47933310258b" candidate_term: 1 candidate_status { last_received { term: 0 index: 0 } } ignore_live_leader: false dest_uuid: "c9799edb7b6648a6bb152e012977f63f"
I20260601 13:33:17.925874 21561 tablet_service.cc:1917] Received RequestConsensusVote() RPC: tablet_id: "014cb4af8bcc4e5c86ddc8dd3318260d" candidate_uuid: "a0c9628d76e34493be2b47933310258b" candidate_term: 1 candidate_status { last_received { term: 0 index: 0 } } ignore_live_leader: false dest_uuid: "506e23d449934debaab34ded56d37392"
I20260601 13:33:17.925909 21485 raft_consensus.cc:3060] T 014cb4af8bcc4e5c86ddc8dd3318260d P c9799edb7b6648a6bb152e012977f63f [term 0 FOLLOWER]: Advancing to term 1
I20260601 13:33:17.926028 21561 raft_consensus.cc:3060] T 014cb4af8bcc4e5c86ddc8dd3318260d P 506e23d449934debaab34ded56d37392 [term 0 FOLLOWER]: Advancing to term 1
I20260601 13:33:17.926712 21561 raft_consensus.cc:2468] T 014cb4af8bcc4e5c86ddc8dd3318260d P 506e23d449934debaab34ded56d37392 [term 1 FOLLOWER]: Leader election vote request: Granting yes vote for candidate a0c9628d76e34493be2b47933310258b in term 1.
I20260601 13:33:17.926731 21485 raft_consensus.cc:2468] T 014cb4af8bcc4e5c86ddc8dd3318260d P c9799edb7b6648a6bb152e012977f63f [term 1 FOLLOWER]: Leader election vote request: Granting yes vote for candidate a0c9628d76e34493be2b47933310258b in term 1.
I20260601 13:33:17.926980 21599 leader_election.cc:304] T 014cb4af8bcc4e5c86ddc8dd3318260d P a0c9628d76e34493be2b47933310258b [CANDIDATE]: Term 1 election: Election decided. Result: candidate won. Election summary: received 2 responses out of 3 voters: 2 yes votes; 0 no votes. yes voters: 506e23d449934debaab34ded56d37392, a0c9628d76e34493be2b47933310258b; no voters: 
I20260601 13:33:17.927143 21696 raft_consensus.cc:2804] T 014cb4af8bcc4e5c86ddc8dd3318260d P a0c9628d76e34493be2b47933310258b [term 1 FOLLOWER]: Leader election won for term 1
I20260601 13:33:17.927340 21696 raft_consensus.cc:697] T 014cb4af8bcc4e5c86ddc8dd3318260d P a0c9628d76e34493be2b47933310258b [term 1 LEADER]: Becoming Leader. State: Replica: a0c9628d76e34493be2b47933310258b, State: Running, Role: LEADER
