I20260601 13:33:14.662417  8208 tablet_service.cc:1917] Received RequestConsensusVote() RPC: tablet_id: "9225a649585b4870a79e573d53ae673a" candidate_uuid: "ef900527ff0044098d95df00e39b95ee" candidate_term: 1 candidate_status { last_received { term: 0 index: 0 } } ignore_live_leader: false dest_uuid: "cf0d3a0603824781940e775c3e13cbaa" is_pre_election: true
I20260601 13:33:14.662458  8284 tablet_service.cc:1917] Received RequestConsensusVote() RPC: tablet_id: "9225a649585b4870a79e573d53ae673a" candidate_uuid: "ef900527ff0044098d95df00e39b95ee" candidate_term: 1 candidate_status { last_received { term: 0 index: 0 } } ignore_live_leader: false dest_uuid: "27aaaea9f25b4c82997f0438ad38ebff" is_pre_election: true
I20260601 13:33:14.662533  8208 raft_consensus.cc:2468] T 9225a649585b4870a79e573d53ae673a P cf0d3a0603824781940e775c3e13cbaa [term 0 FOLLOWER]: Leader pre-election vote request: Granting yes vote for candidate ef900527ff0044098d95df00e39b95ee in term 0.
I20260601 13:33:14.662585  8284 raft_consensus.cc:2468] T 9225a649585b4870a79e573d53ae673a P 27aaaea9f25b4c82997f0438ad38ebff [term 0 FOLLOWER]: Leader pre-election vote request: Granting yes vote for candidate ef900527ff0044098d95df00e39b95ee in term 0.
I20260601 13:33:14.662802  8325 leader_election.cc:304] T 9225a649585b4870a79e573d53ae673a P ef900527ff0044098d95df00e39b95ee [CANDIDATE]: Term 1 pre-election: Election decided. Result: candidate won. Election summary: received 2 responses out of 3 voters: 2 yes votes; 0 no votes. yes voters: cf0d3a0603824781940e775c3e13cbaa, ef900527ff0044098d95df00e39b95ee; no voters: 
I20260601 13:33:14.662957  8420 raft_consensus.cc:2804] T 9225a649585b4870a79e573d53ae673a P ef900527ff0044098d95df00e39b95ee [term 0 FOLLOWER]: Leader pre-election won for term 1
I20260601 13:33:14.663021  8420 raft_consensus.cc:493] T 9225a649585b4870a79e573d53ae673a P ef900527ff0044098d95df00e39b95ee [term 0 FOLLOWER]: Starting leader election (no leader contacted us within the election timeout)
I20260601 13:33:14.663049  8420 raft_consensus.cc:3060] T 9225a649585b4870a79e573d53ae673a P ef900527ff0044098d95df00e39b95ee [term 0 FOLLOWER]: Advancing to term 1
I20260601 13:33:14.663802  8420 raft_consensus.cc:515] T 9225a649585b4870a79e573d53ae673a P ef900527ff0044098d95df00e39b95ee [term 1 FOLLOWER]: Starting leader election with config: opid_index: -1 OBSOLETE_local: false peers { permanent_uuid: "cf0d3a0603824781940e775c3e13cbaa" member_type: VOTER last_known_addr { host: "127.7.92.1" port: 35271 } } peers { permanent_uuid: "27aaaea9f25b4c82997f0438ad38ebff" member_type: VOTER last_known_addr { host: "127.7.92.2" port: 43335 } } peers { permanent_uuid: "ef900527ff0044098d95df00e39b95ee" member_type: VOTER last_known_addr { host: "127.7.92.3" port: 44773 } }
I20260601 13:33:14.664139  8420 leader_election.cc:290] T 9225a649585b4870a79e573d53ae673a P ef900527ff0044098d95df00e39b95ee [CANDIDATE]: Term 1 election: Requested vote from peers cf0d3a0603824781940e775c3e13cbaa (127.7.92.1:35271), 27aaaea9f25b4c82997f0438ad38ebff (127.7.92.2:43335)
I20260601 13:33:14.664440  8208 tablet_service.cc:1917] Received RequestConsensusVote() RPC: tablet_id: "9225a649585b4870a79e573d53ae673a" candidate_uuid: "ef900527ff0044098d95df00e39b95ee" candidate_term: 1 candidate_status { last_received { term: 0 index: 0 } } ignore_live_leader: false dest_uuid: "cf0d3a0603824781940e775c3e13cbaa"
I20260601 13:33:14.664444  8284 tablet_service.cc:1917] Received RequestConsensusVote() RPC: tablet_id: "9225a649585b4870a79e573d53ae673a" candidate_uuid: "ef900527ff0044098d95df00e39b95ee" candidate_term: 1 candidate_status { last_received { term: 0 index: 0 } } ignore_live_leader: false dest_uuid: "27aaaea9f25b4c82997f0438ad38ebff"
I20260601 13:33:14.664539  8208 raft_consensus.cc:3060] T 9225a649585b4870a79e573d53ae673a P cf0d3a0603824781940e775c3e13cbaa [term 0 FOLLOWER]: Advancing to term 1
I20260601 13:33:14.664551  8284 raft_consensus.cc:3060] T 9225a649585b4870a79e573d53ae673a P 27aaaea9f25b4c82997f0438ad38ebff [term 0 FOLLOWER]: Advancing to term 1
I20260601 13:33:14.665220  8208 raft_consensus.cc:2468] T 9225a649585b4870a79e573d53ae673a P cf0d3a0603824781940e775c3e13cbaa [term 1 FOLLOWER]: Leader election vote request: Granting yes vote for candidate ef900527ff0044098d95df00e39b95ee in term 1.
I20260601 13:33:14.665280  8284 raft_consensus.cc:2468] T 9225a649585b4870a79e573d53ae673a P 27aaaea9f25b4c82997f0438ad38ebff [term 1 FOLLOWER]: Leader election vote request: Granting yes vote for candidate ef900527ff0044098d95df00e39b95ee in term 1.
I20260601 13:33:14.665478  8325 leader_election.cc:304] T 9225a649585b4870a79e573d53ae673a P ef900527ff0044098d95df00e39b95ee [CANDIDATE]: Term 1 election: Election decided. Result: candidate won. Election summary: received 2 responses out of 3 voters: 2 yes votes; 0 no votes. yes voters: cf0d3a0603824781940e775c3e13cbaa, ef900527ff0044098d95df00e39b95ee; no voters: 
I20260601 13:33:14.665643  8420 raft_consensus.cc:2804] T 9225a649585b4870a79e573d53ae673a P ef900527ff0044098d95df00e39b95ee [term 1 FOLLOWER]: Leader election won for term 1
I20260601 13:33:14.665721  8420 raft_consensus.cc:697] T 9225a649585b4870a79e573d53ae673a P ef900527ff0044098d95df00e39b95ee [term 1 LEADER]: Becoming Leader. State: Replica: ef900527ff0044098d95df00e39b95ee, State: Running, Role: LEADER
I20260601 13:33:14.665869  8420 consensus_queue.cc:237] T 9225a649585b4870a79e573d53ae673a P ef900527ff0044098d95df00e39b95ee [LEADER]: Queue going to LEADER mode. State: All replicated index: 0, Majority replicated index: 0, Committed index: 0, Last appended: 0.0, Last appended by leader: 0, Current term: 1, Majority size: 2, State: 0, Mode: LEADER, active raft config: opid_index: -1 OBSOLETE_local: false peers { permanent_uuid: "cf0d3a0603824781940e775c3e13cbaa" member_type: VOTER last_known_addr { host: "127.7.92.1" port: 35271 } } peers { permanent_uuid: "27aaaea9f25b4c82997f0438ad38ebff" member_type: VOTER last_known_addr { host: "127.7.92.2" port: 43335 } } peers { permanent_uuid: "ef900527ff0044098d95df00e39b95ee" member_type: VOTER last_known_addr { host: "127.7.92.3" port: 44773 } }
I20260601 13:33:14.667382  8102 catalog_manager.cc:5696] T 9225a649585b4870a79e573d53ae673a P ef900527ff0044098d95df00e39b95ee reported cstate change: term changed from 0 to 1, leader changed from <none> to ef900527ff0044098d95df00e39b95ee (127.7.92.3). New cstate: current_term: 1 leader_uuid: "ef900527ff0044098d95df00e39b95ee" committed_config { opid_index: -1 OBSOLETE_local: false peers { permanent_uuid: "cf0d3a0603824781940e775c3e13cbaa" member_type: VOTER last_known_addr { host: "127.7.92.1" port: 35271 } health_report { overall_health: UNKNOWN } } peers { permanent_uuid: "27aaaea9f25b4c82997f0438ad38ebff" member_type: VOTER last_known_addr { host: "127.7.92.2" port: 43335 } health_report { overall_health: UNKNOWN } } peers { permanent_uuid: "ef900527ff0044098d95df00e39b95ee" member_type: VOTER last_known_addr { host: "127.7.92.3" port: 44773 } health_report { overall_health: HEALTHY } } }
I20260601 13:33:14.699770  8412 raft_consensus.cc:493] T e0afca8e55c84875bb87efcb019a5707 P 27aaaea9f25b4c82997f0438ad38ebff [term 0 FOLLOWER]: Starting pre-election (no leader contacted us within the election timeout)
I20260601 13:33:14.699965  8412 raft_consensus.cc:515] T e0afca8e55c84875bb87efcb019a5707 P 27aaaea9f25b4c82997f0438ad38ebff [term 0 FOLLOWER]: Starting pre-election with config: opid_index: -1 OBSOLETE_local: false peers { permanent_uuid: "cf0d3a0603824781940e775c3e13cbaa" member_type: VOTER last_known_addr { host: "127.7.92.1" port: 35271 } } peers { permanent_uuid: "27aaaea9f25b4c82997f0438ad38ebff" member_type: VOTER last_known_addr { host: "127.7.92.2" port: 43335 } } peers { permanent_uuid: "ef900527ff0044098d95df00e39b95ee" member_type: VOTER last_known_addr { host: "127.7.92.3" port: 44773 } }
I20260601 13:33:14.700424  8412 leader_election.cc:290] T e0afca8e55c84875bb87efcb019a5707 P 27aaaea9f25b4c82997f0438ad38ebff [CANDIDATE]: Term 1 pre-election: Requested pre-vote from peers cf0d3a0603824781940e775c3e13cbaa (127.7.92.1:35271), ef900527ff0044098d95df00e39b95ee (127.7.92.3:44773)
I20260601 13:33:14.700718  8208 tablet_service.cc:1917] Received RequestConsensusVote() RPC: tablet_id: "e0afca8e55c84875bb87efcb019a5707" candidate_uuid: "27aaaea9f25b4c82997f0438ad38ebff" candidate_term: 1 candidate_status { last_received { term: 0 index: 0 } } ignore_live_leader: false dest_uuid: "cf0d3a0603824781940e775c3e13cbaa" is_pre_election: true
I20260601 13:33:14.700835  8359 tablet_service.cc:1917] Received RequestConsensusVote() RPC: tablet_id: "e0afca8e55c84875bb87efcb019a5707" candidate_uuid: "27aaaea9f25b4c82997f0438ad38ebff" candidate_term: 1 candidate_status { last_received { term: 0 index: 0 } } ignore_live_leader: false dest_uuid: "ef900527ff0044098d95df00e39b95ee" is_pre_election: true
I20260601 13:33:14.700866  8208 raft_consensus.cc:2468] T e0afca8e55c84875bb87efcb019a5707 P cf0d3a0603824781940e775c3e13cbaa [term 0 FOLLOWER]: Leader pre-election vote request: Granting yes vote for candidate 27aaaea9f25b4c82997f0438ad38ebff in term 0.
I20260601 13:33:14.701005  8359 raft_consensus.cc:2468] T e0afca8e55c84875bb87efcb019a5707 P ef900527ff0044098d95df00e39b95ee [term 0 FOLLOWER]: Leader pre-election vote request: Granting yes vote for candidate 27aaaea9f25b4c82997f0438ad38ebff in term 0.
I20260601 13:33:14.701180  8250 leader_election.cc:304] T e0afca8e55c84875bb87efcb019a5707 P 27aaaea9f25b4c82997f0438ad38ebff [CANDIDATE]: Term 1 pre-election: Election decided. Result: candidate won. Election summary: received 2 responses out of 3 voters: 2 yes votes; 0 no votes. yes voters: 27aaaea9f25b4c82997f0438ad38ebff, cf0d3a0603824781940e775c3e13cbaa; no voters: 
I20260601 13:33:14.701323  8412 raft_consensus.cc:2804] T e0afca8e55c84875bb87efcb019a5707 P 27aaaea9f25b4c82997f0438ad38ebff [term 0 FOLLOWER]: Leader pre-election won for term 1
I20260601 13:33:14.701376  8412 raft_consensus.cc:493] T e0afca8e55c84875bb87efcb019a5707 P 27aaaea9f25b4c82997f0438ad38ebff [term 0 FOLLOWER]: Starting leader election (no leader contacted us within the election timeout)
I20260601 13:33:14.701475  8412 raft_consensus.cc:3060] T e0afca8e55c84875bb87efcb019a5707 P 27aaaea9f25b4c82997f0438ad38ebff [term 0 FOLLOWER]: Advancing to term 1
I20260601 13:33:14.702266  8412 raft_consensus.cc:515] T e0afca8e55c84875bb87efcb019a5707 P 27aaaea9f25b4c82997f0438ad38ebff [term 1 FOLLOWER]: Starting leader election with config: opid_index: -1 OBSOLETE_local: false peers { permanent_uuid: "cf0d3a0603824781940e775c3e13cbaa" member_type: VOTER last_known_addr { host: "127.7.92.1" port: 35271 } } peers { permanent_uuid: "27aaaea9f25b4c82997f0438ad38ebff" member_type: VOTER last_known_addr { host: "127.7.92.2" port: 43335 } } peers { permanent_uuid: "ef900527ff0044098d95df00e39b95ee" member_type: VOTER last_known_addr { host: "127.7.92.3" port: 44773 } }
I20260601 13:33:14.702564  8412 leader_election.cc:290] T e0afca8e55c84875bb87efcb019a5707 P 27aaaea9f25b4c82997f0438ad38ebff [CANDIDATE]: Term 1 election: Requested vote from peers cf0d3a0603824781940e775c3e13cbaa (127.7.92.1:35271), ef900527ff0044098d95df00e39b95ee (127.7.92.3:44773)
I20260601 13:33:14.702845  8208 tablet_service.cc:1917] Received RequestConsensusVote() RPC: tablet_id: "e0afca8e55c84875bb87efcb019a5707" candidate_uuid: "27aaaea9f25b4c82997f0438ad38ebff" candidate_term: 1 candidate_status { last_received { term: 0 index: 0 } } ignore_live_leader: false dest_uuid: "cf0d3a0603824781940e775c3e13cbaa"
I20260601 13:33:14.702857  8359 tablet_service.cc:1917] Received RequestConsensusVote() RPC: tablet_id: "e0afca8e55c84875bb87efcb019a5707" candidate_uuid: "27aaaea9f25b4c82997f0438ad38ebff" candidate_term: 1 candidate_status { last_received { term: 0 index: 0 } } ignore_live_leader: false dest_uuid: "ef900527ff0044098d95df00e39b95ee"
I20260601 13:33:14.702971  8208 raft_consensus.cc:3060] T e0afca8e55c84875bb87efcb019a5707 P cf0d3a0603824781940e775c3e13cbaa [term 0 FOLLOWER]: Advancing to term 1
I20260601 13:33:14.702973  8359 raft_consensus.cc:3060] T e0afca8e55c84875bb87efcb019a5707 P ef900527ff0044098d95df00e39b95ee [term 0 FOLLOWER]: Advancing to term 1
I20260601 13:33:14.703680  8208 raft_consensus.cc:2468] T e0afca8e55c84875bb87efcb019a5707 P cf0d3a0603824781940e775c3e13cbaa [term 1 FOLLOWER]: Leader election vote request: Granting yes vote for candidate 27aaaea9f25b4c82997f0438ad38ebff in term 1.
I20260601 13:33:14.703730  8359 raft_consensus.cc:2468] T e0afca8e55c84875bb87efcb019a5707 P ef900527ff0044098d95df00e39b95ee [term 1 FOLLOWER]: Leader election vote request: Granting yes vote for candidate 27aaaea9f25b4c82997f0438ad38ebff in term 1.
I20260601 13:33:14.703908  8250 leader_election.cc:304] T e0afca8e55c84875bb87efcb019a5707 P 27aaaea9f25b4c82997f0438ad38ebff [CANDIDATE]: Term 1 election: Election decided. Result: candidate won. Election summary: received 2 responses out of 3 voters: 2 yes votes; 0 no votes. yes voters: 27aaaea9f25b4c82997f0438ad38ebff, cf0d3a0603824781940e775c3e13cbaa; no voters: 
I20260601 13:33:14.704099  8412 raft_consensus.cc:2804] T e0afca8e55c84875bb87efcb019a5707 P 27aaaea9f25b4c82997f0438ad38ebff [term 1 FOLLOWER]: Leader election won for term 1
I20260601 13:33:14.704174  8412 raft_consensus.cc:697] T e0afca8e55c84875bb87efcb019a5707 P 27aaaea9f25b4c82997f0438ad38ebff [term 1 LEADER]: Becoming Leader. State: Replica: 27aaaea9f25b4c82997f0438ad38ebff, State: Running, Role: LEADER
I20260601 13:33:14.704298  8412 consensus_queue.cc:237] T e0afca8e55c84875bb87efcb019a5707 P 27aaaea9f25b4c82997f0438ad38ebff [LEADER]: Queue going to LEADER mode. State: All replicated index: 0, Majority replicated index: 0, Committed index: 0, Last appended: 0.0, Last appended by leader: 0, Current term: 1, Majority size: 2, State: 0, Mode: LEADER, active raft config: opid_index: -1 OBSOLETE_local: false peers { permanent_uuid: "cf0d3a0603824781940e775c3e13cbaa" member_type: VOTER last_known_addr { host: "127.7.92.1" port: 35271 } } peers { permanent_uuid: "27aaaea9f25b4c82997f0438ad38ebff" member_type: VOTER last_known_addr { host: "127.7.92.2" port: 43335 } } peers { permanent_uuid: "ef900527ff0044098d95df00e39b95ee" member_type: VOTER last_known_addr { host: "127.7.92.3" port: 44773 } }
I20260601 13:33:14.705967  8102 catalog_manager.cc:5696] T e0afca8e55c84875bb87efcb019a5707 P 27aaaea9f25b4c82997f0438ad38ebff reported cstate change: term changed from 0 to 1, leader changed from <none> to 27aaaea9f25b4c82997f0438ad38ebff (127.7.92.2). New cstate: current_term: 1 leader_uuid: "27aaaea9f25b4c82997f0438ad38ebff" committed_config { opid_index: -1 OBSOLETE_local: false peers { permanent_uuid: "cf0d3a0603824781940e775c3e13cbaa" member_type: VOTER last_known_addr { host: "127.7.92.1" port: 35271 } health_report { overall_health: UNKNOWN } } peers { permanent_uuid: "27aaaea9f25b4c82997f0438ad38ebff" member_type: VOTER last_known_addr { host: "127.7.92.2" port: 43335 } health_report { overall_health: HEALTHY } } peers { permanent_uuid: "ef900527ff0044098d95df00e39b95ee" member_type: VOTER last_known_addr { host: "127.7.92.3" port: 44773 } health_report { overall_health: UNKNOWN } } }
I20260601 13:33:14.921706  8420 raft_consensus.cc:493] T c6950f447be34df5b720f2aec1b99f65 P ef900527ff0044098d95df00e39b95ee [term 0 FOLLOWER]: Starting pre-election (no leader contacted us within the election timeout)
I20260601 13:33:14.921845  8420 raft_consensus.cc:515] T c6950f447be34df5b720f2aec1b99f65 P ef900527ff0044098d95df00e39b95ee [term 0 FOLLOWER]: Starting pre-election with config: opid_index: -1 OBSOLETE_local: false peers { permanent_uuid: "cf0d3a0603824781940e775c3e13cbaa" member_type: VOTER last_known_addr { host: "127.7.92.1" port: 35271 } } peers { permanent_uuid: "27aaaea9f25b4c82997f0438ad38ebff" member_type: VOTER last_known_addr { host: "127.7.92.2" port: 43335 } } peers { permanent_uuid: "ef900527ff0044098d95df00e39b95ee" member_type: VOTER last_known_addr { host: "127.7.92.3" port: 44773 } }
I20260601 13:33:14.922268  8420 leader_election.cc:290] T c6950f447be34df5b720f2aec1b99f65 P ef900527ff0044098d95df00e39b95ee [CANDIDATE]: Term 1 pre-election: Requested pre-vote from peers cf0d3a0603824781940e775c3e13cbaa (127.7.92.1:35271), 27aaaea9f25b4c82997f0438ad38ebff (127.7.92.2:43335)
I20260601 13:33:14.922565  8284 tablet_service.cc:1917] Received RequestConsensusVote() RPC: tablet_id: "c6950f447be34df5b720f2aec1b99f65" candidate_uuid: "ef900527ff0044098d95df00e39b95ee" candidate_term: 1 candidate_status { last_received { term: 0 index: 0 } } ignore_live_leader: false dest_uuid: "27aaaea9f25b4c82997f0438ad38ebff" is_pre_election: true
I20260601 13:33:14.922565  8208 tablet_service.cc:1917] Received RequestConsensusVote() RPC: tablet_id: "c6950f447be34df5b720f2aec1b99f65" candidate_uuid: "ef900527ff0044098d95df00e39b95ee" candidate_term: 1 candidate_status { last_received { term: 0 index: 0 } } ignore_live_leader: false dest_uuid: "cf0d3a0603824781940e775c3e13cbaa" is_pre_election: true
I20260601 13:33:14.922727  8284 raft_consensus.cc:2468] T c6950f447be34df5b720f2aec1b99f65 P 27aaaea9f25b4c82997f0438ad38ebff [term 0 FOLLOWER]: Leader pre-election vote request: Granting yes vote for candidate ef900527ff0044098d95df00e39b95ee in term 0.
I20260601 13:33:14.922771  8208 raft_consensus.cc:2468] T c6950f447be34df5b720f2aec1b99f65 P cf0d3a0603824781940e775c3e13cbaa [term 0 FOLLOWER]: Leader pre-election vote request: Granting yes vote for candidate ef900527ff0044098d95df00e39b95ee in term 0.
I20260601 13:33:14.923029  8322 leader_election.cc:304] T c6950f447be34df5b720f2aec1b99f65 P ef900527ff0044098d95df00e39b95ee [CANDIDATE]: Term 1 pre-election: Election decided. Result: candidate won. Election summary: received 2 responses out of 3 voters: 2 yes votes; 0 no votes. yes voters: 27aaaea9f25b4c82997f0438ad38ebff, ef900527ff0044098d95df00e39b95ee; no voters: 
I20260601 13:33:14.923195  8420 raft_consensus.cc:2804] T c6950f447be34df5b720f2aec1b99f65 P ef900527ff0044098d95df00e39b95ee [term 0 FOLLOWER]: Leader pre-election won for term 1
I20260601 13:33:14.923242  8420 raft_consensus.cc:493] T c6950f447be34df5b720f2aec1b99f65 P ef900527ff0044098d95df00e39b95ee [term 0 FOLLOWER]: Starting leader election (no leader contacted us within the election timeout)
I20260601 13:33:14.923285  8420 raft_consensus.cc:3060] T c6950f447be34df5b720f2aec1b99f65 P ef900527ff0044098d95df00e39b95ee [term 0 FOLLOWER]: Advancing to term 1
I20260601 13:33:14.924336  8420 raft_consensus.cc:515] T c6950f447be34df5b720f2aec1b99f65 P ef900527ff0044098d95df00e39b95ee [term 1 FOLLOWER]: Starting leader election with config: opid_index: -1 OBSOLETE_local: false peers { permanent_uuid: "cf0d3a0603824781940e775c3e13cbaa" member_type: VOTER last_known_addr { host: "127.7.92.1" port: 35271 } } peers { permanent_uuid: "27aaaea9f25b4c82997f0438ad38ebff" member_type: VOTER last_known_addr { host: "127.7.92.2" port: 43335 } } peers { permanent_uuid: "ef900527ff0044098d95df00e39b95ee" member_type: VOTER last_known_addr { host: "127.7.92.3" port: 44773 } }
I20260601 13:33:14.924731  8420 leader_election.cc:290] T c6950f447be34df5b720f2aec1b99f65 P ef900527ff0044098d95df00e39b95ee [CANDIDATE]: Term 1 election: Requested vote from peers cf0d3a0603824781940e775c3e13cbaa (127.7.92.1:35271), 27aaaea9f25b4c82997f0438ad38ebff (127.7.92.2:43335)
I20260601 13:33:14.925016  8208 tablet_service.cc:1917] Received RequestConsensusVote() RPC: tablet_id: "c6950f447be34df5b720f2aec1b99f65" candidate_uuid: "ef900527ff0044098d95df00e39b95ee" candidate_term: 1 candidate_status { last_received { term: 0 index: 0 } } ignore_live_leader: false dest_uuid: "cf0d3a0603824781940e775c3e13cbaa"
I20260601 13:33:14.925125  8284 tablet_service.cc:1917] Received RequestConsensusVote() RPC: tablet_id: "c6950f447be34df5b720f2aec1b99f65" candidate_uuid: "ef900527ff0044098d95df00e39b95ee" candidate_term: 1 candidate_status { last_received { term: 0 index: 0 } } ignore_live_leader: false dest_uuid: "27aaaea9f25b4c82997f0438ad38ebff"
I20260601 13:33:14.925179  8208 raft_consensus.cc:3060] T c6950f447be34df5b720f2aec1b99f65 P cf0d3a0603824781940e775c3e13cbaa [term 0 FOLLOWER]: Advancing to term 1
I20260601 13:33:14.925204  8284 raft_consensus.cc:3060] T c6950f447be34df5b720f2aec1b99f65 P 27aaaea9f25b4c82997f0438ad38ebff [term 0 FOLLOWER]: Advancing to term 1
I20260601 13:33:14.926070  8284 raft_consensus.cc:2468] T c6950f447be34df5b720f2aec1b99f65 P 27aaaea9f25b4c82997f0438ad38ebff [term 1 FOLLOWER]: Leader election vote request: Granting yes vote for candidate ef900527ff0044098d95df00e39b95ee in term 1.
I20260601 13:33:14.926070  8208 raft_consensus.cc:2468] T c6950f447be34df5b720f2aec1b99f65 P cf0d3a0603824781940e775c3e13cbaa [term 1 FOLLOWER]: Leader election vote request: Granting yes vote for candidate ef900527ff0044098d95df00e39b95ee in term 1.
I20260601 13:33:14.926379  8322 leader_election.cc:304] T c6950f447be34df5b720f2aec1b99f65 P ef900527ff0044098d95df00e39b95ee [CANDIDATE]: Term 1 election: Election decided. Result: candidate won. Election summary: received 2 responses out of 3 voters: 2 yes votes; 0 no votes. yes voters: 27aaaea9f25b4c82997f0438ad38ebff, ef900527ff0044098d95df00e39b95ee; no voters: 
I20260601 13:33:14.926543  8420 raft_consensus.cc:2804] T c6950f447be34df5b720f2aec1b99f65 P ef900527ff0044098d95df00e39b95ee [term 1 FOLLOWER]: Leader election won for term 1
I20260601 13:33:14.926637  8420 raft_consensus.cc:697] T c6950f447be34df5b720f2aec1b99f65 P ef900527ff0044098d95df00e39b95ee [term 1 LEADER]: Becoming Leader. State: Replica: ef900527ff0044098d95df00e39b95ee, State: Running, Role: LEADER
I20260601 13:33:14.926771  8420 consensus_queue.cc:237] T c6950f447be34df5b720f2aec1b99f65 P ef900527ff0044098d95df00e39b95ee [LEADER]: Queue going to LEADER mode. State: All replicated index: 0, Majority replicated index: 0, Committed index: 0, Last appended: 0.0, Last appended by leader: 0, Current term: 1, Majority size: 2, State: 0, Mode: LEADER, active raft config: opid_index: -1 OBSOLETE_local: false peers { permanent_uuid: "cf0d3a0603824781940e775c3e13cbaa" member_type: VOTER last_known_addr { host: "127.7.92.1" port: 35271 } } peers { permanent_uuid: "27aaaea9f25b4c82997f0438ad38ebff" member_type: VOTER last_known_addr { host: "127.7.92.2" port: 43335 } } peers { permanent_uuid: "ef900527ff0044098d95df00e39b95ee" member_type: VOTER last_known_addr { host: "127.7.92.3" port: 44773 } }
I20260601 13:33:14.928560  8102 catalog_manager.cc:5696] T c6950f447be34df5b720f2aec1b99f65 P ef900527ff0044098d95df00e39b95ee reported cstate change: term changed from 0 to 1, leader changed from <none> to ef900527ff0044098d95df00e39b95ee (127.7.92.3). New cstate: current_term: 1 leader_uuid: "ef900527ff0044098d95df00e39b95ee" committed_config { opid_index: -1 OBSOLETE_local: false peers { permanent_uuid: "cf0d3a0603824781940e775c3e13cbaa" member_type: VOTER last_known_addr { host: "127.7.92.1" port: 35271 } health_report { overall_health: UNKNOWN } } peers { permanent_uuid: "27aaaea9f25b4c82997f0438ad38ebff" member_type: VOTER last_known_addr { host: "127.7.92.2" port: 43335 } health_report { overall_health: UNKNOWN } } peers { permanent_uuid: "ef900527ff0044098d95df00e39b95ee" member_type: VOTER last_known_addr { host: "127.7.92.3" port: 44773 } health_report { overall_health: HEALTHY } } }
I20260601 13:33:14.962647  8420 consensus_queue.cc:1048] T d5655655dca24197a8dc87b1cd4aa8fe P ef900527ff0044098d95df00e39b95ee [LEADER]: Connected to new peer: Peer: permanent_uuid: "27aaaea9f25b4c82997f0438ad38ebff" member_type: VOTER last_known_addr { host: "127.7.92.2" port: 43335 }, Status: LMP_MISMATCH, Last received: 0.0, Next index: 1, Last known committed idx: 0, Time since last communication: 0.000s
I20260601 13:33:14.965620  8420 consensus_queue.cc:1048] T d5655655dca24197a8dc87b1cd4aa8fe P ef900527ff0044098d95df00e39b95ee [LEADER]: Connected to new peer: Peer: permanent_uuid: "cf0d3a0603824781940e775c3e13cbaa" member_type: VOTER last_known_addr { host: "127.7.92.1" port: 35271 }, Status: LMP_MISMATCH, Last received: 0.0, Next index: 1, Last known committed idx: 0, Time since last communication: 0.000s
I20260601 13:33:15.026657  8445 consensus_queue.cc:1048] T 494fa50fcf8c4cecb538fff2b2e2cc8d P cf0d3a0603824781940e775c3e13cbaa [LEADER]: Connected to new peer: Peer: permanent_uuid: "27aaaea9f25b4c82997f0438ad38ebff" member_type: VOTER last_known_addr { host: "127.7.92.2" port: 43335 }, Status: LMP_MISMATCH, Last received: 0.0, Next index: 1, Last known committed idx: 0, Time since last communication: 0.000s
I20260601 13:33:15.029831  8445 consensus_queue.cc:1048] T 494fa50fcf8c4cecb538fff2b2e2cc8d P cf0d3a0603824781940e775c3e13cbaa [LEADER]: Connected to new peer: Peer: permanent_uuid: "ef900527ff0044098d95df00e39b95ee" member_type: VOTER last_known_addr { host: "127.7.92.3" port: 44773 }, Status: LMP_MISMATCH, Last received: 0.0, Next index: 1, Last known committed idx: 0, Time since last communication: 0.000s
I20260601 13:33:15.031170  7536 file_cache.cc:492] Constructed file cache file cache with capacity 419430
W20260601 13:33:15.033099  8463 instance_detector.cc:116] could not retrieve Azure instance metadata: Network error: curl error: HTTP response code said error: The requested URL returned error: 404
W20260601 13:33:15.033267  8465 instance_detector.cc:116] could not retrieve OpenStack instance metadata: Network error: curl error: HTTP response code said error: The requested URL returned error: 404
W20260601 13:33:15.033310  8462 instance_detector.cc:116] could not retrieve AWS instance metadata: Network error: curl error: HTTP response code said error: The requested URL returned error: 404
I20260601 13:33:15.033810  7536 server_base.cc:1061] running on GCE node
I20260601 13:33:15.033950  7536 hybrid_clock.cc:584] initializing the hybrid clock with 'system_unsync' time source
W20260601 13:33:15.033982  7536 system_unsync_time.cc:38] NTP support is disabled. Clock error bounds will not be accurate. This configuration is not suitable for distributed clusters.
I20260601 13:33:15.033995  7536 hybrid_clock.cc:648] HybridClock initialized: now 1780320795033995 us; error 0 us; skew 500 ppm
I20260601 13:33:15.034829  7536 webserver.cc:533] Webserver started at http://127.7.92.4:38993/ using document root <none> and password file <none>
I20260601 13:33:15.034943  7536 fs_manager.cc:362] Metadata directory not provided
I20260601 13:33:15.034981  7536 fs_manager.cc:368] Using write-ahead log directory (fs_wal_dir) as metadata directory
I20260601 13:33:15.035033  7536 server_base.cc:909] This appears to be a new deployment of Kudu; creating new FS layout
I20260601 13:33:15.035339  7536 fs_manager.cc:1068] Generated new instance metadata in path /tmp/dist-test-taskfjMRck/test-tmp/auto_rebalancer-test.0.AutoRebalancerTest.AutoRebalancingTurnOffAndOn.1780320790764686-7536-0/minicluster-data/ts-3-root/instance:
uuid: "fe721c9ae2104563aa1942f03f4d766b"
format_stamp: "Formatted at 2026-06-01 13:33:15 on dist-test-slave-zv66"
I20260601 13:33:15.036693  7536 fs_manager.cc:696] Time spent creating directory manager: real 0.001s	user 0.000s	sys 0.002s
I20260601 13:33:15.037460  8470 log_block_manager.cc:4031] Time spent loading block containers with low live blocks: real 0.000s	user 0.000s	sys 0.000s
I20260601 13:33:15.037703  7536 fs_manager.cc:730] Time spent opening block manager: real 0.001s	user 0.000s	sys 0.001s
I20260601 13:33:15.037762  7536 fs_manager.cc:647] Opened local filesystem: /tmp/dist-test-taskfjMRck/test-tmp/auto_rebalancer-test.0.AutoRebalancerTest.AutoRebalancingTurnOffAndOn.1780320790764686-7536-0/minicluster-data/ts-3-root
uuid: "fe721c9ae2104563aa1942f03f4d766b"
format_stamp: "Formatted at 2026-06-01 13:33:15 on dist-test-slave-zv66"
I20260601 13:33:15.037825  7536 fs_report.cc:389] FS layout report
--------------------
wal directory: /tmp/dist-test-taskfjMRck/test-tmp/auto_rebalancer-test.0.AutoRebalancerTest.AutoRebalancingTurnOffAndOn.1780320790764686-7536-0/minicluster-data/ts-3-root
metadata directory: /tmp/dist-test-taskfjMRck/test-tmp/auto_rebalancer-test.0.AutoRebalancerTest.AutoRebalancingTurnOffAndOn.1780320790764686-7536-0/minicluster-data/ts-3-root
1 data directories: /tmp/dist-test-taskfjMRck/test-tmp/auto_rebalancer-test.0.AutoRebalancerTest.AutoRebalancingTurnOffAndOn.1780320790764686-7536-0/minicluster-data/ts-3-root/data
Total live blocks: 0
Total live bytes: 0
Total live bytes (after alignment): 0
Total number of LBM containers: 0 (0 full)
Did not check for missing blocks
Did not check for orphaned blocks
Total full LBM containers with extra space: 0 (0 repaired)
Total full LBM container extra space in bytes: 0 (0 repaired)
Total incomplete LBM containers: 0 (0 repaired)
Total LBM partial records: 0 (0 repaired)
Total corrupted LBM metadata records in RocksDB: 0 (0 repaired)
I20260601 13:33:15.051697  7536 rpc_server.cc:225] running with OpenSSL 1.1.1  11 Sep 2018
I20260601 13:33:15.052078  7536 kserver.cc:163] Server-wide thread pool size limit: 3276
I20260601 13:33:15.052350  7536 txn_system_client.cc:432] TxnSystemClient initialization is disabled...
I20260601 13:33:15.052819  7536 ts_tablet_manager.cc:585] Loaded tablet metadata (0 total tablets, 0 live tablets)
I20260601 13:33:15.052875  7536 ts_tablet_manager.cc:531] Time spent load tablet metadata: real 0.000s	user 0.000s	sys 0.000s
I20260601 13:33:15.052922  7536 ts_tablet_manager.cc:616] Registered 0 tablets
I20260601 13:33:15.052954  7536 ts_tablet_manager.cc:595] Time spent register tablets: real 0.000s	user 0.000s	sys 0.000s
I20260601 13:33:15.057222  7536 rpc_server.cc:307] RPC server started. Bound to: 127.7.92.4:42935
I20260601 13:33:15.057282  8533 acceptor_pool.cc:272] collecting diagnostics on the listening RPC socket 127.7.92.4:42935 every 8 connection(s)
I20260601 13:33:15.061617  8534 heartbeater.cc:344] Connected to a master server at 127.7.92.62:46345
I20260601 13:33:15.061710  8534 heartbeater.cc:461] Registering TS with master...
I20260601 13:33:15.061918  8534 heartbeater.cc:507] Master 127.7.92.62:46345 requested a full tablet report, sending...
I20260601 13:33:15.062614  8103 ts_manager.cc:194] Registered new tserver with Master: fe721c9ae2104563aa1942f03f4d766b (127.7.92.4:42935)
I20260601 13:33:15.063122  8103 master_service.cc:502] Signed X509 certificate for tserver {username='slave'} at 127.0.0.1:40266
I20260601 13:33:15.068744  8420 consensus_queue.cc:1048] T 9225a649585b4870a79e573d53ae673a P ef900527ff0044098d95df00e39b95ee [LEADER]: Connected to new peer: Peer: permanent_uuid: "cf0d3a0603824781940e775c3e13cbaa" member_type: VOTER last_known_addr { host: "127.7.92.1" port: 35271 }, Status: LMP_MISMATCH, Last received: 0.0, Next index: 1, Last known committed idx: 0, Time since last communication: 0.000s
I20260601 13:33:15.071825  8443 consensus_queue.cc:1048] T 9225a649585b4870a79e573d53ae673a P ef900527ff0044098d95df00e39b95ee [LEADER]: Connected to new peer: Peer: permanent_uuid: "27aaaea9f25b4c82997f0438ad38ebff" member_type: VOTER last_known_addr { host: "127.7.92.2" port: 43335 }, Status: LMP_MISMATCH, Last received: 0.0, Next index: 1, Last known committed idx: 0, Time since last communication: 0.000s
I20260601 13:33:15.086071  8443 consensus_queue.cc:1048] T 8f5074f1ed0d49f0a3b6a14f0974f4c7 P ef900527ff0044098d95df00e39b95ee [LEADER]: Connected to new peer: Peer: permanent_uuid: "cf0d3a0603824781940e775c3e13cbaa" member_type: VOTER last_known_addr { host: "127.7.92.1" port: 35271 }, Status: LMP_MISMATCH, Last received: 0.0, Next index: 1, Last known committed idx: 0, Time since last communication: 0.000s
I20260601 13:33:15.089282  8420 consensus_queue.cc:1048] T 8f5074f1ed0d49f0a3b6a14f0974f4c7 P ef900527ff0044098d95df00e39b95ee [LEADER]: Connected to new peer: Peer: permanent_uuid: "27aaaea9f25b4c82997f0438ad38ebff" member_type: VOTER last_known_addr { host: "127.7.92.2" port: 43335 }, Status: LMP_MISMATCH, Last received: 0.0, Next index: 1, Last known committed idx: 0, Time since last communication: 0.000s
I20260601 13:33:15.104054  8412 consensus_queue.cc:1048] T e0afca8e55c84875bb87efcb019a5707 P 27aaaea9f25b4c82997f0438ad38ebff [LEADER]: Connected to new peer: Peer: permanent_uuid: "ef900527ff0044098d95df00e39b95ee" member_type: VOTER last_known_addr { host: "127.7.92.3" port: 44773 }, Status: LMP_MISMATCH, Last received: 0.0, Next index: 1, Last known committed idx: 0, Time since last communication: 0.000s
I20260601 13:33:15.106782  8416 consensus_queue.cc:1048] T e0afca8e55c84875bb87efcb019a5707 P 27aaaea9f25b4c82997f0438ad38ebff [LEADER]: Connected to new peer: Peer: permanent_uuid: "cf0d3a0603824781940e775c3e13cbaa" member_type: VOTER last_known_addr { host: "127.7.92.1" port: 35271 }, Status: LMP_MISMATCH, Last received: 0.0, Next index: 1, Last known committed idx: 0, Time since last communication: 0.000s
I20260601 13:33:15.115707  8445 consensus_queue.cc:1048] T 4e1d75445b2e4ac68b0cf873448df92b P cf0d3a0603824781940e775c3e13cbaa [LEADER]: Connected to new peer: Peer: permanent_uuid: "ef900527ff0044098d95df00e39b95ee" member_type: VOTER last_known_addr { host: "127.7.92.3" port: 44773 }, Status: LMP_MISMATCH, Last received: 0.0, Next index: 1, Last known committed idx: 0, Time since last communication: 0.000s
I20260601 13:33:15.118496  8445 consensus_queue.cc:1048] T 4e1d75445b2e4ac68b0cf873448df92b P cf0d3a0603824781940e775c3e13cbaa [LEADER]: Connected to new peer: Peer: permanent_uuid: "27aaaea9f25b4c82997f0438ad38ebff" member_type: VOTER last_known_addr { host: "127.7.92.2" port: 43335 }, Status: LMP_MISMATCH, Last received: 0.0, Next index: 1, Last known committed idx: 0, Time since last communication: 0.000s
I20260601 13:33:15.245771  8460 consensus_queue.cc:1048] T 3585beb8d3794b5fb2fecd489159a098 P cf0d3a0603824781940e775c3e13cbaa [LEADER]: Connected to new peer: Peer: permanent_uuid: "27aaaea9f25b4c82997f0438ad38ebff" member_type: VOTER last_known_addr { host: "127.7.92.2" port: 43335 }, Status: LMP_MISMATCH, Last received: 0.0, Next index: 1, Last known committed idx: 0, Time since last communication: 0.000s
I20260601 13:33:15.250571  8408 consensus_queue.cc:1048] T 3585beb8d3794b5fb2fecd489159a098 P cf0d3a0603824781940e775c3e13cbaa [LEADER]: Connected to new peer: Peer: permanent_uuid: "ef900527ff0044098d95df00e39b95ee" member_type: VOTER last_known_addr { host: "127.7.92.3" port: 44773 }, Status: LMP_MISMATCH, Last received: 0.0, Next index: 1, Last known committed idx: 0, Time since last communication: 0.000s
I20260601 13:33:15.326606  8159 auto_leader_rebalancer.cc:140] leader rebalance for table test-workload
I20260601 13:33:15.332846  8359 tablet_service.cc:2072] Received LeaderStepDown RPC: tablet_id: "d5655655dca24197a8dc87b1cd4aa8fe"
dest_uuid: "ef900527ff0044098d95df00e39b95ee"
mode: GRACEFUL
new_leader_uuid: "27aaaea9f25b4c82997f0438ad38ebff"
 from {username='slave'} at 127.0.0.1:36012
I20260601 13:33:15.333020  8359 raft_consensus.cc:606] T d5655655dca24197a8dc87b1cd4aa8fe P ef900527ff0044098d95df00e39b95ee [term 1 LEADER]: Received request to transfer leadership to TS 27aaaea9f25b4c82997f0438ad38ebff
I20260601 13:33:15.333425  8159 auto_leader_rebalancer.cc:388] table: test-workload, leader rebalance finish, leader transfer count: 1
I20260601 13:33:15.333591  8159 auto_leader_rebalancer.cc:451] All tables' leader rebalancing finished this round
I20260601 13:33:15.352308  8443 raft_consensus.cc:993] T d5655655dca24197a8dc87b1cd4aa8fe P ef900527ff0044098d95df00e39b95ee: : Instructing follower 27aaaea9f25b4c82997f0438ad38ebff to start an election
I20260601 13:33:15.352461  8443 raft_consensus.cc:1081] T d5655655dca24197a8dc87b1cd4aa8fe P ef900527ff0044098d95df00e39b95ee [term 1 LEADER]: Signalling peer 27aaaea9f25b4c82997f0438ad38ebff to start an election
I20260601 13:33:15.353015  8284 tablet_service.cc:2044] Received Run Leader Election RPC: tablet_id: "d5655655dca24197a8dc87b1cd4aa8fe"
dest_uuid: "27aaaea9f25b4c82997f0438ad38ebff"
 from {username='slave'} at 127.0.0.1:48726
I20260601 13:33:15.353142  8284 raft_consensus.cc:493] T d5655655dca24197a8dc87b1cd4aa8fe P 27aaaea9f25b4c82997f0438ad38ebff [term 1 FOLLOWER]: Starting forced leader election (received explicit request)
I20260601 13:33:15.353190  8284 raft_consensus.cc:3060] T d5655655dca24197a8dc87b1cd4aa8fe P 27aaaea9f25b4c82997f0438ad38ebff [term 1 FOLLOWER]: Advancing to term 2
I20260601 13:33:15.353998  8284 raft_consensus.cc:515] T d5655655dca24197a8dc87b1cd4aa8fe P 27aaaea9f25b4c82997f0438ad38ebff [term 2 FOLLOWER]: Starting forced leader election with config: opid_index: -1 OBSOLETE_local: false peers { permanent_uuid: "ef900527ff0044098d95df00e39b95ee" member_type: VOTER last_known_addr { host: "127.7.92.3" port: 44773 } } peers { permanent_uuid: "cf0d3a0603824781940e775c3e13cbaa" member_type: VOTER last_known_addr { host: "127.7.92.1" port: 35271 } } peers { permanent_uuid: "27aaaea9f25b4c82997f0438ad38ebff" member_type: VOTER last_known_addr { host: "127.7.92.2" port: 43335 } }
I20260601 13:33:15.354318  8284 leader_election.cc:290] T d5655655dca24197a8dc87b1cd4aa8fe P 27aaaea9f25b4c82997f0438ad38ebff [CANDIDATE]: Term 2 election: Requested vote from peers ef900527ff0044098d95df00e39b95ee (127.7.92.3:44773), cf0d3a0603824781940e775c3e13cbaa (127.7.92.1:35271)
I20260601 13:33:15.354629  8208 tablet_service.cc:1917] Received RequestConsensusVote() RPC: tablet_id: "d5655655dca24197a8dc87b1cd4aa8fe" candidate_uuid: "27aaaea9f25b4c82997f0438ad38ebff" candidate_term: 2 candidate_status { last_received { term: 1 index: 1 } } ignore_live_leader: true dest_uuid: "cf0d3a0603824781940e775c3e13cbaa"
I20260601 13:33:15.354713  8359 tablet_service.cc:1917] Received RequestConsensusVote() RPC: tablet_id: "d5655655dca24197a8dc87b1cd4aa8fe" candidate_uuid: "27aaaea9f25b4c82997f0438ad38ebff" candidate_term: 2 candidate_status { last_received { term: 1 index: 1 } } ignore_live_leader: true dest_uuid: "ef900527ff0044098d95df00e39b95ee"
I20260601 13:33:15.354736  8208 raft_consensus.cc:3060] T d5655655dca24197a8dc87b1cd4aa8fe P cf0d3a0603824781940e775c3e13cbaa [term 1 FOLLOWER]: Advancing to term 2
I20260601 13:33:15.354825  8359 raft_consensus.cc:3055] T d5655655dca24197a8dc87b1cd4aa8fe P ef900527ff0044098d95df00e39b95ee [term 1 LEADER]: Stepping down as leader of term 1
I20260601 13:33:15.354871  8359 raft_consensus.cc:740] T d5655655dca24197a8dc87b1cd4aa8fe P ef900527ff0044098d95df00e39b95ee [term 1 LEADER]: Becoming Follower/Learner. State: Replica: ef900527ff0044098d95df00e39b95ee, State: Running, Role: LEADER
I20260601 13:33:15.355032  8359 consensus_queue.cc:260] T d5655655dca24197a8dc87b1cd4aa8fe P ef900527ff0044098d95df00e39b95ee [NON_LEADER]: Queue going to NON_LEADER mode. State: All replicated index: 0, Majority replicated index: 1, Committed index: 1, Last appended: 1.1, Last appended by leader: 1, Current term: 1, Majority size: -1, State: 0, Mode: NON_LEADER, active raft config: opid_index: -1 OBSOLETE_local: false peers { permanent_uuid: "ef900527ff0044098d95df00e39b95ee" member_type: VOTER last_known_addr { host: "127.7.92.3" port: 44773 } } peers { permanent_uuid: "cf0d3a0603824781940e775c3e13cbaa" member_type: VOTER last_known_addr { host: "127.7.92.1" port: 35271 } } peers { permanent_uuid: "27aaaea9f25b4c82997f0438ad38ebff" member_type: VOTER last_known_addr { host: "127.7.92.2" port: 43335 } }
I20260601 13:33:15.355192  8359 raft_consensus.cc:3060] T d5655655dca24197a8dc87b1cd4aa8fe P ef900527ff0044098d95df00e39b95ee [term 1 FOLLOWER]: Advancing to term 2
I20260601 13:33:15.355660  8208 raft_consensus.cc:2468] T d5655655dca24197a8dc87b1cd4aa8fe P cf0d3a0603824781940e775c3e13cbaa [term 2 FOLLOWER]: Leader election vote request: Granting yes vote for candidate 27aaaea9f25b4c82997f0438ad38ebff in term 2.
I20260601 13:33:15.355903  8359 raft_consensus.cc:2468] T d5655655dca24197a8dc87b1cd4aa8fe P ef900527ff0044098d95df00e39b95ee [term 2 FOLLOWER]: Leader election vote request: Granting yes vote for candidate 27aaaea9f25b4c82997f0438ad38ebff in term 2.
I20260601 13:33:15.355923  8250 leader_election.cc:304] T d5655655dca24197a8dc87b1cd4aa8fe P 27aaaea9f25b4c82997f0438ad38ebff [CANDIDATE]: Term 2 election: Election decided. Result: candidate won. Election summary: received 2 responses out of 3 voters: 2 yes votes; 0 no votes. yes voters: 27aaaea9f25b4c82997f0438ad38ebff, cf0d3a0603824781940e775c3e13cbaa; no voters: 
I20260601 13:33:15.356092  8412 raft_consensus.cc:2804] T d5655655dca24197a8dc87b1cd4aa8fe P 27aaaea9f25b4c82997f0438ad38ebff [term 2 FOLLOWER]: Leader election won for term 2
I20260601 13:33:15.356180  8412 raft_consensus.cc:697] T d5655655dca24197a8dc87b1cd4aa8fe P 27aaaea9f25b4c82997f0438ad38ebff [term 2 LEADER]: Becoming Leader. State: Replica: 27aaaea9f25b4c82997f0438ad38ebff, State: Running, Role: LEADER
I20260601 13:33:15.356289  8412 consensus_queue.cc:237] T d5655655dca24197a8dc87b1cd4aa8fe P 27aaaea9f25b4c82997f0438ad38ebff [LEADER]: Queue going to LEADER mode. State: All replicated index: 0, Majority replicated index: 1, Committed index: 1, Last appended: 1.1, Last appended by leader: 1, Current term: 2, Majority size: 2, State: 0, Mode: LEADER, active raft config: opid_index: -1 OBSOLETE_local: false peers { permanent_uuid: "ef900527ff0044098d95df00e39b95ee" member_type: VOTER last_known_addr { host: "127.7.92.3" port: 44773 } } peers { permanent_uuid: "cf0d3a0603824781940e775c3e13cbaa" member_type: VOTER last_known_addr { host: "127.7.92.1" port: 35271 } } peers { permanent_uuid: "27aaaea9f25b4c82997f0438ad38ebff" member_type: VOTER last_known_addr { host: "127.7.92.2" port: 43335 } }
I20260601 13:33:15.357749  8102 catalog_manager.cc:5696] T d5655655dca24197a8dc87b1cd4aa8fe P 27aaaea9f25b4c82997f0438ad38ebff reported cstate change: term changed from 1 to 2, leader changed from ef900527ff0044098d95df00e39b95ee (127.7.92.3) to 27aaaea9f25b4c82997f0438ad38ebff (127.7.92.2). New cstate: current_term: 2 leader_uuid: "27aaaea9f25b4c82997f0438ad38ebff" committed_config { opid_index: -1 OBSOLETE_local: false peers { permanent_uuid: "ef900527ff0044098d95df00e39b95ee" member_type: VOTER last_known_addr { host: "127.7.92.3" port: 44773 } health_report { overall_health: UNKNOWN } } peers { permanent_uuid: "cf0d3a0603824781940e775c3e13cbaa" member_type: VOTER last_known_addr { host: "127.7.92.1" port: 35271 } health_report { overall_health: UNKNOWN } } peers { permanent_uuid: "27aaaea9f25b4c82997f0438ad38ebff" member_type: VOTER last_known_addr { host: "127.7.92.2" port: 43335 } health_report { overall_health: HEALTHY } } }
I20260601 13:33:15.407575  8443 consensus_queue.cc:1048] T c6950f447be34df5b720f2aec1b99f65 P ef900527ff0044098d95df00e39b95ee [LEADER]: Connected to new peer: Peer: permanent_uuid: "27aaaea9f25b4c82997f0438ad38ebff" member_type: VOTER last_known_addr { host: "127.7.92.2" port: 43335 }, Status: LMP_MISMATCH, Last received: 0.0, Next index: 1, Last known committed idx: 0, Time since last communication: 0.000s
I20260601 13:33:15.408245  8443 consensus_queue.cc:1048] T c6950f447be34df5b720f2aec1b99f65 P ef900527ff0044098d95df00e39b95ee [LEADER]: Connected to new peer: Peer: permanent_uuid: "cf0d3a0603824781940e775c3e13cbaa" member_type: VOTER last_known_addr { host: "127.7.92.1" port: 35271 }, Status: LMP_MISMATCH, Last received: 0.0, Next index: 1, Last known committed idx: 0, Time since last communication: 0.000s
I20260601 13:33:15.865677  8208 raft_consensus.cc:1275] T d5655655dca24197a8dc87b1cd4aa8fe P cf0d3a0603824781940e775c3e13cbaa [term 2 FOLLOWER]: Refusing update from remote peer 27aaaea9f25b4c82997f0438ad38ebff: Log matching property violated. Preceding OpId in replica: term: 1 index: 1. Preceding OpId from leader: term: 2 index: 2. (index mismatch)
I20260601 13:33:15.866173  8553 consensus_queue.cc:1048] T d5655655dca24197a8dc87b1cd4aa8fe P 27aaaea9f25b4c82997f0438ad38ebff [LEADER]: Connected to new peer: Peer: permanent_uuid: "cf0d3a0603824781940e775c3e13cbaa" member_type: VOTER last_known_addr { host: "127.7.92.1" port: 35271 }, Status: LMP_MISMATCH, Last received: 0.0, Next index: 2, Last known committed idx: 1, Time since last communication: 0.000s
I20260601 13:33:15.868448  8359 raft_consensus.cc:1275] T d5655655dca24197a8dc87b1cd4aa8fe P ef900527ff0044098d95df00e39b95ee [term 2 FOLLOWER]: Refusing update from remote peer 27aaaea9f25b4c82997f0438ad38ebff: Log matching property violated. Preceding OpId in replica: term: 1 index: 1. Preceding OpId from leader: term: 2 index: 2. (index mismatch)
I20260601 13:33:15.868971  8412 consensus_queue.cc:1048] T d5655655dca24197a8dc87b1cd4aa8fe P 27aaaea9f25b4c82997f0438ad38ebff [LEADER]: Connected to new peer: Peer: permanent_uuid: "ef900527ff0044098d95df00e39b95ee" member_type: VOTER last_known_addr { host: "127.7.92.3" port: 44773 }, Status: LMP_MISMATCH, Last received: 0.0, Next index: 2, Last known committed idx: 1, Time since last communication: 0.000s
I20260601 13:33:16.064046  8534 heartbeater.cc:499] Master 127.7.92.62:46345 was elected leader, sending a full tablet report...
I20260601 13:33:17.333984  8159 auto_leader_rebalancer.cc:140] leader rebalance for table test-workload
I20260601 13:33:17.334973  8159 auto_leader_rebalancer.cc:388] table: test-workload, leader rebalance finish, leader transfer count: 0
I20260601 13:33:17.335062  8159 auto_leader_rebalancer.cc:451] All tables' leader rebalancing finished this round
I20260601 13:33:19.335388  8159 auto_leader_rebalancer.cc:140] leader rebalance for table test-workload
I20260601 13:33:19.336210  8159 auto_leader_rebalancer.cc:388] table: test-workload, leader rebalance finish, leader transfer count: 0
I20260601 13:33:19.336284  8159 auto_leader_rebalancer.cc:451] All tables' leader rebalancing finished this round
I20260601 13:33:20.334702  8284 consensus_queue.cc:237] T d5655655dca24197a8dc87b1cd4aa8fe P 27aaaea9f25b4c82997f0438ad38ebff [LEADER]: Queue going to LEADER mode. State: All replicated index: 0, Majority replicated index: 2, Committed index: 2, Last appended: 2.2, Last appended by leader: 1, Current term: 2, Majority size: 2, State: 0, Mode: LEADER, active raft config: opid_index: 3 OBSOLETE_local: false peers { permanent_uuid: "ef900527ff0044098d95df00e39b95ee" member_type: VOTER last_known_addr { host: "127.7.92.3" port: 44773 } attrs { replace: true } } peers { permanent_uuid: "cf0d3a0603824781940e775c3e13cbaa" member_type: VOTER last_known_addr { host: "127.7.92.1" port: 35271 } } peers { permanent_uuid: "27aaaea9f25b4c82997f0438ad38ebff" member_type: VOTER last_known_addr { host: "127.7.92.2" port: 43335 } } peers { permanent_uuid: "fe721c9ae2104563aa1942f03f4d766b" member_type: NON_VOTER last_known_addr { host: "127.7.92.4" port: 42935 } attrs { promote: true } }
I20260601 13:33:20.336412  8207 raft_consensus.cc:1275] T d5655655dca24197a8dc87b1cd4aa8fe P cf0d3a0603824781940e775c3e13cbaa [term 2 FOLLOWER]: Refusing update from remote peer 27aaaea9f25b4c82997f0438ad38ebff: Log matching property violated. Preceding OpId in replica: term: 2 index: 2. Preceding OpId from leader: term: 2 index: 3. (index mismatch)
I20260601 13:33:20.336412  8359 raft_consensus.cc:1275] T d5655655dca24197a8dc87b1cd4aa8fe P ef900527ff0044098d95df00e39b95ee [term 2 FOLLOWER]: Refusing update from remote peer 27aaaea9f25b4c82997f0438ad38ebff: Log matching property violated. Preceding OpId in replica: term: 2 index: 2. Preceding OpId from leader: term: 2 index: 3. (index mismatch)
I20260601 13:33:20.336838  8559 consensus_queue.cc:1048] T d5655655dca24197a8dc87b1cd4aa8fe P 27aaaea9f25b4c82997f0438ad38ebff [LEADER]: Connected to new peer: Peer: permanent_uuid: "ef900527ff0044098d95df00e39b95ee" member_type: VOTER last_known_addr { host: "127.7.92.3" port: 44773 } attrs { replace: true }, Status: LMP_MISMATCH, Last received: 0.0, Next index: 3, Last known committed idx: 2, Time since last communication: 0.000s
I20260601 13:33:20.337039  8560 consensus_queue.cc:1048] T d5655655dca24197a8dc87b1cd4aa8fe P 27aaaea9f25b4c82997f0438ad38ebff [LEADER]: Connected to new peer: Peer: permanent_uuid: "cf0d3a0603824781940e775c3e13cbaa" member_type: VOTER last_known_addr { host: "127.7.92.1" port: 35271 }, Status: LMP_MISMATCH, Last received: 0.0, Next index: 3, Last known committed idx: 2, Time since last communication: 0.000s
I20260601 13:33:20.338714  8412 raft_consensus.cc:2955] T d5655655dca24197a8dc87b1cd4aa8fe P 27aaaea9f25b4c82997f0438ad38ebff [term 2 LEADER]: Committing config change with OpId 2.3: config changed from index -1 to 3, NON_VOTER fe721c9ae2104563aa1942f03f4d766b (127.7.92.4) added. New config: { opid_index: 3 OBSOLETE_local: false peers { permanent_uuid: "ef900527ff0044098d95df00e39b95ee" member_type: VOTER last_known_addr { host: "127.7.92.3" port: 44773 } attrs { replace: true } } peers { permanent_uuid: "cf0d3a0603824781940e775c3e13cbaa" member_type: VOTER last_known_addr { host: "127.7.92.1" port: 35271 } } peers { permanent_uuid: "27aaaea9f25b4c82997f0438ad38ebff" member_type: VOTER last_known_addr { host: "127.7.92.2" port: 43335 } } peers { permanent_uuid: "fe721c9ae2104563aa1942f03f4d766b" member_type: NON_VOTER last_known_addr { host: "127.7.92.4" port: 42935 } attrs { promote: true } } }
